{"id":12698,"date":"2021-01-15T10:45:29","date_gmt":"2021-01-15T10:45:29","guid":{"rendered":"http:\/\/www.icip.cat\/?post_type=icip_event&#038;p=12698"},"modified":"2022-01-14T11:35:33","modified_gmt":"2022-01-14T11:35:33","slug":"presentacio-del-llibre-rivalidad-y-venganza-de-laia-balcells","status":"publish","type":"icip_event","link":"https:\/\/www.icip.cat\/ca\/event\/presentacio-del-llibre-rivalidad-y-venganza-de-laia-balcells\/","title":{"rendered":"Presentaci\u00f3 del llibre &#8220;Rivalidad y venganza&#8221;, de Laia Balcells"},"content":{"rendered":"\n<p><strong>El proper dilluns 25 de gener, a les 6 de la tarda<\/strong>, l&#8217;ICIP presentar\u00e0 el nou llibre&nbsp;<a href=\"http:\/\/icip.gencat.cat\/ca\/que-fem\/publicacions\/llibres\/pazyseguridad15\" target=\"_blank\" rel=\"noreferrer noopener\"><em>Rivalidad y venganza. La pol\u00edtica de la violencia en las guerras civiles<\/em><\/a>, publicat a la col\u00b7lecci\u00f3 &#8220;Paz y Seguridad&#8221; (ICIP i Bellaterra edicions).&nbsp;<\/p>\n\n\n\n<p>L&#8217;acte consistir\u00e0 en una conversa amb l&#8217;autora del llibre, la polit\u00f2loga Laia Balcells (Georgetown University) i la tamb\u00e9 polit\u00f2loga Maria Jos\u00e9 Hierro (Yale University). La sessi\u00f3 estar\u00e0 moderada pel director de l&#8217;ICIP, Kristian Herbolzheimer.&nbsp;<\/p>\n\n\n\n<p>Ser\u00e0 una sessi\u00f3 online que es podr\u00e0 seguir en directe a trav\u00e9s del canal de YouTube de l&#8217;ICIP\u00a0<a href=\"https:\/\/youtu.be\/nxLBNWP4bU0\" target=\"_blank\" rel=\"noreferrer noopener\">en aquest enlla\u00e7<\/a>.\u00a0<\/p>\n\n\n\n<p><strong>Per qu\u00e8 s&#8217;atempta contra civils en els conflictes armats?<\/strong><\/p>\n\n\n\n<p>En un context en qu\u00e8 les guerres deixen un balan\u00e7 significatiu de v\u00edctimes civils (entre 150.000 i 170.000 a l\u2019Iraq, entre 2003 i 2015, i 85.000 a S\u00edria, entre 2011 i 2015), la polit\u00f2loga Laia Balcells aborda al llibre&nbsp;<em>Rivalidad y venganza<\/em>&nbsp;les causes de la viol\u00e8ncia contra civils, directa i indirecta.&nbsp;<\/p>\n\n\n\n<p>El llibre planteja una distinci\u00f3 entre viol\u00e8ncia directa i indirecta contra civils, i constata que tant la rivalitat pol\u00edtica local com la venjan\u00e7a tenen un paper a l\u2019hora d\u2019explicar la viol\u00e8ncia. Els grups armats perpetren la viol\u00e8ncia directa juntament amb civils, que hi col\u00b7laboren si la viol\u00e8ncia pot ajudar-los a guanyar o a consolidar el control pol\u00edtic local. A mesura que la guerra civil continua, tamb\u00e9 entren en joc els motius relacionats amb el desig de venjan\u00e7a, cosa que sovint condueix a espirals de viol\u00e8ncia en l&#8217;\u00e0mbit local.<\/p>\n\n\n\n<p>L&#8217;autora presenta una teoria i un m\u00e8tode generalitzables a un ampli conjunt de casos, per\u00f2 fa una atenci\u00f3 especial a la guerra civil espanyola com a principal cas d\u2019estudi, amb dades de v\u00edctimes a diferents poblacions de Catalunya, Arag\u00f3 i M\u00e0laga.<\/p>\n\n\n\n<p>Laia Balcells&nbsp;Ventura \u00e9s Doctora per la Universitat de Yale (2010) i Professora Titular de Ci\u00e8ncia Pol\u00edtica a la Universitat de Georgetown. Ha estat professora a la Universitat de Duke, investigadora Niehaus a la Universitat de Princeton i Catedr\u00e0tica d&#8217;Excel\u00b7l\u00e8ncia a la Universidad Carlos III de Madrid.&nbsp;&nbsp;Quan<\/p>\n\n\n\n<p><strong>Data:&nbsp;&nbsp;25.01.2021&nbsp;&#8211;&nbsp;25.01.2021<\/strong><\/p>\n","protected":false},"featured_media":0,"template":"","class_list":["post-12698","icip_event","type-icip_event","status-publish","hentry"],"acf":[],"yoast_head":"<!-- This site is optimized with the Yoast SEO plugin v25.6 - https:\/\/yoast.com\/wordpress\/plugins\/seo\/ -->\n<title>Presentaci\u00f3 del llibre &quot;Rivalidad y venganza&quot;, de Laia Balcells - ICIP<\/title>\n<meta name=\"robots\" content=\"index, follow, max-snippet:-1, max-image-preview:large, max-video-preview:-1\" \/>\n<link rel=\"canonical\" href=\"https:\/\/www.icip.cat\/ca\/event\/presentacio-del-llibre-rivalidad-y-venganza-de-laia-balcells\/\" \/>\n<meta property=\"og:locale\" content=\"ca_ES\" \/>\n<meta property=\"og:type\" content=\"article\" \/>\n<meta property=\"og:title\" content=\"Presentaci\u00f3 del llibre &quot;Rivalidad y venganza&quot;, de Laia Balcells - ICIP\" \/>\n<meta property=\"og:description\" content=\"El proper dilluns 25 de gener, a les 6 de la tarda, l&#8217;ICIP presentar\u00e0 el nou llibre&nbsp;Rivalidad y venganza. La pol\u00edtica de la violencia en las guerras civiles, publicat a la col\u00b7lecci\u00f3 &#8220;Paz y Seguridad&#8221; (ICIP i Bellaterra edicions).&nbsp; L&#8217;acte consistir\u00e0 en una conversa amb l&#8217;autora del llibre, la polit\u00f2loga Laia Balcells (Georgetown University) i [&hellip;]\" \/>\n<meta property=\"og:url\" content=\"https:\/\/www.icip.cat\/ca\/event\/presentacio-del-llibre-rivalidad-y-venganza-de-laia-balcells\/\" \/>\n<meta property=\"og:site_name\" content=\"ICIP\" \/>\n<meta property=\"article:modified_time\" content=\"2022-01-14T11:35:33+00:00\" \/>\n<meta name=\"twitter:card\" content=\"summary_large_image\" \/>\n<meta name=\"twitter:label1\" content=\"Temps estimat de lectura\" \/>\n\t<meta name=\"twitter:data1\" content=\"2 minuts\" \/>\n<script type=\"application\/ld+json\" class=\"yoast-schema-graph\">{\"@context\":\"https:\/\/schema.org\",\"@graph\":[{\"@type\":\"WebPage\",\"@id\":\"https:\/\/www.icip.cat\/ca\/event\/presentacio-del-llibre-rivalidad-y-venganza-de-laia-balcells\/\",\"url\":\"https:\/\/www.icip.cat\/ca\/event\/presentacio-del-llibre-rivalidad-y-venganza-de-laia-balcells\/\",\"name\":\"Presentaci\u00f3 del llibre \\\"Rivalidad y venganza\\\", de Laia Balcells - ICIP\",\"isPartOf\":{\"@id\":\"https:\/\/www.icip.cat\/ca\/#website\"},\"datePublished\":\"2021-01-15T10:45:29+00:00\",\"dateModified\":\"2022-01-14T11:35:33+00:00\",\"inLanguage\":\"ca\",\"potentialAction\":[{\"@type\":\"ReadAction\",\"target\":[\"https:\/\/www.icip.cat\/ca\/event\/presentacio-del-llibre-rivalidad-y-venganza-de-laia-balcells\/\"]}]},{\"@type\":\"WebSite\",\"@id\":\"https:\/\/www.icip.cat\/ca\/#website\",\"url\":\"https:\/\/www.icip.cat\/ca\/\",\"name\":\"ICIP\",\"description\":\"\",\"publisher\":{\"@id\":\"https:\/\/www.icip.cat\/ca\/#organization\"},\"potentialAction\":[{\"@type\":\"SearchAction\",\"target\":{\"@type\":\"EntryPoint\",\"urlTemplate\":\"https:\/\/www.icip.cat\/ca\/?s={search_term_string}\"},\"query-input\":{\"@type\":\"PropertyValueSpecification\",\"valueRequired\":true,\"valueName\":\"search_term_string\"}}],\"inLanguage\":\"ca\"},{\"@type\":\"Organization\",\"@id\":\"https:\/\/www.icip.cat\/ca\/#organization\",\"name\":\"ICIP\",\"url\":\"https:\/\/www.icip.cat\/ca\/\",\"logo\":{\"@type\":\"ImageObject\",\"inLanguage\":\"ca\",\"@id\":\"https:\/\/www.icip.cat\/ca\/#\/schema\/logo\/image\/\",\"url\":\"https:\/\/www.icip.cat\/wp-content\/uploads\/2021\/02\/logo-2.png\",\"contentUrl\":\"https:\/\/www.icip.cat\/wp-content\/uploads\/2021\/02\/logo-2.png\",\"width\":562,\"height\":391,\"caption\":\"ICIP\"},\"image\":{\"@id\":\"https:\/\/www.icip.cat\/ca\/#\/schema\/logo\/image\/\"}}]}<\/script>\n<!-- \/ Yoast SEO plugin. -->","yoast_head_json":{"title":"Presentaci\u00f3 del llibre \"Rivalidad y venganza\", de Laia Balcells - ICIP","robots":{"index":"index","follow":"follow","max-snippet":"max-snippet:-1","max-image-preview":"max-image-preview:large","max-video-preview":"max-video-preview:-1"},"canonical":"https:\/\/www.icip.cat\/ca\/event\/presentacio-del-llibre-rivalidad-y-venganza-de-laia-balcells\/","og_locale":"ca_ES","og_type":"article","og_title":"Presentaci\u00f3 del llibre \"Rivalidad y venganza\", de Laia Balcells - ICIP","og_description":"El proper dilluns 25 de gener, a les 6 de la tarda, l&#8217;ICIP presentar\u00e0 el nou llibre&nbsp;Rivalidad y venganza. La pol\u00edtica de la violencia en las guerras civiles, publicat a la col\u00b7lecci\u00f3 &#8220;Paz y Seguridad&#8221; (ICIP i Bellaterra edicions).&nbsp; L&#8217;acte consistir\u00e0 en una conversa amb l&#8217;autora del llibre, la polit\u00f2loga Laia Balcells (Georgetown University) i [&hellip;]","og_url":"https:\/\/www.icip.cat\/ca\/event\/presentacio-del-llibre-rivalidad-y-venganza-de-laia-balcells\/","og_site_name":"ICIP","article_modified_time":"2022-01-14T11:35:33+00:00","twitter_card":"summary_large_image","twitter_misc":{"Temps estimat de lectura":"2 minuts"},"schema":{"@context":"https:\/\/schema.org","@graph":[{"@type":"WebPage","@id":"https:\/\/www.icip.cat\/ca\/event\/presentacio-del-llibre-rivalidad-y-venganza-de-laia-balcells\/","url":"https:\/\/www.icip.cat\/ca\/event\/presentacio-del-llibre-rivalidad-y-venganza-de-laia-balcells\/","name":"Presentaci\u00f3 del llibre \"Rivalidad y venganza\", de Laia Balcells - ICIP","isPartOf":{"@id":"https:\/\/www.icip.cat\/ca\/#website"},"datePublished":"2021-01-15T10:45:29+00:00","dateModified":"2022-01-14T11:35:33+00:00","inLanguage":"ca","potentialAction":[{"@type":"ReadAction","target":["https:\/\/www.icip.cat\/ca\/event\/presentacio-del-llibre-rivalidad-y-venganza-de-laia-balcells\/"]}]},{"@type":"WebSite","@id":"https:\/\/www.icip.cat\/ca\/#website","url":"https:\/\/www.icip.cat\/ca\/","name":"ICIP","description":"","publisher":{"@id":"https:\/\/www.icip.cat\/ca\/#organization"},"potentialAction":[{"@type":"SearchAction","target":{"@type":"EntryPoint","urlTemplate":"https:\/\/www.icip.cat\/ca\/?s={search_term_string}"},"query-input":{"@type":"PropertyValueSpecification","valueRequired":true,"valueName":"search_term_string"}}],"inLanguage":"ca"},{"@type":"Organization","@id":"https:\/\/www.icip.cat\/ca\/#organization","name":"ICIP","url":"https:\/\/www.icip.cat\/ca\/","logo":{"@type":"ImageObject","inLanguage":"ca","@id":"https:\/\/www.icip.cat\/ca\/#\/schema\/logo\/image\/","url":"https:\/\/www.icip.cat\/wp-content\/uploads\/2021\/02\/logo-2.png","contentUrl":"https:\/\/www.icip.cat\/wp-content\/uploads\/2021\/02\/logo-2.png","width":562,"height":391,"caption":"ICIP"},"image":{"@id":"https:\/\/www.icip.cat\/ca\/#\/schema\/logo\/image\/"}}]}},"_links":{"self":[{"href":"https:\/\/www.icip.cat\/ca\/wp-json\/wp\/v2\/icip_event\/12698","targetHints":{"allow":["GET"]}}],"collection":[{"href":"https:\/\/www.icip.cat\/ca\/wp-json\/wp\/v2\/icip_event"}],"about":[{"href":"https:\/\/www.icip.cat\/ca\/wp-json\/wp\/v2\/types\/icip_event"}],"version-history":[{"count":11,"href":"https:\/\/www.icip.cat\/ca\/wp-json\/wp\/v2\/icip_event\/12698\/revisions"}],"predecessor-version":[{"id":24521,"href":"https:\/\/www.icip.cat\/ca\/wp-json\/wp\/v2\/icip_event\/12698\/revisions\/24521"}],"wp:attachment":[{"href":"https:\/\/www.icip.cat\/ca\/wp-json\/wp\/v2\/media?parent=12698"}],"curies":[{"name":"wp","href":"https:\/\/api.w.org\/{rel}","templated":true}]}}

Presentació del llibre &#8220;Rivalidad y venganza&#8221;, de Laia Balcells

<p><strong>El proper dilluns 25 de gener, a les 6 de la tarda</strong>, l&#8217;ICIP presentarà el nou llibre&nbsp;<a href="http://icip.gencat.cat/ca/que-fem/publicacions/llibres/pazyseguridad15" target="_blank" rel="noreferrer noopener"><em>Rivalidad y venganza. La política de la violencia en las guerras civiles</em></a>, publicat a la col·lecció &#8220;Paz y Seguridad&#8221; (ICIP i Bellaterra edicions).&nbsp;</p>



<p>L&#8217;acte consistirà en una conversa amb l&#8217;autora del llibre, la politòloga Laia Balcells (Georgetown University) i la també politòloga Maria José Hierro (Yale University). La sessió estarà moderada pel director de l&#8217;ICIP, Kristian Herbolzheimer.&nbsp;</p>



<p>Serà una sessió online que es podrà seguir en directe a través del canal de YouTube de l&#8217;ICIP <a href="https://youtu.be/nxLBNWP4bU0" target="_blank" rel="noreferrer noopener">en aquest enllaç</a>. </p>



<p><strong>Per què s&#8217;atempta contra civils en els conflictes armats?</strong></p>



<p>En un context en què les guerres deixen un balanç significatiu de víctimes civils (entre 150.000 i 170.000 a l’Iraq, entre 2003 i 2015, i 85.000 a Síria, entre 2011 i 2015), la politòloga Laia Balcells aborda al llibre&nbsp;<em>Rivalidad y venganza</em>&nbsp;les causes de la violència contra civils, directa i indirecta.&nbsp;</p>



<p>El llibre planteja una distinció entre violència directa i indirecta contra civils, i constata que tant la rivalitat política local com la venjança tenen un paper a l’hora d’explicar la violència. Els grups armats perpetren la violència directa juntament amb civils, que hi col·laboren si la violència pot ajudar-los a guanyar o a consolidar el control polític local. A mesura que la guerra civil continua, també entren en joc els motius relacionats amb el desig de venjança, cosa que sovint condueix a espirals de violència en l&#8217;àmbit local.</p>



<p>L&#8217;autora presenta una teoria i un mètode generalitzables a un ampli conjunt de casos, però fa una atenció especial a la guerra civil espanyola com a principal cas d’estudi, amb dades de víctimes a diferents poblacions de Catalunya, Aragó i Màlaga.</p>



<p>Laia Balcells&nbsp;Ventura és Doctora per la Universitat de Yale (2010) i Professora Titular de Ciència Política a la Universitat de Georgetown. Ha estat professora a la Universitat de Duke, investigadora Niehaus a la Universitat de Princeton i Catedràtica d&#8217;Excel·lència a la Universidad Carlos III de Madrid.&nbsp;&nbsp;Quan</p>



<p><strong>Data:&nbsp;&nbsp;25.01.2021&nbsp;&#8211;&nbsp;25.01.2021</strong></p>

<!-- This site is optimized with the Yoast SEO plugin v25.6 - https://yoast.com/wordpress/plugins/seo/ -->
<title>Presentació del llibre &quot;Rivalidad y venganza&quot;, de Laia Balcells - ICIP</title>
<meta name="robots" content="index, follow, max-snippet:-1, max-image-preview:large, max-video-preview:-1" />
<link rel="canonical" href="https://www.icip.cat/ca/event/presentacio-del-llibre-rivalidad-y-venganza-de-laia-balcells/" />
<meta property="og:locale" content="ca_ES" />
<meta property="og:type" content="article" />
<meta property="og:title" content="Presentació del llibre &quot;Rivalidad y venganza&quot;, de Laia Balcells - ICIP" />
<meta property="og:description" content="El proper dilluns 25 de gener, a les 6 de la tarda, l&#8217;ICIP presentarà el nou llibre&nbsp;Rivalidad y venganza. La política de la violencia en las guerras civiles, publicat a la col·lecció &#8220;Paz y Seguridad&#8221; (ICIP i Bellaterra edicions).&nbsp; L&#8217;acte consistirà en una conversa amb l&#8217;autora del llibre, la politòloga Laia Balcells (Georgetown University) i [&hellip;]" />
<meta property="og:url" content="https://www.icip.cat/ca/event/presentacio-del-llibre-rivalidad-y-venganza-de-laia-balcells/" />
<meta property="og:site_name" content="ICIP" />
<meta property="article:modified_time" content="2022-01-14T11:35:33+00:00" />
<meta name="twitter:card" content="summary_large_image" />
<meta name="twitter:label1" content="Temps estimat de lectura" />
	<meta name="twitter:data1" content="2 minuts" />
<script type="application/ld+json" class="yoast-schema-graph">{"@context":"https://schema.org","@graph":[{"@type":"WebPage","@id":"https://www.icip.cat/ca/event/presentacio-del-llibre-rivalidad-y-venganza-de-laia-balcells/","url":"https://www.icip.cat/ca/event/presentacio-del-llibre-rivalidad-y-venganza-de-laia-balcells/","name":"Presentació del llibre \"Rivalidad y venganza\", de Laia Balcells - ICIP","isPartOf":{"@id":"https://www.icip.cat/ca/#website"},"datePublished":"2021-01-15T10:45:29+00:00","dateModified":"2022-01-14T11:35:33+00:00","inLanguage":"ca","potentialAction":[{"@type":"ReadAction","target":["https://www.icip.cat/ca/event/presentacio-del-llibre-rivalidad-y-venganza-de-laia-balcells/"]}]},{"@type":"WebSite","@id":"https://www.icip.cat/ca/#website","url":"https://www.icip.cat/ca/","name":"ICIP","description":"","publisher":{"@id":"https://www.icip.cat/ca/#organization"},"potentialAction":[{"@type":"SearchAction","target":{"@type":"EntryPoint","urlTemplate":"https://www.icip.cat/ca/?s={search_term_string}"},"query-input":{"@type":"PropertyValueSpecification","valueRequired":true,"valueName":"search_term_string"}}],"inLanguage":"ca"},{"@type":"Organization","@id":"https://www.icip.cat/ca/#organization","name":"ICIP","url":"https://www.icip.cat/ca/","logo":{"@type":"ImageObject","inLanguage":"ca","@id":"https://www.icip.cat/ca/#/schema/logo/image/","url":"https://www.icip.cat/wp-content/uploads/2021/02/logo-2.png","contentUrl":"https://www.icip.cat/wp-content/uploads/2021/02/logo-2.png","width":562,"height":391,"caption":"ICIP"},"image":{"@id":"https://www.icip.cat/ca/#/schema/logo/image/"}}]}</script>
<!-- / Yoast SEO plugin. -->

Presentació del llibre "Rivalidad y venganza", de Laia Balcells - ICIP

El proper dilluns 25 de gener, a les 6 de la tarda, l&#8217;ICIP presentarà el nou llibre&nbsp;Rivalidad y venganza. La política de la violencia en las guerras civiles, publicat a la col·lecció &#8220;Paz y Seguridad&#8221; (ICIP i Bellaterra edicions).&nbsp; L&#8217;acte consistirà en una conversa amb l&#8217;autora del llibre, la politòloga Laia Balcells (Georgetown University) i [&hellip;]
