{"id":14701,"date":"2021-01-25T17:19:40","date_gmt":"2021-01-25T17:19:40","guid":{"rendered":"http:\/\/www.icip.cat\/?post_type=icip_event&#038;p=14701"},"modified":"2021-01-25T17:19:40","modified_gmt":"2021-01-25T17:19:40","slug":"de-lerosio-democratica-a-lexplosio-de-les-revoltes-socials","status":"publish","type":"icip_event","link":"https:\/\/www.icip.cat\/ca\/event\/de-lerosio-democratica-a-lexplosio-de-les-revoltes-socials\/","title":{"rendered":"&#8220;De l\u2019erosi\u00f3 democr\u00e0tica a l\u2019explosi\u00f3 de les revoltes socials&#8221;"},"content":{"rendered":"\n<p>El proper dijous 5 de mar\u00e7, a les 19:00, tindr\u00e0 lloc la primera sessi\u00f3 del cicle de debats\u00a0&#8220;Pulsions de Llatinoam\u00e8rica&#8221;, que organitzen conjuntament l&#8217;ICIP i Casa Am\u00e8rica Catalunya per tal d&#8217;entendre les arrels i les din\u00e0miques de les protestes socials que s&#8217;estenen a la regi\u00f3.<\/p>\n\n\n\n<p>El primer debat porta per t\u00edtol&nbsp;<strong>&#8220;De l\u2019erosi\u00f3 democr\u00e0tica a l\u2019explosi\u00f3 de les revoltes socials&#8221;<\/strong>&nbsp;i se centrar\u00e0 en les protestes socials massives contra unes institucions i uns partits que no han aconseguit millorar les condicions de vida de la ciutadania, i en els nous impulsos reivindicatius que posen en joc els sistemes actuals i obren perspectives arriscades i a la vegada esperan\u00e7adores.&nbsp;<\/p>\n\n\n\n<p>Hi participaran&nbsp;<strong>Carlos Malamud,&nbsp;<\/strong>investigador principal del Real Instituto Elcano, catedr\u00e0tic d&#8217;Hist\u00f2ria d&#8217;Am\u00e8rica a la Universidad Nacional de Educaci\u00f3n a Distancia (UNED) i membre de l\u2019Academia Nacional de la Historia de Argentina; i&nbsp;<strong>Erika M. Rodr\u00edguez Pinz\u00f3n<\/strong>, doctora per la Universidad Aut\u00f3noma de Madrid i soci\u00f2loga per la Universidad Nacional de Colombia.&nbsp;<\/p>\n\n\n\n<p>L&#8217;acte tindr\u00e0 lloc a la seu de Casa Am\u00e8rica Catalunya (carrer C\u00f2rsega 299, Barcelona).<\/p>\n","protected":false},"featured_media":0,"template":"","class_list":["post-14701","icip_event","type-icip_event","status-publish","hentry"],"acf":[],"yoast_head":"<!-- This site is optimized with the Yoast SEO plugin v25.6 - https:\/\/yoast.com\/wordpress\/plugins\/seo\/ -->\n<title>&quot;De l\u2019erosi\u00f3 democr\u00e0tica a l\u2019explosi\u00f3 de les revoltes socials&quot; - ICIP<\/title>\n<meta name=\"robots\" content=\"index, follow, max-snippet:-1, max-image-preview:large, max-video-preview:-1\" \/>\n<link rel=\"canonical\" href=\"https:\/\/www.icip.cat\/ca\/event\/de-lerosio-democratica-a-lexplosio-de-les-revoltes-socials\/\" \/>\n<meta property=\"og:locale\" content=\"ca_ES\" \/>\n<meta property=\"og:type\" content=\"article\" \/>\n<meta property=\"og:title\" content=\"&quot;De l\u2019erosi\u00f3 democr\u00e0tica a l\u2019explosi\u00f3 de les revoltes socials&quot; - ICIP\" \/>\n<meta property=\"og:description\" content=\"El proper dijous 5 de mar\u00e7, a les 19:00, tindr\u00e0 lloc la primera sessi\u00f3 del cicle de debats\u00a0&#8220;Pulsions de Llatinoam\u00e8rica&#8221;, que organitzen conjuntament l&#8217;ICIP i Casa Am\u00e8rica Catalunya per tal d&#8217;entendre les arrels i les din\u00e0miques de les protestes socials que s&#8217;estenen a la regi\u00f3. El primer debat porta per t\u00edtol&nbsp;&#8220;De l\u2019erosi\u00f3 democr\u00e0tica a l\u2019explosi\u00f3 [&hellip;]\" \/>\n<meta property=\"og:url\" content=\"https:\/\/www.icip.cat\/ca\/event\/de-lerosio-democratica-a-lexplosio-de-les-revoltes-socials\/\" \/>\n<meta property=\"og:site_name\" content=\"ICIP\" \/>\n<meta name=\"twitter:card\" content=\"summary_large_image\" \/>\n<meta name=\"twitter:label1\" content=\"Temps estimat de lectura\" \/>\n\t<meta name=\"twitter:data1\" content=\"1 minut\" \/>\n<script type=\"application\/ld+json\" class=\"yoast-schema-graph\">{\"@context\":\"https:\/\/schema.org\",\"@graph\":[{\"@type\":\"WebPage\",\"@id\":\"https:\/\/www.icip.cat\/ca\/event\/de-lerosio-democratica-a-lexplosio-de-les-revoltes-socials\/\",\"url\":\"https:\/\/www.icip.cat\/ca\/event\/de-lerosio-democratica-a-lexplosio-de-les-revoltes-socials\/\",\"name\":\"\\\"De l\u2019erosi\u00f3 democr\u00e0tica a l\u2019explosi\u00f3 de les revoltes socials\\\" - ICIP\",\"isPartOf\":{\"@id\":\"https:\/\/www.icip.cat\/ca\/#website\"},\"datePublished\":\"2021-01-25T17:19:40+00:00\",\"inLanguage\":\"ca\",\"potentialAction\":[{\"@type\":\"ReadAction\",\"target\":[\"https:\/\/www.icip.cat\/ca\/event\/de-lerosio-democratica-a-lexplosio-de-les-revoltes-socials\/\"]}]},{\"@type\":\"WebSite\",\"@id\":\"https:\/\/www.icip.cat\/ca\/#website\",\"url\":\"https:\/\/www.icip.cat\/ca\/\",\"name\":\"ICIP\",\"description\":\"\",\"publisher\":{\"@id\":\"https:\/\/www.icip.cat\/ca\/#organization\"},\"potentialAction\":[{\"@type\":\"SearchAction\",\"target\":{\"@type\":\"EntryPoint\",\"urlTemplate\":\"https:\/\/www.icip.cat\/ca\/?s={search_term_string}\"},\"query-input\":{\"@type\":\"PropertyValueSpecification\",\"valueRequired\":true,\"valueName\":\"search_term_string\"}}],\"inLanguage\":\"ca\"},{\"@type\":\"Organization\",\"@id\":\"https:\/\/www.icip.cat\/ca\/#organization\",\"name\":\"ICIP\",\"url\":\"https:\/\/www.icip.cat\/ca\/\",\"logo\":{\"@type\":\"ImageObject\",\"inLanguage\":\"ca\",\"@id\":\"https:\/\/www.icip.cat\/ca\/#\/schema\/logo\/image\/\",\"url\":\"https:\/\/www.icip.cat\/wp-content\/uploads\/2021\/02\/logo-2.png\",\"contentUrl\":\"https:\/\/www.icip.cat\/wp-content\/uploads\/2021\/02\/logo-2.png\",\"width\":562,\"height\":391,\"caption\":\"ICIP\"},\"image\":{\"@id\":\"https:\/\/www.icip.cat\/ca\/#\/schema\/logo\/image\/\"}}]}<\/script>\n<!-- \/ Yoast SEO plugin. -->","yoast_head_json":{"title":"\"De l\u2019erosi\u00f3 democr\u00e0tica a l\u2019explosi\u00f3 de les revoltes socials\" - ICIP","robots":{"index":"index","follow":"follow","max-snippet":"max-snippet:-1","max-image-preview":"max-image-preview:large","max-video-preview":"max-video-preview:-1"},"canonical":"https:\/\/www.icip.cat\/ca\/event\/de-lerosio-democratica-a-lexplosio-de-les-revoltes-socials\/","og_locale":"ca_ES","og_type":"article","og_title":"\"De l\u2019erosi\u00f3 democr\u00e0tica a l\u2019explosi\u00f3 de les revoltes socials\" - ICIP","og_description":"El proper dijous 5 de mar\u00e7, a les 19:00, tindr\u00e0 lloc la primera sessi\u00f3 del cicle de debats\u00a0&#8220;Pulsions de Llatinoam\u00e8rica&#8221;, que organitzen conjuntament l&#8217;ICIP i Casa Am\u00e8rica Catalunya per tal d&#8217;entendre les arrels i les din\u00e0miques de les protestes socials que s&#8217;estenen a la regi\u00f3. El primer debat porta per t\u00edtol&nbsp;&#8220;De l\u2019erosi\u00f3 democr\u00e0tica a l\u2019explosi\u00f3 [&hellip;]","og_url":"https:\/\/www.icip.cat\/ca\/event\/de-lerosio-democratica-a-lexplosio-de-les-revoltes-socials\/","og_site_name":"ICIP","twitter_card":"summary_large_image","twitter_misc":{"Temps estimat de lectura":"1 minut"},"schema":{"@context":"https:\/\/schema.org","@graph":[{"@type":"WebPage","@id":"https:\/\/www.icip.cat\/ca\/event\/de-lerosio-democratica-a-lexplosio-de-les-revoltes-socials\/","url":"https:\/\/www.icip.cat\/ca\/event\/de-lerosio-democratica-a-lexplosio-de-les-revoltes-socials\/","name":"\"De l\u2019erosi\u00f3 democr\u00e0tica a l\u2019explosi\u00f3 de les revoltes socials\" - ICIP","isPartOf":{"@id":"https:\/\/www.icip.cat\/ca\/#website"},"datePublished":"2021-01-25T17:19:40+00:00","inLanguage":"ca","potentialAction":[{"@type":"ReadAction","target":["https:\/\/www.icip.cat\/ca\/event\/de-lerosio-democratica-a-lexplosio-de-les-revoltes-socials\/"]}]},{"@type":"WebSite","@id":"https:\/\/www.icip.cat\/ca\/#website","url":"https:\/\/www.icip.cat\/ca\/","name":"ICIP","description":"","publisher":{"@id":"https:\/\/www.icip.cat\/ca\/#organization"},"potentialAction":[{"@type":"SearchAction","target":{"@type":"EntryPoint","urlTemplate":"https:\/\/www.icip.cat\/ca\/?s={search_term_string}"},"query-input":{"@type":"PropertyValueSpecification","valueRequired":true,"valueName":"search_term_string"}}],"inLanguage":"ca"},{"@type":"Organization","@id":"https:\/\/www.icip.cat\/ca\/#organization","name":"ICIP","url":"https:\/\/www.icip.cat\/ca\/","logo":{"@type":"ImageObject","inLanguage":"ca","@id":"https:\/\/www.icip.cat\/ca\/#\/schema\/logo\/image\/","url":"https:\/\/www.icip.cat\/wp-content\/uploads\/2021\/02\/logo-2.png","contentUrl":"https:\/\/www.icip.cat\/wp-content\/uploads\/2021\/02\/logo-2.png","width":562,"height":391,"caption":"ICIP"},"image":{"@id":"https:\/\/www.icip.cat\/ca\/#\/schema\/logo\/image\/"}}]}},"_links":{"self":[{"href":"https:\/\/www.icip.cat\/ca\/wp-json\/wp\/v2\/icip_event\/14701","targetHints":{"allow":["GET"]}}],"collection":[{"href":"https:\/\/www.icip.cat\/ca\/wp-json\/wp\/v2\/icip_event"}],"about":[{"href":"https:\/\/www.icip.cat\/ca\/wp-json\/wp\/v2\/types\/icip_event"}],"version-history":[{"count":2,"href":"https:\/\/www.icip.cat\/ca\/wp-json\/wp\/v2\/icip_event\/14701\/revisions"}],"predecessor-version":[{"id":14703,"href":"https:\/\/www.icip.cat\/ca\/wp-json\/wp\/v2\/icip_event\/14701\/revisions\/14703"}],"wp:attachment":[{"href":"https:\/\/www.icip.cat\/ca\/wp-json\/wp\/v2\/media?parent=14701"}],"curies":[{"name":"wp","href":"https:\/\/api.w.org\/{rel}","templated":true}]}}

&#8220;De l’erosió democràtica a l’explosió de les revoltes socials&#8221;

<p>El proper dijous 5 de març, a les 19:00, tindrà lloc la primera sessió del cicle de debats &#8220;Pulsions de Llatinoamèrica&#8221;, que organitzen conjuntament l&#8217;ICIP i Casa Amèrica Catalunya per tal d&#8217;entendre les arrels i les dinàmiques de les protestes socials que s&#8217;estenen a la regió.</p>



<p>El primer debat porta per títol&nbsp;<strong>&#8220;De l’erosió democràtica a l’explosió de les revoltes socials&#8221;</strong>&nbsp;i se centrarà en les protestes socials massives contra unes institucions i uns partits que no han aconseguit millorar les condicions de vida de la ciutadania, i en els nous impulsos reivindicatius que posen en joc els sistemes actuals i obren perspectives arriscades i a la vegada esperançadores.&nbsp;</p>



<p>Hi participaran&nbsp;<strong>Carlos Malamud,&nbsp;</strong>investigador principal del Real Instituto Elcano, catedràtic d&#8217;Història d&#8217;Amèrica a la Universidad Nacional de Educación a Distancia (UNED) i membre de l’Academia Nacional de la Historia de Argentina; i&nbsp;<strong>Erika M. Rodríguez Pinzón</strong>, doctora per la Universidad Autónoma de Madrid i sociòloga per la Universidad Nacional de Colombia.&nbsp;</p>



<p>L&#8217;acte tindrà lloc a la seu de Casa Amèrica Catalunya (carrer Còrsega 299, Barcelona).</p>

<!-- This site is optimized with the Yoast SEO plugin v25.6 - https://yoast.com/wordpress/plugins/seo/ -->
<title>&quot;De l’erosió democràtica a l’explosió de les revoltes socials&quot; - ICIP</title>
<meta name="robots" content="index, follow, max-snippet:-1, max-image-preview:large, max-video-preview:-1" />
<link rel="canonical" href="https://www.icip.cat/ca/event/de-lerosio-democratica-a-lexplosio-de-les-revoltes-socials/" />
<meta property="og:locale" content="ca_ES" />
<meta property="og:type" content="article" />
<meta property="og:title" content="&quot;De l’erosió democràtica a l’explosió de les revoltes socials&quot; - ICIP" />
<meta property="og:description" content="El proper dijous 5 de març, a les 19:00, tindrà lloc la primera sessió del cicle de debats &#8220;Pulsions de Llatinoamèrica&#8221;, que organitzen conjuntament l&#8217;ICIP i Casa Amèrica Catalunya per tal d&#8217;entendre les arrels i les dinàmiques de les protestes socials que s&#8217;estenen a la regió. El primer debat porta per títol&nbsp;&#8220;De l’erosió democràtica a l’explosió [&hellip;]" />
<meta property="og:url" content="https://www.icip.cat/ca/event/de-lerosio-democratica-a-lexplosio-de-les-revoltes-socials/" />
<meta property="og:site_name" content="ICIP" />
<meta name="twitter:card" content="summary_large_image" />
<meta name="twitter:label1" content="Temps estimat de lectura" />
	<meta name="twitter:data1" content="1 minut" />
<script type="application/ld+json" class="yoast-schema-graph">{"@context":"https://schema.org","@graph":[{"@type":"WebPage","@id":"https://www.icip.cat/ca/event/de-lerosio-democratica-a-lexplosio-de-les-revoltes-socials/","url":"https://www.icip.cat/ca/event/de-lerosio-democratica-a-lexplosio-de-les-revoltes-socials/","name":"\"De l’erosió democràtica a l’explosió de les revoltes socials\" - ICIP","isPartOf":{"@id":"https://www.icip.cat/ca/#website"},"datePublished":"2021-01-25T17:19:40+00:00","inLanguage":"ca","potentialAction":[{"@type":"ReadAction","target":["https://www.icip.cat/ca/event/de-lerosio-democratica-a-lexplosio-de-les-revoltes-socials/"]}]},{"@type":"WebSite","@id":"https://www.icip.cat/ca/#website","url":"https://www.icip.cat/ca/","name":"ICIP","description":"","publisher":{"@id":"https://www.icip.cat/ca/#organization"},"potentialAction":[{"@type":"SearchAction","target":{"@type":"EntryPoint","urlTemplate":"https://www.icip.cat/ca/?s={search_term_string}"},"query-input":{"@type":"PropertyValueSpecification","valueRequired":true,"valueName":"search_term_string"}}],"inLanguage":"ca"},{"@type":"Organization","@id":"https://www.icip.cat/ca/#organization","name":"ICIP","url":"https://www.icip.cat/ca/","logo":{"@type":"ImageObject","inLanguage":"ca","@id":"https://www.icip.cat/ca/#/schema/logo/image/","url":"https://www.icip.cat/wp-content/uploads/2021/02/logo-2.png","contentUrl":"https://www.icip.cat/wp-content/uploads/2021/02/logo-2.png","width":562,"height":391,"caption":"ICIP"},"image":{"@id":"https://www.icip.cat/ca/#/schema/logo/image/"}}]}</script>
<!-- / Yoast SEO plugin. -->

"De l’erosió democràtica a l’explosió de les revoltes socials" - ICIP

El proper dijous 5 de març, a les 19:00, tindrà lloc la primera sessió del cicle de debats &#8220;Pulsions de Llatinoamèrica&#8221;, que organitzen conjuntament l&#8217;ICIP i Casa Amèrica Catalunya per tal d&#8217;entendre les arrels i les dinàmiques de les protestes socials que s&#8217;estenen a la regió. El primer debat porta per títol&nbsp;&#8220;De l’erosió democràtica a l’explosió [&hellip;]
