{"id":18060,"date":"2021-03-31T07:22:37","date_gmt":"2021-03-31T07:22:37","guid":{"rendered":"http:\/\/www.icip.cat\/?post_type=icip_event&#038;p=18060"},"modified":"2021-04-27T10:19:49","modified_gmt":"2021-04-27T10:19:49","slug":"dialeg-negociacio-i-mediacio-amb-actors-violents","status":"publish","type":"icip_event","link":"https:\/\/www.icip.cat\/ca\/event\/dialeg-negociacio-i-mediacio-amb-actors-violents\/","title":{"rendered":"Di\u00e0leg, negociaci\u00f3 i mediaci\u00f3 amb actors violents"},"content":{"rendered":"\n<p>En contextos violents amb diferents actors en joc, quines parts haurien d&#8217;establir di\u00e0leg? S\u00f3n leg\u00edtimes, fins i tot \u00fatils, les negociacions amb actors violents com el crim organitzat? Qui pot articular processos de mediaci\u00f3 i amb quina metodologia? <\/p>\n\n\n\n<p>Aquestes q\u00fcestions centraran el debat entre <strong>Achim Wennmann<\/strong>, doctor en Relacions Internacionals i investigador del Graduate Institute Geneva; <strong>Ang\u00e9lica Dur\u00e1n<\/strong>, professora associada de Ci\u00e8ncia Pol\u00edtica a la Universitat de Massachussets-Lowell; i <strong>Falko Ernst<\/strong>, analista sobre M\u00e8xic per a l&#8217;International Crisis Group. <\/p>\n\n\n\n<p>La sessi\u00f3 tindr\u00e0 lloc el dimarts 27 d\u2019abril i forma part del cicle<a href=\"http:\/\/www.icip.cat\/wp-content\/uploads\/2021\/03\/Programa_Cicle.pdf\">&nbsp;\u201cAm\u00e8rica Llatina. Fer front a les viol\u00e8ncies des de la construcci\u00f3 de pau\u201d<\/a>, organitzat per l\u2019ICIP.<\/p>\n\n\n\n<p>Totes les sessions del cicle tenen lloc de les 18h a les 19:30h (CET) en directe a trav\u00e9s del\u00a0<a href=\"https:\/\/youtu.be\/tTHlSnuE-Bw\">canal ICIP de YouT<\/a><a href=\"https:\/\/www.youtube.com\/watch?v=tTHlSnuE-Bw\">ub<\/a><a href=\"https:\/\/www.youtube.com\/user\/ICIPtube\">e<\/a>.<\/p>\n\n\n\n<figure class=\"wp-block-image size-large\"><img fetchpriority=\"high\" decoding=\"async\" width=\"1024\" height=\"576\" src=\"http:\/\/www.icip.cat\/wp-content\/uploads\/2021\/04\/ICIP_Tarjeton_27-04-1024x576.png\" alt=\"\" class=\"wp-image-18371\" srcset=\"https:\/\/www.icip.cat\/wp-content\/uploads\/2021\/04\/ICIP_Tarjeton_27-04-1024x576.png 1024w, https:\/\/www.icip.cat\/wp-content\/uploads\/2021\/04\/ICIP_Tarjeton_27-04-300x169.png 300w, https:\/\/www.icip.cat\/wp-content\/uploads\/2021\/04\/ICIP_Tarjeton_27-04-768x432.png 768w, https:\/\/www.icip.cat\/wp-content\/uploads\/2021\/04\/ICIP_Tarjeton_27-04-1536x864.png 1536w, https:\/\/www.icip.cat\/wp-content\/uploads\/2021\/04\/ICIP_Tarjeton_27-04-2048x1152.png 2048w\" sizes=\"(max-width: 1024px) 100vw, 1024px\" \/><\/figure>\n","protected":false},"featured_media":16926,"template":"","class_list":["post-18060","icip_event","type-icip_event","status-publish","has-post-thumbnail","hentry"],"acf":[],"yoast_head":"<!-- This site is optimized with the Yoast SEO plugin v25.6 - https:\/\/yoast.com\/wordpress\/plugins\/seo\/ -->\n<title>Di\u00e0leg, negociaci\u00f3 i mediaci\u00f3 amb actors violents - ICIP<\/title>\n<meta name=\"robots\" content=\"index, follow, max-snippet:-1, max-image-preview:large, max-video-preview:-1\" \/>\n<link rel=\"canonical\" href=\"https:\/\/www.icip.cat\/ca\/event\/dialeg-negociacio-i-mediacio-amb-actors-violents\/\" \/>\n<meta property=\"og:locale\" content=\"ca_ES\" \/>\n<meta property=\"og:type\" content=\"article\" \/>\n<meta property=\"og:title\" content=\"Di\u00e0leg, negociaci\u00f3 i mediaci\u00f3 amb actors violents - ICIP\" \/>\n<meta property=\"og:description\" content=\"En contextos violents amb diferents actors en joc, quines parts haurien d&#8217;establir di\u00e0leg? S\u00f3n leg\u00edtimes, fins i tot \u00fatils, les negociacions amb actors violents com el crim organitzat? Qui pot articular processos de mediaci\u00f3 i amb quina metodologia? Aquestes q\u00fcestions centraran el debat entre Achim Wennmann, doctor en Relacions Internacionals i investigador del Graduate Institute [&hellip;]\" \/>\n<meta property=\"og:url\" content=\"https:\/\/www.icip.cat\/ca\/event\/dialeg-negociacio-i-mediacio-amb-actors-violents\/\" \/>\n<meta property=\"og:site_name\" content=\"ICIP\" \/>\n<meta property=\"article:modified_time\" content=\"2021-04-27T10:19:49+00:00\" \/>\n<meta property=\"og:image\" content=\"https:\/\/www.icip.cat\/wp-content\/uploads\/2021\/02\/thumbnail_renacimiento-12-495x400-1.jpg\" \/>\n\t<meta property=\"og:image:width\" content=\"495\" \/>\n\t<meta property=\"og:image:height\" content=\"400\" \/>\n\t<meta property=\"og:image:type\" content=\"image\/jpeg\" \/>\n<meta name=\"twitter:card\" content=\"summary_large_image\" \/>\n<meta name=\"twitter:label1\" content=\"Temps estimat de lectura\" \/>\n\t<meta name=\"twitter:data1\" content=\"1 minut\" \/>\n<script type=\"application\/ld+json\" class=\"yoast-schema-graph\">{\"@context\":\"https:\/\/schema.org\",\"@graph\":[{\"@type\":\"WebPage\",\"@id\":\"https:\/\/www.icip.cat\/ca\/event\/dialeg-negociacio-i-mediacio-amb-actors-violents\/\",\"url\":\"https:\/\/www.icip.cat\/ca\/event\/dialeg-negociacio-i-mediacio-amb-actors-violents\/\",\"name\":\"Di\u00e0leg, negociaci\u00f3 i mediaci\u00f3 amb actors violents - ICIP\",\"isPartOf\":{\"@id\":\"https:\/\/www.icip.cat\/ca\/#website\"},\"primaryImageOfPage\":{\"@id\":\"https:\/\/www.icip.cat\/ca\/event\/dialeg-negociacio-i-mediacio-amb-actors-violents\/#primaryimage\"},\"image\":{\"@id\":\"https:\/\/www.icip.cat\/ca\/event\/dialeg-negociacio-i-mediacio-amb-actors-violents\/#primaryimage\"},\"thumbnailUrl\":\"https:\/\/www.icip.cat\/wp-content\/uploads\/2021\/02\/thumbnail_renacimiento-12-495x400-1.jpg\",\"datePublished\":\"2021-03-31T07:22:37+00:00\",\"dateModified\":\"2021-04-27T10:19:49+00:00\",\"inLanguage\":\"ca\",\"potentialAction\":[{\"@type\":\"ReadAction\",\"target\":[\"https:\/\/www.icip.cat\/ca\/event\/dialeg-negociacio-i-mediacio-amb-actors-violents\/\"]}]},{\"@type\":\"ImageObject\",\"inLanguage\":\"ca\",\"@id\":\"https:\/\/www.icip.cat\/ca\/event\/dialeg-negociacio-i-mediacio-amb-actors-violents\/#primaryimage\",\"url\":\"https:\/\/www.icip.cat\/wp-content\/uploads\/2021\/02\/thumbnail_renacimiento-12-495x400-1.jpg\",\"contentUrl\":\"https:\/\/www.icip.cat\/wp-content\/uploads\/2021\/02\/thumbnail_renacimiento-12-495x400-1.jpg\",\"width\":495,\"height\":400},{\"@type\":\"WebSite\",\"@id\":\"https:\/\/www.icip.cat\/ca\/#website\",\"url\":\"https:\/\/www.icip.cat\/ca\/\",\"name\":\"ICIP\",\"description\":\"\",\"publisher\":{\"@id\":\"https:\/\/www.icip.cat\/ca\/#organization\"},\"potentialAction\":[{\"@type\":\"SearchAction\",\"target\":{\"@type\":\"EntryPoint\",\"urlTemplate\":\"https:\/\/www.icip.cat\/ca\/?s={search_term_string}\"},\"query-input\":{\"@type\":\"PropertyValueSpecification\",\"valueRequired\":true,\"valueName\":\"search_term_string\"}}],\"inLanguage\":\"ca\"},{\"@type\":\"Organization\",\"@id\":\"https:\/\/www.icip.cat\/ca\/#organization\",\"name\":\"ICIP\",\"url\":\"https:\/\/www.icip.cat\/ca\/\",\"logo\":{\"@type\":\"ImageObject\",\"inLanguage\":\"ca\",\"@id\":\"https:\/\/www.icip.cat\/ca\/#\/schema\/logo\/image\/\",\"url\":\"https:\/\/www.icip.cat\/wp-content\/uploads\/2021\/02\/logo-2.png\",\"contentUrl\":\"https:\/\/www.icip.cat\/wp-content\/uploads\/2021\/02\/logo-2.png\",\"width\":562,\"height\":391,\"caption\":\"ICIP\"},\"image\":{\"@id\":\"https:\/\/www.icip.cat\/ca\/#\/schema\/logo\/image\/\"}}]}<\/script>\n<!-- \/ Yoast SEO plugin. -->","yoast_head_json":{"title":"Di\u00e0leg, negociaci\u00f3 i mediaci\u00f3 amb actors violents - ICIP","robots":{"index":"index","follow":"follow","max-snippet":"max-snippet:-1","max-image-preview":"max-image-preview:large","max-video-preview":"max-video-preview:-1"},"canonical":"https:\/\/www.icip.cat\/ca\/event\/dialeg-negociacio-i-mediacio-amb-actors-violents\/","og_locale":"ca_ES","og_type":"article","og_title":"Di\u00e0leg, negociaci\u00f3 i mediaci\u00f3 amb actors violents - ICIP","og_description":"En contextos violents amb diferents actors en joc, quines parts haurien d&#8217;establir di\u00e0leg? S\u00f3n leg\u00edtimes, fins i tot \u00fatils, les negociacions amb actors violents com el crim organitzat? Qui pot articular processos de mediaci\u00f3 i amb quina metodologia? Aquestes q\u00fcestions centraran el debat entre Achim Wennmann, doctor en Relacions Internacionals i investigador del Graduate Institute [&hellip;]","og_url":"https:\/\/www.icip.cat\/ca\/event\/dialeg-negociacio-i-mediacio-amb-actors-violents\/","og_site_name":"ICIP","article_modified_time":"2021-04-27T10:19:49+00:00","og_image":[{"width":495,"height":400,"url":"https:\/\/www.icip.cat\/wp-content\/uploads\/2021\/02\/thumbnail_renacimiento-12-495x400-1.jpg","type":"image\/jpeg"}],"twitter_card":"summary_large_image","twitter_misc":{"Temps estimat de lectura":"1 minut"},"schema":{"@context":"https:\/\/schema.org","@graph":[{"@type":"WebPage","@id":"https:\/\/www.icip.cat\/ca\/event\/dialeg-negociacio-i-mediacio-amb-actors-violents\/","url":"https:\/\/www.icip.cat\/ca\/event\/dialeg-negociacio-i-mediacio-amb-actors-violents\/","name":"Di\u00e0leg, negociaci\u00f3 i mediaci\u00f3 amb actors violents - ICIP","isPartOf":{"@id":"https:\/\/www.icip.cat\/ca\/#website"},"primaryImageOfPage":{"@id":"https:\/\/www.icip.cat\/ca\/event\/dialeg-negociacio-i-mediacio-amb-actors-violents\/#primaryimage"},"image":{"@id":"https:\/\/www.icip.cat\/ca\/event\/dialeg-negociacio-i-mediacio-amb-actors-violents\/#primaryimage"},"thumbnailUrl":"https:\/\/www.icip.cat\/wp-content\/uploads\/2021\/02\/thumbnail_renacimiento-12-495x400-1.jpg","datePublished":"2021-03-31T07:22:37+00:00","dateModified":"2021-04-27T10:19:49+00:00","inLanguage":"ca","potentialAction":[{"@type":"ReadAction","target":["https:\/\/www.icip.cat\/ca\/event\/dialeg-negociacio-i-mediacio-amb-actors-violents\/"]}]},{"@type":"ImageObject","inLanguage":"ca","@id":"https:\/\/www.icip.cat\/ca\/event\/dialeg-negociacio-i-mediacio-amb-actors-violents\/#primaryimage","url":"https:\/\/www.icip.cat\/wp-content\/uploads\/2021\/02\/thumbnail_renacimiento-12-495x400-1.jpg","contentUrl":"https:\/\/www.icip.cat\/wp-content\/uploads\/2021\/02\/thumbnail_renacimiento-12-495x400-1.jpg","width":495,"height":400},{"@type":"WebSite","@id":"https:\/\/www.icip.cat\/ca\/#website","url":"https:\/\/www.icip.cat\/ca\/","name":"ICIP","description":"","publisher":{"@id":"https:\/\/www.icip.cat\/ca\/#organization"},"potentialAction":[{"@type":"SearchAction","target":{"@type":"EntryPoint","urlTemplate":"https:\/\/www.icip.cat\/ca\/?s={search_term_string}"},"query-input":{"@type":"PropertyValueSpecification","valueRequired":true,"valueName":"search_term_string"}}],"inLanguage":"ca"},{"@type":"Organization","@id":"https:\/\/www.icip.cat\/ca\/#organization","name":"ICIP","url":"https:\/\/www.icip.cat\/ca\/","logo":{"@type":"ImageObject","inLanguage":"ca","@id":"https:\/\/www.icip.cat\/ca\/#\/schema\/logo\/image\/","url":"https:\/\/www.icip.cat\/wp-content\/uploads\/2021\/02\/logo-2.png","contentUrl":"https:\/\/www.icip.cat\/wp-content\/uploads\/2021\/02\/logo-2.png","width":562,"height":391,"caption":"ICIP"},"image":{"@id":"https:\/\/www.icip.cat\/ca\/#\/schema\/logo\/image\/"}}]}},"_links":{"self":[{"href":"https:\/\/www.icip.cat\/ca\/wp-json\/wp\/v2\/icip_event\/18060","targetHints":{"allow":["GET"]}}],"collection":[{"href":"https:\/\/www.icip.cat\/ca\/wp-json\/wp\/v2\/icip_event"}],"about":[{"href":"https:\/\/www.icip.cat\/ca\/wp-json\/wp\/v2\/types\/icip_event"}],"version-history":[{"count":9,"href":"https:\/\/www.icip.cat\/ca\/wp-json\/wp\/v2\/icip_event\/18060\/revisions"}],"predecessor-version":[{"id":18429,"href":"https:\/\/www.icip.cat\/ca\/wp-json\/wp\/v2\/icip_event\/18060\/revisions\/18429"}],"wp:featuredmedia":[{"embeddable":true,"href":"https:\/\/www.icip.cat\/ca\/wp-json\/wp\/v2\/media\/16926"}],"wp:attachment":[{"href":"https:\/\/www.icip.cat\/ca\/wp-json\/wp\/v2\/media?parent=18060"}],"curies":[{"name":"wp","href":"https:\/\/api.w.org\/{rel}","templated":true}]}}

Diàleg, negociació i mediació amb actors violents

<p>En contextos violents amb diferents actors en joc, quines parts haurien d&#8217;establir diàleg? Són legítimes, fins i tot útils, les negociacions amb actors violents com el crim organitzat? Qui pot articular processos de mediació i amb quina metodologia? </p>



<p>Aquestes qüestions centraran el debat entre <strong>Achim Wennmann</strong>, doctor en Relacions Internacionals i investigador del Graduate Institute Geneva; <strong>Angélica Durán</strong>, professora associada de Ciència Política a la Universitat de Massachussets-Lowell; i <strong>Falko Ernst</strong>, analista sobre Mèxic per a l&#8217;International Crisis Group. </p>



<p>La sessió tindrà lloc el dimarts 27 d’abril i forma part del cicle<a href="http://www.icip.cat/wp-content/uploads/2021/03/Programa_Cicle.pdf">&nbsp;“Amèrica Llatina. Fer front a les violències des de la construcció de pau”</a>, organitzat per l’ICIP.</p>



<p>Totes les sessions del cicle tenen lloc de les 18h a les 19:30h (CET) en directe a través del <a href="https://youtu.be/tTHlSnuE-Bw">canal ICIP de YouT</a><a href="https://www.youtube.com/watch?v=tTHlSnuE-Bw">ub</a><a href="https://www.youtube.com/user/ICIPtube">e</a>.</p>



<figure class="wp-block-image size-large"><img fetchpriority="high" decoding="async" width="1024" height="576" src="http://www.icip.cat/wp-content/uploads/2021/04/ICIP_Tarjeton_27-04-1024x576.png" alt="" class="wp-image-18371" srcset="https://www.icip.cat/wp-content/uploads/2021/04/ICIP_Tarjeton_27-04-1024x576.png 1024w, https://www.icip.cat/wp-content/uploads/2021/04/ICIP_Tarjeton_27-04-300x169.png 300w, https://www.icip.cat/wp-content/uploads/2021/04/ICIP_Tarjeton_27-04-768x432.png 768w, https://www.icip.cat/wp-content/uploads/2021/04/ICIP_Tarjeton_27-04-1536x864.png 1536w, https://www.icip.cat/wp-content/uploads/2021/04/ICIP_Tarjeton_27-04-2048x1152.png 2048w" sizes="(max-width: 1024px) 100vw, 1024px" /></figure>

<!-- This site is optimized with the Yoast SEO plugin v25.6 - https://yoast.com/wordpress/plugins/seo/ -->
<title>Diàleg, negociació i mediació amb actors violents - ICIP</title>
<meta name="robots" content="index, follow, max-snippet:-1, max-image-preview:large, max-video-preview:-1" />
<link rel="canonical" href="https://www.icip.cat/ca/event/dialeg-negociacio-i-mediacio-amb-actors-violents/" />
<meta property="og:locale" content="ca_ES" />
<meta property="og:type" content="article" />
<meta property="og:title" content="Diàleg, negociació i mediació amb actors violents - ICIP" />
<meta property="og:description" content="En contextos violents amb diferents actors en joc, quines parts haurien d&#8217;establir diàleg? Són legítimes, fins i tot útils, les negociacions amb actors violents com el crim organitzat? Qui pot articular processos de mediació i amb quina metodologia? Aquestes qüestions centraran el debat entre Achim Wennmann, doctor en Relacions Internacionals i investigador del Graduate Institute [&hellip;]" />
<meta property="og:url" content="https://www.icip.cat/ca/event/dialeg-negociacio-i-mediacio-amb-actors-violents/" />
<meta property="og:site_name" content="ICIP" />
<meta property="article:modified_time" content="2021-04-27T10:19:49+00:00" />
<meta property="og:image" content="https://www.icip.cat/wp-content/uploads/2021/02/thumbnail_renacimiento-12-495x400-1.jpg" />
	<meta property="og:image:width" content="495" />
	<meta property="og:image:height" content="400" />
	<meta property="og:image:type" content="image/jpeg" />
<meta name="twitter:card" content="summary_large_image" />
<meta name="twitter:label1" content="Temps estimat de lectura" />
	<meta name="twitter:data1" content="1 minut" />
<script type="application/ld+json" class="yoast-schema-graph">{"@context":"https://schema.org","@graph":[{"@type":"WebPage","@id":"https://www.icip.cat/ca/event/dialeg-negociacio-i-mediacio-amb-actors-violents/","url":"https://www.icip.cat/ca/event/dialeg-negociacio-i-mediacio-amb-actors-violents/","name":"Diàleg, negociació i mediació amb actors violents - ICIP","isPartOf":{"@id":"https://www.icip.cat/ca/#website"},"primaryImageOfPage":{"@id":"https://www.icip.cat/ca/event/dialeg-negociacio-i-mediacio-amb-actors-violents/#primaryimage"},"image":{"@id":"https://www.icip.cat/ca/event/dialeg-negociacio-i-mediacio-amb-actors-violents/#primaryimage"},"thumbnailUrl":"https://www.icip.cat/wp-content/uploads/2021/02/thumbnail_renacimiento-12-495x400-1.jpg","datePublished":"2021-03-31T07:22:37+00:00","dateModified":"2021-04-27T10:19:49+00:00","inLanguage":"ca","potentialAction":[{"@type":"ReadAction","target":["https://www.icip.cat/ca/event/dialeg-negociacio-i-mediacio-amb-actors-violents/"]}]},{"@type":"ImageObject","inLanguage":"ca","@id":"https://www.icip.cat/ca/event/dialeg-negociacio-i-mediacio-amb-actors-violents/#primaryimage","url":"https://www.icip.cat/wp-content/uploads/2021/02/thumbnail_renacimiento-12-495x400-1.jpg","contentUrl":"https://www.icip.cat/wp-content/uploads/2021/02/thumbnail_renacimiento-12-495x400-1.jpg","width":495,"height":400},{"@type":"WebSite","@id":"https://www.icip.cat/ca/#website","url":"https://www.icip.cat/ca/","name":"ICIP","description":"","publisher":{"@id":"https://www.icip.cat/ca/#organization"},"potentialAction":[{"@type":"SearchAction","target":{"@type":"EntryPoint","urlTemplate":"https://www.icip.cat/ca/?s={search_term_string}"},"query-input":{"@type":"PropertyValueSpecification","valueRequired":true,"valueName":"search_term_string"}}],"inLanguage":"ca"},{"@type":"Organization","@id":"https://www.icip.cat/ca/#organization","name":"ICIP","url":"https://www.icip.cat/ca/","logo":{"@type":"ImageObject","inLanguage":"ca","@id":"https://www.icip.cat/ca/#/schema/logo/image/","url":"https://www.icip.cat/wp-content/uploads/2021/02/logo-2.png","contentUrl":"https://www.icip.cat/wp-content/uploads/2021/02/logo-2.png","width":562,"height":391,"caption":"ICIP"},"image":{"@id":"https://www.icip.cat/ca/#/schema/logo/image/"}}]}</script>
<!-- / Yoast SEO plugin. -->

Diàleg, negociació i mediació amb actors violents - ICIP

En contextos violents amb diferents actors en joc, quines parts haurien d&#8217;establir diàleg? Són legítimes, fins i tot útils, les negociacions amb actors violents com el crim organitzat? Qui pot articular processos de mediació i amb quina metodologia? Aquestes qüestions centraran el debat entre Achim Wennmann, doctor en Relacions Internacionals i investigador del Graduate Institute [&hellip;]
