{"id":18573,"date":"2021-04-30T10:03:21","date_gmt":"2021-04-30T10:03:21","guid":{"rendered":"http:\/\/www.icip.cat\/?post_type=icip_event&#038;p=18573"},"modified":"2021-05-05T08:57:20","modified_gmt":"2021-05-05T08:57:20","slug":"mecanismes-extraordinaris-per-a-violencies-extraordinaries","status":"publish","type":"icip_event","link":"https:\/\/www.icip.cat\/ca\/event\/mecanismes-extraordinaris-per-a-violencies-extraordinaries\/","title":{"rendered":"Mecanismes extraordinaris per a viol\u00e8ncies extraordin\u00e0ries"},"content":{"rendered":"\n<p>El volum i sistematitzaci\u00f3 de les viol\u00e8ncies, les caracter\u00edstiques dels perpetradors i les seves relacions amb les institucions p\u00fabliques i impunitat s\u00f3n alguns dels factors que apunten a la necessitat de mesures extraordin\u00e0ries per garantir just\u00edcia, veritat i reparaci\u00f3. <\/p>\n\n\n\n<p>En aquests contextos de viol\u00e8ncies cr\u00f2niques d&#8217;alta intensitat, seria convenient posar en marxa processos de just\u00edcia transicional com a mecanisme de construcci\u00f3 de pau? Quines condicions haurien que donar-se perqu\u00e8 aquests processos fossin viables i transformadors?<\/p>\n\n\n\n<p>Aquestes q\u00fcestions centraran el di\u00e0leg entre <strong>Guillermo Trejo<\/strong>, professor de Ci\u00e8ncia Pol\u00edtica i director del Laboratori de Just\u00edcia Transicional de la Universitat de Notre Dame, Estats Units, i <strong>Mar\u00eda Camila Moreno<\/strong>, directora per Col\u00f2mbia de l&#8217;International Centre for Transitional Justice. <\/p>\n\n\n\n<p>La sessi\u00f3 tindr\u00e0 lloc el dimarts 11 de maig i forma part del cicle<a href=\"http:\/\/www.icip.cat\/wp-content\/uploads\/2021\/03\/Programa_Cicle.pdf\">&nbsp;\u201cAm\u00e8rica Llatina. Fer front a les viol\u00e8ncies des de la construcci\u00f3 de pau\u201d<\/a>, organitzat per l\u2019ICIP.<\/p>\n\n\n\n<p>Totes les sessions del cicle tenen lloc de les 18h a les 19:30h (CET) en directe a trav\u00e9s del<a href=\"https:\/\/youtu.be\/njL1T3TFQV4\">\u00a0canal ICIP de YouTube<\/a>.<\/p>\n\n\n\n<div class=\"wp-block-image\"><figure class=\"aligncenter size-large\"><img fetchpriority=\"high\" decoding=\"async\" width=\"1024\" height=\"576\" src=\"http:\/\/www.icip.cat\/wp-content\/uploads\/2021\/04\/ICIP_Tarjeton_11-05-1-1024x576.png\" alt=\"\" class=\"wp-image-18596\" srcset=\"https:\/\/www.icip.cat\/wp-content\/uploads\/2021\/04\/ICIP_Tarjeton_11-05-1-1024x576.png 1024w, https:\/\/www.icip.cat\/wp-content\/uploads\/2021\/04\/ICIP_Tarjeton_11-05-1-300x169.png 300w, https:\/\/www.icip.cat\/wp-content\/uploads\/2021\/04\/ICIP_Tarjeton_11-05-1-768x432.png 768w, https:\/\/www.icip.cat\/wp-content\/uploads\/2021\/04\/ICIP_Tarjeton_11-05-1-1536x864.png 1536w, https:\/\/www.icip.cat\/wp-content\/uploads\/2021\/04\/ICIP_Tarjeton_11-05-1-2048x1152.png 2048w\" sizes=\"(max-width: 1024px) 100vw, 1024px\" \/><\/figure><\/div>\n","protected":false},"featured_media":16932,"template":"","class_list":["post-18573","icip_event","type-icip_event","status-publish","has-post-thumbnail","hentry"],"acf":[],"yoast_head":"<!-- This site is optimized with the Yoast SEO plugin v25.6 - https:\/\/yoast.com\/wordpress\/plugins\/seo\/ -->\n<title>Mecanismes extraordinaris per a viol\u00e8ncies extraordin\u00e0ries - ICIP<\/title>\n<meta name=\"robots\" content=\"index, follow, max-snippet:-1, max-image-preview:large, max-video-preview:-1\" \/>\n<link rel=\"canonical\" href=\"https:\/\/www.icip.cat\/ca\/event\/mecanismes-extraordinaris-per-a-violencies-extraordinaries\/\" \/>\n<meta property=\"og:locale\" content=\"ca_ES\" \/>\n<meta property=\"og:type\" content=\"article\" \/>\n<meta property=\"og:title\" content=\"Mecanismes extraordinaris per a viol\u00e8ncies extraordin\u00e0ries - ICIP\" \/>\n<meta property=\"og:description\" content=\"El volum i sistematitzaci\u00f3 de les viol\u00e8ncies, les caracter\u00edstiques dels perpetradors i les seves relacions amb les institucions p\u00fabliques i impunitat s\u00f3n alguns dels factors que apunten a la necessitat de mesures extraordin\u00e0ries per garantir just\u00edcia, veritat i reparaci\u00f3. En aquests contextos de viol\u00e8ncies cr\u00f2niques d&#8217;alta intensitat, seria convenient posar en marxa processos de just\u00edcia [&hellip;]\" \/>\n<meta property=\"og:url\" content=\"https:\/\/www.icip.cat\/ca\/event\/mecanismes-extraordinaris-per-a-violencies-extraordinaries\/\" \/>\n<meta property=\"og:site_name\" content=\"ICIP\" \/>\n<meta property=\"article:modified_time\" content=\"2021-05-05T08:57:20+00:00\" \/>\n<meta property=\"og:image\" content=\"https:\/\/www.icip.cat\/wp-content\/uploads\/2021\/02\/thumbnail_renacimiento-12-495x400-2.jpg\" \/>\n\t<meta property=\"og:image:width\" content=\"495\" \/>\n\t<meta property=\"og:image:height\" content=\"400\" \/>\n\t<meta property=\"og:image:type\" content=\"image\/jpeg\" \/>\n<meta name=\"twitter:card\" content=\"summary_large_image\" \/>\n<meta name=\"twitter:label1\" content=\"Temps estimat de lectura\" \/>\n\t<meta name=\"twitter:data1\" content=\"1 minut\" \/>\n<script type=\"application\/ld+json\" class=\"yoast-schema-graph\">{\"@context\":\"https:\/\/schema.org\",\"@graph\":[{\"@type\":\"WebPage\",\"@id\":\"https:\/\/www.icip.cat\/ca\/event\/mecanismes-extraordinaris-per-a-violencies-extraordinaries\/\",\"url\":\"https:\/\/www.icip.cat\/ca\/event\/mecanismes-extraordinaris-per-a-violencies-extraordinaries\/\",\"name\":\"Mecanismes extraordinaris per a viol\u00e8ncies extraordin\u00e0ries - ICIP\",\"isPartOf\":{\"@id\":\"https:\/\/www.icip.cat\/ca\/#website\"},\"primaryImageOfPage\":{\"@id\":\"https:\/\/www.icip.cat\/ca\/event\/mecanismes-extraordinaris-per-a-violencies-extraordinaries\/#primaryimage\"},\"image\":{\"@id\":\"https:\/\/www.icip.cat\/ca\/event\/mecanismes-extraordinaris-per-a-violencies-extraordinaries\/#primaryimage\"},\"thumbnailUrl\":\"https:\/\/www.icip.cat\/wp-content\/uploads\/2021\/02\/thumbnail_renacimiento-12-495x400-2.jpg\",\"datePublished\":\"2021-04-30T10:03:21+00:00\",\"dateModified\":\"2021-05-05T08:57:20+00:00\",\"inLanguage\":\"ca\",\"potentialAction\":[{\"@type\":\"ReadAction\",\"target\":[\"https:\/\/www.icip.cat\/ca\/event\/mecanismes-extraordinaris-per-a-violencies-extraordinaries\/\"]}]},{\"@type\":\"ImageObject\",\"inLanguage\":\"ca\",\"@id\":\"https:\/\/www.icip.cat\/ca\/event\/mecanismes-extraordinaris-per-a-violencies-extraordinaries\/#primaryimage\",\"url\":\"https:\/\/www.icip.cat\/wp-content\/uploads\/2021\/02\/thumbnail_renacimiento-12-495x400-2.jpg\",\"contentUrl\":\"https:\/\/www.icip.cat\/wp-content\/uploads\/2021\/02\/thumbnail_renacimiento-12-495x400-2.jpg\",\"width\":495,\"height\":400},{\"@type\":\"WebSite\",\"@id\":\"https:\/\/www.icip.cat\/ca\/#website\",\"url\":\"https:\/\/www.icip.cat\/ca\/\",\"name\":\"ICIP\",\"description\":\"\",\"publisher\":{\"@id\":\"https:\/\/www.icip.cat\/ca\/#organization\"},\"potentialAction\":[{\"@type\":\"SearchAction\",\"target\":{\"@type\":\"EntryPoint\",\"urlTemplate\":\"https:\/\/www.icip.cat\/ca\/?s={search_term_string}\"},\"query-input\":{\"@type\":\"PropertyValueSpecification\",\"valueRequired\":true,\"valueName\":\"search_term_string\"}}],\"inLanguage\":\"ca\"},{\"@type\":\"Organization\",\"@id\":\"https:\/\/www.icip.cat\/ca\/#organization\",\"name\":\"ICIP\",\"url\":\"https:\/\/www.icip.cat\/ca\/\",\"logo\":{\"@type\":\"ImageObject\",\"inLanguage\":\"ca\",\"@id\":\"https:\/\/www.icip.cat\/ca\/#\/schema\/logo\/image\/\",\"url\":\"https:\/\/www.icip.cat\/wp-content\/uploads\/2021\/02\/logo-2.png\",\"contentUrl\":\"https:\/\/www.icip.cat\/wp-content\/uploads\/2021\/02\/logo-2.png\",\"width\":562,\"height\":391,\"caption\":\"ICIP\"},\"image\":{\"@id\":\"https:\/\/www.icip.cat\/ca\/#\/schema\/logo\/image\/\"}}]}<\/script>\n<!-- \/ Yoast SEO plugin. -->","yoast_head_json":{"title":"Mecanismes extraordinaris per a viol\u00e8ncies extraordin\u00e0ries - ICIP","robots":{"index":"index","follow":"follow","max-snippet":"max-snippet:-1","max-image-preview":"max-image-preview:large","max-video-preview":"max-video-preview:-1"},"canonical":"https:\/\/www.icip.cat\/ca\/event\/mecanismes-extraordinaris-per-a-violencies-extraordinaries\/","og_locale":"ca_ES","og_type":"article","og_title":"Mecanismes extraordinaris per a viol\u00e8ncies extraordin\u00e0ries - ICIP","og_description":"El volum i sistematitzaci\u00f3 de les viol\u00e8ncies, les caracter\u00edstiques dels perpetradors i les seves relacions amb les institucions p\u00fabliques i impunitat s\u00f3n alguns dels factors que apunten a la necessitat de mesures extraordin\u00e0ries per garantir just\u00edcia, veritat i reparaci\u00f3. En aquests contextos de viol\u00e8ncies cr\u00f2niques d&#8217;alta intensitat, seria convenient posar en marxa processos de just\u00edcia [&hellip;]","og_url":"https:\/\/www.icip.cat\/ca\/event\/mecanismes-extraordinaris-per-a-violencies-extraordinaries\/","og_site_name":"ICIP","article_modified_time":"2021-05-05T08:57:20+00:00","og_image":[{"width":495,"height":400,"url":"https:\/\/www.icip.cat\/wp-content\/uploads\/2021\/02\/thumbnail_renacimiento-12-495x400-2.jpg","type":"image\/jpeg"}],"twitter_card":"summary_large_image","twitter_misc":{"Temps estimat de lectura":"1 minut"},"schema":{"@context":"https:\/\/schema.org","@graph":[{"@type":"WebPage","@id":"https:\/\/www.icip.cat\/ca\/event\/mecanismes-extraordinaris-per-a-violencies-extraordinaries\/","url":"https:\/\/www.icip.cat\/ca\/event\/mecanismes-extraordinaris-per-a-violencies-extraordinaries\/","name":"Mecanismes extraordinaris per a viol\u00e8ncies extraordin\u00e0ries - ICIP","isPartOf":{"@id":"https:\/\/www.icip.cat\/ca\/#website"},"primaryImageOfPage":{"@id":"https:\/\/www.icip.cat\/ca\/event\/mecanismes-extraordinaris-per-a-violencies-extraordinaries\/#primaryimage"},"image":{"@id":"https:\/\/www.icip.cat\/ca\/event\/mecanismes-extraordinaris-per-a-violencies-extraordinaries\/#primaryimage"},"thumbnailUrl":"https:\/\/www.icip.cat\/wp-content\/uploads\/2021\/02\/thumbnail_renacimiento-12-495x400-2.jpg","datePublished":"2021-04-30T10:03:21+00:00","dateModified":"2021-05-05T08:57:20+00:00","inLanguage":"ca","potentialAction":[{"@type":"ReadAction","target":["https:\/\/www.icip.cat\/ca\/event\/mecanismes-extraordinaris-per-a-violencies-extraordinaries\/"]}]},{"@type":"ImageObject","inLanguage":"ca","@id":"https:\/\/www.icip.cat\/ca\/event\/mecanismes-extraordinaris-per-a-violencies-extraordinaries\/#primaryimage","url":"https:\/\/www.icip.cat\/wp-content\/uploads\/2021\/02\/thumbnail_renacimiento-12-495x400-2.jpg","contentUrl":"https:\/\/www.icip.cat\/wp-content\/uploads\/2021\/02\/thumbnail_renacimiento-12-495x400-2.jpg","width":495,"height":400},{"@type":"WebSite","@id":"https:\/\/www.icip.cat\/ca\/#website","url":"https:\/\/www.icip.cat\/ca\/","name":"ICIP","description":"","publisher":{"@id":"https:\/\/www.icip.cat\/ca\/#organization"},"potentialAction":[{"@type":"SearchAction","target":{"@type":"EntryPoint","urlTemplate":"https:\/\/www.icip.cat\/ca\/?s={search_term_string}"},"query-input":{"@type":"PropertyValueSpecification","valueRequired":true,"valueName":"search_term_string"}}],"inLanguage":"ca"},{"@type":"Organization","@id":"https:\/\/www.icip.cat\/ca\/#organization","name":"ICIP","url":"https:\/\/www.icip.cat\/ca\/","logo":{"@type":"ImageObject","inLanguage":"ca","@id":"https:\/\/www.icip.cat\/ca\/#\/schema\/logo\/image\/","url":"https:\/\/www.icip.cat\/wp-content\/uploads\/2021\/02\/logo-2.png","contentUrl":"https:\/\/www.icip.cat\/wp-content\/uploads\/2021\/02\/logo-2.png","width":562,"height":391,"caption":"ICIP"},"image":{"@id":"https:\/\/www.icip.cat\/ca\/#\/schema\/logo\/image\/"}}]}},"_links":{"self":[{"href":"https:\/\/www.icip.cat\/ca\/wp-json\/wp\/v2\/icip_event\/18573","targetHints":{"allow":["GET"]}}],"collection":[{"href":"https:\/\/www.icip.cat\/ca\/wp-json\/wp\/v2\/icip_event"}],"about":[{"href":"https:\/\/www.icip.cat\/ca\/wp-json\/wp\/v2\/types\/icip_event"}],"version-history":[{"count":10,"href":"https:\/\/www.icip.cat\/ca\/wp-json\/wp\/v2\/icip_event\/18573\/revisions"}],"predecessor-version":[{"id":18616,"href":"https:\/\/www.icip.cat\/ca\/wp-json\/wp\/v2\/icip_event\/18573\/revisions\/18616"}],"wp:featuredmedia":[{"embeddable":true,"href":"https:\/\/www.icip.cat\/ca\/wp-json\/wp\/v2\/media\/16932"}],"wp:attachment":[{"href":"https:\/\/www.icip.cat\/ca\/wp-json\/wp\/v2\/media?parent=18573"}],"curies":[{"name":"wp","href":"https:\/\/api.w.org\/{rel}","templated":true}]}}

Mecanismes extraordinaris per a violències extraordinàries

<p>El volum i sistematització de les violències, les característiques dels perpetradors i les seves relacions amb les institucions públiques i impunitat són alguns dels factors que apunten a la necessitat de mesures extraordinàries per garantir justícia, veritat i reparació. </p>



<p>En aquests contextos de violències cròniques d&#8217;alta intensitat, seria convenient posar en marxa processos de justícia transicional com a mecanisme de construcció de pau? Quines condicions haurien que donar-se perquè aquests processos fossin viables i transformadors?</p>



<p>Aquestes qüestions centraran el diàleg entre <strong>Guillermo Trejo</strong>, professor de Ciència Política i director del Laboratori de Justícia Transicional de la Universitat de Notre Dame, Estats Units, i <strong>María Camila Moreno</strong>, directora per Colòmbia de l&#8217;International Centre for Transitional Justice. </p>



<p>La sessió tindrà lloc el dimarts 11 de maig i forma part del cicle<a href="http://www.icip.cat/wp-content/uploads/2021/03/Programa_Cicle.pdf">&nbsp;“Amèrica Llatina. Fer front a les violències des de la construcció de pau”</a>, organitzat per l’ICIP.</p>



<p>Totes les sessions del cicle tenen lloc de les 18h a les 19:30h (CET) en directe a través del<a href="https://youtu.be/njL1T3TFQV4"> canal ICIP de YouTube</a>.</p>



<div class="wp-block-image"><figure class="aligncenter size-large"><img fetchpriority="high" decoding="async" width="1024" height="576" src="http://www.icip.cat/wp-content/uploads/2021/04/ICIP_Tarjeton_11-05-1-1024x576.png" alt="" class="wp-image-18596" srcset="https://www.icip.cat/wp-content/uploads/2021/04/ICIP_Tarjeton_11-05-1-1024x576.png 1024w, https://www.icip.cat/wp-content/uploads/2021/04/ICIP_Tarjeton_11-05-1-300x169.png 300w, https://www.icip.cat/wp-content/uploads/2021/04/ICIP_Tarjeton_11-05-1-768x432.png 768w, https://www.icip.cat/wp-content/uploads/2021/04/ICIP_Tarjeton_11-05-1-1536x864.png 1536w, https://www.icip.cat/wp-content/uploads/2021/04/ICIP_Tarjeton_11-05-1-2048x1152.png 2048w" sizes="(max-width: 1024px) 100vw, 1024px" /></figure></div>

<!-- This site is optimized with the Yoast SEO plugin v25.6 - https://yoast.com/wordpress/plugins/seo/ -->
<title>Mecanismes extraordinaris per a violències extraordinàries - ICIP</title>
<meta name="robots" content="index, follow, max-snippet:-1, max-image-preview:large, max-video-preview:-1" />
<link rel="canonical" href="https://www.icip.cat/ca/event/mecanismes-extraordinaris-per-a-violencies-extraordinaries/" />
<meta property="og:locale" content="ca_ES" />
<meta property="og:type" content="article" />
<meta property="og:title" content="Mecanismes extraordinaris per a violències extraordinàries - ICIP" />
<meta property="og:description" content="El volum i sistematització de les violències, les característiques dels perpetradors i les seves relacions amb les institucions públiques i impunitat són alguns dels factors que apunten a la necessitat de mesures extraordinàries per garantir justícia, veritat i reparació. En aquests contextos de violències cròniques d&#8217;alta intensitat, seria convenient posar en marxa processos de justícia [&hellip;]" />
<meta property="og:url" content="https://www.icip.cat/ca/event/mecanismes-extraordinaris-per-a-violencies-extraordinaries/" />
<meta property="og:site_name" content="ICIP" />
<meta property="article:modified_time" content="2021-05-05T08:57:20+00:00" />
<meta property="og:image" content="https://www.icip.cat/wp-content/uploads/2021/02/thumbnail_renacimiento-12-495x400-2.jpg" />
	<meta property="og:image:width" content="495" />
	<meta property="og:image:height" content="400" />
	<meta property="og:image:type" content="image/jpeg" />
<meta name="twitter:card" content="summary_large_image" />
<meta name="twitter:label1" content="Temps estimat de lectura" />
	<meta name="twitter:data1" content="1 minut" />
<script type="application/ld+json" class="yoast-schema-graph">{"@context":"https://schema.org","@graph":[{"@type":"WebPage","@id":"https://www.icip.cat/ca/event/mecanismes-extraordinaris-per-a-violencies-extraordinaries/","url":"https://www.icip.cat/ca/event/mecanismes-extraordinaris-per-a-violencies-extraordinaries/","name":"Mecanismes extraordinaris per a violències extraordinàries - ICIP","isPartOf":{"@id":"https://www.icip.cat/ca/#website"},"primaryImageOfPage":{"@id":"https://www.icip.cat/ca/event/mecanismes-extraordinaris-per-a-violencies-extraordinaries/#primaryimage"},"image":{"@id":"https://www.icip.cat/ca/event/mecanismes-extraordinaris-per-a-violencies-extraordinaries/#primaryimage"},"thumbnailUrl":"https://www.icip.cat/wp-content/uploads/2021/02/thumbnail_renacimiento-12-495x400-2.jpg","datePublished":"2021-04-30T10:03:21+00:00","dateModified":"2021-05-05T08:57:20+00:00","inLanguage":"ca","potentialAction":[{"@type":"ReadAction","target":["https://www.icip.cat/ca/event/mecanismes-extraordinaris-per-a-violencies-extraordinaries/"]}]},{"@type":"ImageObject","inLanguage":"ca","@id":"https://www.icip.cat/ca/event/mecanismes-extraordinaris-per-a-violencies-extraordinaries/#primaryimage","url":"https://www.icip.cat/wp-content/uploads/2021/02/thumbnail_renacimiento-12-495x400-2.jpg","contentUrl":"https://www.icip.cat/wp-content/uploads/2021/02/thumbnail_renacimiento-12-495x400-2.jpg","width":495,"height":400},{"@type":"WebSite","@id":"https://www.icip.cat/ca/#website","url":"https://www.icip.cat/ca/","name":"ICIP","description":"","publisher":{"@id":"https://www.icip.cat/ca/#organization"},"potentialAction":[{"@type":"SearchAction","target":{"@type":"EntryPoint","urlTemplate":"https://www.icip.cat/ca/?s={search_term_string}"},"query-input":{"@type":"PropertyValueSpecification","valueRequired":true,"valueName":"search_term_string"}}],"inLanguage":"ca"},{"@type":"Organization","@id":"https://www.icip.cat/ca/#organization","name":"ICIP","url":"https://www.icip.cat/ca/","logo":{"@type":"ImageObject","inLanguage":"ca","@id":"https://www.icip.cat/ca/#/schema/logo/image/","url":"https://www.icip.cat/wp-content/uploads/2021/02/logo-2.png","contentUrl":"https://www.icip.cat/wp-content/uploads/2021/02/logo-2.png","width":562,"height":391,"caption":"ICIP"},"image":{"@id":"https://www.icip.cat/ca/#/schema/logo/image/"}}]}</script>
<!-- / Yoast SEO plugin. -->

Mecanismes extraordinaris per a violències extraordinàries - ICIP

El volum i sistematització de les violències, les característiques dels perpetradors i les seves relacions amb les institucions públiques i impunitat són alguns dels factors que apunten a la necessitat de mesures extraordinàries per garantir justícia, veritat i reparació. En aquests contextos de violències cròniques d&#8217;alta intensitat, seria convenient posar en marxa processos de justícia [&hellip;]
