{"id":18696,"date":"2021-05-07T08:58:37","date_gmt":"2021-05-07T08:58:37","guid":{"rendered":"http:\/\/www.icip.cat\/?post_type=icip_event&#038;p=18696"},"modified":"2021-05-18T09:02:09","modified_gmt":"2021-05-18T09:02:09","slug":"democracia-participativa-moviments-socials-i-resistencies-noviolentes","status":"publish","type":"icip_event","link":"https:\/\/www.icip.cat\/ca\/event\/democracia-participativa-moviments-socials-i-resistencies-noviolentes\/","title":{"rendered":"Democr\u00e0cia participativa, moviments socials i resist\u00e8ncies noviolentes"},"content":{"rendered":"\n<p>La consci\u00e8ncia col\u00b7lectiva per a la transformaci\u00f3 social s&#8217;est\u00e0 revelant com un element clau per desautoritzar el recurs a la viol\u00e8ncia. Com podem avan\u00e7ar cap a l&#8217;enfortiment d&#8217;un teixit social cohesionat? El discurs de la pau pot articular agendes de lluites socials diferents, fins i tot de vegades fragmentades? Qu\u00e8 ens ensenyen les experi\u00e8ncies de resist\u00e8ncia noviolenta de defensa defensa davant viol\u00e8ncies estructurals? Com s&#8217;erigeixen en constructors de pau col\u00b7lectius de v\u00edctimes i defensores dels drets humans?<\/p>\n\n\n\n<p>Aquestes q\u00fcestions centraran el di\u00e0leg entre <strong>Esperanza Hern\u00e1ndez Delgado<\/strong>, acad\u00e8mica i investigadora per la pau a la Universidad de La Salle de Col\u00f2mbia, on coordina el Laboratori per la Pau; <strong>Sabine Kurtenbach<\/strong>, investigadora principal al German Institute for Global and Area Studies; i <strong>Ver\u00f3nica Zubillaga<\/strong>, professora i investigadora a la Universidad Sim\u00f3n Bol\u00edvar de Vene\u00e7uela.<\/p>\n\n\n\n<p>La sessi\u00f3 tindr\u00e0 lloc el dimarts 25 de maig i forma part del cicle<a href=\"http:\/\/www.icip.cat\/wp-content\/uploads\/2021\/03\/Programa_Cicle.pdf\">&nbsp;\u201cAm\u00e8rica Llatina. Fer front a les viol\u00e8ncies des de la construcci\u00f3 de pau\u201d<\/a>, organitzat per l\u2019ICIP.<\/p>\n\n\n\n<p>Totes les sessions del cicle tenen lloc de les 18h a les 19:30h (CET) en directe a trav\u00e9s del <a href=\"https:\/\/www.youtube.com\/watch?v=6sYfFT6ACmE\" target=\"_blank\" rel=\"noreferrer noopener\">canal ICIP de YouTube.<\/a><\/p>\n\n\n\n<div class=\"wp-block-image\"><figure class=\"aligncenter size-large\"><img fetchpriority=\"high\" decoding=\"async\" width=\"1024\" height=\"576\" src=\"http:\/\/www.icip.cat\/wp-content\/uploads\/2021\/05\/ICIP_Tarjeton_25-05-1024x576.png\" alt=\"\" class=\"wp-image-18954\" srcset=\"https:\/\/www.icip.cat\/wp-content\/uploads\/2021\/05\/ICIP_Tarjeton_25-05-1024x576.png 1024w, https:\/\/www.icip.cat\/wp-content\/uploads\/2021\/05\/ICIP_Tarjeton_25-05-300x169.png 300w, https:\/\/www.icip.cat\/wp-content\/uploads\/2021\/05\/ICIP_Tarjeton_25-05-768x432.png 768w, https:\/\/www.icip.cat\/wp-content\/uploads\/2021\/05\/ICIP_Tarjeton_25-05-1536x864.png 1536w, https:\/\/www.icip.cat\/wp-content\/uploads\/2021\/05\/ICIP_Tarjeton_25-05-2048x1152.png 2048w\" sizes=\"(max-width: 1024px) 100vw, 1024px\" \/><\/figure><\/div>\n","protected":false},"featured_media":16932,"template":"","class_list":["post-18696","icip_event","type-icip_event","status-publish","has-post-thumbnail","hentry"],"acf":[],"yoast_head":"<!-- This site is optimized with the Yoast SEO plugin v25.6 - https:\/\/yoast.com\/wordpress\/plugins\/seo\/ -->\n<title>Democr\u00e0cia participativa, moviments socials i resist\u00e8ncies noviolentes - ICIP<\/title>\n<meta name=\"robots\" content=\"index, follow, max-snippet:-1, max-image-preview:large, max-video-preview:-1\" \/>\n<link rel=\"canonical\" href=\"https:\/\/www.icip.cat\/ca\/event\/democracia-participativa-moviments-socials-i-resistencies-noviolentes\/\" \/>\n<meta property=\"og:locale\" content=\"ca_ES\" \/>\n<meta property=\"og:type\" content=\"article\" \/>\n<meta property=\"og:title\" content=\"Democr\u00e0cia participativa, moviments socials i resist\u00e8ncies noviolentes - ICIP\" \/>\n<meta property=\"og:description\" content=\"La consci\u00e8ncia col\u00b7lectiva per a la transformaci\u00f3 social s&#8217;est\u00e0 revelant com un element clau per desautoritzar el recurs a la viol\u00e8ncia. Com podem avan\u00e7ar cap a l&#8217;enfortiment d&#8217;un teixit social cohesionat? El discurs de la pau pot articular agendes de lluites socials diferents, fins i tot de vegades fragmentades? Qu\u00e8 ens ensenyen les experi\u00e8ncies de [&hellip;]\" \/>\n<meta property=\"og:url\" content=\"https:\/\/www.icip.cat\/ca\/event\/democracia-participativa-moviments-socials-i-resistencies-noviolentes\/\" \/>\n<meta property=\"og:site_name\" content=\"ICIP\" \/>\n<meta property=\"article:modified_time\" content=\"2021-05-18T09:02:09+00:00\" \/>\n<meta property=\"og:image\" content=\"https:\/\/www.icip.cat\/wp-content\/uploads\/2021\/02\/thumbnail_renacimiento-12-495x400-2.jpg\" \/>\n\t<meta property=\"og:image:width\" content=\"495\" \/>\n\t<meta property=\"og:image:height\" content=\"400\" \/>\n\t<meta property=\"og:image:type\" content=\"image\/jpeg\" \/>\n<meta name=\"twitter:card\" content=\"summary_large_image\" \/>\n<meta name=\"twitter:label1\" content=\"Temps estimat de lectura\" \/>\n\t<meta name=\"twitter:data1\" content=\"2 minuts\" \/>\n<script type=\"application\/ld+json\" class=\"yoast-schema-graph\">{\"@context\":\"https:\/\/schema.org\",\"@graph\":[{\"@type\":\"WebPage\",\"@id\":\"https:\/\/www.icip.cat\/ca\/event\/democracia-participativa-moviments-socials-i-resistencies-noviolentes\/\",\"url\":\"https:\/\/www.icip.cat\/ca\/event\/democracia-participativa-moviments-socials-i-resistencies-noviolentes\/\",\"name\":\"Democr\u00e0cia participativa, moviments socials i resist\u00e8ncies noviolentes - ICIP\",\"isPartOf\":{\"@id\":\"https:\/\/www.icip.cat\/ca\/#website\"},\"primaryImageOfPage\":{\"@id\":\"https:\/\/www.icip.cat\/ca\/event\/democracia-participativa-moviments-socials-i-resistencies-noviolentes\/#primaryimage\"},\"image\":{\"@id\":\"https:\/\/www.icip.cat\/ca\/event\/democracia-participativa-moviments-socials-i-resistencies-noviolentes\/#primaryimage\"},\"thumbnailUrl\":\"https:\/\/www.icip.cat\/wp-content\/uploads\/2021\/02\/thumbnail_renacimiento-12-495x400-2.jpg\",\"datePublished\":\"2021-05-07T08:58:37+00:00\",\"dateModified\":\"2021-05-18T09:02:09+00:00\",\"inLanguage\":\"ca\",\"potentialAction\":[{\"@type\":\"ReadAction\",\"target\":[\"https:\/\/www.icip.cat\/ca\/event\/democracia-participativa-moviments-socials-i-resistencies-noviolentes\/\"]}]},{\"@type\":\"ImageObject\",\"inLanguage\":\"ca\",\"@id\":\"https:\/\/www.icip.cat\/ca\/event\/democracia-participativa-moviments-socials-i-resistencies-noviolentes\/#primaryimage\",\"url\":\"https:\/\/www.icip.cat\/wp-content\/uploads\/2021\/02\/thumbnail_renacimiento-12-495x400-2.jpg\",\"contentUrl\":\"https:\/\/www.icip.cat\/wp-content\/uploads\/2021\/02\/thumbnail_renacimiento-12-495x400-2.jpg\",\"width\":495,\"height\":400},{\"@type\":\"WebSite\",\"@id\":\"https:\/\/www.icip.cat\/ca\/#website\",\"url\":\"https:\/\/www.icip.cat\/ca\/\",\"name\":\"ICIP\",\"description\":\"\",\"publisher\":{\"@id\":\"https:\/\/www.icip.cat\/ca\/#organization\"},\"potentialAction\":[{\"@type\":\"SearchAction\",\"target\":{\"@type\":\"EntryPoint\",\"urlTemplate\":\"https:\/\/www.icip.cat\/ca\/?s={search_term_string}\"},\"query-input\":{\"@type\":\"PropertyValueSpecification\",\"valueRequired\":true,\"valueName\":\"search_term_string\"}}],\"inLanguage\":\"ca\"},{\"@type\":\"Organization\",\"@id\":\"https:\/\/www.icip.cat\/ca\/#organization\",\"name\":\"ICIP\",\"url\":\"https:\/\/www.icip.cat\/ca\/\",\"logo\":{\"@type\":\"ImageObject\",\"inLanguage\":\"ca\",\"@id\":\"https:\/\/www.icip.cat\/ca\/#\/schema\/logo\/image\/\",\"url\":\"https:\/\/www.icip.cat\/wp-content\/uploads\/2021\/02\/logo-2.png\",\"contentUrl\":\"https:\/\/www.icip.cat\/wp-content\/uploads\/2021\/02\/logo-2.png\",\"width\":562,\"height\":391,\"caption\":\"ICIP\"},\"image\":{\"@id\":\"https:\/\/www.icip.cat\/ca\/#\/schema\/logo\/image\/\"}}]}<\/script>\n<!-- \/ Yoast SEO plugin. -->","yoast_head_json":{"title":"Democr\u00e0cia participativa, moviments socials i resist\u00e8ncies noviolentes - ICIP","robots":{"index":"index","follow":"follow","max-snippet":"max-snippet:-1","max-image-preview":"max-image-preview:large","max-video-preview":"max-video-preview:-1"},"canonical":"https:\/\/www.icip.cat\/ca\/event\/democracia-participativa-moviments-socials-i-resistencies-noviolentes\/","og_locale":"ca_ES","og_type":"article","og_title":"Democr\u00e0cia participativa, moviments socials i resist\u00e8ncies noviolentes - ICIP","og_description":"La consci\u00e8ncia col\u00b7lectiva per a la transformaci\u00f3 social s&#8217;est\u00e0 revelant com un element clau per desautoritzar el recurs a la viol\u00e8ncia. Com podem avan\u00e7ar cap a l&#8217;enfortiment d&#8217;un teixit social cohesionat? El discurs de la pau pot articular agendes de lluites socials diferents, fins i tot de vegades fragmentades? Qu\u00e8 ens ensenyen les experi\u00e8ncies de [&hellip;]","og_url":"https:\/\/www.icip.cat\/ca\/event\/democracia-participativa-moviments-socials-i-resistencies-noviolentes\/","og_site_name":"ICIP","article_modified_time":"2021-05-18T09:02:09+00:00","og_image":[{"width":495,"height":400,"url":"https:\/\/www.icip.cat\/wp-content\/uploads\/2021\/02\/thumbnail_renacimiento-12-495x400-2.jpg","type":"image\/jpeg"}],"twitter_card":"summary_large_image","twitter_misc":{"Temps estimat de lectura":"2 minuts"},"schema":{"@context":"https:\/\/schema.org","@graph":[{"@type":"WebPage","@id":"https:\/\/www.icip.cat\/ca\/event\/democracia-participativa-moviments-socials-i-resistencies-noviolentes\/","url":"https:\/\/www.icip.cat\/ca\/event\/democracia-participativa-moviments-socials-i-resistencies-noviolentes\/","name":"Democr\u00e0cia participativa, moviments socials i resist\u00e8ncies noviolentes - ICIP","isPartOf":{"@id":"https:\/\/www.icip.cat\/ca\/#website"},"primaryImageOfPage":{"@id":"https:\/\/www.icip.cat\/ca\/event\/democracia-participativa-moviments-socials-i-resistencies-noviolentes\/#primaryimage"},"image":{"@id":"https:\/\/www.icip.cat\/ca\/event\/democracia-participativa-moviments-socials-i-resistencies-noviolentes\/#primaryimage"},"thumbnailUrl":"https:\/\/www.icip.cat\/wp-content\/uploads\/2021\/02\/thumbnail_renacimiento-12-495x400-2.jpg","datePublished":"2021-05-07T08:58:37+00:00","dateModified":"2021-05-18T09:02:09+00:00","inLanguage":"ca","potentialAction":[{"@type":"ReadAction","target":["https:\/\/www.icip.cat\/ca\/event\/democracia-participativa-moviments-socials-i-resistencies-noviolentes\/"]}]},{"@type":"ImageObject","inLanguage":"ca","@id":"https:\/\/www.icip.cat\/ca\/event\/democracia-participativa-moviments-socials-i-resistencies-noviolentes\/#primaryimage","url":"https:\/\/www.icip.cat\/wp-content\/uploads\/2021\/02\/thumbnail_renacimiento-12-495x400-2.jpg","contentUrl":"https:\/\/www.icip.cat\/wp-content\/uploads\/2021\/02\/thumbnail_renacimiento-12-495x400-2.jpg","width":495,"height":400},{"@type":"WebSite","@id":"https:\/\/www.icip.cat\/ca\/#website","url":"https:\/\/www.icip.cat\/ca\/","name":"ICIP","description":"","publisher":{"@id":"https:\/\/www.icip.cat\/ca\/#organization"},"potentialAction":[{"@type":"SearchAction","target":{"@type":"EntryPoint","urlTemplate":"https:\/\/www.icip.cat\/ca\/?s={search_term_string}"},"query-input":{"@type":"PropertyValueSpecification","valueRequired":true,"valueName":"search_term_string"}}],"inLanguage":"ca"},{"@type":"Organization","@id":"https:\/\/www.icip.cat\/ca\/#organization","name":"ICIP","url":"https:\/\/www.icip.cat\/ca\/","logo":{"@type":"ImageObject","inLanguage":"ca","@id":"https:\/\/www.icip.cat\/ca\/#\/schema\/logo\/image\/","url":"https:\/\/www.icip.cat\/wp-content\/uploads\/2021\/02\/logo-2.png","contentUrl":"https:\/\/www.icip.cat\/wp-content\/uploads\/2021\/02\/logo-2.png","width":562,"height":391,"caption":"ICIP"},"image":{"@id":"https:\/\/www.icip.cat\/ca\/#\/schema\/logo\/image\/"}}]}},"_links":{"self":[{"href":"https:\/\/www.icip.cat\/ca\/wp-json\/wp\/v2\/icip_event\/18696","targetHints":{"allow":["GET"]}}],"collection":[{"href":"https:\/\/www.icip.cat\/ca\/wp-json\/wp\/v2\/icip_event"}],"about":[{"href":"https:\/\/www.icip.cat\/ca\/wp-json\/wp\/v2\/types\/icip_event"}],"version-history":[{"count":11,"href":"https:\/\/www.icip.cat\/ca\/wp-json\/wp\/v2\/icip_event\/18696\/revisions"}],"predecessor-version":[{"id":18989,"href":"https:\/\/www.icip.cat\/ca\/wp-json\/wp\/v2\/icip_event\/18696\/revisions\/18989"}],"wp:featuredmedia":[{"embeddable":true,"href":"https:\/\/www.icip.cat\/ca\/wp-json\/wp\/v2\/media\/16932"}],"wp:attachment":[{"href":"https:\/\/www.icip.cat\/ca\/wp-json\/wp\/v2\/media?parent=18696"}],"curies":[{"name":"wp","href":"https:\/\/api.w.org\/{rel}","templated":true}]}}

Democràcia participativa, moviments socials i resistències noviolentes

<p>La consciència col·lectiva per a la transformació social s&#8217;està revelant com un element clau per desautoritzar el recurs a la violència. Com podem avançar cap a l&#8217;enfortiment d&#8217;un teixit social cohesionat? El discurs de la pau pot articular agendes de lluites socials diferents, fins i tot de vegades fragmentades? Què ens ensenyen les experiències de resistència noviolenta de defensa defensa davant violències estructurals? Com s&#8217;erigeixen en constructors de pau col·lectius de víctimes i defensores dels drets humans?</p>



<p>Aquestes qüestions centraran el diàleg entre <strong>Esperanza Hernández Delgado</strong>, acadèmica i investigadora per la pau a la Universidad de La Salle de Colòmbia, on coordina el Laboratori per la Pau; <strong>Sabine Kurtenbach</strong>, investigadora principal al German Institute for Global and Area Studies; i <strong>Verónica Zubillaga</strong>, professora i investigadora a la Universidad Simón Bolívar de Veneçuela.</p>



<p>La sessió tindrà lloc el dimarts 25 de maig i forma part del cicle<a href="http://www.icip.cat/wp-content/uploads/2021/03/Programa_Cicle.pdf">&nbsp;“Amèrica Llatina. Fer front a les violències des de la construcció de pau”</a>, organitzat per l’ICIP.</p>



<p>Totes les sessions del cicle tenen lloc de les 18h a les 19:30h (CET) en directe a través del <a href="https://www.youtube.com/watch?v=6sYfFT6ACmE" target="_blank" rel="noreferrer noopener">canal ICIP de YouTube.</a></p>



<div class="wp-block-image"><figure class="aligncenter size-large"><img fetchpriority="high" decoding="async" width="1024" height="576" src="http://www.icip.cat/wp-content/uploads/2021/05/ICIP_Tarjeton_25-05-1024x576.png" alt="" class="wp-image-18954" srcset="https://www.icip.cat/wp-content/uploads/2021/05/ICIP_Tarjeton_25-05-1024x576.png 1024w, https://www.icip.cat/wp-content/uploads/2021/05/ICIP_Tarjeton_25-05-300x169.png 300w, https://www.icip.cat/wp-content/uploads/2021/05/ICIP_Tarjeton_25-05-768x432.png 768w, https://www.icip.cat/wp-content/uploads/2021/05/ICIP_Tarjeton_25-05-1536x864.png 1536w, https://www.icip.cat/wp-content/uploads/2021/05/ICIP_Tarjeton_25-05-2048x1152.png 2048w" sizes="(max-width: 1024px) 100vw, 1024px" /></figure></div>

<!-- This site is optimized with the Yoast SEO plugin v25.6 - https://yoast.com/wordpress/plugins/seo/ -->
<title>Democràcia participativa, moviments socials i resistències noviolentes - ICIP</title>
<meta name="robots" content="index, follow, max-snippet:-1, max-image-preview:large, max-video-preview:-1" />
<link rel="canonical" href="https://www.icip.cat/ca/event/democracia-participativa-moviments-socials-i-resistencies-noviolentes/" />
<meta property="og:locale" content="ca_ES" />
<meta property="og:type" content="article" />
<meta property="og:title" content="Democràcia participativa, moviments socials i resistències noviolentes - ICIP" />
<meta property="og:description" content="La consciència col·lectiva per a la transformació social s&#8217;està revelant com un element clau per desautoritzar el recurs a la violència. Com podem avançar cap a l&#8217;enfortiment d&#8217;un teixit social cohesionat? El discurs de la pau pot articular agendes de lluites socials diferents, fins i tot de vegades fragmentades? Què ens ensenyen les experiències de [&hellip;]" />
<meta property="og:url" content="https://www.icip.cat/ca/event/democracia-participativa-moviments-socials-i-resistencies-noviolentes/" />
<meta property="og:site_name" content="ICIP" />
<meta property="article:modified_time" content="2021-05-18T09:02:09+00:00" />
<meta property="og:image" content="https://www.icip.cat/wp-content/uploads/2021/02/thumbnail_renacimiento-12-495x400-2.jpg" />
	<meta property="og:image:width" content="495" />
	<meta property="og:image:height" content="400" />
	<meta property="og:image:type" content="image/jpeg" />
<meta name="twitter:card" content="summary_large_image" />
<meta name="twitter:label1" content="Temps estimat de lectura" />
	<meta name="twitter:data1" content="2 minuts" />
<script type="application/ld+json" class="yoast-schema-graph">{"@context":"https://schema.org","@graph":[{"@type":"WebPage","@id":"https://www.icip.cat/ca/event/democracia-participativa-moviments-socials-i-resistencies-noviolentes/","url":"https://www.icip.cat/ca/event/democracia-participativa-moviments-socials-i-resistencies-noviolentes/","name":"Democràcia participativa, moviments socials i resistències noviolentes - ICIP","isPartOf":{"@id":"https://www.icip.cat/ca/#website"},"primaryImageOfPage":{"@id":"https://www.icip.cat/ca/event/democracia-participativa-moviments-socials-i-resistencies-noviolentes/#primaryimage"},"image":{"@id":"https://www.icip.cat/ca/event/democracia-participativa-moviments-socials-i-resistencies-noviolentes/#primaryimage"},"thumbnailUrl":"https://www.icip.cat/wp-content/uploads/2021/02/thumbnail_renacimiento-12-495x400-2.jpg","datePublished":"2021-05-07T08:58:37+00:00","dateModified":"2021-05-18T09:02:09+00:00","inLanguage":"ca","potentialAction":[{"@type":"ReadAction","target":["https://www.icip.cat/ca/event/democracia-participativa-moviments-socials-i-resistencies-noviolentes/"]}]},{"@type":"ImageObject","inLanguage":"ca","@id":"https://www.icip.cat/ca/event/democracia-participativa-moviments-socials-i-resistencies-noviolentes/#primaryimage","url":"https://www.icip.cat/wp-content/uploads/2021/02/thumbnail_renacimiento-12-495x400-2.jpg","contentUrl":"https://www.icip.cat/wp-content/uploads/2021/02/thumbnail_renacimiento-12-495x400-2.jpg","width":495,"height":400},{"@type":"WebSite","@id":"https://www.icip.cat/ca/#website","url":"https://www.icip.cat/ca/","name":"ICIP","description":"","publisher":{"@id":"https://www.icip.cat/ca/#organization"},"potentialAction":[{"@type":"SearchAction","target":{"@type":"EntryPoint","urlTemplate":"https://www.icip.cat/ca/?s={search_term_string}"},"query-input":{"@type":"PropertyValueSpecification","valueRequired":true,"valueName":"search_term_string"}}],"inLanguage":"ca"},{"@type":"Organization","@id":"https://www.icip.cat/ca/#organization","name":"ICIP","url":"https://www.icip.cat/ca/","logo":{"@type":"ImageObject","inLanguage":"ca","@id":"https://www.icip.cat/ca/#/schema/logo/image/","url":"https://www.icip.cat/wp-content/uploads/2021/02/logo-2.png","contentUrl":"https://www.icip.cat/wp-content/uploads/2021/02/logo-2.png","width":562,"height":391,"caption":"ICIP"},"image":{"@id":"https://www.icip.cat/ca/#/schema/logo/image/"}}]}</script>
<!-- / Yoast SEO plugin. -->

Democràcia participativa, moviments socials i resistències noviolentes - ICIP

La consciència col·lectiva per a la transformació social s&#8217;està revelant com un element clau per desautoritzar el recurs a la violència. Com podem avançar cap a l&#8217;enfortiment d&#8217;un teixit social cohesionat? El discurs de la pau pot articular agendes de lluites socials diferents, fins i tot de vegades fragmentades? Què ens ensenyen les experiències de [&hellip;]
