{"id":19282,"date":"2021-05-28T09:50:36","date_gmt":"2021-05-28T09:50:36","guid":{"rendered":"http:\/\/www.icip.cat\/?post_type=icip_event&#038;p=19282"},"modified":"2021-05-31T07:27:14","modified_gmt":"2021-05-31T07:27:14","slug":"llancament-del-documental-reescribiendo-el-exilo","status":"publish","type":"icip_event","link":"https:\/\/www.icip.cat\/ca\/event\/llancament-del-documental-reescribiendo-el-exilo\/","title":{"rendered":"Llan\u00e7ament del documental: \u2018Reescribiendo el exilio\u2019"},"content":{"rendered":"\n<p>L&#8217;ICIP i la Comissi\u00f3 de la Veritat presentaran el proper dissabte 5 de juny el documental <em>Reescribiendo el exilio<\/em>, un film on s\u2019entrecreuen les hist\u00f2ries de fills i filles d&#8217;exiliats colombians que viuen a diferents pa\u00efsos europeus i que, com a conseq\u00fc\u00e8ncia del conflicte armat colombi\u00e0, van cr\u00e9ixer -o n\u00e9ixer- en altres territoris i cultures.<\/p>\n\n\n\n<p>La presentaci\u00f3, que inclour\u00e0 la projecci\u00f3 del documental i un di\u00e0leg posterior, comen\u00e7ar\u00e0 a les 17:00 CET\/10 AM (Col\u00f2mbia).<\/p>\n\n\n\n<p>En l&#8217;acte participaran la directora del documental, Monica Granda Restrepo, i diversos integrants del grup de segones generacions a l&#8217;exili, per conversar, des de les seves experi\u00e8ncies i hist\u00f2ries de vida, sobre el passat, el present i el futur dels fills i filles de aquelles persones que van haver de sortir for\u00e7adament de Col\u00f2mbia. L&#8217;esdeveniment estar\u00e0 moderat per S\u00edlvia Plana, una de les responsables de l&#8217;\u00e0rea de treball <em><a rel=\"noreferrer noopener\" href=\"http:\/\/www.icip.cat\/ca\/memoria-convivencia-i-reconciliacio\/\" target=\"_blank\">Mem\u00f2ria, conviv\u00e8ncia i reconciliaci\u00f3<\/a><\/em> de l&#8217;ICIP.<\/p>\n\n\n\n<p><em>Reescribiendo el exilio<\/em> recull els testimonis de Nicolau, Karim, Alejandra i Andrea i mostra imatges enregistrades en la trobada de segones generacions realitzada a Bilbao el 2019, gr\u00e0cies a la feina feta per part de la Comissi\u00f3 per a l&#8217;Esclariment de la Veritat, la Conviv\u00e8ncia i la No repetici\u00f3. El film busca contribuir a que l&#8217;exili colombi\u00e0 surti de l&#8217;anonimat.<\/p>\n\n\n\n<p>El documental ha estat possible gr\u00e0cies a la col\u00b7laboraci\u00f3 de l&#8217;ICIP (Institut Catal\u00e0 Internacional per la Pau), l&#8217;Ag\u00e8ncia Catalana de Cooperaci\u00f3 al Desenvolupament i la Comissi\u00f3 de la Veritat de Col\u00f2mbia.<\/p>\n\n\n\n<p>La presentaci\u00f3 es podr\u00e0 seguir a trav\u00e9s del canal de <a href=\"https:\/\/www.youtube.com\/channel\/UCCYEPSzpYaPqs3ajvn0yL5A\" target=\"_blank\" rel=\"noreferrer noopener\">YouTube<\/a> i la p\u00e0gina de Facebook de la <a href=\"https:\/\/www.facebook.com\/ComisionVerdadC\" target=\"_blank\" rel=\"noreferrer noopener\">Comissi\u00f3 de la Veritat<\/a>.<\/p>\n\n\n\n<figure class=\"wp-block-image size-large\"><img fetchpriority=\"high\" decoding=\"async\" width=\"1024\" height=\"576\" src=\"http:\/\/www.icip.cat\/wp-content\/uploads\/2021\/05\/redes-1024x576.jpg\" alt=\"\" class=\"wp-image-19284\" srcset=\"https:\/\/www.icip.cat\/wp-content\/uploads\/2021\/05\/redes-1024x576.jpg 1024w, https:\/\/www.icip.cat\/wp-content\/uploads\/2021\/05\/redes-300x169.jpg 300w, https:\/\/www.icip.cat\/wp-content\/uploads\/2021\/05\/redes-768x432.jpg 768w, https:\/\/www.icip.cat\/wp-content\/uploads\/2021\/05\/redes-1536x864.jpg 1536w, https:\/\/www.icip.cat\/wp-content\/uploads\/2021\/05\/redes-2048x1153.jpg 2048w\" sizes=\"(max-width: 1024px) 100vw, 1024px\" \/><\/figure>\n","protected":false},"featured_media":19287,"template":"","class_list":["post-19282","icip_event","type-icip_event","status-publish","has-post-thumbnail","hentry"],"acf":[],"yoast_head":"<!-- This site is optimized with the Yoast SEO plugin v25.6 - https:\/\/yoast.com\/wordpress\/plugins\/seo\/ -->\n<title>Llan\u00e7ament del documental: \u2018Reescribiendo el exilio\u2019 - ICIP<\/title>\n<meta name=\"description\" content=\"L&#039;ICIP i la Comissi\u00f3 de la Veritat presentaran el proper dissabte 5 de juny el documental &#039;Reescribiendo el exilio&#039;.\" \/>\n<meta name=\"robots\" content=\"index, follow, max-snippet:-1, max-image-preview:large, max-video-preview:-1\" \/>\n<link rel=\"canonical\" href=\"https:\/\/www.icip.cat\/ca\/event\/llancament-del-documental-reescribiendo-el-exilo\/\" \/>\n<meta property=\"og:locale\" content=\"ca_ES\" \/>\n<meta property=\"og:type\" content=\"article\" \/>\n<meta property=\"og:title\" content=\"Llan\u00e7ament del documental: \u2018Reescribiendo el exilio\u2019 - ICIP\" \/>\n<meta property=\"og:description\" content=\"L&#039;ICIP i la Comissi\u00f3 de la Veritat presentaran el proper dissabte 5 de juny el documental &#039;Reescribiendo el exilio&#039;.\" \/>\n<meta property=\"og:url\" content=\"https:\/\/www.icip.cat\/ca\/event\/llancament-del-documental-reescribiendo-el-exilo\/\" \/>\n<meta property=\"og:site_name\" content=\"ICIP\" \/>\n<meta property=\"article:modified_time\" content=\"2021-05-31T07:27:14+00:00\" \/>\n<meta property=\"og:image\" content=\"https:\/\/www.icip.cat\/wp-content\/uploads\/2021\/05\/Captura-12.png\" \/>\n\t<meta property=\"og:image:width\" content=\"588\" \/>\n\t<meta property=\"og:image:height\" content=\"381\" \/>\n\t<meta property=\"og:image:type\" content=\"image\/png\" \/>\n<meta name=\"twitter:card\" content=\"summary_large_image\" \/>\n<meta name=\"twitter:label1\" content=\"Temps estimat de lectura\" \/>\n\t<meta name=\"twitter:data1\" content=\"2 minuts\" \/>\n<script type=\"application\/ld+json\" class=\"yoast-schema-graph\">{\"@context\":\"https:\/\/schema.org\",\"@graph\":[{\"@type\":\"WebPage\",\"@id\":\"https:\/\/www.icip.cat\/ca\/event\/llancament-del-documental-reescribiendo-el-exilo\/\",\"url\":\"https:\/\/www.icip.cat\/ca\/event\/llancament-del-documental-reescribiendo-el-exilo\/\",\"name\":\"Llan\u00e7ament del documental: \u2018Reescribiendo el exilio\u2019 - ICIP\",\"isPartOf\":{\"@id\":\"https:\/\/www.icip.cat\/ca\/#website\"},\"primaryImageOfPage\":{\"@id\":\"https:\/\/www.icip.cat\/ca\/event\/llancament-del-documental-reescribiendo-el-exilo\/#primaryimage\"},\"image\":{\"@id\":\"https:\/\/www.icip.cat\/ca\/event\/llancament-del-documental-reescribiendo-el-exilo\/#primaryimage\"},\"thumbnailUrl\":\"https:\/\/www.icip.cat\/wp-content\/uploads\/2021\/05\/Captura-12.png\",\"datePublished\":\"2021-05-28T09:50:36+00:00\",\"dateModified\":\"2021-05-31T07:27:14+00:00\",\"description\":\"L'ICIP i la Comissi\u00f3 de la Veritat presentaran el proper dissabte 5 de juny el documental 'Reescribiendo el exilio'.\",\"inLanguage\":\"ca\",\"potentialAction\":[{\"@type\":\"ReadAction\",\"target\":[\"https:\/\/www.icip.cat\/ca\/event\/llancament-del-documental-reescribiendo-el-exilo\/\"]}]},{\"@type\":\"ImageObject\",\"inLanguage\":\"ca\",\"@id\":\"https:\/\/www.icip.cat\/ca\/event\/llancament-del-documental-reescribiendo-el-exilo\/#primaryimage\",\"url\":\"https:\/\/www.icip.cat\/wp-content\/uploads\/2021\/05\/Captura-12.png\",\"contentUrl\":\"https:\/\/www.icip.cat\/wp-content\/uploads\/2021\/05\/Captura-12.png\",\"width\":588,\"height\":381},{\"@type\":\"WebSite\",\"@id\":\"https:\/\/www.icip.cat\/ca\/#website\",\"url\":\"https:\/\/www.icip.cat\/ca\/\",\"name\":\"ICIP\",\"description\":\"\",\"publisher\":{\"@id\":\"https:\/\/www.icip.cat\/ca\/#organization\"},\"potentialAction\":[{\"@type\":\"SearchAction\",\"target\":{\"@type\":\"EntryPoint\",\"urlTemplate\":\"https:\/\/www.icip.cat\/ca\/?s={search_term_string}\"},\"query-input\":{\"@type\":\"PropertyValueSpecification\",\"valueRequired\":true,\"valueName\":\"search_term_string\"}}],\"inLanguage\":\"ca\"},{\"@type\":\"Organization\",\"@id\":\"https:\/\/www.icip.cat\/ca\/#organization\",\"name\":\"ICIP\",\"url\":\"https:\/\/www.icip.cat\/ca\/\",\"logo\":{\"@type\":\"ImageObject\",\"inLanguage\":\"ca\",\"@id\":\"https:\/\/www.icip.cat\/ca\/#\/schema\/logo\/image\/\",\"url\":\"https:\/\/www.icip.cat\/wp-content\/uploads\/2021\/02\/logo-2.png\",\"contentUrl\":\"https:\/\/www.icip.cat\/wp-content\/uploads\/2021\/02\/logo-2.png\",\"width\":562,\"height\":391,\"caption\":\"ICIP\"},\"image\":{\"@id\":\"https:\/\/www.icip.cat\/ca\/#\/schema\/logo\/image\/\"}}]}<\/script>\n<!-- \/ Yoast SEO plugin. -->","yoast_head_json":{"title":"Llan\u00e7ament del documental: \u2018Reescribiendo el exilio\u2019 - ICIP","description":"L'ICIP i la Comissi\u00f3 de la Veritat presentaran el proper dissabte 5 de juny el documental 'Reescribiendo el exilio'.","robots":{"index":"index","follow":"follow","max-snippet":"max-snippet:-1","max-image-preview":"max-image-preview:large","max-video-preview":"max-video-preview:-1"},"canonical":"https:\/\/www.icip.cat\/ca\/event\/llancament-del-documental-reescribiendo-el-exilo\/","og_locale":"ca_ES","og_type":"article","og_title":"Llan\u00e7ament del documental: \u2018Reescribiendo el exilio\u2019 - ICIP","og_description":"L'ICIP i la Comissi\u00f3 de la Veritat presentaran el proper dissabte 5 de juny el documental 'Reescribiendo el exilio'.","og_url":"https:\/\/www.icip.cat\/ca\/event\/llancament-del-documental-reescribiendo-el-exilo\/","og_site_name":"ICIP","article_modified_time":"2021-05-31T07:27:14+00:00","og_image":[{"width":588,"height":381,"url":"https:\/\/www.icip.cat\/wp-content\/uploads\/2021\/05\/Captura-12.png","type":"image\/png"}],"twitter_card":"summary_large_image","twitter_misc":{"Temps estimat de lectura":"2 minuts"},"schema":{"@context":"https:\/\/schema.org","@graph":[{"@type":"WebPage","@id":"https:\/\/www.icip.cat\/ca\/event\/llancament-del-documental-reescribiendo-el-exilo\/","url":"https:\/\/www.icip.cat\/ca\/event\/llancament-del-documental-reescribiendo-el-exilo\/","name":"Llan\u00e7ament del documental: \u2018Reescribiendo el exilio\u2019 - ICIP","isPartOf":{"@id":"https:\/\/www.icip.cat\/ca\/#website"},"primaryImageOfPage":{"@id":"https:\/\/www.icip.cat\/ca\/event\/llancament-del-documental-reescribiendo-el-exilo\/#primaryimage"},"image":{"@id":"https:\/\/www.icip.cat\/ca\/event\/llancament-del-documental-reescribiendo-el-exilo\/#primaryimage"},"thumbnailUrl":"https:\/\/www.icip.cat\/wp-content\/uploads\/2021\/05\/Captura-12.png","datePublished":"2021-05-28T09:50:36+00:00","dateModified":"2021-05-31T07:27:14+00:00","description":"L'ICIP i la Comissi\u00f3 de la Veritat presentaran el proper dissabte 5 de juny el documental 'Reescribiendo el exilio'.","inLanguage":"ca","potentialAction":[{"@type":"ReadAction","target":["https:\/\/www.icip.cat\/ca\/event\/llancament-del-documental-reescribiendo-el-exilo\/"]}]},{"@type":"ImageObject","inLanguage":"ca","@id":"https:\/\/www.icip.cat\/ca\/event\/llancament-del-documental-reescribiendo-el-exilo\/#primaryimage","url":"https:\/\/www.icip.cat\/wp-content\/uploads\/2021\/05\/Captura-12.png","contentUrl":"https:\/\/www.icip.cat\/wp-content\/uploads\/2021\/05\/Captura-12.png","width":588,"height":381},{"@type":"WebSite","@id":"https:\/\/www.icip.cat\/ca\/#website","url":"https:\/\/www.icip.cat\/ca\/","name":"ICIP","description":"","publisher":{"@id":"https:\/\/www.icip.cat\/ca\/#organization"},"potentialAction":[{"@type":"SearchAction","target":{"@type":"EntryPoint","urlTemplate":"https:\/\/www.icip.cat\/ca\/?s={search_term_string}"},"query-input":{"@type":"PropertyValueSpecification","valueRequired":true,"valueName":"search_term_string"}}],"inLanguage":"ca"},{"@type":"Organization","@id":"https:\/\/www.icip.cat\/ca\/#organization","name":"ICIP","url":"https:\/\/www.icip.cat\/ca\/","logo":{"@type":"ImageObject","inLanguage":"ca","@id":"https:\/\/www.icip.cat\/ca\/#\/schema\/logo\/image\/","url":"https:\/\/www.icip.cat\/wp-content\/uploads\/2021\/02\/logo-2.png","contentUrl":"https:\/\/www.icip.cat\/wp-content\/uploads\/2021\/02\/logo-2.png","width":562,"height":391,"caption":"ICIP"},"image":{"@id":"https:\/\/www.icip.cat\/ca\/#\/schema\/logo\/image\/"}}]}},"_links":{"self":[{"href":"https:\/\/www.icip.cat\/ca\/wp-json\/wp\/v2\/icip_event\/19282","targetHints":{"allow":["GET"]}}],"collection":[{"href":"https:\/\/www.icip.cat\/ca\/wp-json\/wp\/v2\/icip_event"}],"about":[{"href":"https:\/\/www.icip.cat\/ca\/wp-json\/wp\/v2\/types\/icip_event"}],"version-history":[{"count":7,"href":"https:\/\/www.icip.cat\/ca\/wp-json\/wp\/v2\/icip_event\/19282\/revisions"}],"predecessor-version":[{"id":19324,"href":"https:\/\/www.icip.cat\/ca\/wp-json\/wp\/v2\/icip_event\/19282\/revisions\/19324"}],"wp:featuredmedia":[{"embeddable":true,"href":"https:\/\/www.icip.cat\/ca\/wp-json\/wp\/v2\/media\/19287"}],"wp:attachment":[{"href":"https:\/\/www.icip.cat\/ca\/wp-json\/wp\/v2\/media?parent=19282"}],"curies":[{"name":"wp","href":"https:\/\/api.w.org\/{rel}","templated":true}]}}

Llançament del documental: ‘Reescribiendo el exilio’

<p>L&#8217;ICIP i la Comissió de la Veritat presentaran el proper dissabte 5 de juny el documental <em>Reescribiendo el exilio</em>, un film on s’entrecreuen les històries de fills i filles d&#8217;exiliats colombians que viuen a diferents països europeus i que, com a conseqüència del conflicte armat colombià, van créixer -o néixer- en altres territoris i cultures.</p>



<p>La presentació, que inclourà la projecció del documental i un diàleg posterior, començarà a les 17:00 CET/10 AM (Colòmbia).</p>



<p>En l&#8217;acte participaran la directora del documental, Monica Granda Restrepo, i diversos integrants del grup de segones generacions a l&#8217;exili, per conversar, des de les seves experiències i històries de vida, sobre el passat, el present i el futur dels fills i filles de aquelles persones que van haver de sortir forçadament de Colòmbia. L&#8217;esdeveniment estarà moderat per Sílvia Plana, una de les responsables de l&#8217;àrea de treball <em><a rel="noreferrer noopener" href="http://www.icip.cat/ca/memoria-convivencia-i-reconciliacio/" target="_blank">Memòria, convivència i reconciliació</a></em> de l&#8217;ICIP.</p>



<p><em>Reescribiendo el exilio</em> recull els testimonis de Nicolau, Karim, Alejandra i Andrea i mostra imatges enregistrades en la trobada de segones generacions realitzada a Bilbao el 2019, gràcies a la feina feta per part de la Comissió per a l&#8217;Esclariment de la Veritat, la Convivència i la No repetició. El film busca contribuir a que l&#8217;exili colombià surti de l&#8217;anonimat.</p>



<p>El documental ha estat possible gràcies a la col·laboració de l&#8217;ICIP (Institut Català Internacional per la Pau), l&#8217;Agència Catalana de Cooperació al Desenvolupament i la Comissió de la Veritat de Colòmbia.</p>



<p>La presentació es podrà seguir a través del canal de <a href="https://www.youtube.com/channel/UCCYEPSzpYaPqs3ajvn0yL5A" target="_blank" rel="noreferrer noopener">YouTube</a> i la pàgina de Facebook de la <a href="https://www.facebook.com/ComisionVerdadC" target="_blank" rel="noreferrer noopener">Comissió de la Veritat</a>.</p>



<figure class="wp-block-image size-large"><img fetchpriority="high" decoding="async" width="1024" height="576" src="http://www.icip.cat/wp-content/uploads/2021/05/redes-1024x576.jpg" alt="" class="wp-image-19284" srcset="https://www.icip.cat/wp-content/uploads/2021/05/redes-1024x576.jpg 1024w, https://www.icip.cat/wp-content/uploads/2021/05/redes-300x169.jpg 300w, https://www.icip.cat/wp-content/uploads/2021/05/redes-768x432.jpg 768w, https://www.icip.cat/wp-content/uploads/2021/05/redes-1536x864.jpg 1536w, https://www.icip.cat/wp-content/uploads/2021/05/redes-2048x1153.jpg 2048w" sizes="(max-width: 1024px) 100vw, 1024px" /></figure>

<!-- This site is optimized with the Yoast SEO plugin v25.6 - https://yoast.com/wordpress/plugins/seo/ -->
<title>Llançament del documental: ‘Reescribiendo el exilio’ - ICIP</title>
<meta name="description" content="L&#039;ICIP i la Comissió de la Veritat presentaran el proper dissabte 5 de juny el documental &#039;Reescribiendo el exilio&#039;." />
<meta name="robots" content="index, follow, max-snippet:-1, max-image-preview:large, max-video-preview:-1" />
<link rel="canonical" href="https://www.icip.cat/ca/event/llancament-del-documental-reescribiendo-el-exilo/" />
<meta property="og:locale" content="ca_ES" />
<meta property="og:type" content="article" />
<meta property="og:title" content="Llançament del documental: ‘Reescribiendo el exilio’ - ICIP" />
<meta property="og:description" content="L&#039;ICIP i la Comissió de la Veritat presentaran el proper dissabte 5 de juny el documental &#039;Reescribiendo el exilio&#039;." />
<meta property="og:url" content="https://www.icip.cat/ca/event/llancament-del-documental-reescribiendo-el-exilo/" />
<meta property="og:site_name" content="ICIP" />
<meta property="article:modified_time" content="2021-05-31T07:27:14+00:00" />
<meta property="og:image" content="https://www.icip.cat/wp-content/uploads/2021/05/Captura-12.png" />
	<meta property="og:image:width" content="588" />
	<meta property="og:image:height" content="381" />
	<meta property="og:image:type" content="image/png" />
<meta name="twitter:card" content="summary_large_image" />
<meta name="twitter:label1" content="Temps estimat de lectura" />
	<meta name="twitter:data1" content="2 minuts" />
<script type="application/ld+json" class="yoast-schema-graph">{"@context":"https://schema.org","@graph":[{"@type":"WebPage","@id":"https://www.icip.cat/ca/event/llancament-del-documental-reescribiendo-el-exilo/","url":"https://www.icip.cat/ca/event/llancament-del-documental-reescribiendo-el-exilo/","name":"Llançament del documental: ‘Reescribiendo el exilio’ - ICIP","isPartOf":{"@id":"https://www.icip.cat/ca/#website"},"primaryImageOfPage":{"@id":"https://www.icip.cat/ca/event/llancament-del-documental-reescribiendo-el-exilo/#primaryimage"},"image":{"@id":"https://www.icip.cat/ca/event/llancament-del-documental-reescribiendo-el-exilo/#primaryimage"},"thumbnailUrl":"https://www.icip.cat/wp-content/uploads/2021/05/Captura-12.png","datePublished":"2021-05-28T09:50:36+00:00","dateModified":"2021-05-31T07:27:14+00:00","description":"L'ICIP i la Comissió de la Veritat presentaran el proper dissabte 5 de juny el documental 'Reescribiendo el exilio'.","inLanguage":"ca","potentialAction":[{"@type":"ReadAction","target":["https://www.icip.cat/ca/event/llancament-del-documental-reescribiendo-el-exilo/"]}]},{"@type":"ImageObject","inLanguage":"ca","@id":"https://www.icip.cat/ca/event/llancament-del-documental-reescribiendo-el-exilo/#primaryimage","url":"https://www.icip.cat/wp-content/uploads/2021/05/Captura-12.png","contentUrl":"https://www.icip.cat/wp-content/uploads/2021/05/Captura-12.png","width":588,"height":381},{"@type":"WebSite","@id":"https://www.icip.cat/ca/#website","url":"https://www.icip.cat/ca/","name":"ICIP","description":"","publisher":{"@id":"https://www.icip.cat/ca/#organization"},"potentialAction":[{"@type":"SearchAction","target":{"@type":"EntryPoint","urlTemplate":"https://www.icip.cat/ca/?s={search_term_string}"},"query-input":{"@type":"PropertyValueSpecification","valueRequired":true,"valueName":"search_term_string"}}],"inLanguage":"ca"},{"@type":"Organization","@id":"https://www.icip.cat/ca/#organization","name":"ICIP","url":"https://www.icip.cat/ca/","logo":{"@type":"ImageObject","inLanguage":"ca","@id":"https://www.icip.cat/ca/#/schema/logo/image/","url":"https://www.icip.cat/wp-content/uploads/2021/02/logo-2.png","contentUrl":"https://www.icip.cat/wp-content/uploads/2021/02/logo-2.png","width":562,"height":391,"caption":"ICIP"},"image":{"@id":"https://www.icip.cat/ca/#/schema/logo/image/"}}]}</script>
<!-- / Yoast SEO plugin. -->

Llançament del documental: ‘Reescribiendo el exilio’ - ICIP

L'ICIP i la Comissió de la Veritat presentaran el proper dissabte 5 de juny el documental 'Reescribiendo el exilio'.
