{"id":22181,"date":"2021-09-17T09:00:06","date_gmt":"2021-09-17T09:00:06","guid":{"rendered":"http:\/\/www.icip.cat\/?post_type=icip_event&#038;p=22181"},"modified":"2021-10-06T08:22:56","modified_gmt":"2021-10-06T08:22:56","slug":"presentacio-del-projecte-berracas","status":"publish","type":"icip_event","link":"https:\/\/www.icip.cat\/ca\/event\/presentacio-del-projecte-berracas\/","title":{"rendered":"Presentaci\u00f3 del projecte &#8216;Berracas&#8217;"},"content":{"rendered":"\n<p>El pr\u00f2xim dijous 7 d&#8217;octubre, a les 17:00h, la <a href=\"https:\/\/www.filmoteca.cat\/web\/es\">Filmoteca de Catalunya<\/a> acollir\u00e0 la presentaci\u00f3 i una taula rodona sobre el documental i el projecte \u2018<a rel=\"noreferrer noopener\" href=\"https:\/\/www.proyectoberracas.com\/\" target=\"_blank\">Berracas<\/a>\u2019, que recull el testimoni de diferents dones supervivents del conflicte armat a Col\u00f2mbia.<\/p>\n\n\n\n<p>Produ\u00eft en col\u00b7laboraci\u00f3 amb l\u2019ICIP, el projecte recull el relat de deu dones del departament de Tolima que, a trav\u00e9s de la narraci\u00f3, busquen superar el dolor, reivindicar una mem\u00f2ria hist\u00f2rica plural i feminista i reconstruir el teixit social en la societat colombiana.<\/p>\n\n\n\n<p>Durant dos anys, un equip de periodistes de Barcelona i Col\u00f2mbia ha investigat sobre el conflicte armat del pa\u00eds, la seva mem\u00f2ria i la labor de les dones en la construcci\u00f3 de pau. El resultat \u00e9s un documental, una exposici\u00f3 multim\u00e8dia itinerant, un reportatge i deu perfils de dones l\u00edders socials de diferents parts de la societat colombiana.<\/p>\n\n\n\n<figure class=\"wp-block-embed-youtube aligncenter wp-block-embed is-type-video is-provider-youtube wp-embed-aspect-16-9 wp-has-aspect-ratio\"><div class=\"wp-block-embed__wrapper\">\n<iframe title=\"#TRAILER | Berracas: sobrevivir al conflicto para construir paz\" width=\"640\" height=\"360\" src=\"https:\/\/www.youtube.com\/embed\/93PukQXJzjQ?feature=oembed\" frameborder=\"0\" allow=\"accelerometer; autoplay; clipboard-write; encrypted-media; gyroscope; picture-in-picture; web-share\" referrerpolicy=\"strict-origin-when-cross-origin\" allowfullscreen><\/iframe>\n<\/div><\/figure>\n\n\n\n<p>L\u2019acte que es far\u00e0 a la Filmoteca comen\u00e7ar\u00e0 amb una presentaci\u00f3 general del projecte i del documental i un breu context de la situaci\u00f3 en qu\u00e8 es troba actualment Col\u00f2mbia i, en concret, el departament de Tolima, a l\u2019actualitat, cinc any despr\u00e9s de l\u2019acord de pau. Hi participaran Laura Casamitjana, membre del projecte &#8216;Berracas&#8217;, Manuela Rota, membre de la Taula Catalana per la Pau i els Drets Humans a Col\u00f2mbia i S\u00edlvia Plana, membre de l\u2019\u00e0rea de Mem\u00f2ria, Conviv\u00e8ncia i Reconciliaci\u00f3 de l\u2019ICIP. Despr\u00e9s es projectar\u00e0 el documental de 50 minuts.<\/p>\n\n\n\n<p>Un cop finalitzi el documental, es far\u00e0 una taula rodona centrada en el paper de les dones en la construcci\u00f3 de pau a Col\u00f2mbia, tant des del pa\u00eds com des de l\u2019exili, amb la participaci\u00f3 de lideresses colombianes exiliades. Entre d&#8217;altres, hi participaran Bibiana Lopera Pineda, artista colombiana integrant del Node Catalunya de suport a la Comissi\u00f3 de la Veritat; i Estebana Ortiz, lideressa social colombiana exiliada.<\/p>\n","protected":false},"featured_media":22185,"template":"","class_list":["post-22181","icip_event","type-icip_event","status-publish","has-post-thumbnail","hentry"],"acf":[],"yoast_head":"<!-- This site is optimized with the Yoast SEO plugin v25.6 - https:\/\/yoast.com\/wordpress\/plugins\/seo\/ -->\n<title>Presentaci\u00f3 del projecte &#039;Berracas&#039; - ICIP<\/title>\n<meta name=\"description\" content=\"El 7 d&#039;octubre, la Filmoteca de Catalunya acollir\u00e0 la presentaci\u00f3 i una taula rodona sobre el documental i el projecte \u2018Berracas\u2019.\" \/>\n<meta name=\"robots\" content=\"index, follow, max-snippet:-1, max-image-preview:large, max-video-preview:-1\" \/>\n<link rel=\"canonical\" href=\"https:\/\/www.icip.cat\/ca\/event\/presentacio-del-projecte-berracas\/\" \/>\n<meta property=\"og:locale\" content=\"ca_ES\" \/>\n<meta property=\"og:type\" content=\"article\" \/>\n<meta property=\"og:title\" content=\"Presentaci\u00f3 del projecte &#039;Berracas&#039; - ICIP\" \/>\n<meta property=\"og:description\" content=\"El 7 d&#039;octubre, la Filmoteca de Catalunya acollir\u00e0 la presentaci\u00f3 i una taula rodona sobre el documental i el projecte \u2018Berracas\u2019.\" \/>\n<meta property=\"og:url\" content=\"https:\/\/www.icip.cat\/ca\/event\/presentacio-del-projecte-berracas\/\" \/>\n<meta property=\"og:site_name\" content=\"ICIP\" \/>\n<meta property=\"article:modified_time\" content=\"2021-10-06T08:22:56+00:00\" \/>\n<meta property=\"og:image\" content=\"https:\/\/www.icip.cat\/wp-content\/uploads\/2021\/09\/@helenarogo_28022020_Leodef-11-scaled.jpg\" \/>\n\t<meta property=\"og:image:width\" content=\"2560\" \/>\n\t<meta property=\"og:image:height\" content=\"1707\" \/>\n\t<meta property=\"og:image:type\" content=\"image\/jpeg\" \/>\n<meta name=\"twitter:card\" content=\"summary_large_image\" \/>\n<meta name=\"twitter:label1\" content=\"Temps estimat de lectura\" \/>\n\t<meta name=\"twitter:data1\" content=\"2 minuts\" \/>\n<script type=\"application\/ld+json\" class=\"yoast-schema-graph\">{\"@context\":\"https:\/\/schema.org\",\"@graph\":[{\"@type\":\"WebPage\",\"@id\":\"https:\/\/www.icip.cat\/ca\/event\/presentacio-del-projecte-berracas\/\",\"url\":\"https:\/\/www.icip.cat\/ca\/event\/presentacio-del-projecte-berracas\/\",\"name\":\"Presentaci\u00f3 del projecte 'Berracas' - ICIP\",\"isPartOf\":{\"@id\":\"https:\/\/www.icip.cat\/ca\/#website\"},\"primaryImageOfPage\":{\"@id\":\"https:\/\/www.icip.cat\/ca\/event\/presentacio-del-projecte-berracas\/#primaryimage\"},\"image\":{\"@id\":\"https:\/\/www.icip.cat\/ca\/event\/presentacio-del-projecte-berracas\/#primaryimage\"},\"thumbnailUrl\":\"https:\/\/www.icip.cat\/wp-content\/uploads\/2021\/09\/@helenarogo_28022020_Leodef-11-scaled.jpg\",\"datePublished\":\"2021-09-17T09:00:06+00:00\",\"dateModified\":\"2021-10-06T08:22:56+00:00\",\"description\":\"El 7 d'octubre, la Filmoteca de Catalunya acollir\u00e0 la presentaci\u00f3 i una taula rodona sobre el documental i el projecte \u2018Berracas\u2019.\",\"inLanguage\":\"ca\",\"potentialAction\":[{\"@type\":\"ReadAction\",\"target\":[\"https:\/\/www.icip.cat\/ca\/event\/presentacio-del-projecte-berracas\/\"]}]},{\"@type\":\"ImageObject\",\"inLanguage\":\"ca\",\"@id\":\"https:\/\/www.icip.cat\/ca\/event\/presentacio-del-projecte-berracas\/#primaryimage\",\"url\":\"https:\/\/www.icip.cat\/wp-content\/uploads\/2021\/09\/@helenarogo_28022020_Leodef-11-scaled.jpg\",\"contentUrl\":\"https:\/\/www.icip.cat\/wp-content\/uploads\/2021\/09\/@helenarogo_28022020_Leodef-11-scaled.jpg\",\"width\":2560,\"height\":1707},{\"@type\":\"WebSite\",\"@id\":\"https:\/\/www.icip.cat\/ca\/#website\",\"url\":\"https:\/\/www.icip.cat\/ca\/\",\"name\":\"ICIP\",\"description\":\"\",\"publisher\":{\"@id\":\"https:\/\/www.icip.cat\/ca\/#organization\"},\"potentialAction\":[{\"@type\":\"SearchAction\",\"target\":{\"@type\":\"EntryPoint\",\"urlTemplate\":\"https:\/\/www.icip.cat\/ca\/?s={search_term_string}\"},\"query-input\":{\"@type\":\"PropertyValueSpecification\",\"valueRequired\":true,\"valueName\":\"search_term_string\"}}],\"inLanguage\":\"ca\"},{\"@type\":\"Organization\",\"@id\":\"https:\/\/www.icip.cat\/ca\/#organization\",\"name\":\"ICIP\",\"url\":\"https:\/\/www.icip.cat\/ca\/\",\"logo\":{\"@type\":\"ImageObject\",\"inLanguage\":\"ca\",\"@id\":\"https:\/\/www.icip.cat\/ca\/#\/schema\/logo\/image\/\",\"url\":\"https:\/\/www.icip.cat\/wp-content\/uploads\/2021\/02\/logo-2.png\",\"contentUrl\":\"https:\/\/www.icip.cat\/wp-content\/uploads\/2021\/02\/logo-2.png\",\"width\":562,\"height\":391,\"caption\":\"ICIP\"},\"image\":{\"@id\":\"https:\/\/www.icip.cat\/ca\/#\/schema\/logo\/image\/\"}}]}<\/script>\n<!-- \/ Yoast SEO plugin. -->","yoast_head_json":{"title":"Presentaci\u00f3 del projecte 'Berracas' - ICIP","description":"El 7 d'octubre, la Filmoteca de Catalunya acollir\u00e0 la presentaci\u00f3 i una taula rodona sobre el documental i el projecte \u2018Berracas\u2019.","robots":{"index":"index","follow":"follow","max-snippet":"max-snippet:-1","max-image-preview":"max-image-preview:large","max-video-preview":"max-video-preview:-1"},"canonical":"https:\/\/www.icip.cat\/ca\/event\/presentacio-del-projecte-berracas\/","og_locale":"ca_ES","og_type":"article","og_title":"Presentaci\u00f3 del projecte 'Berracas' - ICIP","og_description":"El 7 d'octubre, la Filmoteca de Catalunya acollir\u00e0 la presentaci\u00f3 i una taula rodona sobre el documental i el projecte \u2018Berracas\u2019.","og_url":"https:\/\/www.icip.cat\/ca\/event\/presentacio-del-projecte-berracas\/","og_site_name":"ICIP","article_modified_time":"2021-10-06T08:22:56+00:00","og_image":[{"width":2560,"height":1707,"url":"https:\/\/www.icip.cat\/wp-content\/uploads\/2021\/09\/@helenarogo_28022020_Leodef-11-scaled.jpg","type":"image\/jpeg"}],"twitter_card":"summary_large_image","twitter_misc":{"Temps estimat de lectura":"2 minuts"},"schema":{"@context":"https:\/\/schema.org","@graph":[{"@type":"WebPage","@id":"https:\/\/www.icip.cat\/ca\/event\/presentacio-del-projecte-berracas\/","url":"https:\/\/www.icip.cat\/ca\/event\/presentacio-del-projecte-berracas\/","name":"Presentaci\u00f3 del projecte 'Berracas' - ICIP","isPartOf":{"@id":"https:\/\/www.icip.cat\/ca\/#website"},"primaryImageOfPage":{"@id":"https:\/\/www.icip.cat\/ca\/event\/presentacio-del-projecte-berracas\/#primaryimage"},"image":{"@id":"https:\/\/www.icip.cat\/ca\/event\/presentacio-del-projecte-berracas\/#primaryimage"},"thumbnailUrl":"https:\/\/www.icip.cat\/wp-content\/uploads\/2021\/09\/@helenarogo_28022020_Leodef-11-scaled.jpg","datePublished":"2021-09-17T09:00:06+00:00","dateModified":"2021-10-06T08:22:56+00:00","description":"El 7 d'octubre, la Filmoteca de Catalunya acollir\u00e0 la presentaci\u00f3 i una taula rodona sobre el documental i el projecte \u2018Berracas\u2019.","inLanguage":"ca","potentialAction":[{"@type":"ReadAction","target":["https:\/\/www.icip.cat\/ca\/event\/presentacio-del-projecte-berracas\/"]}]},{"@type":"ImageObject","inLanguage":"ca","@id":"https:\/\/www.icip.cat\/ca\/event\/presentacio-del-projecte-berracas\/#primaryimage","url":"https:\/\/www.icip.cat\/wp-content\/uploads\/2021\/09\/@helenarogo_28022020_Leodef-11-scaled.jpg","contentUrl":"https:\/\/www.icip.cat\/wp-content\/uploads\/2021\/09\/@helenarogo_28022020_Leodef-11-scaled.jpg","width":2560,"height":1707},{"@type":"WebSite","@id":"https:\/\/www.icip.cat\/ca\/#website","url":"https:\/\/www.icip.cat\/ca\/","name":"ICIP","description":"","publisher":{"@id":"https:\/\/www.icip.cat\/ca\/#organization"},"potentialAction":[{"@type":"SearchAction","target":{"@type":"EntryPoint","urlTemplate":"https:\/\/www.icip.cat\/ca\/?s={search_term_string}"},"query-input":{"@type":"PropertyValueSpecification","valueRequired":true,"valueName":"search_term_string"}}],"inLanguage":"ca"},{"@type":"Organization","@id":"https:\/\/www.icip.cat\/ca\/#organization","name":"ICIP","url":"https:\/\/www.icip.cat\/ca\/","logo":{"@type":"ImageObject","inLanguage":"ca","@id":"https:\/\/www.icip.cat\/ca\/#\/schema\/logo\/image\/","url":"https:\/\/www.icip.cat\/wp-content\/uploads\/2021\/02\/logo-2.png","contentUrl":"https:\/\/www.icip.cat\/wp-content\/uploads\/2021\/02\/logo-2.png","width":562,"height":391,"caption":"ICIP"},"image":{"@id":"https:\/\/www.icip.cat\/ca\/#\/schema\/logo\/image\/"}}]}},"_links":{"self":[{"href":"https:\/\/www.icip.cat\/ca\/wp-json\/wp\/v2\/icip_event\/22181","targetHints":{"allow":["GET"]}}],"collection":[{"href":"https:\/\/www.icip.cat\/ca\/wp-json\/wp\/v2\/icip_event"}],"about":[{"href":"https:\/\/www.icip.cat\/ca\/wp-json\/wp\/v2\/types\/icip_event"}],"version-history":[{"count":12,"href":"https:\/\/www.icip.cat\/ca\/wp-json\/wp\/v2\/icip_event\/22181\/revisions"}],"predecessor-version":[{"id":22784,"href":"https:\/\/www.icip.cat\/ca\/wp-json\/wp\/v2\/icip_event\/22181\/revisions\/22784"}],"wp:featuredmedia":[{"embeddable":true,"href":"https:\/\/www.icip.cat\/ca\/wp-json\/wp\/v2\/media\/22185"}],"wp:attachment":[{"href":"https:\/\/www.icip.cat\/ca\/wp-json\/wp\/v2\/media?parent=22181"}],"curies":[{"name":"wp","href":"https:\/\/api.w.org\/{rel}","templated":true}]}}

Presentació del projecte &#8216;Berracas&#8217;

<p>El pròxim dijous 7 d&#8217;octubre, a les 17:00h, la <a href="https://www.filmoteca.cat/web/es">Filmoteca de Catalunya</a> acollirà la presentació i una taula rodona sobre el documental i el projecte ‘<a rel="noreferrer noopener" href="https://www.proyectoberracas.com/" target="_blank">Berracas</a>’, que recull el testimoni de diferents dones supervivents del conflicte armat a Colòmbia.</p>



<p>Produït en col·laboració amb l’ICIP, el projecte recull el relat de deu dones del departament de Tolima que, a través de la narració, busquen superar el dolor, reivindicar una memòria històrica plural i feminista i reconstruir el teixit social en la societat colombiana.</p>



<p>Durant dos anys, un equip de periodistes de Barcelona i Colòmbia ha investigat sobre el conflicte armat del país, la seva memòria i la labor de les dones en la construcció de pau. El resultat és un documental, una exposició multimèdia itinerant, un reportatge i deu perfils de dones líders socials de diferents parts de la societat colombiana.</p>



<figure class="wp-block-embed-youtube aligncenter wp-block-embed is-type-video is-provider-youtube wp-embed-aspect-16-9 wp-has-aspect-ratio"><div class="wp-block-embed__wrapper">
<iframe title="#TRAILER | Berracas: sobrevivir al conflicto para construir paz" width="640" height="360" src="https://www.youtube.com/embed/93PukQXJzjQ?feature=oembed" frameborder="0" allow="accelerometer; autoplay; clipboard-write; encrypted-media; gyroscope; picture-in-picture; web-share" referrerpolicy="strict-origin-when-cross-origin" allowfullscreen></iframe>
</div></figure>



<p>L’acte que es farà a la Filmoteca començarà amb una presentació general del projecte i del documental i un breu context de la situació en què es troba actualment Colòmbia i, en concret, el departament de Tolima, a l’actualitat, cinc any després de l’acord de pau. Hi participaran Laura Casamitjana, membre del projecte &#8216;Berracas&#8217;, Manuela Rota, membre de la Taula Catalana per la Pau i els Drets Humans a Colòmbia i Sílvia Plana, membre de l’àrea de Memòria, Convivència i Reconciliació de l’ICIP. Després es projectarà el documental de 50 minuts.</p>



<p>Un cop finalitzi el documental, es farà una taula rodona centrada en el paper de les dones en la construcció de pau a Colòmbia, tant des del país com des de l’exili, amb la participació de lideresses colombianes exiliades. Entre d&#8217;altres, hi participaran Bibiana Lopera Pineda, artista colombiana integrant del Node Catalunya de suport a la Comissió de la Veritat; i Estebana Ortiz, lideressa social colombiana exiliada.</p>

<!-- This site is optimized with the Yoast SEO plugin v25.6 - https://yoast.com/wordpress/plugins/seo/ -->
<title>Presentació del projecte &#039;Berracas&#039; - ICIP</title>
<meta name="description" content="El 7 d&#039;octubre, la Filmoteca de Catalunya acollirà la presentació i una taula rodona sobre el documental i el projecte ‘Berracas’." />
<meta name="robots" content="index, follow, max-snippet:-1, max-image-preview:large, max-video-preview:-1" />
<link rel="canonical" href="https://www.icip.cat/ca/event/presentacio-del-projecte-berracas/" />
<meta property="og:locale" content="ca_ES" />
<meta property="og:type" content="article" />
<meta property="og:title" content="Presentació del projecte &#039;Berracas&#039; - ICIP" />
<meta property="og:description" content="El 7 d&#039;octubre, la Filmoteca de Catalunya acollirà la presentació i una taula rodona sobre el documental i el projecte ‘Berracas’." />
<meta property="og:url" content="https://www.icip.cat/ca/event/presentacio-del-projecte-berracas/" />
<meta property="og:site_name" content="ICIP" />
<meta property="article:modified_time" content="2021-10-06T08:22:56+00:00" />
<meta property="og:image" content="https://www.icip.cat/wp-content/uploads/2021/09/@helenarogo_28022020_Leodef-11-scaled.jpg" />
	<meta property="og:image:width" content="2560" />
	<meta property="og:image:height" content="1707" />
	<meta property="og:image:type" content="image/jpeg" />
<meta name="twitter:card" content="summary_large_image" />
<meta name="twitter:label1" content="Temps estimat de lectura" />
	<meta name="twitter:data1" content="2 minuts" />
<script type="application/ld+json" class="yoast-schema-graph">{"@context":"https://schema.org","@graph":[{"@type":"WebPage","@id":"https://www.icip.cat/ca/event/presentacio-del-projecte-berracas/","url":"https://www.icip.cat/ca/event/presentacio-del-projecte-berracas/","name":"Presentació del projecte 'Berracas' - ICIP","isPartOf":{"@id":"https://www.icip.cat/ca/#website"},"primaryImageOfPage":{"@id":"https://www.icip.cat/ca/event/presentacio-del-projecte-berracas/#primaryimage"},"image":{"@id":"https://www.icip.cat/ca/event/presentacio-del-projecte-berracas/#primaryimage"},"thumbnailUrl":"https://www.icip.cat/wp-content/uploads/2021/09/@helenarogo_28022020_Leodef-11-scaled.jpg","datePublished":"2021-09-17T09:00:06+00:00","dateModified":"2021-10-06T08:22:56+00:00","description":"El 7 d'octubre, la Filmoteca de Catalunya acollirà la presentació i una taula rodona sobre el documental i el projecte ‘Berracas’.","inLanguage":"ca","potentialAction":[{"@type":"ReadAction","target":["https://www.icip.cat/ca/event/presentacio-del-projecte-berracas/"]}]},{"@type":"ImageObject","inLanguage":"ca","@id":"https://www.icip.cat/ca/event/presentacio-del-projecte-berracas/#primaryimage","url":"https://www.icip.cat/wp-content/uploads/2021/09/@helenarogo_28022020_Leodef-11-scaled.jpg","contentUrl":"https://www.icip.cat/wp-content/uploads/2021/09/@helenarogo_28022020_Leodef-11-scaled.jpg","width":2560,"height":1707},{"@type":"WebSite","@id":"https://www.icip.cat/ca/#website","url":"https://www.icip.cat/ca/","name":"ICIP","description":"","publisher":{"@id":"https://www.icip.cat/ca/#organization"},"potentialAction":[{"@type":"SearchAction","target":{"@type":"EntryPoint","urlTemplate":"https://www.icip.cat/ca/?s={search_term_string}"},"query-input":{"@type":"PropertyValueSpecification","valueRequired":true,"valueName":"search_term_string"}}],"inLanguage":"ca"},{"@type":"Organization","@id":"https://www.icip.cat/ca/#organization","name":"ICIP","url":"https://www.icip.cat/ca/","logo":{"@type":"ImageObject","inLanguage":"ca","@id":"https://www.icip.cat/ca/#/schema/logo/image/","url":"https://www.icip.cat/wp-content/uploads/2021/02/logo-2.png","contentUrl":"https://www.icip.cat/wp-content/uploads/2021/02/logo-2.png","width":562,"height":391,"caption":"ICIP"},"image":{"@id":"https://www.icip.cat/ca/#/schema/logo/image/"}}]}</script>
<!-- / Yoast SEO plugin. -->

Presentació del projecte 'Berracas' - ICIP

El 7 d'octubre, la Filmoteca de Catalunya acollirà la presentació i una taula rodona sobre el documental i el projecte ‘Berracas’.
