{"id":25674,"date":"2022-03-04T09:25:18","date_gmt":"2022-03-04T09:25:18","guid":{"rendered":"http:\/\/www.icip.cat\/?post_type=icip_event&#038;p=25674"},"modified":"2022-03-09T12:30:57","modified_gmt":"2022-03-09T12:30:57","slug":"sessions-informatives-sobre-les-subvencions-icip","status":"publish","type":"icip_event","link":"https:\/\/www.icip.cat\/ca\/event\/sessions-informatives-sobre-les-subvencions-icip\/","title":{"rendered":"Sessions informatives sobre les subvencions ICIP 2022"},"content":{"rendered":"\n<p>A principis d\u2019abril l\u2019ICIP publicar\u00e0 les convocat\u00f2ries de subvencions d\u2019aquest 2022 per a <a href=\"https:\/\/www.icip.cat\/ca\/subvencions-a-treballs-de-recerca-en-lambit-de-la-pau\/\">treballs de recerca en l\u2019\u00e0mbit de la pau (R-ICIP)<\/a> i per a <a href=\"https:\/\/www.icip.cat\/ca\/subvencions-per-a-projectes-dentitats-sense-afany-de-lucre-destinats-al-foment-de-la-pau\/\">projectes d\u2019entitats sense afany de lucre destinats al foment de la pau<\/a>. L\u2019import global m\u00e0xim destinat a cadascuna de les convocat\u00f2ries \u00e9s de 80.000 euros.<\/p>\n\n\n\n<p>Uns dies abans, el proper dimecres 16 de mar\u00e7, l\u2019ICIP organitzar\u00e0 una sessi\u00f3 informativa per a cada convocat\u00f2ria adre\u00e7ada a les persones, grups de recerca i entitats interessades en optar a les subvencions.<\/p>\n\n\n\n<p>Les dues sessions seran virtuals, previ registre. Per inscriure&#8217;s cal fer-ho a l&#8217;enlla\u00e7 que trobareu a continuaci\u00f3: <\/p>\n\n\n\n<ul class=\"wp-block-list\"><li>13:30h: <a href=\"https:\/\/us06web.zoom.us\/meeting\/register\/tZUkdeigrDwvHdPv3UROBENd7_jZOZL--VTh\" target=\"_blank\" rel=\"noreferrer noopener\">Sessi\u00f3 informativa sobre la convocat\u00f2ria de subvencions R-ICIP<\/a>: dimecres 16 de mar\u00e7 a les 13.30h.<\/li><li>17:30h: <a href=\"https:\/\/us06web.zoom.us\/meeting\/register\/tZMpcuGurjgsGtRyf8XqfvJFVkfnWIoXoPZ-\" target=\"_blank\" rel=\"noreferrer noopener\">Sessi\u00f3 informativa sobre la convocat\u00f2ria de subvencions a entitats<\/a>.<\/li><\/ul>\n\n\n\n<p>Si teniu dubtes tamb\u00e9 ens podeu escriure al correu <a href=\"mailto:convocatories@icip.cat\">convocatories@icip.cat<\/a><\/p>\n\n\n\n<p>L\u2019ICIP convoca anualment aquestes dues subvencions amb l\u2019objectiu de fomentar la recerca en l\u2019\u00e0mbit de la cultura de pau, i permetre la transmissi\u00f3 de coneixement.<\/p>\n\n\n\n<div class=\"wp-block-image\"><figure class=\"aligncenter size-large\"><img fetchpriority=\"high\" decoding=\"async\" width=\"940\" height=\"788\" src=\"https:\/\/www.icip.cat\/wp-content\/uploads\/2022\/03\/Sessio-ICIP.png\" alt=\"\" class=\"wp-image-25884\" srcset=\"https:\/\/www.icip.cat\/wp-content\/uploads\/2022\/03\/Sessio-ICIP.png 940w, https:\/\/www.icip.cat\/wp-content\/uploads\/2022\/03\/Sessio-ICIP-300x251.png 300w, https:\/\/www.icip.cat\/wp-content\/uploads\/2022\/03\/Sessio-ICIP-768x644.png 768w\" sizes=\"(max-width: 940px) 100vw, 940px\" \/><\/figure><\/div>\n","protected":false},"featured_media":11907,"template":"","class_list":["post-25674","icip_event","type-icip_event","status-publish","has-post-thumbnail","hentry"],"acf":[],"yoast_head":"<!-- This site is optimized with the Yoast SEO plugin v25.6 - https:\/\/yoast.com\/wordpress\/plugins\/seo\/ -->\n<title>Sessions informatives sobre les subvencions ICIP 2022 - ICIP<\/title>\n<meta name=\"description\" content=\"L&#039;ICIP organitza dues sessions sobre la convocat\u00f2ria de subvencions per a treballs de recerca i projectes d&#039;entitats\" \/>\n<meta name=\"robots\" content=\"index, follow, max-snippet:-1, max-image-preview:large, max-video-preview:-1\" \/>\n<link rel=\"canonical\" href=\"https:\/\/www.icip.cat\/ca\/event\/sessions-informatives-sobre-les-subvencions-icip\/\" \/>\n<meta property=\"og:locale\" content=\"ca_ES\" \/>\n<meta property=\"og:type\" content=\"article\" \/>\n<meta property=\"og:title\" content=\"Sessions informatives sobre les subvencions ICIP 2022 - ICIP\" \/>\n<meta property=\"og:description\" content=\"L&#039;ICIP organitza dues sessions sobre la convocat\u00f2ria de subvencions per a treballs de recerca i projectes d&#039;entitats\" \/>\n<meta property=\"og:url\" content=\"https:\/\/www.icip.cat\/ca\/event\/sessions-informatives-sobre-les-subvencions-icip\/\" \/>\n<meta property=\"og:site_name\" content=\"ICIP\" \/>\n<meta property=\"article:modified_time\" content=\"2022-03-09T12:30:57+00:00\" \/>\n<meta property=\"og:image\" content=\"https:\/\/www.icip.cat\/wp-content\/uploads\/2021\/01\/sharon-mccutcheon-tn57JI3CewI-unsplash-scaled-e1619515634336.jpg\" \/>\n\t<meta property=\"og:image:width\" content=\"560\" \/>\n\t<meta property=\"og:image:height\" content=\"503\" \/>\n\t<meta property=\"og:image:type\" content=\"image\/jpeg\" \/>\n<meta name=\"twitter:card\" content=\"summary_large_image\" \/>\n<meta name=\"twitter:label1\" content=\"Temps estimat de lectura\" \/>\n\t<meta name=\"twitter:data1\" content=\"1 minut\" \/>\n<script type=\"application\/ld+json\" class=\"yoast-schema-graph\">{\"@context\":\"https:\/\/schema.org\",\"@graph\":[{\"@type\":\"WebPage\",\"@id\":\"https:\/\/www.icip.cat\/ca\/event\/sessions-informatives-sobre-les-subvencions-icip\/\",\"url\":\"https:\/\/www.icip.cat\/ca\/event\/sessions-informatives-sobre-les-subvencions-icip\/\",\"name\":\"Sessions informatives sobre les subvencions ICIP 2022 - ICIP\",\"isPartOf\":{\"@id\":\"https:\/\/www.icip.cat\/ca\/#website\"},\"primaryImageOfPage\":{\"@id\":\"https:\/\/www.icip.cat\/ca\/event\/sessions-informatives-sobre-les-subvencions-icip\/#primaryimage\"},\"image\":{\"@id\":\"https:\/\/www.icip.cat\/ca\/event\/sessions-informatives-sobre-les-subvencions-icip\/#primaryimage\"},\"thumbnailUrl\":\"https:\/\/www.icip.cat\/wp-content\/uploads\/2021\/01\/sharon-mccutcheon-tn57JI3CewI-unsplash-scaled-e1619515634336.jpg\",\"datePublished\":\"2022-03-04T09:25:18+00:00\",\"dateModified\":\"2022-03-09T12:30:57+00:00\",\"description\":\"L'ICIP organitza dues sessions sobre la convocat\u00f2ria de subvencions per a treballs de recerca i projectes d'entitats\",\"inLanguage\":\"ca\",\"potentialAction\":[{\"@type\":\"ReadAction\",\"target\":[\"https:\/\/www.icip.cat\/ca\/event\/sessions-informatives-sobre-les-subvencions-icip\/\"]}]},{\"@type\":\"ImageObject\",\"inLanguage\":\"ca\",\"@id\":\"https:\/\/www.icip.cat\/ca\/event\/sessions-informatives-sobre-les-subvencions-icip\/#primaryimage\",\"url\":\"https:\/\/www.icip.cat\/wp-content\/uploads\/2021\/01\/sharon-mccutcheon-tn57JI3CewI-unsplash-scaled-e1619515634336.jpg\",\"contentUrl\":\"https:\/\/www.icip.cat\/wp-content\/uploads\/2021\/01\/sharon-mccutcheon-tn57JI3CewI-unsplash-scaled-e1619515634336.jpg\",\"width\":560,\"height\":503},{\"@type\":\"WebSite\",\"@id\":\"https:\/\/www.icip.cat\/ca\/#website\",\"url\":\"https:\/\/www.icip.cat\/ca\/\",\"name\":\"ICIP\",\"description\":\"\",\"publisher\":{\"@id\":\"https:\/\/www.icip.cat\/ca\/#organization\"},\"potentialAction\":[{\"@type\":\"SearchAction\",\"target\":{\"@type\":\"EntryPoint\",\"urlTemplate\":\"https:\/\/www.icip.cat\/ca\/?s={search_term_string}\"},\"query-input\":{\"@type\":\"PropertyValueSpecification\",\"valueRequired\":true,\"valueName\":\"search_term_string\"}}],\"inLanguage\":\"ca\"},{\"@type\":\"Organization\",\"@id\":\"https:\/\/www.icip.cat\/ca\/#organization\",\"name\":\"ICIP\",\"url\":\"https:\/\/www.icip.cat\/ca\/\",\"logo\":{\"@type\":\"ImageObject\",\"inLanguage\":\"ca\",\"@id\":\"https:\/\/www.icip.cat\/ca\/#\/schema\/logo\/image\/\",\"url\":\"https:\/\/www.icip.cat\/wp-content\/uploads\/2021\/02\/logo-2.png\",\"contentUrl\":\"https:\/\/www.icip.cat\/wp-content\/uploads\/2021\/02\/logo-2.png\",\"width\":562,\"height\":391,\"caption\":\"ICIP\"},\"image\":{\"@id\":\"https:\/\/www.icip.cat\/ca\/#\/schema\/logo\/image\/\"}}]}<\/script>\n<!-- \/ Yoast SEO plugin. -->","yoast_head_json":{"title":"Sessions informatives sobre les subvencions ICIP 2022 - ICIP","description":"L'ICIP organitza dues sessions sobre la convocat\u00f2ria de subvencions per a treballs de recerca i projectes d'entitats","robots":{"index":"index","follow":"follow","max-snippet":"max-snippet:-1","max-image-preview":"max-image-preview:large","max-video-preview":"max-video-preview:-1"},"canonical":"https:\/\/www.icip.cat\/ca\/event\/sessions-informatives-sobre-les-subvencions-icip\/","og_locale":"ca_ES","og_type":"article","og_title":"Sessions informatives sobre les subvencions ICIP 2022 - ICIP","og_description":"L'ICIP organitza dues sessions sobre la convocat\u00f2ria de subvencions per a treballs de recerca i projectes d'entitats","og_url":"https:\/\/www.icip.cat\/ca\/event\/sessions-informatives-sobre-les-subvencions-icip\/","og_site_name":"ICIP","article_modified_time":"2022-03-09T12:30:57+00:00","og_image":[{"width":560,"height":503,"url":"https:\/\/www.icip.cat\/wp-content\/uploads\/2021\/01\/sharon-mccutcheon-tn57JI3CewI-unsplash-scaled-e1619515634336.jpg","type":"image\/jpeg"}],"twitter_card":"summary_large_image","twitter_misc":{"Temps estimat de lectura":"1 minut"},"schema":{"@context":"https:\/\/schema.org","@graph":[{"@type":"WebPage","@id":"https:\/\/www.icip.cat\/ca\/event\/sessions-informatives-sobre-les-subvencions-icip\/","url":"https:\/\/www.icip.cat\/ca\/event\/sessions-informatives-sobre-les-subvencions-icip\/","name":"Sessions informatives sobre les subvencions ICIP 2022 - ICIP","isPartOf":{"@id":"https:\/\/www.icip.cat\/ca\/#website"},"primaryImageOfPage":{"@id":"https:\/\/www.icip.cat\/ca\/event\/sessions-informatives-sobre-les-subvencions-icip\/#primaryimage"},"image":{"@id":"https:\/\/www.icip.cat\/ca\/event\/sessions-informatives-sobre-les-subvencions-icip\/#primaryimage"},"thumbnailUrl":"https:\/\/www.icip.cat\/wp-content\/uploads\/2021\/01\/sharon-mccutcheon-tn57JI3CewI-unsplash-scaled-e1619515634336.jpg","datePublished":"2022-03-04T09:25:18+00:00","dateModified":"2022-03-09T12:30:57+00:00","description":"L'ICIP organitza dues sessions sobre la convocat\u00f2ria de subvencions per a treballs de recerca i projectes d'entitats","inLanguage":"ca","potentialAction":[{"@type":"ReadAction","target":["https:\/\/www.icip.cat\/ca\/event\/sessions-informatives-sobre-les-subvencions-icip\/"]}]},{"@type":"ImageObject","inLanguage":"ca","@id":"https:\/\/www.icip.cat\/ca\/event\/sessions-informatives-sobre-les-subvencions-icip\/#primaryimage","url":"https:\/\/www.icip.cat\/wp-content\/uploads\/2021\/01\/sharon-mccutcheon-tn57JI3CewI-unsplash-scaled-e1619515634336.jpg","contentUrl":"https:\/\/www.icip.cat\/wp-content\/uploads\/2021\/01\/sharon-mccutcheon-tn57JI3CewI-unsplash-scaled-e1619515634336.jpg","width":560,"height":503},{"@type":"WebSite","@id":"https:\/\/www.icip.cat\/ca\/#website","url":"https:\/\/www.icip.cat\/ca\/","name":"ICIP","description":"","publisher":{"@id":"https:\/\/www.icip.cat\/ca\/#organization"},"potentialAction":[{"@type":"SearchAction","target":{"@type":"EntryPoint","urlTemplate":"https:\/\/www.icip.cat\/ca\/?s={search_term_string}"},"query-input":{"@type":"PropertyValueSpecification","valueRequired":true,"valueName":"search_term_string"}}],"inLanguage":"ca"},{"@type":"Organization","@id":"https:\/\/www.icip.cat\/ca\/#organization","name":"ICIP","url":"https:\/\/www.icip.cat\/ca\/","logo":{"@type":"ImageObject","inLanguage":"ca","@id":"https:\/\/www.icip.cat\/ca\/#\/schema\/logo\/image\/","url":"https:\/\/www.icip.cat\/wp-content\/uploads\/2021\/02\/logo-2.png","contentUrl":"https:\/\/www.icip.cat\/wp-content\/uploads\/2021\/02\/logo-2.png","width":562,"height":391,"caption":"ICIP"},"image":{"@id":"https:\/\/www.icip.cat\/ca\/#\/schema\/logo\/image\/"}}]}},"_links":{"self":[{"href":"https:\/\/www.icip.cat\/ca\/wp-json\/wp\/v2\/icip_event\/25674","targetHints":{"allow":["GET"]}}],"collection":[{"href":"https:\/\/www.icip.cat\/ca\/wp-json\/wp\/v2\/icip_event"}],"about":[{"href":"https:\/\/www.icip.cat\/ca\/wp-json\/wp\/v2\/types\/icip_event"}],"version-history":[{"count":6,"href":"https:\/\/www.icip.cat\/ca\/wp-json\/wp\/v2\/icip_event\/25674\/revisions"}],"predecessor-version":[{"id":25887,"href":"https:\/\/www.icip.cat\/ca\/wp-json\/wp\/v2\/icip_event\/25674\/revisions\/25887"}],"wp:featuredmedia":[{"embeddable":true,"href":"https:\/\/www.icip.cat\/ca\/wp-json\/wp\/v2\/media\/11907"}],"wp:attachment":[{"href":"https:\/\/www.icip.cat\/ca\/wp-json\/wp\/v2\/media?parent=25674"}],"curies":[{"name":"wp","href":"https:\/\/api.w.org\/{rel}","templated":true}]}}

<p>A principis d’abril l’ICIP publicarà les convocatòries de subvencions d’aquest 2022 per a <a href="https://www.icip.cat/ca/subvencions-a-treballs-de-recerca-en-lambit-de-la-pau/">treballs de recerca en l’àmbit de la pau (R-ICIP)</a> i per a <a href="https://www.icip.cat/ca/subvencions-per-a-projectes-dentitats-sense-afany-de-lucre-destinats-al-foment-de-la-pau/">projectes d’entitats sense afany de lucre destinats al foment de la pau</a>. L’import global màxim destinat a cadascuna de les convocatòries és de 80.000 euros.</p>



<p>Uns dies abans, el proper dimecres 16 de març, l’ICIP organitzarà una sessió informativa per a cada convocatòria adreçada a les persones, grups de recerca i entitats interessades en optar a les subvencions.</p>



<p>Les dues sessions seran virtuals, previ registre. Per inscriure&#8217;s cal fer-ho a l&#8217;enllaç que trobareu a continuació: </p>



<ul class="wp-block-list"><li>13:30h: <a href="https://us06web.zoom.us/meeting/register/tZUkdeigrDwvHdPv3UROBENd7_jZOZL--VTh" target="_blank" rel="noreferrer noopener">Sessió informativa sobre la convocatòria de subvencions R-ICIP</a>: dimecres 16 de març a les 13.30h.</li><li>17:30h: <a href="https://us06web.zoom.us/meeting/register/tZMpcuGurjgsGtRyf8XqfvJFVkfnWIoXoPZ-" target="_blank" rel="noreferrer noopener">Sessió informativa sobre la convocatòria de subvencions a entitats</a>.</li></ul>



<p>Si teniu dubtes també ens podeu escriure al correu <a href="mailto:convocatories@icip.cat">convocatories@icip.cat</a></p>



<p>L’ICIP convoca anualment aquestes dues subvencions amb l’objectiu de fomentar la recerca en l’àmbit de la cultura de pau, i permetre la transmissió de coneixement.</p>



<div class="wp-block-image"><figure class="aligncenter size-large"><img fetchpriority="high" decoding="async" width="940" height="788" src="https://www.icip.cat/wp-content/uploads/2022/03/Sessio-ICIP.png" alt="" class="wp-image-25884" srcset="https://www.icip.cat/wp-content/uploads/2022/03/Sessio-ICIP.png 940w, https://www.icip.cat/wp-content/uploads/2022/03/Sessio-ICIP-300x251.png 300w, https://www.icip.cat/wp-content/uploads/2022/03/Sessio-ICIP-768x644.png 768w" sizes="(max-width: 940px) 100vw, 940px" /></figure></div>

<!-- This site is optimized with the Yoast SEO plugin v25.6 - https://yoast.com/wordpress/plugins/seo/ -->
<title>Sessions informatives sobre les subvencions ICIP 2022 - ICIP</title>
<meta name="description" content="L&#039;ICIP organitza dues sessions sobre la convocatòria de subvencions per a treballs de recerca i projectes d&#039;entitats" />
<meta name="robots" content="index, follow, max-snippet:-1, max-image-preview:large, max-video-preview:-1" />
<link rel="canonical" href="https://www.icip.cat/ca/event/sessions-informatives-sobre-les-subvencions-icip/" />
<meta property="og:locale" content="ca_ES" />
<meta property="og:type" content="article" />
<meta property="og:title" content="Sessions informatives sobre les subvencions ICIP 2022 - ICIP" />
<meta property="og:description" content="L&#039;ICIP organitza dues sessions sobre la convocatòria de subvencions per a treballs de recerca i projectes d&#039;entitats" />
<meta property="og:url" content="https://www.icip.cat/ca/event/sessions-informatives-sobre-les-subvencions-icip/" />
<meta property="og:site_name" content="ICIP" />
<meta property="article:modified_time" content="2022-03-09T12:30:57+00:00" />
<meta property="og:image" content="https://www.icip.cat/wp-content/uploads/2021/01/sharon-mccutcheon-tn57JI3CewI-unsplash-scaled-e1619515634336.jpg" />
	<meta property="og:image:width" content="560" />
	<meta property="og:image:height" content="503" />
	<meta property="og:image:type" content="image/jpeg" />
<meta name="twitter:card" content="summary_large_image" />
<meta name="twitter:label1" content="Temps estimat de lectura" />
	<meta name="twitter:data1" content="1 minut" />
<script type="application/ld+json" class="yoast-schema-graph">{"@context":"https://schema.org","@graph":[{"@type":"WebPage","@id":"https://www.icip.cat/ca/event/sessions-informatives-sobre-les-subvencions-icip/","url":"https://www.icip.cat/ca/event/sessions-informatives-sobre-les-subvencions-icip/","name":"Sessions informatives sobre les subvencions ICIP 2022 - ICIP","isPartOf":{"@id":"https://www.icip.cat/ca/#website"},"primaryImageOfPage":{"@id":"https://www.icip.cat/ca/event/sessions-informatives-sobre-les-subvencions-icip/#primaryimage"},"image":{"@id":"https://www.icip.cat/ca/event/sessions-informatives-sobre-les-subvencions-icip/#primaryimage"},"thumbnailUrl":"https://www.icip.cat/wp-content/uploads/2021/01/sharon-mccutcheon-tn57JI3CewI-unsplash-scaled-e1619515634336.jpg","datePublished":"2022-03-04T09:25:18+00:00","dateModified":"2022-03-09T12:30:57+00:00","description":"L'ICIP organitza dues sessions sobre la convocatòria de subvencions per a treballs de recerca i projectes d'entitats","inLanguage":"ca","potentialAction":[{"@type":"ReadAction","target":["https://www.icip.cat/ca/event/sessions-informatives-sobre-les-subvencions-icip/"]}]},{"@type":"ImageObject","inLanguage":"ca","@id":"https://www.icip.cat/ca/event/sessions-informatives-sobre-les-subvencions-icip/#primaryimage","url":"https://www.icip.cat/wp-content/uploads/2021/01/sharon-mccutcheon-tn57JI3CewI-unsplash-scaled-e1619515634336.jpg","contentUrl":"https://www.icip.cat/wp-content/uploads/2021/01/sharon-mccutcheon-tn57JI3CewI-unsplash-scaled-e1619515634336.jpg","width":560,"height":503},{"@type":"WebSite","@id":"https://www.icip.cat/ca/#website","url":"https://www.icip.cat/ca/","name":"ICIP","description":"","publisher":{"@id":"https://www.icip.cat/ca/#organization"},"potentialAction":[{"@type":"SearchAction","target":{"@type":"EntryPoint","urlTemplate":"https://www.icip.cat/ca/?s={search_term_string}"},"query-input":{"@type":"PropertyValueSpecification","valueRequired":true,"valueName":"search_term_string"}}],"inLanguage":"ca"},{"@type":"Organization","@id":"https://www.icip.cat/ca/#organization","name":"ICIP","url":"https://www.icip.cat/ca/","logo":{"@type":"ImageObject","inLanguage":"ca","@id":"https://www.icip.cat/ca/#/schema/logo/image/","url":"https://www.icip.cat/wp-content/uploads/2021/02/logo-2.png","contentUrl":"https://www.icip.cat/wp-content/uploads/2021/02/logo-2.png","width":562,"height":391,"caption":"ICIP"},"image":{"@id":"https://www.icip.cat/ca/#/schema/logo/image/"}}]}</script>
<!-- / Yoast SEO plugin. -->

L'ICIP organitza dues sessions sobre la convocatòria de subvencions per a treballs de recerca i projectes d'entitats
