{"id":25855,"date":"2022-03-09T11:39:09","date_gmt":"2022-03-09T11:39:09","guid":{"rendered":"http:\/\/www.icip.cat\/?post_type=icip_event&#038;p=25855"},"modified":"2022-03-09T11:39:12","modified_gmt":"2022-03-09T11:39:12","slug":"licip-organitza-un-taller-per-al-reconeixement-a-les-victimes-del-conflicte-colombia-exiliades-a-sabadell","status":"publish","type":"icip_event","link":"https:\/\/www.icip.cat\/ca\/event\/licip-organitza-un-taller-per-al-reconeixement-a-les-victimes-del-conflicte-colombia-exiliades-a-sabadell\/","title":{"rendered":"L\u2019ICIP organitza un taller per al reconeixement a les v\u00edctimes del conflicte colombi\u00e0 exiliades a Sabadell"},"content":{"rendered":"\n<p>L\u2019ICIP, en col\u00b7laboraci\u00f3 amb el Node Catalunya de suport a la <a href=\"https:\/\/comisiondelaverdad.co\/\">Comissi\u00f3 de la Veritat<\/a> de Col\u00f2mbia, organitza a Sabadell, amb el suport de l\u2019Ajuntament, un taller per promoure el reconeixement a les v\u00edctimes del conflicte colombi\u00e0 exiliades a Catalunya.<\/p>\n\n\n\n<p>Aquest tipus de tallers ja es va fer a Lleida l\u2019any passat i es faran pr\u00f2ximament a Barcelona i formen part del component d\u2019incid\u00e8ncia local dins de la tasca de l\u2019ICIP com a secretaria de la Comissi\u00f3 de la Veritat a Europa.<\/p>\n\n\n\n<p>\u00a0\u201cLes sessions busquen generar i enfortir espais de participaci\u00f3, di\u00e0leg i escolta entre la poblaci\u00f3 exiliada i di\u00e0spora colombiana, organitzacions socials i governs locals que contribueixin a accions de reconeixement a les v\u00edctimes del conflicte armat colombi\u00e0\u201d, explica Ana Isabel Osorio, t\u00e8cnica de l\u2019\u00e0rea de <a href=\"https:\/\/www.icip.cat\/ca\/memoria-convivencia-i-reconciliacio\/\" target=\"_blank\" rel=\"noreferrer noopener\">Mem\u00f2ria, conviv\u00e8ncia i reconciliaci\u00f3<\/a> de l\u2019ICIP.<\/p>\n\n\n\n<p>El taller de Sabadell tindr\u00e0 lloc el dissabte 19 de mar\u00e7 al Casal Pere Quart (Rambla, 69) de 10 a 14 h. Per participar-hi, podeu enviar un correu electr\u00f2nic a icip@icip.cat. <\/p>\n","protected":false},"featured_media":19656,"template":"","class_list":["post-25855","icip_event","type-icip_event","status-publish","has-post-thumbnail","hentry"],"acf":[],"yoast_head":"<!-- This site is optimized with the Yoast SEO plugin v25.6 - https:\/\/yoast.com\/wordpress\/plugins\/seo\/ -->\n<title>L\u2019ICIP organitza un taller per al reconeixement a les v\u00edctimes del conflicte colombi\u00e0 exiliades a Sabadell - ICIP<\/title>\n<meta name=\"description\" content=\"Els tallers es fan per promoure el reconeixement a les v\u00edctimes del conflicte colombi\u00e0 exiliades a Catalunya.\" \/>\n<meta name=\"robots\" content=\"index, follow, max-snippet:-1, max-image-preview:large, max-video-preview:-1\" \/>\n<link rel=\"canonical\" href=\"https:\/\/www.icip.cat\/ca\/event\/licip-organitza-un-taller-per-al-reconeixement-a-les-victimes-del-conflicte-colombia-exiliades-a-sabadell\/\" \/>\n<meta property=\"og:locale\" content=\"ca_ES\" \/>\n<meta property=\"og:type\" content=\"article\" \/>\n<meta property=\"og:title\" content=\"L\u2019ICIP organitza un taller per al reconeixement a les v\u00edctimes del conflicte colombi\u00e0 exiliades a Sabadell - ICIP\" \/>\n<meta property=\"og:description\" content=\"Els tallers es fan per promoure el reconeixement a les v\u00edctimes del conflicte colombi\u00e0 exiliades a Catalunya.\" \/>\n<meta property=\"og:url\" content=\"https:\/\/www.icip.cat\/ca\/event\/licip-organitza-un-taller-per-al-reconeixement-a-les-victimes-del-conflicte-colombia-exiliades-a-sabadell\/\" \/>\n<meta property=\"og:site_name\" content=\"ICIP\" \/>\n<meta property=\"article:modified_time\" content=\"2022-03-09T11:39:12+00:00\" \/>\n<meta property=\"og:image\" content=\"https:\/\/www.icip.cat\/wp-content\/uploads\/2021\/06\/agendadiaspora.png\" \/>\n\t<meta property=\"og:image:width\" content=\"560\" \/>\n\t<meta property=\"og:image:height\" content=\"371\" \/>\n\t<meta property=\"og:image:type\" content=\"image\/png\" \/>\n<meta name=\"twitter:card\" content=\"summary_large_image\" \/>\n<meta name=\"twitter:label1\" content=\"Temps estimat de lectura\" \/>\n\t<meta name=\"twitter:data1\" content=\"1 minut\" \/>\n<script type=\"application\/ld+json\" class=\"yoast-schema-graph\">{\"@context\":\"https:\/\/schema.org\",\"@graph\":[{\"@type\":\"WebPage\",\"@id\":\"https:\/\/www.icip.cat\/ca\/event\/licip-organitza-un-taller-per-al-reconeixement-a-les-victimes-del-conflicte-colombia-exiliades-a-sabadell\/\",\"url\":\"https:\/\/www.icip.cat\/ca\/event\/licip-organitza-un-taller-per-al-reconeixement-a-les-victimes-del-conflicte-colombia-exiliades-a-sabadell\/\",\"name\":\"L\u2019ICIP organitza un taller per al reconeixement a les v\u00edctimes del conflicte colombi\u00e0 exiliades a Sabadell - ICIP\",\"isPartOf\":{\"@id\":\"https:\/\/www.icip.cat\/ca\/#website\"},\"primaryImageOfPage\":{\"@id\":\"https:\/\/www.icip.cat\/ca\/event\/licip-organitza-un-taller-per-al-reconeixement-a-les-victimes-del-conflicte-colombia-exiliades-a-sabadell\/#primaryimage\"},\"image\":{\"@id\":\"https:\/\/www.icip.cat\/ca\/event\/licip-organitza-un-taller-per-al-reconeixement-a-les-victimes-del-conflicte-colombia-exiliades-a-sabadell\/#primaryimage\"},\"thumbnailUrl\":\"https:\/\/www.icip.cat\/wp-content\/uploads\/2021\/06\/agendadiaspora.png\",\"datePublished\":\"2022-03-09T11:39:09+00:00\",\"dateModified\":\"2022-03-09T11:39:12+00:00\",\"description\":\"Els tallers es fan per promoure el reconeixement a les v\u00edctimes del conflicte colombi\u00e0 exiliades a Catalunya.\",\"inLanguage\":\"ca\",\"potentialAction\":[{\"@type\":\"ReadAction\",\"target\":[\"https:\/\/www.icip.cat\/ca\/event\/licip-organitza-un-taller-per-al-reconeixement-a-les-victimes-del-conflicte-colombia-exiliades-a-sabadell\/\"]}]},{\"@type\":\"ImageObject\",\"inLanguage\":\"ca\",\"@id\":\"https:\/\/www.icip.cat\/ca\/event\/licip-organitza-un-taller-per-al-reconeixement-a-les-victimes-del-conflicte-colombia-exiliades-a-sabadell\/#primaryimage\",\"url\":\"https:\/\/www.icip.cat\/wp-content\/uploads\/2021\/06\/agendadiaspora.png\",\"contentUrl\":\"https:\/\/www.icip.cat\/wp-content\/uploads\/2021\/06\/agendadiaspora.png\",\"width\":560,\"height\":371},{\"@type\":\"WebSite\",\"@id\":\"https:\/\/www.icip.cat\/ca\/#website\",\"url\":\"https:\/\/www.icip.cat\/ca\/\",\"name\":\"ICIP\",\"description\":\"\",\"publisher\":{\"@id\":\"https:\/\/www.icip.cat\/ca\/#organization\"},\"potentialAction\":[{\"@type\":\"SearchAction\",\"target\":{\"@type\":\"EntryPoint\",\"urlTemplate\":\"https:\/\/www.icip.cat\/ca\/?s={search_term_string}\"},\"query-input\":{\"@type\":\"PropertyValueSpecification\",\"valueRequired\":true,\"valueName\":\"search_term_string\"}}],\"inLanguage\":\"ca\"},{\"@type\":\"Organization\",\"@id\":\"https:\/\/www.icip.cat\/ca\/#organization\",\"name\":\"ICIP\",\"url\":\"https:\/\/www.icip.cat\/ca\/\",\"logo\":{\"@type\":\"ImageObject\",\"inLanguage\":\"ca\",\"@id\":\"https:\/\/www.icip.cat\/ca\/#\/schema\/logo\/image\/\",\"url\":\"https:\/\/www.icip.cat\/wp-content\/uploads\/2021\/02\/logo-2.png\",\"contentUrl\":\"https:\/\/www.icip.cat\/wp-content\/uploads\/2021\/02\/logo-2.png\",\"width\":562,\"height\":391,\"caption\":\"ICIP\"},\"image\":{\"@id\":\"https:\/\/www.icip.cat\/ca\/#\/schema\/logo\/image\/\"}}]}<\/script>\n<!-- \/ Yoast SEO plugin. -->","yoast_head_json":{"title":"L\u2019ICIP organitza un taller per al reconeixement a les v\u00edctimes del conflicte colombi\u00e0 exiliades a Sabadell - ICIP","description":"Els tallers es fan per promoure el reconeixement a les v\u00edctimes del conflicte colombi\u00e0 exiliades a Catalunya.","robots":{"index":"index","follow":"follow","max-snippet":"max-snippet:-1","max-image-preview":"max-image-preview:large","max-video-preview":"max-video-preview:-1"},"canonical":"https:\/\/www.icip.cat\/ca\/event\/licip-organitza-un-taller-per-al-reconeixement-a-les-victimes-del-conflicte-colombia-exiliades-a-sabadell\/","og_locale":"ca_ES","og_type":"article","og_title":"L\u2019ICIP organitza un taller per al reconeixement a les v\u00edctimes del conflicte colombi\u00e0 exiliades a Sabadell - ICIP","og_description":"Els tallers es fan per promoure el reconeixement a les v\u00edctimes del conflicte colombi\u00e0 exiliades a Catalunya.","og_url":"https:\/\/www.icip.cat\/ca\/event\/licip-organitza-un-taller-per-al-reconeixement-a-les-victimes-del-conflicte-colombia-exiliades-a-sabadell\/","og_site_name":"ICIP","article_modified_time":"2022-03-09T11:39:12+00:00","og_image":[{"width":560,"height":371,"url":"https:\/\/www.icip.cat\/wp-content\/uploads\/2021\/06\/agendadiaspora.png","type":"image\/png"}],"twitter_card":"summary_large_image","twitter_misc":{"Temps estimat de lectura":"1 minut"},"schema":{"@context":"https:\/\/schema.org","@graph":[{"@type":"WebPage","@id":"https:\/\/www.icip.cat\/ca\/event\/licip-organitza-un-taller-per-al-reconeixement-a-les-victimes-del-conflicte-colombia-exiliades-a-sabadell\/","url":"https:\/\/www.icip.cat\/ca\/event\/licip-organitza-un-taller-per-al-reconeixement-a-les-victimes-del-conflicte-colombia-exiliades-a-sabadell\/","name":"L\u2019ICIP organitza un taller per al reconeixement a les v\u00edctimes del conflicte colombi\u00e0 exiliades a Sabadell - ICIP","isPartOf":{"@id":"https:\/\/www.icip.cat\/ca\/#website"},"primaryImageOfPage":{"@id":"https:\/\/www.icip.cat\/ca\/event\/licip-organitza-un-taller-per-al-reconeixement-a-les-victimes-del-conflicte-colombia-exiliades-a-sabadell\/#primaryimage"},"image":{"@id":"https:\/\/www.icip.cat\/ca\/event\/licip-organitza-un-taller-per-al-reconeixement-a-les-victimes-del-conflicte-colombia-exiliades-a-sabadell\/#primaryimage"},"thumbnailUrl":"https:\/\/www.icip.cat\/wp-content\/uploads\/2021\/06\/agendadiaspora.png","datePublished":"2022-03-09T11:39:09+00:00","dateModified":"2022-03-09T11:39:12+00:00","description":"Els tallers es fan per promoure el reconeixement a les v\u00edctimes del conflicte colombi\u00e0 exiliades a Catalunya.","inLanguage":"ca","potentialAction":[{"@type":"ReadAction","target":["https:\/\/www.icip.cat\/ca\/event\/licip-organitza-un-taller-per-al-reconeixement-a-les-victimes-del-conflicte-colombia-exiliades-a-sabadell\/"]}]},{"@type":"ImageObject","inLanguage":"ca","@id":"https:\/\/www.icip.cat\/ca\/event\/licip-organitza-un-taller-per-al-reconeixement-a-les-victimes-del-conflicte-colombia-exiliades-a-sabadell\/#primaryimage","url":"https:\/\/www.icip.cat\/wp-content\/uploads\/2021\/06\/agendadiaspora.png","contentUrl":"https:\/\/www.icip.cat\/wp-content\/uploads\/2021\/06\/agendadiaspora.png","width":560,"height":371},{"@type":"WebSite","@id":"https:\/\/www.icip.cat\/ca\/#website","url":"https:\/\/www.icip.cat\/ca\/","name":"ICIP","description":"","publisher":{"@id":"https:\/\/www.icip.cat\/ca\/#organization"},"potentialAction":[{"@type":"SearchAction","target":{"@type":"EntryPoint","urlTemplate":"https:\/\/www.icip.cat\/ca\/?s={search_term_string}"},"query-input":{"@type":"PropertyValueSpecification","valueRequired":true,"valueName":"search_term_string"}}],"inLanguage":"ca"},{"@type":"Organization","@id":"https:\/\/www.icip.cat\/ca\/#organization","name":"ICIP","url":"https:\/\/www.icip.cat\/ca\/","logo":{"@type":"ImageObject","inLanguage":"ca","@id":"https:\/\/www.icip.cat\/ca\/#\/schema\/logo\/image\/","url":"https:\/\/www.icip.cat\/wp-content\/uploads\/2021\/02\/logo-2.png","contentUrl":"https:\/\/www.icip.cat\/wp-content\/uploads\/2021\/02\/logo-2.png","width":562,"height":391,"caption":"ICIP"},"image":{"@id":"https:\/\/www.icip.cat\/ca\/#\/schema\/logo\/image\/"}}]}},"_links":{"self":[{"href":"https:\/\/www.icip.cat\/ca\/wp-json\/wp\/v2\/icip_event\/25855","targetHints":{"allow":["GET"]}}],"collection":[{"href":"https:\/\/www.icip.cat\/ca\/wp-json\/wp\/v2\/icip_event"}],"about":[{"href":"https:\/\/www.icip.cat\/ca\/wp-json\/wp\/v2\/types\/icip_event"}],"version-history":[{"count":3,"href":"https:\/\/www.icip.cat\/ca\/wp-json\/wp\/v2\/icip_event\/25855\/revisions"}],"predecessor-version":[{"id":33978,"href":"https:\/\/www.icip.cat\/ca\/wp-json\/wp\/v2\/icip_event\/25855\/revisions\/33978"}],"wp:featuredmedia":[{"embeddable":true,"href":"https:\/\/www.icip.cat\/ca\/wp-json\/wp\/v2\/media\/19656"}],"wp:attachment":[{"href":"https:\/\/www.icip.cat\/ca\/wp-json\/wp\/v2\/media?parent=25855"}],"curies":[{"name":"wp","href":"https:\/\/api.w.org\/{rel}","templated":true}]}}

L’ICIP organitza un taller per al reconeixement a les víctimes del conflicte colombià exiliades a Sabadell

<p>L’ICIP, en col·laboració amb el Node Catalunya de suport a la <a href="https://comisiondelaverdad.co/">Comissió de la Veritat</a> de Colòmbia, organitza a Sabadell, amb el suport de l’Ajuntament, un taller per promoure el reconeixement a les víctimes del conflicte colombià exiliades a Catalunya.</p>



<p>Aquest tipus de tallers ja es va fer a Lleida l’any passat i es faran pròximament a Barcelona i formen part del component d’incidència local dins de la tasca de l’ICIP com a secretaria de la Comissió de la Veritat a Europa.</p>



<p> “Les sessions busquen generar i enfortir espais de participació, diàleg i escolta entre la població exiliada i diàspora colombiana, organitzacions socials i governs locals que contribueixin a accions de reconeixement a les víctimes del conflicte armat colombià”, explica Ana Isabel Osorio, tècnica de l’àrea de <a href="https://www.icip.cat/ca/memoria-convivencia-i-reconciliacio/" target="_blank" rel="noreferrer noopener">Memòria, convivència i reconciliació</a> de l’ICIP.</p>



<p>El taller de Sabadell tindrà lloc el dissabte 19 de març al Casal Pere Quart (Rambla, 69) de 10 a 14 h. Per participar-hi, podeu enviar un correu electrònic a icip@icip.cat. </p>

<!-- This site is optimized with the Yoast SEO plugin v25.6 - https://yoast.com/wordpress/plugins/seo/ -->
<title>L’ICIP organitza un taller per al reconeixement a les víctimes del conflicte colombià exiliades a Sabadell - ICIP</title>
<meta name="description" content="Els tallers es fan per promoure el reconeixement a les víctimes del conflicte colombià exiliades a Catalunya." />
<meta name="robots" content="index, follow, max-snippet:-1, max-image-preview:large, max-video-preview:-1" />
<link rel="canonical" href="https://www.icip.cat/ca/event/licip-organitza-un-taller-per-al-reconeixement-a-les-victimes-del-conflicte-colombia-exiliades-a-sabadell/" />
<meta property="og:locale" content="ca_ES" />
<meta property="og:type" content="article" />
<meta property="og:title" content="L’ICIP organitza un taller per al reconeixement a les víctimes del conflicte colombià exiliades a Sabadell - ICIP" />
<meta property="og:description" content="Els tallers es fan per promoure el reconeixement a les víctimes del conflicte colombià exiliades a Catalunya." />
<meta property="og:url" content="https://www.icip.cat/ca/event/licip-organitza-un-taller-per-al-reconeixement-a-les-victimes-del-conflicte-colombia-exiliades-a-sabadell/" />
<meta property="og:site_name" content="ICIP" />
<meta property="article:modified_time" content="2022-03-09T11:39:12+00:00" />
<meta property="og:image" content="https://www.icip.cat/wp-content/uploads/2021/06/agendadiaspora.png" />
	<meta property="og:image:width" content="560" />
	<meta property="og:image:height" content="371" />
	<meta property="og:image:type" content="image/png" />
<meta name="twitter:card" content="summary_large_image" />
<meta name="twitter:label1" content="Temps estimat de lectura" />
	<meta name="twitter:data1" content="1 minut" />
<script type="application/ld+json" class="yoast-schema-graph">{"@context":"https://schema.org","@graph":[{"@type":"WebPage","@id":"https://www.icip.cat/ca/event/licip-organitza-un-taller-per-al-reconeixement-a-les-victimes-del-conflicte-colombia-exiliades-a-sabadell/","url":"https://www.icip.cat/ca/event/licip-organitza-un-taller-per-al-reconeixement-a-les-victimes-del-conflicte-colombia-exiliades-a-sabadell/","name":"L’ICIP organitza un taller per al reconeixement a les víctimes del conflicte colombià exiliades a Sabadell - ICIP","isPartOf":{"@id":"https://www.icip.cat/ca/#website"},"primaryImageOfPage":{"@id":"https://www.icip.cat/ca/event/licip-organitza-un-taller-per-al-reconeixement-a-les-victimes-del-conflicte-colombia-exiliades-a-sabadell/#primaryimage"},"image":{"@id":"https://www.icip.cat/ca/event/licip-organitza-un-taller-per-al-reconeixement-a-les-victimes-del-conflicte-colombia-exiliades-a-sabadell/#primaryimage"},"thumbnailUrl":"https://www.icip.cat/wp-content/uploads/2021/06/agendadiaspora.png","datePublished":"2022-03-09T11:39:09+00:00","dateModified":"2022-03-09T11:39:12+00:00","description":"Els tallers es fan per promoure el reconeixement a les víctimes del conflicte colombià exiliades a Catalunya.","inLanguage":"ca","potentialAction":[{"@type":"ReadAction","target":["https://www.icip.cat/ca/event/licip-organitza-un-taller-per-al-reconeixement-a-les-victimes-del-conflicte-colombia-exiliades-a-sabadell/"]}]},{"@type":"ImageObject","inLanguage":"ca","@id":"https://www.icip.cat/ca/event/licip-organitza-un-taller-per-al-reconeixement-a-les-victimes-del-conflicte-colombia-exiliades-a-sabadell/#primaryimage","url":"https://www.icip.cat/wp-content/uploads/2021/06/agendadiaspora.png","contentUrl":"https://www.icip.cat/wp-content/uploads/2021/06/agendadiaspora.png","width":560,"height":371},{"@type":"WebSite","@id":"https://www.icip.cat/ca/#website","url":"https://www.icip.cat/ca/","name":"ICIP","description":"","publisher":{"@id":"https://www.icip.cat/ca/#organization"},"potentialAction":[{"@type":"SearchAction","target":{"@type":"EntryPoint","urlTemplate":"https://www.icip.cat/ca/?s={search_term_string}"},"query-input":{"@type":"PropertyValueSpecification","valueRequired":true,"valueName":"search_term_string"}}],"inLanguage":"ca"},{"@type":"Organization","@id":"https://www.icip.cat/ca/#organization","name":"ICIP","url":"https://www.icip.cat/ca/","logo":{"@type":"ImageObject","inLanguage":"ca","@id":"https://www.icip.cat/ca/#/schema/logo/image/","url":"https://www.icip.cat/wp-content/uploads/2021/02/logo-2.png","contentUrl":"https://www.icip.cat/wp-content/uploads/2021/02/logo-2.png","width":562,"height":391,"caption":"ICIP"},"image":{"@id":"https://www.icip.cat/ca/#/schema/logo/image/"}}]}</script>
<!-- / Yoast SEO plugin. -->

L’ICIP organitza un taller per al reconeixement a les víctimes del conflicte colombià exiliades a Sabadell - ICIP

Els tallers es fan per promoure el reconeixement a les víctimes del conflicte colombià exiliades a Catalunya.
