{"id":27995,"date":"2022-05-19T08:06:33","date_gmt":"2022-05-19T08:06:33","guid":{"rendered":"https:\/\/www.icip.cat\/?post_type=icip_event&#038;p=27995"},"modified":"2022-05-21T14:36:53","modified_gmt":"2022-05-21T14:36:53","slug":"cap-a-un-model-de-seguretat-compartida","status":"publish","type":"icip_event","link":"https:\/\/www.icip.cat\/ca\/event\/cap-a-un-model-de-seguretat-compartida\/","title":{"rendered":"Cap a un model de seguretat compartida"},"content":{"rendered":"\n<p>El dimecres 25 de maig, el president de l&#8217;ICIP, <strong>Xavier Masllorens<\/strong>, far\u00e0 una xerrada a la <a href=\"https:\/\/casadecultura.org\/\" target=\"_blank\" rel=\"noreferrer noopener\">Casa de Cultura de Girona<\/a> titulada &#8220;Cap a un model de seguretat compartida: resoluci\u00f3 de conflictes i noviol\u00e8ncia&#8221;, a les 7 de la tarda. <\/p>\n\n\n\n<p>\u00c9s possible actuar sense viol\u00e8ncia en un conflicte b\u00e8l\u00b7lic? Respondre-hi amb mitjans pac\u00edfics? Qualsevol guerra atempta contra els valors de l&#8217;Economia del B\u00e9 Com\u00fa. Masllorens parlar\u00e0 dels conflictes, del model de seguretat actual i de la possible alternativa noviolenta. L&#8217;acte inclour\u00e0 un col\u00b7loqui amb els assistents. <\/p>\n\n\n\n<p>L&#8217;organitzaci\u00f3 de la confer\u00e8ncia \u00e9s a c\u00e0rrec del grup local a Girona de l&#8217;<a href=\"https:\/\/www.ebcgirona.cat\/#\" target=\"_blank\" rel=\"noreferrer noopener\">EBC<\/a> (Economia del B\u00e9 Com\u00fa). Es tracta d&#8217;una activitat gratu\u00efta i sense inscripci\u00f3 pr\u00e8via.  L&#8217;acte tamb\u00e9 es retransmetr\u00e0 en directe a la web de l&#8217;<a href=\"https:\/\/www.ebcgirona.cat\/\" target=\"_blank\" rel=\"noreferrer noopener\">EBC Girona<\/a>. <\/p>\n","protected":false},"featured_media":19912,"template":"","class_list":["post-27995","icip_event","type-icip_event","status-publish","has-post-thumbnail","hentry"],"acf":[],"yoast_head":"<!-- This site is optimized with the Yoast SEO plugin v25.6 - https:\/\/yoast.com\/wordpress\/plugins\/seo\/ -->\n<title>Cap a un model de seguretat compartida - ICIP<\/title>\n<meta name=\"description\" content=\"El dimecres 25 de maig, el president de l&#039;ICIP, Xavier Masllorens, far\u00e0 una xerrada a la Casa de Cultura de Girona.\" \/>\n<meta name=\"robots\" content=\"index, follow, max-snippet:-1, max-image-preview:large, max-video-preview:-1\" \/>\n<link rel=\"canonical\" href=\"https:\/\/www.icip.cat\/ca\/event\/cap-a-un-model-de-seguretat-compartida\/\" \/>\n<meta property=\"og:locale\" content=\"ca_ES\" \/>\n<meta property=\"og:type\" content=\"article\" \/>\n<meta property=\"og:title\" content=\"Cap a un model de seguretat compartida - ICIP\" \/>\n<meta property=\"og:description\" content=\"El dimecres 25 de maig, el president de l&#039;ICIP, Xavier Masllorens, far\u00e0 una xerrada a la Casa de Cultura de Girona.\" \/>\n<meta property=\"og:url\" content=\"https:\/\/www.icip.cat\/ca\/event\/cap-a-un-model-de-seguretat-compartida\/\" \/>\n<meta property=\"og:site_name\" content=\"ICIP\" \/>\n<meta property=\"article:modified_time\" content=\"2022-05-21T14:36:53+00:00\" \/>\n<meta property=\"og:image\" content=\"https:\/\/www.icip.cat\/wp-content\/uploads\/2021\/05\/xavierweb-1.png\" \/>\n\t<meta property=\"og:image:width\" content=\"238\" \/>\n\t<meta property=\"og:image:height\" content=\"200\" \/>\n\t<meta property=\"og:image:type\" content=\"image\/png\" \/>\n<meta name=\"twitter:card\" content=\"summary_large_image\" \/>\n<meta name=\"twitter:label1\" content=\"Temps estimat de lectura\" \/>\n\t<meta name=\"twitter:data1\" content=\"1 minut\" \/>\n<script type=\"application\/ld+json\" class=\"yoast-schema-graph\">{\"@context\":\"https:\/\/schema.org\",\"@graph\":[{\"@type\":\"WebPage\",\"@id\":\"https:\/\/www.icip.cat\/ca\/event\/cap-a-un-model-de-seguretat-compartida\/\",\"url\":\"https:\/\/www.icip.cat\/ca\/event\/cap-a-un-model-de-seguretat-compartida\/\",\"name\":\"Cap a un model de seguretat compartida - ICIP\",\"isPartOf\":{\"@id\":\"https:\/\/www.icip.cat\/ca\/#website\"},\"primaryImageOfPage\":{\"@id\":\"https:\/\/www.icip.cat\/ca\/event\/cap-a-un-model-de-seguretat-compartida\/#primaryimage\"},\"image\":{\"@id\":\"https:\/\/www.icip.cat\/ca\/event\/cap-a-un-model-de-seguretat-compartida\/#primaryimage\"},\"thumbnailUrl\":\"https:\/\/www.icip.cat\/wp-content\/uploads\/2021\/05\/xavierweb-1.png\",\"datePublished\":\"2022-05-19T08:06:33+00:00\",\"dateModified\":\"2022-05-21T14:36:53+00:00\",\"description\":\"El dimecres 25 de maig, el president de l'ICIP, Xavier Masllorens, far\u00e0 una xerrada a la Casa de Cultura de Girona.\",\"inLanguage\":\"ca\",\"potentialAction\":[{\"@type\":\"ReadAction\",\"target\":[\"https:\/\/www.icip.cat\/ca\/event\/cap-a-un-model-de-seguretat-compartida\/\"]}]},{\"@type\":\"ImageObject\",\"inLanguage\":\"ca\",\"@id\":\"https:\/\/www.icip.cat\/ca\/event\/cap-a-un-model-de-seguretat-compartida\/#primaryimage\",\"url\":\"https:\/\/www.icip.cat\/wp-content\/uploads\/2021\/05\/xavierweb-1.png\",\"contentUrl\":\"https:\/\/www.icip.cat\/wp-content\/uploads\/2021\/05\/xavierweb-1.png\",\"width\":238,\"height\":200},{\"@type\":\"WebSite\",\"@id\":\"https:\/\/www.icip.cat\/ca\/#website\",\"url\":\"https:\/\/www.icip.cat\/ca\/\",\"name\":\"ICIP\",\"description\":\"\",\"publisher\":{\"@id\":\"https:\/\/www.icip.cat\/ca\/#organization\"},\"potentialAction\":[{\"@type\":\"SearchAction\",\"target\":{\"@type\":\"EntryPoint\",\"urlTemplate\":\"https:\/\/www.icip.cat\/ca\/?s={search_term_string}\"},\"query-input\":{\"@type\":\"PropertyValueSpecification\",\"valueRequired\":true,\"valueName\":\"search_term_string\"}}],\"inLanguage\":\"ca\"},{\"@type\":\"Organization\",\"@id\":\"https:\/\/www.icip.cat\/ca\/#organization\",\"name\":\"ICIP\",\"url\":\"https:\/\/www.icip.cat\/ca\/\",\"logo\":{\"@type\":\"ImageObject\",\"inLanguage\":\"ca\",\"@id\":\"https:\/\/www.icip.cat\/ca\/#\/schema\/logo\/image\/\",\"url\":\"https:\/\/www.icip.cat\/wp-content\/uploads\/2021\/02\/logo-2.png\",\"contentUrl\":\"https:\/\/www.icip.cat\/wp-content\/uploads\/2021\/02\/logo-2.png\",\"width\":562,\"height\":391,\"caption\":\"ICIP\"},\"image\":{\"@id\":\"https:\/\/www.icip.cat\/ca\/#\/schema\/logo\/image\/\"}}]}<\/script>\n<!-- \/ Yoast SEO plugin. -->","yoast_head_json":{"title":"Cap a un model de seguretat compartida - ICIP","description":"El dimecres 25 de maig, el president de l'ICIP, Xavier Masllorens, far\u00e0 una xerrada a la Casa de Cultura de Girona.","robots":{"index":"index","follow":"follow","max-snippet":"max-snippet:-1","max-image-preview":"max-image-preview:large","max-video-preview":"max-video-preview:-1"},"canonical":"https:\/\/www.icip.cat\/ca\/event\/cap-a-un-model-de-seguretat-compartida\/","og_locale":"ca_ES","og_type":"article","og_title":"Cap a un model de seguretat compartida - ICIP","og_description":"El dimecres 25 de maig, el president de l'ICIP, Xavier Masllorens, far\u00e0 una xerrada a la Casa de Cultura de Girona.","og_url":"https:\/\/www.icip.cat\/ca\/event\/cap-a-un-model-de-seguretat-compartida\/","og_site_name":"ICIP","article_modified_time":"2022-05-21T14:36:53+00:00","og_image":[{"width":238,"height":200,"url":"https:\/\/www.icip.cat\/wp-content\/uploads\/2021\/05\/xavierweb-1.png","type":"image\/png"}],"twitter_card":"summary_large_image","twitter_misc":{"Temps estimat de lectura":"1 minut"},"schema":{"@context":"https:\/\/schema.org","@graph":[{"@type":"WebPage","@id":"https:\/\/www.icip.cat\/ca\/event\/cap-a-un-model-de-seguretat-compartida\/","url":"https:\/\/www.icip.cat\/ca\/event\/cap-a-un-model-de-seguretat-compartida\/","name":"Cap a un model de seguretat compartida - ICIP","isPartOf":{"@id":"https:\/\/www.icip.cat\/ca\/#website"},"primaryImageOfPage":{"@id":"https:\/\/www.icip.cat\/ca\/event\/cap-a-un-model-de-seguretat-compartida\/#primaryimage"},"image":{"@id":"https:\/\/www.icip.cat\/ca\/event\/cap-a-un-model-de-seguretat-compartida\/#primaryimage"},"thumbnailUrl":"https:\/\/www.icip.cat\/wp-content\/uploads\/2021\/05\/xavierweb-1.png","datePublished":"2022-05-19T08:06:33+00:00","dateModified":"2022-05-21T14:36:53+00:00","description":"El dimecres 25 de maig, el president de l'ICIP, Xavier Masllorens, far\u00e0 una xerrada a la Casa de Cultura de Girona.","inLanguage":"ca","potentialAction":[{"@type":"ReadAction","target":["https:\/\/www.icip.cat\/ca\/event\/cap-a-un-model-de-seguretat-compartida\/"]}]},{"@type":"ImageObject","inLanguage":"ca","@id":"https:\/\/www.icip.cat\/ca\/event\/cap-a-un-model-de-seguretat-compartida\/#primaryimage","url":"https:\/\/www.icip.cat\/wp-content\/uploads\/2021\/05\/xavierweb-1.png","contentUrl":"https:\/\/www.icip.cat\/wp-content\/uploads\/2021\/05\/xavierweb-1.png","width":238,"height":200},{"@type":"WebSite","@id":"https:\/\/www.icip.cat\/ca\/#website","url":"https:\/\/www.icip.cat\/ca\/","name":"ICIP","description":"","publisher":{"@id":"https:\/\/www.icip.cat\/ca\/#organization"},"potentialAction":[{"@type":"SearchAction","target":{"@type":"EntryPoint","urlTemplate":"https:\/\/www.icip.cat\/ca\/?s={search_term_string}"},"query-input":{"@type":"PropertyValueSpecification","valueRequired":true,"valueName":"search_term_string"}}],"inLanguage":"ca"},{"@type":"Organization","@id":"https:\/\/www.icip.cat\/ca\/#organization","name":"ICIP","url":"https:\/\/www.icip.cat\/ca\/","logo":{"@type":"ImageObject","inLanguage":"ca","@id":"https:\/\/www.icip.cat\/ca\/#\/schema\/logo\/image\/","url":"https:\/\/www.icip.cat\/wp-content\/uploads\/2021\/02\/logo-2.png","contentUrl":"https:\/\/www.icip.cat\/wp-content\/uploads\/2021\/02\/logo-2.png","width":562,"height":391,"caption":"ICIP"},"image":{"@id":"https:\/\/www.icip.cat\/ca\/#\/schema\/logo\/image\/"}}]}},"_links":{"self":[{"href":"https:\/\/www.icip.cat\/ca\/wp-json\/wp\/v2\/icip_event\/27995","targetHints":{"allow":["GET"]}}],"collection":[{"href":"https:\/\/www.icip.cat\/ca\/wp-json\/wp\/v2\/icip_event"}],"about":[{"href":"https:\/\/www.icip.cat\/ca\/wp-json\/wp\/v2\/types\/icip_event"}],"version-history":[{"count":8,"href":"https:\/\/www.icip.cat\/ca\/wp-json\/wp\/v2\/icip_event\/27995\/revisions"}],"predecessor-version":[{"id":28196,"href":"https:\/\/www.icip.cat\/ca\/wp-json\/wp\/v2\/icip_event\/27995\/revisions\/28196"}],"wp:featuredmedia":[{"embeddable":true,"href":"https:\/\/www.icip.cat\/ca\/wp-json\/wp\/v2\/media\/19912"}],"wp:attachment":[{"href":"https:\/\/www.icip.cat\/ca\/wp-json\/wp\/v2\/media?parent=27995"}],"curies":[{"name":"wp","href":"https:\/\/api.w.org\/{rel}","templated":true}]}}

<p>El dimecres 25 de maig, el president de l&#8217;ICIP, <strong>Xavier Masllorens</strong>, farà una xerrada a la <a href="https://casadecultura.org/" target="_blank" rel="noreferrer noopener">Casa de Cultura de Girona</a> titulada &#8220;Cap a un model de seguretat compartida: resolució de conflictes i noviolència&#8221;, a les 7 de la tarda. </p>



<p>És possible actuar sense violència en un conflicte bèl·lic? Respondre-hi amb mitjans pacífics? Qualsevol guerra atempta contra els valors de l&#8217;Economia del Bé Comú. Masllorens parlarà dels conflictes, del model de seguretat actual i de la possible alternativa noviolenta. L&#8217;acte inclourà un col·loqui amb els assistents. </p>



<p>L&#8217;organització de la conferència és a càrrec del grup local a Girona de l&#8217;<a href="https://www.ebcgirona.cat/#" target="_blank" rel="noreferrer noopener">EBC</a> (Economia del Bé Comú). Es tracta d&#8217;una activitat gratuïta i sense inscripció prèvia.  L&#8217;acte també es retransmetrà en directe a la web de l&#8217;<a href="https://www.ebcgirona.cat/" target="_blank" rel="noreferrer noopener">EBC Girona</a>. </p>

<!-- This site is optimized with the Yoast SEO plugin v25.6 - https://yoast.com/wordpress/plugins/seo/ -->
<title>Cap a un model de seguretat compartida - ICIP</title>
<meta name="description" content="El dimecres 25 de maig, el president de l&#039;ICIP, Xavier Masllorens, farà una xerrada a la Casa de Cultura de Girona." />
<meta name="robots" content="index, follow, max-snippet:-1, max-image-preview:large, max-video-preview:-1" />
<link rel="canonical" href="https://www.icip.cat/ca/event/cap-a-un-model-de-seguretat-compartida/" />
<meta property="og:locale" content="ca_ES" />
<meta property="og:type" content="article" />
<meta property="og:title" content="Cap a un model de seguretat compartida - ICIP" />
<meta property="og:description" content="El dimecres 25 de maig, el president de l&#039;ICIP, Xavier Masllorens, farà una xerrada a la Casa de Cultura de Girona." />
<meta property="og:url" content="https://www.icip.cat/ca/event/cap-a-un-model-de-seguretat-compartida/" />
<meta property="og:site_name" content="ICIP" />
<meta property="article:modified_time" content="2022-05-21T14:36:53+00:00" />
<meta property="og:image" content="https://www.icip.cat/wp-content/uploads/2021/05/xavierweb-1.png" />
	<meta property="og:image:width" content="238" />
	<meta property="og:image:height" content="200" />
	<meta property="og:image:type" content="image/png" />
<meta name="twitter:card" content="summary_large_image" />
<meta name="twitter:label1" content="Temps estimat de lectura" />
	<meta name="twitter:data1" content="1 minut" />
<script type="application/ld+json" class="yoast-schema-graph">{"@context":"https://schema.org","@graph":[{"@type":"WebPage","@id":"https://www.icip.cat/ca/event/cap-a-un-model-de-seguretat-compartida/","url":"https://www.icip.cat/ca/event/cap-a-un-model-de-seguretat-compartida/","name":"Cap a un model de seguretat compartida - ICIP","isPartOf":{"@id":"https://www.icip.cat/ca/#website"},"primaryImageOfPage":{"@id":"https://www.icip.cat/ca/event/cap-a-un-model-de-seguretat-compartida/#primaryimage"},"image":{"@id":"https://www.icip.cat/ca/event/cap-a-un-model-de-seguretat-compartida/#primaryimage"},"thumbnailUrl":"https://www.icip.cat/wp-content/uploads/2021/05/xavierweb-1.png","datePublished":"2022-05-19T08:06:33+00:00","dateModified":"2022-05-21T14:36:53+00:00","description":"El dimecres 25 de maig, el president de l'ICIP, Xavier Masllorens, farà una xerrada a la Casa de Cultura de Girona.","inLanguage":"ca","potentialAction":[{"@type":"ReadAction","target":["https://www.icip.cat/ca/event/cap-a-un-model-de-seguretat-compartida/"]}]},{"@type":"ImageObject","inLanguage":"ca","@id":"https://www.icip.cat/ca/event/cap-a-un-model-de-seguretat-compartida/#primaryimage","url":"https://www.icip.cat/wp-content/uploads/2021/05/xavierweb-1.png","contentUrl":"https://www.icip.cat/wp-content/uploads/2021/05/xavierweb-1.png","width":238,"height":200},{"@type":"WebSite","@id":"https://www.icip.cat/ca/#website","url":"https://www.icip.cat/ca/","name":"ICIP","description":"","publisher":{"@id":"https://www.icip.cat/ca/#organization"},"potentialAction":[{"@type":"SearchAction","target":{"@type":"EntryPoint","urlTemplate":"https://www.icip.cat/ca/?s={search_term_string}"},"query-input":{"@type":"PropertyValueSpecification","valueRequired":true,"valueName":"search_term_string"}}],"inLanguage":"ca"},{"@type":"Organization","@id":"https://www.icip.cat/ca/#organization","name":"ICIP","url":"https://www.icip.cat/ca/","logo":{"@type":"ImageObject","inLanguage":"ca","@id":"https://www.icip.cat/ca/#/schema/logo/image/","url":"https://www.icip.cat/wp-content/uploads/2021/02/logo-2.png","contentUrl":"https://www.icip.cat/wp-content/uploads/2021/02/logo-2.png","width":562,"height":391,"caption":"ICIP"},"image":{"@id":"https://www.icip.cat/ca/#/schema/logo/image/"}}]}</script>
<!-- / Yoast SEO plugin. -->

El dimecres 25 de maig, el president de l'ICIP, Xavier Masllorens, farà una xerrada a la Casa de Cultura de Girona.
