{"id":29023,"date":"2022-06-10T08:28:41","date_gmt":"2022-06-10T08:28:41","guid":{"rendered":"https:\/\/www.icip.cat\/?post_type=icip_event&#038;p=29023"},"modified":"2022-06-10T08:31:19","modified_gmt":"2022-06-10T08:31:19","slug":"lexposicio-cara-a-cara-amb-les-violencies-a-sant-cugat","status":"publish","type":"icip_event","link":"https:\/\/www.icip.cat\/ca\/event\/lexposicio-cara-a-cara-amb-les-violencies-a-sant-cugat\/","title":{"rendered":"L\u2019exposici\u00f3 \u201cCara a cara amb les viol\u00e8ncies\u201d, a Sant Cugat del Vall\u00e8s"},"content":{"rendered":"\n<p id=\"block-98afcfad-b854-4974-801d-b8fceb8a4b8a\">L\u2019exposici\u00f3 \u201c<a href=\"https:\/\/www.icip.cat\/ca\/exposition\/cara-a-cara-amb-les-violencies\/\" target=\"_blank\" rel=\"noreferrer noopener\">Cara a cara amb les viol\u00e8ncies. Relats de resili\u00e8ncia a Centream\u00e8rica<\/a>\u201c, inaugurada el passat mes d\u2019octubre a Barcelona en el marc del II Congr\u00e9s Mundial per la Pau, continua recorrent el territori catal\u00e0 i arriba aquest mes de juny a Sant Cugat del Vall\u00e8s (Vall\u00e8s Occidental). Concretament, la mostra es podr\u00e0 veure al Parc Central del 8 al 26 de juny. <\/p>\n\n\n\n<p id=\"block-38db0d1e-12c4-46fa-bd90-90e0e030266b\">L\u2019exposici\u00f3, creada pel col\u00b7lectiu <a href=\"https:\/\/www.ruidophoto.com\/es\/\">Ruido Photo<\/a> i produ\u00efda per l\u2019ICIP, forma part de la tercera edici\u00f3 de <a href=\"https:\/\/www.cugat.cat\/agenda\/programes\/luminic\">Lum\u00ednic &#8211; Festival de Fotografia de Sant Cugat<\/a>, que es far\u00e0 de l&#8217;11 de juny al 17 de juliol.<\/p>\n\n\n\n<p id=\"block-8678a99b-84d5-464c-8125-8ae65baa193a\"><strong>Plantar cara a les viol\u00e8ncies<\/strong><\/p>\n\n\n\n<p id=\"block-001ba846-ea1d-4af6-be70-066d974a656e\">A trav\u00e9s de la fotografia i d\u2019entrevistes, l\u2019exposici\u00f3 fa un recorregut per les m\u00faltiples cares de les viol\u00e8ncies que afecten la vida quotidiana a tres pa\u00efsos de Centream\u00e8rica, coneguts com el Triangle Nord:&nbsp;<strong>El Salvador, Guatemala&nbsp;<\/strong>i<strong>&nbsp;Hondures<\/strong>.<\/p>\n\n\n\n<p id=\"block-4ffc7598-fc39-4b2a-95d2-4d10d15dcb75\">Les xifres s\u00f3n alarmants: de mitjana cada 40 minuts una persona \u00e9s assassinada. Extorsions, violacions, segrestos, assassinats i desaparicions, per\u00f2 tamb\u00e9 situacions de pobresa i exclusi\u00f3 social, formen part del dia a dia de bona part de la poblaci\u00f3, especialment la m\u00e9s vulnerable.<\/p>\n\n\n\n<p>Per\u00f2, en aquest context hostil de viol\u00e8ncia, l\u2019exposici\u00f3 tamb\u00e9 dona veu a les persones que lluiten, dia a dia, per&nbsp;<strong>transformar la realitat<\/strong>&nbsp;a partir d\u2019iniciatives educadores, de sensibilitzaci\u00f3, de cures i solidaritat. Persones valentes que tiren endavant projectes amb una sorprenent capacitat de resili\u00e8ncia, que demostren que la hist\u00f2ria no est\u00e0 escrita i que hi ha un potencial extraordinari per avan\u00e7ar cap a la pau.<\/p>\n\n\n\n<div class=\"wp-block-image\"><figure class=\"aligncenter size-large\"><img fetchpriority=\"high\" decoding=\"async\" width=\"1024\" height=\"768\" src=\"https:\/\/www.icip.cat\/wp-content\/uploads\/2022\/06\/IMG-20220607-WA0009-1024x768.jpg\" alt=\"\" class=\"wp-image-29024\" srcset=\"https:\/\/www.icip.cat\/wp-content\/uploads\/2022\/06\/IMG-20220607-WA0009-1024x768.jpg 1024w, https:\/\/www.icip.cat\/wp-content\/uploads\/2022\/06\/IMG-20220607-WA0009-300x225.jpg 300w, https:\/\/www.icip.cat\/wp-content\/uploads\/2022\/06\/IMG-20220607-WA0009-768x576.jpg 768w, https:\/\/www.icip.cat\/wp-content\/uploads\/2022\/06\/IMG-20220607-WA0009-1536x1152.jpg 1536w, https:\/\/www.icip.cat\/wp-content\/uploads\/2022\/06\/IMG-20220607-WA0009.jpg 1600w\" sizes=\"(max-width: 1024px) 100vw, 1024px\" \/><figcaption>L&#8217;exposici\u00f3 es pot veure al Parc Central de Sant Cugat. <\/figcaption><\/figure><\/div>\n","protected":false},"featured_media":27519,"template":"","class_list":["post-29023","icip_event","type-icip_event","status-publish","has-post-thumbnail","hentry"],"acf":[],"yoast_head":"<!-- This site is optimized with the Yoast SEO plugin v25.6 - https:\/\/yoast.com\/wordpress\/plugins\/seo\/ -->\n<title>L\u2019exposici\u00f3 \u201cCara a cara amb les viol\u00e8ncies\u201d, a Sant Cugat del Vall\u00e8s - ICIP<\/title>\n<meta name=\"description\" content=\"La mostra es pot veure al Parc Central del 8 al 26 de juny i forma part del Lum\u00ednic - Festival de Fotografia de Sant Cugat.\" \/>\n<meta name=\"robots\" content=\"index, follow, max-snippet:-1, max-image-preview:large, max-video-preview:-1\" \/>\n<link rel=\"canonical\" href=\"https:\/\/www.icip.cat\/ca\/event\/lexposicio-cara-a-cara-amb-les-violencies-a-sant-cugat\/\" \/>\n<meta property=\"og:locale\" content=\"ca_ES\" \/>\n<meta property=\"og:type\" content=\"article\" \/>\n<meta property=\"og:title\" content=\"L\u2019exposici\u00f3 \u201cCara a cara amb les viol\u00e8ncies\u201d, a Sant Cugat del Vall\u00e8s - ICIP\" \/>\n<meta property=\"og:description\" content=\"La mostra es pot veure al Parc Central del 8 al 26 de juny i forma part del Lum\u00ednic - Festival de Fotografia de Sant Cugat.\" \/>\n<meta property=\"og:url\" content=\"https:\/\/www.icip.cat\/ca\/event\/lexposicio-cara-a-cara-amb-les-violencies-a-sant-cugat\/\" \/>\n<meta property=\"og:site_name\" content=\"ICIP\" \/>\n<meta property=\"article:modified_time\" content=\"2022-06-10T08:31:19+00:00\" \/>\n<meta property=\"og:image\" content=\"https:\/\/www.icip.cat\/wp-content\/uploads\/2022\/05\/Article-Sabina-Puig.jpg\" \/>\n\t<meta property=\"og:image:width\" content=\"2500\" \/>\n\t<meta property=\"og:image:height\" content=\"1667\" \/>\n\t<meta property=\"og:image:type\" content=\"image\/jpeg\" \/>\n<meta name=\"twitter:card\" content=\"summary_large_image\" \/>\n<meta name=\"twitter:label1\" content=\"Temps estimat de lectura\" \/>\n\t<meta name=\"twitter:data1\" content=\"2 minuts\" \/>\n<script type=\"application\/ld+json\" class=\"yoast-schema-graph\">{\"@context\":\"https:\/\/schema.org\",\"@graph\":[{\"@type\":\"WebPage\",\"@id\":\"https:\/\/www.icip.cat\/ca\/event\/lexposicio-cara-a-cara-amb-les-violencies-a-sant-cugat\/\",\"url\":\"https:\/\/www.icip.cat\/ca\/event\/lexposicio-cara-a-cara-amb-les-violencies-a-sant-cugat\/\",\"name\":\"L\u2019exposici\u00f3 \u201cCara a cara amb les viol\u00e8ncies\u201d, a Sant Cugat del Vall\u00e8s - ICIP\",\"isPartOf\":{\"@id\":\"https:\/\/www.icip.cat\/ca\/#website\"},\"primaryImageOfPage\":{\"@id\":\"https:\/\/www.icip.cat\/ca\/event\/lexposicio-cara-a-cara-amb-les-violencies-a-sant-cugat\/#primaryimage\"},\"image\":{\"@id\":\"https:\/\/www.icip.cat\/ca\/event\/lexposicio-cara-a-cara-amb-les-violencies-a-sant-cugat\/#primaryimage\"},\"thumbnailUrl\":\"https:\/\/www.icip.cat\/wp-content\/uploads\/2022\/05\/Article-Sabina-Puig.jpg\",\"datePublished\":\"2022-06-10T08:28:41+00:00\",\"dateModified\":\"2022-06-10T08:31:19+00:00\",\"description\":\"La mostra es pot veure al Parc Central del 8 al 26 de juny i forma part del Lum\u00ednic - Festival de Fotografia de Sant Cugat.\",\"inLanguage\":\"ca\",\"potentialAction\":[{\"@type\":\"ReadAction\",\"target\":[\"https:\/\/www.icip.cat\/ca\/event\/lexposicio-cara-a-cara-amb-les-violencies-a-sant-cugat\/\"]}]},{\"@type\":\"ImageObject\",\"inLanguage\":\"ca\",\"@id\":\"https:\/\/www.icip.cat\/ca\/event\/lexposicio-cara-a-cara-amb-les-violencies-a-sant-cugat\/#primaryimage\",\"url\":\"https:\/\/www.icip.cat\/wp-content\/uploads\/2022\/05\/Article-Sabina-Puig.jpg\",\"contentUrl\":\"https:\/\/www.icip.cat\/wp-content\/uploads\/2022\/05\/Article-Sabina-Puig.jpg\",\"width\":2500,\"height\":1667},{\"@type\":\"WebSite\",\"@id\":\"https:\/\/www.icip.cat\/ca\/#website\",\"url\":\"https:\/\/www.icip.cat\/ca\/\",\"name\":\"ICIP\",\"description\":\"\",\"publisher\":{\"@id\":\"https:\/\/www.icip.cat\/ca\/#organization\"},\"potentialAction\":[{\"@type\":\"SearchAction\",\"target\":{\"@type\":\"EntryPoint\",\"urlTemplate\":\"https:\/\/www.icip.cat\/ca\/?s={search_term_string}\"},\"query-input\":{\"@type\":\"PropertyValueSpecification\",\"valueRequired\":true,\"valueName\":\"search_term_string\"}}],\"inLanguage\":\"ca\"},{\"@type\":\"Organization\",\"@id\":\"https:\/\/www.icip.cat\/ca\/#organization\",\"name\":\"ICIP\",\"url\":\"https:\/\/www.icip.cat\/ca\/\",\"logo\":{\"@type\":\"ImageObject\",\"inLanguage\":\"ca\",\"@id\":\"https:\/\/www.icip.cat\/ca\/#\/schema\/logo\/image\/\",\"url\":\"https:\/\/www.icip.cat\/wp-content\/uploads\/2021\/02\/logo-2.png\",\"contentUrl\":\"https:\/\/www.icip.cat\/wp-content\/uploads\/2021\/02\/logo-2.png\",\"width\":562,\"height\":391,\"caption\":\"ICIP\"},\"image\":{\"@id\":\"https:\/\/www.icip.cat\/ca\/#\/schema\/logo\/image\/\"}}]}<\/script>\n<!-- \/ Yoast SEO plugin. -->","yoast_head_json":{"title":"L\u2019exposici\u00f3 \u201cCara a cara amb les viol\u00e8ncies\u201d, a Sant Cugat del Vall\u00e8s - ICIP","description":"La mostra es pot veure al Parc Central del 8 al 26 de juny i forma part del Lum\u00ednic - Festival de Fotografia de Sant Cugat.","robots":{"index":"index","follow":"follow","max-snippet":"max-snippet:-1","max-image-preview":"max-image-preview:large","max-video-preview":"max-video-preview:-1"},"canonical":"https:\/\/www.icip.cat\/ca\/event\/lexposicio-cara-a-cara-amb-les-violencies-a-sant-cugat\/","og_locale":"ca_ES","og_type":"article","og_title":"L\u2019exposici\u00f3 \u201cCara a cara amb les viol\u00e8ncies\u201d, a Sant Cugat del Vall\u00e8s - ICIP","og_description":"La mostra es pot veure al Parc Central del 8 al 26 de juny i forma part del Lum\u00ednic - Festival de Fotografia de Sant Cugat.","og_url":"https:\/\/www.icip.cat\/ca\/event\/lexposicio-cara-a-cara-amb-les-violencies-a-sant-cugat\/","og_site_name":"ICIP","article_modified_time":"2022-06-10T08:31:19+00:00","og_image":[{"width":2500,"height":1667,"url":"https:\/\/www.icip.cat\/wp-content\/uploads\/2022\/05\/Article-Sabina-Puig.jpg","type":"image\/jpeg"}],"twitter_card":"summary_large_image","twitter_misc":{"Temps estimat de lectura":"2 minuts"},"schema":{"@context":"https:\/\/schema.org","@graph":[{"@type":"WebPage","@id":"https:\/\/www.icip.cat\/ca\/event\/lexposicio-cara-a-cara-amb-les-violencies-a-sant-cugat\/","url":"https:\/\/www.icip.cat\/ca\/event\/lexposicio-cara-a-cara-amb-les-violencies-a-sant-cugat\/","name":"L\u2019exposici\u00f3 \u201cCara a cara amb les viol\u00e8ncies\u201d, a Sant Cugat del Vall\u00e8s - ICIP","isPartOf":{"@id":"https:\/\/www.icip.cat\/ca\/#website"},"primaryImageOfPage":{"@id":"https:\/\/www.icip.cat\/ca\/event\/lexposicio-cara-a-cara-amb-les-violencies-a-sant-cugat\/#primaryimage"},"image":{"@id":"https:\/\/www.icip.cat\/ca\/event\/lexposicio-cara-a-cara-amb-les-violencies-a-sant-cugat\/#primaryimage"},"thumbnailUrl":"https:\/\/www.icip.cat\/wp-content\/uploads\/2022\/05\/Article-Sabina-Puig.jpg","datePublished":"2022-06-10T08:28:41+00:00","dateModified":"2022-06-10T08:31:19+00:00","description":"La mostra es pot veure al Parc Central del 8 al 26 de juny i forma part del Lum\u00ednic - Festival de Fotografia de Sant Cugat.","inLanguage":"ca","potentialAction":[{"@type":"ReadAction","target":["https:\/\/www.icip.cat\/ca\/event\/lexposicio-cara-a-cara-amb-les-violencies-a-sant-cugat\/"]}]},{"@type":"ImageObject","inLanguage":"ca","@id":"https:\/\/www.icip.cat\/ca\/event\/lexposicio-cara-a-cara-amb-les-violencies-a-sant-cugat\/#primaryimage","url":"https:\/\/www.icip.cat\/wp-content\/uploads\/2022\/05\/Article-Sabina-Puig.jpg","contentUrl":"https:\/\/www.icip.cat\/wp-content\/uploads\/2022\/05\/Article-Sabina-Puig.jpg","width":2500,"height":1667},{"@type":"WebSite","@id":"https:\/\/www.icip.cat\/ca\/#website","url":"https:\/\/www.icip.cat\/ca\/","name":"ICIP","description":"","publisher":{"@id":"https:\/\/www.icip.cat\/ca\/#organization"},"potentialAction":[{"@type":"SearchAction","target":{"@type":"EntryPoint","urlTemplate":"https:\/\/www.icip.cat\/ca\/?s={search_term_string}"},"query-input":{"@type":"PropertyValueSpecification","valueRequired":true,"valueName":"search_term_string"}}],"inLanguage":"ca"},{"@type":"Organization","@id":"https:\/\/www.icip.cat\/ca\/#organization","name":"ICIP","url":"https:\/\/www.icip.cat\/ca\/","logo":{"@type":"ImageObject","inLanguage":"ca","@id":"https:\/\/www.icip.cat\/ca\/#\/schema\/logo\/image\/","url":"https:\/\/www.icip.cat\/wp-content\/uploads\/2021\/02\/logo-2.png","contentUrl":"https:\/\/www.icip.cat\/wp-content\/uploads\/2021\/02\/logo-2.png","width":562,"height":391,"caption":"ICIP"},"image":{"@id":"https:\/\/www.icip.cat\/ca\/#\/schema\/logo\/image\/"}}]}},"_links":{"self":[{"href":"https:\/\/www.icip.cat\/ca\/wp-json\/wp\/v2\/icip_event\/29023","targetHints":{"allow":["GET"]}}],"collection":[{"href":"https:\/\/www.icip.cat\/ca\/wp-json\/wp\/v2\/icip_event"}],"about":[{"href":"https:\/\/www.icip.cat\/ca\/wp-json\/wp\/v2\/types\/icip_event"}],"version-history":[{"count":3,"href":"https:\/\/www.icip.cat\/ca\/wp-json\/wp\/v2\/icip_event\/29023\/revisions"}],"predecessor-version":[{"id":29029,"href":"https:\/\/www.icip.cat\/ca\/wp-json\/wp\/v2\/icip_event\/29023\/revisions\/29029"}],"wp:featuredmedia":[{"embeddable":true,"href":"https:\/\/www.icip.cat\/ca\/wp-json\/wp\/v2\/media\/27519"}],"wp:attachment":[{"href":"https:\/\/www.icip.cat\/ca\/wp-json\/wp\/v2\/media?parent=29023"}],"curies":[{"name":"wp","href":"https:\/\/api.w.org\/{rel}","templated":true}]}}

L’exposició “Cara a cara amb les violències”, a Sant Cugat del Vallès

<p id="block-98afcfad-b854-4974-801d-b8fceb8a4b8a">L’exposició “<a href="https://www.icip.cat/ca/exposition/cara-a-cara-amb-les-violencies/" target="_blank" rel="noreferrer noopener">Cara a cara amb les violències. Relats de resiliència a Centreamèrica</a>“, inaugurada el passat mes d’octubre a Barcelona en el marc del II Congrés Mundial per la Pau, continua recorrent el territori català i arriba aquest mes de juny a Sant Cugat del Vallès (Vallès Occidental). Concretament, la mostra es podrà veure al Parc Central del 8 al 26 de juny. </p>



<p id="block-38db0d1e-12c4-46fa-bd90-90e0e030266b">L’exposició, creada pel col·lectiu <a href="https://www.ruidophoto.com/es/">Ruido Photo</a> i produïda per l’ICIP, forma part de la tercera edició de <a href="https://www.cugat.cat/agenda/programes/luminic">Lumínic &#8211; Festival de Fotografia de Sant Cugat</a>, que es farà de l&#8217;11 de juny al 17 de juliol.</p>



<p id="block-8678a99b-84d5-464c-8125-8ae65baa193a"><strong>Plantar cara a les violències</strong></p>



<p id="block-001ba846-ea1d-4af6-be70-066d974a656e">A través de la fotografia i d’entrevistes, l’exposició fa un recorregut per les múltiples cares de les violències que afecten la vida quotidiana a tres països de Centreamèrica, coneguts com el Triangle Nord:&nbsp;<strong>El Salvador, Guatemala&nbsp;</strong>i<strong>&nbsp;Hondures</strong>.</p>



<p id="block-4ffc7598-fc39-4b2a-95d2-4d10d15dcb75">Les xifres són alarmants: de mitjana cada 40 minuts una persona és assassinada. Extorsions, violacions, segrestos, assassinats i desaparicions, però també situacions de pobresa i exclusió social, formen part del dia a dia de bona part de la població, especialment la més vulnerable.</p>



<p>Però, en aquest context hostil de violència, l’exposició també dona veu a les persones que lluiten, dia a dia, per&nbsp;<strong>transformar la realitat</strong>&nbsp;a partir d’iniciatives educadores, de sensibilització, de cures i solidaritat. Persones valentes que tiren endavant projectes amb una sorprenent capacitat de resiliència, que demostren que la història no està escrita i que hi ha un potencial extraordinari per avançar cap a la pau.</p>



<div class="wp-block-image"><figure class="aligncenter size-large"><img fetchpriority="high" decoding="async" width="1024" height="768" src="https://www.icip.cat/wp-content/uploads/2022/06/IMG-20220607-WA0009-1024x768.jpg" alt="" class="wp-image-29024" srcset="https://www.icip.cat/wp-content/uploads/2022/06/IMG-20220607-WA0009-1024x768.jpg 1024w, https://www.icip.cat/wp-content/uploads/2022/06/IMG-20220607-WA0009-300x225.jpg 300w, https://www.icip.cat/wp-content/uploads/2022/06/IMG-20220607-WA0009-768x576.jpg 768w, https://www.icip.cat/wp-content/uploads/2022/06/IMG-20220607-WA0009-1536x1152.jpg 1536w, https://www.icip.cat/wp-content/uploads/2022/06/IMG-20220607-WA0009.jpg 1600w" sizes="(max-width: 1024px) 100vw, 1024px" /><figcaption>L&#8217;exposició es pot veure al Parc Central de Sant Cugat. </figcaption></figure></div>

<!-- This site is optimized with the Yoast SEO plugin v25.6 - https://yoast.com/wordpress/plugins/seo/ -->
<title>L’exposició “Cara a cara amb les violències”, a Sant Cugat del Vallès - ICIP</title>
<meta name="description" content="La mostra es pot veure al Parc Central del 8 al 26 de juny i forma part del Lumínic - Festival de Fotografia de Sant Cugat." />
<meta name="robots" content="index, follow, max-snippet:-1, max-image-preview:large, max-video-preview:-1" />
<link rel="canonical" href="https://www.icip.cat/ca/event/lexposicio-cara-a-cara-amb-les-violencies-a-sant-cugat/" />
<meta property="og:locale" content="ca_ES" />
<meta property="og:type" content="article" />
<meta property="og:title" content="L’exposició “Cara a cara amb les violències”, a Sant Cugat del Vallès - ICIP" />
<meta property="og:description" content="La mostra es pot veure al Parc Central del 8 al 26 de juny i forma part del Lumínic - Festival de Fotografia de Sant Cugat." />
<meta property="og:url" content="https://www.icip.cat/ca/event/lexposicio-cara-a-cara-amb-les-violencies-a-sant-cugat/" />
<meta property="og:site_name" content="ICIP" />
<meta property="article:modified_time" content="2022-06-10T08:31:19+00:00" />
<meta property="og:image" content="https://www.icip.cat/wp-content/uploads/2022/05/Article-Sabina-Puig.jpg" />
	<meta property="og:image:width" content="2500" />
	<meta property="og:image:height" content="1667" />
	<meta property="og:image:type" content="image/jpeg" />
<meta name="twitter:card" content="summary_large_image" />
<meta name="twitter:label1" content="Temps estimat de lectura" />
	<meta name="twitter:data1" content="2 minuts" />
<script type="application/ld+json" class="yoast-schema-graph">{"@context":"https://schema.org","@graph":[{"@type":"WebPage","@id":"https://www.icip.cat/ca/event/lexposicio-cara-a-cara-amb-les-violencies-a-sant-cugat/","url":"https://www.icip.cat/ca/event/lexposicio-cara-a-cara-amb-les-violencies-a-sant-cugat/","name":"L’exposició “Cara a cara amb les violències”, a Sant Cugat del Vallès - ICIP","isPartOf":{"@id":"https://www.icip.cat/ca/#website"},"primaryImageOfPage":{"@id":"https://www.icip.cat/ca/event/lexposicio-cara-a-cara-amb-les-violencies-a-sant-cugat/#primaryimage"},"image":{"@id":"https://www.icip.cat/ca/event/lexposicio-cara-a-cara-amb-les-violencies-a-sant-cugat/#primaryimage"},"thumbnailUrl":"https://www.icip.cat/wp-content/uploads/2022/05/Article-Sabina-Puig.jpg","datePublished":"2022-06-10T08:28:41+00:00","dateModified":"2022-06-10T08:31:19+00:00","description":"La mostra es pot veure al Parc Central del 8 al 26 de juny i forma part del Lumínic - Festival de Fotografia de Sant Cugat.","inLanguage":"ca","potentialAction":[{"@type":"ReadAction","target":["https://www.icip.cat/ca/event/lexposicio-cara-a-cara-amb-les-violencies-a-sant-cugat/"]}]},{"@type":"ImageObject","inLanguage":"ca","@id":"https://www.icip.cat/ca/event/lexposicio-cara-a-cara-amb-les-violencies-a-sant-cugat/#primaryimage","url":"https://www.icip.cat/wp-content/uploads/2022/05/Article-Sabina-Puig.jpg","contentUrl":"https://www.icip.cat/wp-content/uploads/2022/05/Article-Sabina-Puig.jpg","width":2500,"height":1667},{"@type":"WebSite","@id":"https://www.icip.cat/ca/#website","url":"https://www.icip.cat/ca/","name":"ICIP","description":"","publisher":{"@id":"https://www.icip.cat/ca/#organization"},"potentialAction":[{"@type":"SearchAction","target":{"@type":"EntryPoint","urlTemplate":"https://www.icip.cat/ca/?s={search_term_string}"},"query-input":{"@type":"PropertyValueSpecification","valueRequired":true,"valueName":"search_term_string"}}],"inLanguage":"ca"},{"@type":"Organization","@id":"https://www.icip.cat/ca/#organization","name":"ICIP","url":"https://www.icip.cat/ca/","logo":{"@type":"ImageObject","inLanguage":"ca","@id":"https://www.icip.cat/ca/#/schema/logo/image/","url":"https://www.icip.cat/wp-content/uploads/2021/02/logo-2.png","contentUrl":"https://www.icip.cat/wp-content/uploads/2021/02/logo-2.png","width":562,"height":391,"caption":"ICIP"},"image":{"@id":"https://www.icip.cat/ca/#/schema/logo/image/"}}]}</script>
<!-- / Yoast SEO plugin. -->

L’exposició “Cara a cara amb les violències”, a Sant Cugat del Vallès - ICIP

La mostra es pot veure al Parc Central del 8 al 26 de juny i forma part del Lumínic - Festival de Fotografia de Sant Cugat.
