{"id":30260,"date":"2022-07-20T08:07:45","date_gmt":"2022-07-20T08:07:45","guid":{"rendered":"https:\/\/www.icip.cat\/?post_type=icip_event&#038;p=30260"},"modified":"2022-09-19T12:24:27","modified_gmt":"2022-09-19T12:24:27","slug":"lliurament-del-premi-icip-construccio-de-pau-2022","status":"publish","type":"icip_event","link":"https:\/\/www.icip.cat\/ca\/event\/lliurament-del-premi-icip-construccio-de-pau-2022\/","title":{"rendered":"Lliurament del Premi ICIP Construcci\u00f3 de Pau 2022"},"content":{"rendered":"\n<p>El dimecres 21 de setembre, coincidint amb la commemoraci\u00f3 del Dia Internacional de la Pau, se celebrar\u00e0 al Parlament de Catalunya la cerim\u00f2nia de lliurament del <a href=\"https:\/\/www.icip.cat\/ca\/el-premi-icip-construccio-de-pau-2022-guardona-el-teixit-associatiu-del-pais-basc-en-favor-de-la-pau\/\" target=\"_blank\" rel=\"noreferrer noopener\">Premi ICIP Construcci\u00f3 de Pau 2022<\/a>, que ha guardonat el teixit associatiu del Pa\u00eds Basc en favor de la pau.<\/p>\n\n\n\n<p>El Premi ICIP 2022 destaca <strong>el conjunt d\u2019iniciatives de pau de la societat civil del Pa\u00eds Basc \u201cper la seva contribuci\u00f3 a l\u2019aven\u00e7 de la pau, la fi de la viol\u00e8ncia pol\u00edtica i la creaci\u00f3 de nous marcs de conviv\u00e8ncia i reconciliaci\u00f3\u201d<\/strong>. Entre aquests iniciatives, s\u2019engloben nombroses entitats, col\u00b7lectius i ONG. Algunes han tingut un paper clau en avan\u00e7ar cap a la resoluci\u00f3 del conflicte, com el&nbsp;<strong>Foro Social Permanente<\/strong>&nbsp;o com les ja dissoltes&nbsp;<strong>Coordinadora Gesto por la Paz<\/strong>&nbsp;i&nbsp;<strong>Elkarri\/Lokarri<\/strong>.<\/p>\n\n\n\n<p>Tamb\u00e9 s\u2019inclouen entitats que treballen per l\u2019educaci\u00f3 per la pau, la promoci\u00f3 de la conviv\u00e8ncia i els drets humans, agrupades en el&nbsp;<strong>Foro de Asociaciones de Educaci\u00f3n en Derechos Humanos y por la Paz<\/strong>, amb un paper destacat de&nbsp;<strong>Gernika Gogoratuz<\/strong>. Finalment, el premi destaca les experi\u00e8ncies de di\u00e0leg protagonitzades per v\u00edctimes, com ara els&nbsp;<strong>Encuentros Ciudadanos-Memoria Lab<\/strong>&nbsp;o els&nbsp;<strong>Encuentros restaurativos<\/strong>&nbsp;entre presos i v\u00edctimes d\u2019ETA.<\/p>\n\n\n\n<p><strong>Participants a l&#8217;acte<\/strong><\/p>\n\n\n\n<p>La cerim\u00f2nia de lliurament del Premi ICIP 2022 comen\u00e7ar\u00e0 a les 17.30h i ser\u00e0 presidida per la vicepresidenta primera en funcions de presidenta del Parlament de Catalunya, <strong>Alba Verg\u00e9s<\/strong>, i el president de l\u2019ICIP, <strong>Xavier Masllorens<\/strong>. Enguany la glossa dels col\u00b7lectius premiats anir\u00e0 a c\u00e0rrec de l\u2019exdirector de FundiPau, <strong>Jordi Armadans<\/strong>, entitat que va presentar la candidatura guardonada.<\/p>\n\n\n\n<p>El guard\u00f3 el recolliran la directora de Gernika Gogoratuz, <strong>Maria Oianguren<\/strong>, i el participant del Foro Social Permanente, <strong>Eneko Calle<\/strong>, en representaci\u00f3 als diversos col\u00b7lectius premiats.<\/p>\n\n\n\n<p>La cerim\u00f2nia comptar\u00e0 amb l\u2019assist\u00e8ncia d\u2019actors clau en la transformaci\u00f3 del conflicte basc, com <strong>Paul R\u00edos<\/strong>, organitzador de la Confer\u00e8ncia Internacional de Pau d\u2019Aiete que Lokarri va promoure el 2011 i en la qual van assistir personalitats internacionals; <strong>Agus Hernan<\/strong>, coordinador del Foro Social Permanente; <strong>Aitziber Blanco<\/strong>, facilitadora de processos de mediaci\u00f3 entre la societat basca; <strong>Maider Mara\u00f1a<\/strong>, membre de Baketik; o <strong>I\u00f1igo Retolaza<\/strong>, facilitador d\u2019espais de construcci\u00f3 social de la mem\u00f2ria al Pa\u00eds Basc.<\/p>\n\n\n\n<p>En finalitzar l&#8217;acte s&#8217;oferir\u00e0 una copa de cava. <\/p>\n\n\n\n<p>Per assistir a l&#8217;acte al Parlament de Catalunya \u00e9s imprescindible inscriure&#8217;s a trav\u00e9s del seg\u00fcent formulari. L&#8217;acte tamb\u00e9 es podr\u00e0 seguir en directe a trav\u00e9s del <a href=\"https:\/\/www.parlament.cat\/ext\/f?p=700:1::::RP,1,CIR,RIR::\" target=\"_blank\" rel=\"noreferrer noopener\">Canal Parlament<\/a>. <\/p>\n\n\n\n<h2 class=\"has-text-align-center wp-block-heading\">Inscripcions cerim\u00f2nia Premi ICIP 2022<\/h2>\n\n\n","protected":false},"featured_media":27843,"template":"","class_list":["post-30260","icip_event","type-icip_event","status-publish","has-post-thumbnail","hentry"],"acf":[],"yoast_head":"<!-- This site is optimized with the Yoast SEO plugin v25.6 - https:\/\/yoast.com\/wordpress\/plugins\/seo\/ -->\n<title>Lliurament del Premi ICIP Construcci\u00f3 de Pau 2022 - ICIP<\/title>\n<meta name=\"description\" content=\"La cerim\u00f2nia tindr\u00e0 lloc al Parlament de Catalunya i comptar\u00e0 amb representants de les diferents entitats premiades.\" \/>\n<meta name=\"robots\" content=\"index, follow, max-snippet:-1, max-image-preview:large, max-video-preview:-1\" \/>\n<link rel=\"canonical\" href=\"https:\/\/www.icip.cat\/ca\/event\/lliurament-del-premi-icip-construccio-de-pau-2022\/\" \/>\n<meta property=\"og:locale\" content=\"ca_ES\" \/>\n<meta property=\"og:type\" content=\"article\" \/>\n<meta property=\"og:title\" content=\"Lliurament del Premi ICIP Construcci\u00f3 de Pau 2022 - ICIP\" \/>\n<meta property=\"og:description\" content=\"La cerim\u00f2nia tindr\u00e0 lloc al Parlament de Catalunya i comptar\u00e0 amb representants de les diferents entitats premiades.\" \/>\n<meta property=\"og:url\" content=\"https:\/\/www.icip.cat\/ca\/event\/lliurament-del-premi-icip-construccio-de-pau-2022\/\" \/>\n<meta property=\"og:site_name\" content=\"ICIP\" \/>\n<meta property=\"article:modified_time\" content=\"2022-09-19T12:24:27+00:00\" \/>\n<meta property=\"og:image\" content=\"https:\/\/www.icip.cat\/wp-content\/uploads\/2022\/05\/premiweb.png\" \/>\n\t<meta property=\"og:image:width\" content=\"560\" \/>\n\t<meta property=\"og:image:height\" content=\"459\" \/>\n\t<meta property=\"og:image:type\" content=\"image\/png\" \/>\n<meta name=\"twitter:card\" content=\"summary_large_image\" \/>\n<meta name=\"twitter:label1\" content=\"Temps estimat de lectura\" \/>\n\t<meta name=\"twitter:data1\" content=\"3 minuts\" \/>\n<script type=\"application\/ld+json\" class=\"yoast-schema-graph\">{\"@context\":\"https:\/\/schema.org\",\"@graph\":[{\"@type\":\"WebPage\",\"@id\":\"https:\/\/www.icip.cat\/ca\/event\/lliurament-del-premi-icip-construccio-de-pau-2022\/\",\"url\":\"https:\/\/www.icip.cat\/ca\/event\/lliurament-del-premi-icip-construccio-de-pau-2022\/\",\"name\":\"Lliurament del Premi ICIP Construcci\u00f3 de Pau 2022 - ICIP\",\"isPartOf\":{\"@id\":\"https:\/\/www.icip.cat\/ca\/#website\"},\"primaryImageOfPage\":{\"@id\":\"https:\/\/www.icip.cat\/ca\/event\/lliurament-del-premi-icip-construccio-de-pau-2022\/#primaryimage\"},\"image\":{\"@id\":\"https:\/\/www.icip.cat\/ca\/event\/lliurament-del-premi-icip-construccio-de-pau-2022\/#primaryimage\"},\"thumbnailUrl\":\"https:\/\/www.icip.cat\/wp-content\/uploads\/2022\/05\/premiweb.png\",\"datePublished\":\"2022-07-20T08:07:45+00:00\",\"dateModified\":\"2022-09-19T12:24:27+00:00\",\"description\":\"La cerim\u00f2nia tindr\u00e0 lloc al Parlament de Catalunya i comptar\u00e0 amb representants de les diferents entitats premiades.\",\"inLanguage\":\"ca\",\"potentialAction\":[{\"@type\":\"ReadAction\",\"target\":[\"https:\/\/www.icip.cat\/ca\/event\/lliurament-del-premi-icip-construccio-de-pau-2022\/\"]}]},{\"@type\":\"ImageObject\",\"inLanguage\":\"ca\",\"@id\":\"https:\/\/www.icip.cat\/ca\/event\/lliurament-del-premi-icip-construccio-de-pau-2022\/#primaryimage\",\"url\":\"https:\/\/www.icip.cat\/wp-content\/uploads\/2022\/05\/premiweb.png\",\"contentUrl\":\"https:\/\/www.icip.cat\/wp-content\/uploads\/2022\/05\/premiweb.png\",\"width\":560,\"height\":459},{\"@type\":\"WebSite\",\"@id\":\"https:\/\/www.icip.cat\/ca\/#website\",\"url\":\"https:\/\/www.icip.cat\/ca\/\",\"name\":\"ICIP\",\"description\":\"\",\"publisher\":{\"@id\":\"https:\/\/www.icip.cat\/ca\/#organization\"},\"potentialAction\":[{\"@type\":\"SearchAction\",\"target\":{\"@type\":\"EntryPoint\",\"urlTemplate\":\"https:\/\/www.icip.cat\/ca\/?s={search_term_string}\"},\"query-input\":{\"@type\":\"PropertyValueSpecification\",\"valueRequired\":true,\"valueName\":\"search_term_string\"}}],\"inLanguage\":\"ca\"},{\"@type\":\"Organization\",\"@id\":\"https:\/\/www.icip.cat\/ca\/#organization\",\"name\":\"ICIP\",\"url\":\"https:\/\/www.icip.cat\/ca\/\",\"logo\":{\"@type\":\"ImageObject\",\"inLanguage\":\"ca\",\"@id\":\"https:\/\/www.icip.cat\/ca\/#\/schema\/logo\/image\/\",\"url\":\"https:\/\/www.icip.cat\/wp-content\/uploads\/2021\/02\/logo-2.png\",\"contentUrl\":\"https:\/\/www.icip.cat\/wp-content\/uploads\/2021\/02\/logo-2.png\",\"width\":562,\"height\":391,\"caption\":\"ICIP\"},\"image\":{\"@id\":\"https:\/\/www.icip.cat\/ca\/#\/schema\/logo\/image\/\"}}]}<\/script>\n<!-- \/ Yoast SEO plugin. -->","yoast_head_json":{"title":"Lliurament del Premi ICIP Construcci\u00f3 de Pau 2022 - ICIP","description":"La cerim\u00f2nia tindr\u00e0 lloc al Parlament de Catalunya i comptar\u00e0 amb representants de les diferents entitats premiades.","robots":{"index":"index","follow":"follow","max-snippet":"max-snippet:-1","max-image-preview":"max-image-preview:large","max-video-preview":"max-video-preview:-1"},"canonical":"https:\/\/www.icip.cat\/ca\/event\/lliurament-del-premi-icip-construccio-de-pau-2022\/","og_locale":"ca_ES","og_type":"article","og_title":"Lliurament del Premi ICIP Construcci\u00f3 de Pau 2022 - ICIP","og_description":"La cerim\u00f2nia tindr\u00e0 lloc al Parlament de Catalunya i comptar\u00e0 amb representants de les diferents entitats premiades.","og_url":"https:\/\/www.icip.cat\/ca\/event\/lliurament-del-premi-icip-construccio-de-pau-2022\/","og_site_name":"ICIP","article_modified_time":"2022-09-19T12:24:27+00:00","og_image":[{"width":560,"height":459,"url":"https:\/\/www.icip.cat\/wp-content\/uploads\/2022\/05\/premiweb.png","type":"image\/png"}],"twitter_card":"summary_large_image","twitter_misc":{"Temps estimat de lectura":"3 minuts"},"schema":{"@context":"https:\/\/schema.org","@graph":[{"@type":"WebPage","@id":"https:\/\/www.icip.cat\/ca\/event\/lliurament-del-premi-icip-construccio-de-pau-2022\/","url":"https:\/\/www.icip.cat\/ca\/event\/lliurament-del-premi-icip-construccio-de-pau-2022\/","name":"Lliurament del Premi ICIP Construcci\u00f3 de Pau 2022 - ICIP","isPartOf":{"@id":"https:\/\/www.icip.cat\/ca\/#website"},"primaryImageOfPage":{"@id":"https:\/\/www.icip.cat\/ca\/event\/lliurament-del-premi-icip-construccio-de-pau-2022\/#primaryimage"},"image":{"@id":"https:\/\/www.icip.cat\/ca\/event\/lliurament-del-premi-icip-construccio-de-pau-2022\/#primaryimage"},"thumbnailUrl":"https:\/\/www.icip.cat\/wp-content\/uploads\/2022\/05\/premiweb.png","datePublished":"2022-07-20T08:07:45+00:00","dateModified":"2022-09-19T12:24:27+00:00","description":"La cerim\u00f2nia tindr\u00e0 lloc al Parlament de Catalunya i comptar\u00e0 amb representants de les diferents entitats premiades.","inLanguage":"ca","potentialAction":[{"@type":"ReadAction","target":["https:\/\/www.icip.cat\/ca\/event\/lliurament-del-premi-icip-construccio-de-pau-2022\/"]}]},{"@type":"ImageObject","inLanguage":"ca","@id":"https:\/\/www.icip.cat\/ca\/event\/lliurament-del-premi-icip-construccio-de-pau-2022\/#primaryimage","url":"https:\/\/www.icip.cat\/wp-content\/uploads\/2022\/05\/premiweb.png","contentUrl":"https:\/\/www.icip.cat\/wp-content\/uploads\/2022\/05\/premiweb.png","width":560,"height":459},{"@type":"WebSite","@id":"https:\/\/www.icip.cat\/ca\/#website","url":"https:\/\/www.icip.cat\/ca\/","name":"ICIP","description":"","publisher":{"@id":"https:\/\/www.icip.cat\/ca\/#organization"},"potentialAction":[{"@type":"SearchAction","target":{"@type":"EntryPoint","urlTemplate":"https:\/\/www.icip.cat\/ca\/?s={search_term_string}"},"query-input":{"@type":"PropertyValueSpecification","valueRequired":true,"valueName":"search_term_string"}}],"inLanguage":"ca"},{"@type":"Organization","@id":"https:\/\/www.icip.cat\/ca\/#organization","name":"ICIP","url":"https:\/\/www.icip.cat\/ca\/","logo":{"@type":"ImageObject","inLanguage":"ca","@id":"https:\/\/www.icip.cat\/ca\/#\/schema\/logo\/image\/","url":"https:\/\/www.icip.cat\/wp-content\/uploads\/2021\/02\/logo-2.png","contentUrl":"https:\/\/www.icip.cat\/wp-content\/uploads\/2021\/02\/logo-2.png","width":562,"height":391,"caption":"ICIP"},"image":{"@id":"https:\/\/www.icip.cat\/ca\/#\/schema\/logo\/image\/"}}]}},"_links":{"self":[{"href":"https:\/\/www.icip.cat\/ca\/wp-json\/wp\/v2\/icip_event\/30260","targetHints":{"allow":["GET"]}}],"collection":[{"href":"https:\/\/www.icip.cat\/ca\/wp-json\/wp\/v2\/icip_event"}],"about":[{"href":"https:\/\/www.icip.cat\/ca\/wp-json\/wp\/v2\/types\/icip_event"}],"version-history":[{"count":20,"href":"https:\/\/www.icip.cat\/ca\/wp-json\/wp\/v2\/icip_event\/30260\/revisions"}],"predecessor-version":[{"id":35313,"href":"https:\/\/www.icip.cat\/ca\/wp-json\/wp\/v2\/icip_event\/30260\/revisions\/35313"}],"wp:featuredmedia":[{"embeddable":true,"href":"https:\/\/www.icip.cat\/ca\/wp-json\/wp\/v2\/media\/27843"}],"wp:attachment":[{"href":"https:\/\/www.icip.cat\/ca\/wp-json\/wp\/v2\/media?parent=30260"}],"curies":[{"name":"wp","href":"https:\/\/api.w.org\/{rel}","templated":true}]}}

Lliurament del Premi ICIP Construcció de Pau 2022

<p>El dimecres 21 de setembre, coincidint amb la commemoració del Dia Internacional de la Pau, se celebrarà al Parlament de Catalunya la cerimònia de lliurament del <a href="https://www.icip.cat/ca/el-premi-icip-construccio-de-pau-2022-guardona-el-teixit-associatiu-del-pais-basc-en-favor-de-la-pau/" target="_blank" rel="noreferrer noopener">Premi ICIP Construcció de Pau 2022</a>, que ha guardonat el teixit associatiu del País Basc en favor de la pau.</p>



<p>El Premi ICIP 2022 destaca <strong>el conjunt d’iniciatives de pau de la societat civil del País Basc “per la seva contribució a l’avenç de la pau, la fi de la violència política i la creació de nous marcs de convivència i reconciliació”</strong>. Entre aquests iniciatives, s’engloben nombroses entitats, col·lectius i ONG. Algunes han tingut un paper clau en avançar cap a la resolució del conflicte, com el&nbsp;<strong>Foro Social Permanente</strong>&nbsp;o com les ja dissoltes&nbsp;<strong>Coordinadora Gesto por la Paz</strong>&nbsp;i&nbsp;<strong>Elkarri/Lokarri</strong>.</p>



<p>També s’inclouen entitats que treballen per l’educació per la pau, la promoció de la convivència i els drets humans, agrupades en el&nbsp;<strong>Foro de Asociaciones de Educación en Derechos Humanos y por la Paz</strong>, amb un paper destacat de&nbsp;<strong>Gernika Gogoratuz</strong>. Finalment, el premi destaca les experiències de diàleg protagonitzades per víctimes, com ara els&nbsp;<strong>Encuentros Ciudadanos-Memoria Lab</strong>&nbsp;o els&nbsp;<strong>Encuentros restaurativos</strong>&nbsp;entre presos i víctimes d’ETA.</p>



<p><strong>Participants a l&#8217;acte</strong></p>



<p>La cerimònia de lliurament del Premi ICIP 2022 començarà a les 17.30h i serà presidida per la vicepresidenta primera en funcions de presidenta del Parlament de Catalunya, <strong>Alba Vergés</strong>, i el president de l’ICIP, <strong>Xavier Masllorens</strong>. Enguany la glossa dels col·lectius premiats anirà a càrrec de l’exdirector de FundiPau, <strong>Jordi Armadans</strong>, entitat que va presentar la candidatura guardonada.</p>



<p>El guardó el recolliran la directora de Gernika Gogoratuz, <strong>Maria Oianguren</strong>, i el participant del Foro Social Permanente, <strong>Eneko Calle</strong>, en representació als diversos col·lectius premiats.</p>



<p>La cerimònia comptarà amb l’assistència d’actors clau en la transformació del conflicte basc, com <strong>Paul Ríos</strong>, organitzador de la Conferència Internacional de Pau d’Aiete que Lokarri va promoure el 2011 i en la qual van assistir personalitats internacionals; <strong>Agus Hernan</strong>, coordinador del Foro Social Permanente; <strong>Aitziber Blanco</strong>, facilitadora de processos de mediació entre la societat basca; <strong>Maider Maraña</strong>, membre de Baketik; o <strong>Iñigo Retolaza</strong>, facilitador d’espais de construcció social de la memòria al País Basc.</p>



<p>En finalitzar l&#8217;acte s&#8217;oferirà una copa de cava. </p>



<p>Per assistir a l&#8217;acte al Parlament de Catalunya és imprescindible inscriure&#8217;s a través del següent formulari. L&#8217;acte també es podrà seguir en directe a través del <a href="https://www.parlament.cat/ext/f?p=700:1::::RP,1,CIR,RIR::" target="_blank" rel="noreferrer noopener">Canal Parlament</a>. </p>



<h2 class="has-text-align-center wp-block-heading">Inscripcions cerimònia Premi ICIP 2022</h2>

<!-- This site is optimized with the Yoast SEO plugin v25.6 - https://yoast.com/wordpress/plugins/seo/ -->
<title>Lliurament del Premi ICIP Construcció de Pau 2022 - ICIP</title>
<meta name="description" content="La cerimònia tindrà lloc al Parlament de Catalunya i comptarà amb representants de les diferents entitats premiades." />
<meta name="robots" content="index, follow, max-snippet:-1, max-image-preview:large, max-video-preview:-1" />
<link rel="canonical" href="https://www.icip.cat/ca/event/lliurament-del-premi-icip-construccio-de-pau-2022/" />
<meta property="og:locale" content="ca_ES" />
<meta property="og:type" content="article" />
<meta property="og:title" content="Lliurament del Premi ICIP Construcció de Pau 2022 - ICIP" />
<meta property="og:description" content="La cerimònia tindrà lloc al Parlament de Catalunya i comptarà amb representants de les diferents entitats premiades." />
<meta property="og:url" content="https://www.icip.cat/ca/event/lliurament-del-premi-icip-construccio-de-pau-2022/" />
<meta property="og:site_name" content="ICIP" />
<meta property="article:modified_time" content="2022-09-19T12:24:27+00:00" />
<meta property="og:image" content="https://www.icip.cat/wp-content/uploads/2022/05/premiweb.png" />
	<meta property="og:image:width" content="560" />
	<meta property="og:image:height" content="459" />
	<meta property="og:image:type" content="image/png" />
<meta name="twitter:card" content="summary_large_image" />
<meta name="twitter:label1" content="Temps estimat de lectura" />
	<meta name="twitter:data1" content="3 minuts" />
<script type="application/ld+json" class="yoast-schema-graph">{"@context":"https://schema.org","@graph":[{"@type":"WebPage","@id":"https://www.icip.cat/ca/event/lliurament-del-premi-icip-construccio-de-pau-2022/","url":"https://www.icip.cat/ca/event/lliurament-del-premi-icip-construccio-de-pau-2022/","name":"Lliurament del Premi ICIP Construcció de Pau 2022 - ICIP","isPartOf":{"@id":"https://www.icip.cat/ca/#website"},"primaryImageOfPage":{"@id":"https://www.icip.cat/ca/event/lliurament-del-premi-icip-construccio-de-pau-2022/#primaryimage"},"image":{"@id":"https://www.icip.cat/ca/event/lliurament-del-premi-icip-construccio-de-pau-2022/#primaryimage"},"thumbnailUrl":"https://www.icip.cat/wp-content/uploads/2022/05/premiweb.png","datePublished":"2022-07-20T08:07:45+00:00","dateModified":"2022-09-19T12:24:27+00:00","description":"La cerimònia tindrà lloc al Parlament de Catalunya i comptarà amb representants de les diferents entitats premiades.","inLanguage":"ca","potentialAction":[{"@type":"ReadAction","target":["https://www.icip.cat/ca/event/lliurament-del-premi-icip-construccio-de-pau-2022/"]}]},{"@type":"ImageObject","inLanguage":"ca","@id":"https://www.icip.cat/ca/event/lliurament-del-premi-icip-construccio-de-pau-2022/#primaryimage","url":"https://www.icip.cat/wp-content/uploads/2022/05/premiweb.png","contentUrl":"https://www.icip.cat/wp-content/uploads/2022/05/premiweb.png","width":560,"height":459},{"@type":"WebSite","@id":"https://www.icip.cat/ca/#website","url":"https://www.icip.cat/ca/","name":"ICIP","description":"","publisher":{"@id":"https://www.icip.cat/ca/#organization"},"potentialAction":[{"@type":"SearchAction","target":{"@type":"EntryPoint","urlTemplate":"https://www.icip.cat/ca/?s={search_term_string}"},"query-input":{"@type":"PropertyValueSpecification","valueRequired":true,"valueName":"search_term_string"}}],"inLanguage":"ca"},{"@type":"Organization","@id":"https://www.icip.cat/ca/#organization","name":"ICIP","url":"https://www.icip.cat/ca/","logo":{"@type":"ImageObject","inLanguage":"ca","@id":"https://www.icip.cat/ca/#/schema/logo/image/","url":"https://www.icip.cat/wp-content/uploads/2021/02/logo-2.png","contentUrl":"https://www.icip.cat/wp-content/uploads/2021/02/logo-2.png","width":562,"height":391,"caption":"ICIP"},"image":{"@id":"https://www.icip.cat/ca/#/schema/logo/image/"}}]}</script>
<!-- / Yoast SEO plugin. -->

Lliurament del Premi ICIP Construcció de Pau 2022 - ICIP

La cerimònia tindrà lloc al Parlament de Catalunya i comptarà amb representants de les diferents entitats premiades.
