{"id":31946,"date":"2022-09-15T07:58:37","date_gmt":"2022-09-15T07:58:37","guid":{"rendered":"https:\/\/www.icip.cat\/?post_type=icip_event&#038;p=31946"},"modified":"2022-09-28T17:05:55","modified_gmt":"2022-09-28T17:05:55","slug":"dones-a-la-diaspora-el-poder-de-lart-en-la-construccio-de-pau","status":"publish","type":"icip_event","link":"https:\/\/www.icip.cat\/ca\/event\/dones-a-la-diaspora-el-poder-de-lart-en-la-construccio-de-pau\/","title":{"rendered":"Dones a la di\u00e0spora: el poder de l&#8217;art en la construcci\u00f3 de pau"},"content":{"rendered":"\n<p>El nombre de persones que actualment han de sortir del seu pa\u00eds a causa de les amenaces contra la seva vida no t\u00e9 precedents des de la Segona Guerra Mundial. A l\u2019\u00faltima d\u00e8cada hi ha hagut un increment de migraci\u00f3 for\u00e7ada derivada de conflictes armats, viol\u00e8ncia extrema, inestabilitat i repressi\u00f3 pol\u00edtica. La migraci\u00f3 for\u00e7ada, producte d\u2019un conflicte armat o repressi\u00f3, t\u00e9 un doble component traumatitzant: la victimitzaci\u00f3 al pa\u00eds d\u2019origen i les dificultats d\u2019acceptaci\u00f3 i d\u2019adaptaci\u00f3 al pa\u00eds d\u2019acollida. En el cas de les dones, existeix una identificaci\u00f3 de v\u00edctimes sense ag\u00e8ncia \u2013 com a dones i com a persones migrants -, que deixa un espai estret per a la participaci\u00f3 social i pol\u00edtica.<\/p>\n\n\n\n<p>Aquesta activitat organitzada per l&#8217;ICIP dins de la programaci\u00f3 de la tercera edici\u00f3 de la <a href=\"https:\/\/www.biennaldepensament.barcelona\/ca\" target=\"_blank\" rel=\"noreferrer noopener\">Biennal de Pensament<\/a> de Barcelona busca destacar que, davant la p\u00e8rdua de capital social i hum\u00e0 en els pa\u00efsos d\u2019origen i la falta de reconeixement a les societats de recepci\u00f3, \u00e9s necessari identificar i posar en valor qu\u00e8 fan i poden fer les persones migrades i exiliades per contribuir a la pau. En concret, <strong>recon\u00e8ixer les dones a la di\u00e0spora com a agents de canvi, amb veu pr\u00f2pia i lideratge<\/strong>.<\/p>\n\n\n\n<p>A trav\u00e9s de casos concrets, com el colombi\u00e0, el siri\u00e0 i l\u2019ucra\u00efn\u00e8s, es destacaran diverses experi\u00e8ncies de participaci\u00f3 de dones a la di\u00e0spora per a la construcci\u00f3 de pau, posant de rellev\u00e0ncia la import\u00e0ncia de l\u2019art i la cultura com a eines de sanaci\u00f3 i transformaci\u00f3 social. Hi participaran <strong>Maria del Rosario V\u00e1squez<\/strong>, de la di\u00e0spora colombiana, membre del Nido Catalunya de suport al a Comissi\u00f3 de la Veritat de Col\u00f2mbia; <strong>Anna Slizinova<\/strong>, de la di\u00e0spora ucra\u00efnesa, fundadora de Unlock Art; i una activista de la di\u00e0spora siriana. L&#8217;acte ser\u00e0 moderat per <strong>S\u00edlvia Plana<\/strong>, membre de l&#8217;equip de \u201cMem\u00f2ria, Conviv\u00e8ncia i Reconciliaci\u00f3\u201d de l&#8217;ICIP.<\/p>\n\n\n\n<p>Durant l\u2019acte <strong>es projectar\u00e0 el curt documental <em><a href=\"https:\/\/www.instagram.com\/paravolverteaver\/\" target=\"_blank\" rel=\"noreferrer noopener\">Para volverte a ver<\/a><\/em><\/strong>, produ\u00eft per l&#8217;ICIP i Mandorla Films, sobre la participaci\u00f3 a la Comissi\u00f3 de la Veritat de Col\u00f2mbia de les v\u00edctimes a l\u2019exterior. Tamb\u00e9 hi haur\u00e0 la <strong>intervenci\u00f3 musical<\/strong> d&#8217;una de les participants, la soprano Anna Slizinova.<\/p>\n\n\n\n<p>L&#8217;activitat tindr\u00e0 lloc a la <a href=\"https:\/\/www.biennaldepensament.barcelona\/ca\/espais\/biblioteca-sant-gervasi-joan-maragall\">Biblioteca Sant Gervasi-Joan Maragall<\/a> el dijous 20 d&#8217;octubre a les 18.30h. <\/p>\n","protected":false},"featured_media":31947,"template":"","class_list":["post-31946","icip_event","type-icip_event","status-publish","has-post-thumbnail","hentry"],"acf":[],"yoast_head":"<!-- This site is optimized with the Yoast SEO plugin v25.6 - https:\/\/yoast.com\/wordpress\/plugins\/seo\/ -->\n<title>Dones a la di\u00e0spora: el poder de l&#039;art en la construcci\u00f3 de pau - ICIP<\/title>\n<meta name=\"description\" content=\"Aquesta activitat organitzada per l&#039;ICIP forma part de la programaci\u00f3 de la tercera edici\u00f3 de la Biennal de Pensament de Barcelona.\" \/>\n<meta name=\"robots\" content=\"index, follow, max-snippet:-1, max-image-preview:large, max-video-preview:-1\" \/>\n<link rel=\"canonical\" href=\"https:\/\/www.icip.cat\/ca\/event\/dones-a-la-diaspora-el-poder-de-lart-en-la-construccio-de-pau\/\" \/>\n<meta property=\"og:locale\" content=\"ca_ES\" \/>\n<meta property=\"og:type\" content=\"article\" \/>\n<meta property=\"og:title\" content=\"Dones a la di\u00e0spora: el poder de l&#039;art en la construcci\u00f3 de pau - ICIP\" \/>\n<meta property=\"og:description\" content=\"Aquesta activitat organitzada per l&#039;ICIP forma part de la programaci\u00f3 de la tercera edici\u00f3 de la Biennal de Pensament de Barcelona.\" \/>\n<meta property=\"og:url\" content=\"https:\/\/www.icip.cat\/ca\/event\/dones-a-la-diaspora-el-poder-de-lart-en-la-construccio-de-pau\/\" \/>\n<meta property=\"og:site_name\" content=\"ICIP\" \/>\n<meta property=\"article:modified_time\" content=\"2022-09-28T17:05:55+00:00\" \/>\n<meta property=\"og:image\" content=\"https:\/\/www.icip.cat\/wp-content\/uploads\/2022\/09\/BibliotequesiCentresCvics_Donesaladisporaelpoderdelartenlaconstruccidepau_acci-artstica-cuerpos-gramaticales_24207667737_o2.jpg\" \/>\n\t<meta property=\"og:image:width\" content=\"700\" \/>\n\t<meta property=\"og:image:height\" content=\"394\" \/>\n\t<meta property=\"og:image:type\" content=\"image\/jpeg\" \/>\n<meta name=\"twitter:card\" content=\"summary_large_image\" \/>\n<meta name=\"twitter:label1\" content=\"Temps estimat de lectura\" \/>\n\t<meta name=\"twitter:data1\" content=\"2 minuts\" \/>\n<script type=\"application\/ld+json\" class=\"yoast-schema-graph\">{\"@context\":\"https:\/\/schema.org\",\"@graph\":[{\"@type\":\"WebPage\",\"@id\":\"https:\/\/www.icip.cat\/ca\/event\/dones-a-la-diaspora-el-poder-de-lart-en-la-construccio-de-pau\/\",\"url\":\"https:\/\/www.icip.cat\/ca\/event\/dones-a-la-diaspora-el-poder-de-lart-en-la-construccio-de-pau\/\",\"name\":\"Dones a la di\u00e0spora: el poder de l'art en la construcci\u00f3 de pau - ICIP\",\"isPartOf\":{\"@id\":\"https:\/\/www.icip.cat\/ca\/#website\"},\"primaryImageOfPage\":{\"@id\":\"https:\/\/www.icip.cat\/ca\/event\/dones-a-la-diaspora-el-poder-de-lart-en-la-construccio-de-pau\/#primaryimage\"},\"image\":{\"@id\":\"https:\/\/www.icip.cat\/ca\/event\/dones-a-la-diaspora-el-poder-de-lart-en-la-construccio-de-pau\/#primaryimage\"},\"thumbnailUrl\":\"https:\/\/www.icip.cat\/wp-content\/uploads\/2022\/09\/BibliotequesiCentresCvics_Donesaladisporaelpoderdelartenlaconstruccidepau_acci-artstica-cuerpos-gramaticales_24207667737_o2.jpg\",\"datePublished\":\"2022-09-15T07:58:37+00:00\",\"dateModified\":\"2022-09-28T17:05:55+00:00\",\"description\":\"Aquesta activitat organitzada per l'ICIP forma part de la programaci\u00f3 de la tercera edici\u00f3 de la Biennal de Pensament de Barcelona.\",\"inLanguage\":\"ca\",\"potentialAction\":[{\"@type\":\"ReadAction\",\"target\":[\"https:\/\/www.icip.cat\/ca\/event\/dones-a-la-diaspora-el-poder-de-lart-en-la-construccio-de-pau\/\"]}]},{\"@type\":\"ImageObject\",\"inLanguage\":\"ca\",\"@id\":\"https:\/\/www.icip.cat\/ca\/event\/dones-a-la-diaspora-el-poder-de-lart-en-la-construccio-de-pau\/#primaryimage\",\"url\":\"https:\/\/www.icip.cat\/wp-content\/uploads\/2022\/09\/BibliotequesiCentresCvics_Donesaladisporaelpoderdelartenlaconstruccidepau_acci-artstica-cuerpos-gramaticales_24207667737_o2.jpg\",\"contentUrl\":\"https:\/\/www.icip.cat\/wp-content\/uploads\/2022\/09\/BibliotequesiCentresCvics_Donesaladisporaelpoderdelartenlaconstruccidepau_acci-artstica-cuerpos-gramaticales_24207667737_o2.jpg\",\"width\":700,\"height\":394},{\"@type\":\"WebSite\",\"@id\":\"https:\/\/www.icip.cat\/ca\/#website\",\"url\":\"https:\/\/www.icip.cat\/ca\/\",\"name\":\"ICIP\",\"description\":\"\",\"publisher\":{\"@id\":\"https:\/\/www.icip.cat\/ca\/#organization\"},\"potentialAction\":[{\"@type\":\"SearchAction\",\"target\":{\"@type\":\"EntryPoint\",\"urlTemplate\":\"https:\/\/www.icip.cat\/ca\/?s={search_term_string}\"},\"query-input\":{\"@type\":\"PropertyValueSpecification\",\"valueRequired\":true,\"valueName\":\"search_term_string\"}}],\"inLanguage\":\"ca\"},{\"@type\":\"Organization\",\"@id\":\"https:\/\/www.icip.cat\/ca\/#organization\",\"name\":\"ICIP\",\"url\":\"https:\/\/www.icip.cat\/ca\/\",\"logo\":{\"@type\":\"ImageObject\",\"inLanguage\":\"ca\",\"@id\":\"https:\/\/www.icip.cat\/ca\/#\/schema\/logo\/image\/\",\"url\":\"https:\/\/www.icip.cat\/wp-content\/uploads\/2021\/02\/logo-2.png\",\"contentUrl\":\"https:\/\/www.icip.cat\/wp-content\/uploads\/2021\/02\/logo-2.png\",\"width\":562,\"height\":391,\"caption\":\"ICIP\"},\"image\":{\"@id\":\"https:\/\/www.icip.cat\/ca\/#\/schema\/logo\/image\/\"}}]}<\/script>\n<!-- \/ Yoast SEO plugin. -->","yoast_head_json":{"title":"Dones a la di\u00e0spora: el poder de l'art en la construcci\u00f3 de pau - ICIP","description":"Aquesta activitat organitzada per l'ICIP forma part de la programaci\u00f3 de la tercera edici\u00f3 de la Biennal de Pensament de Barcelona.","robots":{"index":"index","follow":"follow","max-snippet":"max-snippet:-1","max-image-preview":"max-image-preview:large","max-video-preview":"max-video-preview:-1"},"canonical":"https:\/\/www.icip.cat\/ca\/event\/dones-a-la-diaspora-el-poder-de-lart-en-la-construccio-de-pau\/","og_locale":"ca_ES","og_type":"article","og_title":"Dones a la di\u00e0spora: el poder de l'art en la construcci\u00f3 de pau - ICIP","og_description":"Aquesta activitat organitzada per l'ICIP forma part de la programaci\u00f3 de la tercera edici\u00f3 de la Biennal de Pensament de Barcelona.","og_url":"https:\/\/www.icip.cat\/ca\/event\/dones-a-la-diaspora-el-poder-de-lart-en-la-construccio-de-pau\/","og_site_name":"ICIP","article_modified_time":"2022-09-28T17:05:55+00:00","og_image":[{"width":700,"height":394,"url":"https:\/\/www.icip.cat\/wp-content\/uploads\/2022\/09\/BibliotequesiCentresCvics_Donesaladisporaelpoderdelartenlaconstruccidepau_acci-artstica-cuerpos-gramaticales_24207667737_o2.jpg","type":"image\/jpeg"}],"twitter_card":"summary_large_image","twitter_misc":{"Temps estimat de lectura":"2 minuts"},"schema":{"@context":"https:\/\/schema.org","@graph":[{"@type":"WebPage","@id":"https:\/\/www.icip.cat\/ca\/event\/dones-a-la-diaspora-el-poder-de-lart-en-la-construccio-de-pau\/","url":"https:\/\/www.icip.cat\/ca\/event\/dones-a-la-diaspora-el-poder-de-lart-en-la-construccio-de-pau\/","name":"Dones a la di\u00e0spora: el poder de l'art en la construcci\u00f3 de pau - ICIP","isPartOf":{"@id":"https:\/\/www.icip.cat\/ca\/#website"},"primaryImageOfPage":{"@id":"https:\/\/www.icip.cat\/ca\/event\/dones-a-la-diaspora-el-poder-de-lart-en-la-construccio-de-pau\/#primaryimage"},"image":{"@id":"https:\/\/www.icip.cat\/ca\/event\/dones-a-la-diaspora-el-poder-de-lart-en-la-construccio-de-pau\/#primaryimage"},"thumbnailUrl":"https:\/\/www.icip.cat\/wp-content\/uploads\/2022\/09\/BibliotequesiCentresCvics_Donesaladisporaelpoderdelartenlaconstruccidepau_acci-artstica-cuerpos-gramaticales_24207667737_o2.jpg","datePublished":"2022-09-15T07:58:37+00:00","dateModified":"2022-09-28T17:05:55+00:00","description":"Aquesta activitat organitzada per l'ICIP forma part de la programaci\u00f3 de la tercera edici\u00f3 de la Biennal de Pensament de Barcelona.","inLanguage":"ca","potentialAction":[{"@type":"ReadAction","target":["https:\/\/www.icip.cat\/ca\/event\/dones-a-la-diaspora-el-poder-de-lart-en-la-construccio-de-pau\/"]}]},{"@type":"ImageObject","inLanguage":"ca","@id":"https:\/\/www.icip.cat\/ca\/event\/dones-a-la-diaspora-el-poder-de-lart-en-la-construccio-de-pau\/#primaryimage","url":"https:\/\/www.icip.cat\/wp-content\/uploads\/2022\/09\/BibliotequesiCentresCvics_Donesaladisporaelpoderdelartenlaconstruccidepau_acci-artstica-cuerpos-gramaticales_24207667737_o2.jpg","contentUrl":"https:\/\/www.icip.cat\/wp-content\/uploads\/2022\/09\/BibliotequesiCentresCvics_Donesaladisporaelpoderdelartenlaconstruccidepau_acci-artstica-cuerpos-gramaticales_24207667737_o2.jpg","width":700,"height":394},{"@type":"WebSite","@id":"https:\/\/www.icip.cat\/ca\/#website","url":"https:\/\/www.icip.cat\/ca\/","name":"ICIP","description":"","publisher":{"@id":"https:\/\/www.icip.cat\/ca\/#organization"},"potentialAction":[{"@type":"SearchAction","target":{"@type":"EntryPoint","urlTemplate":"https:\/\/www.icip.cat\/ca\/?s={search_term_string}"},"query-input":{"@type":"PropertyValueSpecification","valueRequired":true,"valueName":"search_term_string"}}],"inLanguage":"ca"},{"@type":"Organization","@id":"https:\/\/www.icip.cat\/ca\/#organization","name":"ICIP","url":"https:\/\/www.icip.cat\/ca\/","logo":{"@type":"ImageObject","inLanguage":"ca","@id":"https:\/\/www.icip.cat\/ca\/#\/schema\/logo\/image\/","url":"https:\/\/www.icip.cat\/wp-content\/uploads\/2021\/02\/logo-2.png","contentUrl":"https:\/\/www.icip.cat\/wp-content\/uploads\/2021\/02\/logo-2.png","width":562,"height":391,"caption":"ICIP"},"image":{"@id":"https:\/\/www.icip.cat\/ca\/#\/schema\/logo\/image\/"}}]}},"_links":{"self":[{"href":"https:\/\/www.icip.cat\/ca\/wp-json\/wp\/v2\/icip_event\/31946","targetHints":{"allow":["GET"]}}],"collection":[{"href":"https:\/\/www.icip.cat\/ca\/wp-json\/wp\/v2\/icip_event"}],"about":[{"href":"https:\/\/www.icip.cat\/ca\/wp-json\/wp\/v2\/types\/icip_event"}],"version-history":[{"count":9,"href":"https:\/\/www.icip.cat\/ca\/wp-json\/wp\/v2\/icip_event\/31946\/revisions"}],"predecessor-version":[{"id":32325,"href":"https:\/\/www.icip.cat\/ca\/wp-json\/wp\/v2\/icip_event\/31946\/revisions\/32325"}],"wp:featuredmedia":[{"embeddable":true,"href":"https:\/\/www.icip.cat\/ca\/wp-json\/wp\/v2\/media\/31947"}],"wp:attachment":[{"href":"https:\/\/www.icip.cat\/ca\/wp-json\/wp\/v2\/media?parent=31946"}],"curies":[{"name":"wp","href":"https:\/\/api.w.org\/{rel}","templated":true}]}}

Dones a la diàspora: el poder de l&#8217;art en la construcció de pau

<p>El nombre de persones que actualment han de sortir del seu país a causa de les amenaces contra la seva vida no té precedents des de la Segona Guerra Mundial. A l’última dècada hi ha hagut un increment de migració forçada derivada de conflictes armats, violència extrema, inestabilitat i repressió política. La migració forçada, producte d’un conflicte armat o repressió, té un doble component traumatitzant: la victimització al país d’origen i les dificultats d’acceptació i d’adaptació al país d’acollida. En el cas de les dones, existeix una identificació de víctimes sense agència – com a dones i com a persones migrants -, que deixa un espai estret per a la participació social i política.</p>



<p>Aquesta activitat organitzada per l&#8217;ICIP dins de la programació de la tercera edició de la <a href="https://www.biennaldepensament.barcelona/ca" target="_blank" rel="noreferrer noopener">Biennal de Pensament</a> de Barcelona busca destacar que, davant la pèrdua de capital social i humà en els països d’origen i la falta de reconeixement a les societats de recepció, és necessari identificar i posar en valor què fan i poden fer les persones migrades i exiliades per contribuir a la pau. En concret, <strong>reconèixer les dones a la diàspora com a agents de canvi, amb veu pròpia i lideratge</strong>.</p>



<p>A través de casos concrets, com el colombià, el sirià i l’ucraïnès, es destacaran diverses experiències de participació de dones a la diàspora per a la construcció de pau, posant de rellevància la importància de l’art i la cultura com a eines de sanació i transformació social. Hi participaran <strong>Maria del Rosario Vásquez</strong>, de la diàspora colombiana, membre del Nido Catalunya de suport al a Comissió de la Veritat de Colòmbia; <strong>Anna Slizinova</strong>, de la diàspora ucraïnesa, fundadora de Unlock Art; i una activista de la diàspora siriana. L&#8217;acte serà moderat per <strong>Sílvia Plana</strong>, membre de l&#8217;equip de “Memòria, Convivència i Reconciliació” de l&#8217;ICIP.</p>



<p>Durant l’acte <strong>es projectarà el curt documental <em><a href="https://www.instagram.com/paravolverteaver/" target="_blank" rel="noreferrer noopener">Para volverte a ver</a></em></strong>, produït per l&#8217;ICIP i Mandorla Films, sobre la participació a la Comissió de la Veritat de Colòmbia de les víctimes a l’exterior. També hi haurà la <strong>intervenció musical</strong> d&#8217;una de les participants, la soprano Anna Slizinova.</p>



<p>L&#8217;activitat tindrà lloc a la <a href="https://www.biennaldepensament.barcelona/ca/espais/biblioteca-sant-gervasi-joan-maragall">Biblioteca Sant Gervasi-Joan Maragall</a> el dijous 20 d&#8217;octubre a les 18.30h. </p>

<!-- This site is optimized with the Yoast SEO plugin v25.6 - https://yoast.com/wordpress/plugins/seo/ -->
<title>Dones a la diàspora: el poder de l&#039;art en la construcció de pau - ICIP</title>
<meta name="description" content="Aquesta activitat organitzada per l&#039;ICIP forma part de la programació de la tercera edició de la Biennal de Pensament de Barcelona." />
<meta name="robots" content="index, follow, max-snippet:-1, max-image-preview:large, max-video-preview:-1" />
<link rel="canonical" href="https://www.icip.cat/ca/event/dones-a-la-diaspora-el-poder-de-lart-en-la-construccio-de-pau/" />
<meta property="og:locale" content="ca_ES" />
<meta property="og:type" content="article" />
<meta property="og:title" content="Dones a la diàspora: el poder de l&#039;art en la construcció de pau - ICIP" />
<meta property="og:description" content="Aquesta activitat organitzada per l&#039;ICIP forma part de la programació de la tercera edició de la Biennal de Pensament de Barcelona." />
<meta property="og:url" content="https://www.icip.cat/ca/event/dones-a-la-diaspora-el-poder-de-lart-en-la-construccio-de-pau/" />
<meta property="og:site_name" content="ICIP" />
<meta property="article:modified_time" content="2022-09-28T17:05:55+00:00" />
<meta property="og:image" content="https://www.icip.cat/wp-content/uploads/2022/09/BibliotequesiCentresCvics_Donesaladisporaelpoderdelartenlaconstruccidepau_acci-artstica-cuerpos-gramaticales_24207667737_o2.jpg" />
	<meta property="og:image:width" content="700" />
	<meta property="og:image:height" content="394" />
	<meta property="og:image:type" content="image/jpeg" />
<meta name="twitter:card" content="summary_large_image" />
<meta name="twitter:label1" content="Temps estimat de lectura" />
	<meta name="twitter:data1" content="2 minuts" />
<script type="application/ld+json" class="yoast-schema-graph">{"@context":"https://schema.org","@graph":[{"@type":"WebPage","@id":"https://www.icip.cat/ca/event/dones-a-la-diaspora-el-poder-de-lart-en-la-construccio-de-pau/","url":"https://www.icip.cat/ca/event/dones-a-la-diaspora-el-poder-de-lart-en-la-construccio-de-pau/","name":"Dones a la diàspora: el poder de l'art en la construcció de pau - ICIP","isPartOf":{"@id":"https://www.icip.cat/ca/#website"},"primaryImageOfPage":{"@id":"https://www.icip.cat/ca/event/dones-a-la-diaspora-el-poder-de-lart-en-la-construccio-de-pau/#primaryimage"},"image":{"@id":"https://www.icip.cat/ca/event/dones-a-la-diaspora-el-poder-de-lart-en-la-construccio-de-pau/#primaryimage"},"thumbnailUrl":"https://www.icip.cat/wp-content/uploads/2022/09/BibliotequesiCentresCvics_Donesaladisporaelpoderdelartenlaconstruccidepau_acci-artstica-cuerpos-gramaticales_24207667737_o2.jpg","datePublished":"2022-09-15T07:58:37+00:00","dateModified":"2022-09-28T17:05:55+00:00","description":"Aquesta activitat organitzada per l'ICIP forma part de la programació de la tercera edició de la Biennal de Pensament de Barcelona.","inLanguage":"ca","potentialAction":[{"@type":"ReadAction","target":["https://www.icip.cat/ca/event/dones-a-la-diaspora-el-poder-de-lart-en-la-construccio-de-pau/"]}]},{"@type":"ImageObject","inLanguage":"ca","@id":"https://www.icip.cat/ca/event/dones-a-la-diaspora-el-poder-de-lart-en-la-construccio-de-pau/#primaryimage","url":"https://www.icip.cat/wp-content/uploads/2022/09/BibliotequesiCentresCvics_Donesaladisporaelpoderdelartenlaconstruccidepau_acci-artstica-cuerpos-gramaticales_24207667737_o2.jpg","contentUrl":"https://www.icip.cat/wp-content/uploads/2022/09/BibliotequesiCentresCvics_Donesaladisporaelpoderdelartenlaconstruccidepau_acci-artstica-cuerpos-gramaticales_24207667737_o2.jpg","width":700,"height":394},{"@type":"WebSite","@id":"https://www.icip.cat/ca/#website","url":"https://www.icip.cat/ca/","name":"ICIP","description":"","publisher":{"@id":"https://www.icip.cat/ca/#organization"},"potentialAction":[{"@type":"SearchAction","target":{"@type":"EntryPoint","urlTemplate":"https://www.icip.cat/ca/?s={search_term_string}"},"query-input":{"@type":"PropertyValueSpecification","valueRequired":true,"valueName":"search_term_string"}}],"inLanguage":"ca"},{"@type":"Organization","@id":"https://www.icip.cat/ca/#organization","name":"ICIP","url":"https://www.icip.cat/ca/","logo":{"@type":"ImageObject","inLanguage":"ca","@id":"https://www.icip.cat/ca/#/schema/logo/image/","url":"https://www.icip.cat/wp-content/uploads/2021/02/logo-2.png","contentUrl":"https://www.icip.cat/wp-content/uploads/2021/02/logo-2.png","width":562,"height":391,"caption":"ICIP"},"image":{"@id":"https://www.icip.cat/ca/#/schema/logo/image/"}}]}</script>
<!-- / Yoast SEO plugin. -->

Dones a la diàspora: el poder de l'art en la construcció de pau - ICIP

Aquesta activitat organitzada per l'ICIP forma part de la programació de la tercera edició de la Biennal de Pensament de Barcelona.
