{"id":41342,"date":"2023-11-22T12:26:32","date_gmt":"2023-11-22T12:26:32","guid":{"rendered":"https:\/\/www.icip.cat\/?post_type=icip_event&#038;p=41342"},"modified":"2025-04-16T09:23:53","modified_gmt":"2025-04-16T09:23:53","slug":"veus-de-palestina","status":"publish","type":"icip_event","link":"https:\/\/www.icip.cat\/ca\/event\/veus-de-palestina\/","title":{"rendered":"Veus de Palestina"},"content":{"rendered":"\n<p>Des dels atacs mort\u00edfers de Hamas al sud d\u2019Israel el passat 7 d\u2019octubre, 2,3 milions de palestins que no poden sortir de la Franja de Gaza han estat subjectes per part de l\u2019ex\u00e8rcit israeli\u00e0 a un dels bombardejos aeris m\u00e9s devastadors des de la Segona Guerra Mundial. M\u00e9s de dos ter\u00e7os de la poblaci\u00f3 han estat despla\u00e7ats i fins ara 17.000 palestins, la majoria dels quals dones i nens, han mort o han desaparegut sota les runes de les seves cases.<\/p>\n\n\n\n<p>El dilluns 27 de novembre, el CCCB, amb la col\u00b7laboraci\u00f3 de l&#8217;ICIP, la Fundaci\u00f3 T\u00e0pies i el PEN Catal\u00e0, aplegar\u00e0 destacats artistes, periodistes i escriptors palestins per parlar de l\u2019actual cat\u00e0strofe humanit\u00e0ria a Gaza. <\/p>\n\n\n\n<p>La sessi\u00f3 comptar\u00e0 amb la projecci\u00f3 del curtmetratge&nbsp;<em>Memory of the Land,<\/em>&nbsp;de&nbsp;<strong>Samira Badran<\/strong>, artista visual palestina resident a Barcelona. A continuaci\u00f3 es debatr\u00e0 la situaci\u00f3 a Gaza en una taula rodona amb el traductor i editor&nbsp;<strong>Mohamad Bitari<\/strong>, l\u2019activista i periodista&nbsp;<strong>Asmaa al-Ghoul<\/strong>, actualment exiliada a Fran\u00e7a, i&nbsp;<strong>Mariam Barghouti<\/strong>, periodista independent que connectar\u00e0 en directe des de Ramallah. La sessi\u00f3 ser\u00e0 presentada i condu\u00efda pel periodista i escriptor <strong>Ben Ehrenreich<\/strong>. <\/p>\n\n\n\n<p>L&#8217;acte tindr\u00e0 lloc a les 18.30 a l&#8217;Auditori del CCCB (Montalegre, 5). L&#8217;entrada \u00e9s gratu\u00efta.<\/p>\n\n\n<div class=\"wp-block-image\">\n<figure class=\"aligncenter size-full\"><img fetchpriority=\"high\" decoding=\"async\" width=\"1000\" height=\"560\" src=\"http:\/\/www.icip.cat\/wp-content\/uploads\/2023\/11\/Veus_de_Palestina_1000X560.jpg\" alt=\"\" class=\"wp-image-41343\" srcset=\"https:\/\/www.icip.cat\/wp-content\/uploads\/2023\/11\/Veus_de_Palestina_1000X560.jpg 1000w, https:\/\/www.icip.cat\/wp-content\/uploads\/2023\/11\/Veus_de_Palestina_1000X560-300x168.jpg 300w, https:\/\/www.icip.cat\/wp-content\/uploads\/2023\/11\/Veus_de_Palestina_1000X560-768x430.jpg 768w\" sizes=\"(max-width: 1000px) 100vw, 1000px\" \/><\/figure><\/div>\n\n\n<p><em>Il\u00b7lustraci\u00f3: Rami Abbas<\/em>. <\/p>\n","protected":false},"featured_media":41343,"template":"","class_list":["post-41342","icip_event","type-icip_event","status-publish","has-post-thumbnail","hentry"],"acf":[],"yoast_head":"<!-- This site is optimized with the Yoast SEO plugin v25.6 - https:\/\/yoast.com\/wordpress\/plugins\/seo\/ -->\n<title>Veus de Palestina - ICIP<\/title>\n<meta name=\"description\" content=\"El 27 de novembre, el CCCB, amb la col\u00b7laboraci\u00f3 de l&#039;ICIP, organitza un acte per parlar de l\u2019actual cat\u00e0strofe humanit\u00e0ria a Gaza.\" \/>\n<meta name=\"robots\" content=\"index, follow, max-snippet:-1, max-image-preview:large, max-video-preview:-1\" \/>\n<link rel=\"canonical\" href=\"https:\/\/www.icip.cat\/ca\/event\/veus-de-palestina\/\" \/>\n<meta property=\"og:locale\" content=\"ca_ES\" \/>\n<meta property=\"og:type\" content=\"article\" \/>\n<meta property=\"og:title\" content=\"Veus de Palestina - ICIP\" \/>\n<meta property=\"og:description\" content=\"El 27 de novembre, el CCCB, amb la col\u00b7laboraci\u00f3 de l&#039;ICIP, organitza un acte per parlar de l\u2019actual cat\u00e0strofe humanit\u00e0ria a Gaza.\" \/>\n<meta property=\"og:url\" content=\"https:\/\/www.icip.cat\/ca\/event\/veus-de-palestina\/\" \/>\n<meta property=\"og:site_name\" content=\"ICIP\" \/>\n<meta property=\"article:modified_time\" content=\"2025-04-16T09:23:53+00:00\" \/>\n<meta property=\"og:image\" content=\"https:\/\/www.icip.cat\/wp-content\/uploads\/2023\/11\/Veus_de_Palestina_1000X560.jpg\" \/>\n\t<meta property=\"og:image:width\" content=\"1000\" \/>\n\t<meta property=\"og:image:height\" content=\"560\" \/>\n\t<meta property=\"og:image:type\" content=\"image\/jpeg\" \/>\n<meta name=\"twitter:card\" content=\"summary_large_image\" \/>\n<meta name=\"twitter:label1\" content=\"Temps estimat de lectura\" \/>\n\t<meta name=\"twitter:data1\" content=\"2 minuts\" \/>\n<script type=\"application\/ld+json\" class=\"yoast-schema-graph\">{\"@context\":\"https:\/\/schema.org\",\"@graph\":[{\"@type\":\"WebPage\",\"@id\":\"https:\/\/www.icip.cat\/ca\/event\/veus-de-palestina\/\",\"url\":\"https:\/\/www.icip.cat\/ca\/event\/veus-de-palestina\/\",\"name\":\"Veus de Palestina - ICIP\",\"isPartOf\":{\"@id\":\"https:\/\/www.icip.cat\/ca\/#website\"},\"primaryImageOfPage\":{\"@id\":\"https:\/\/www.icip.cat\/ca\/event\/veus-de-palestina\/#primaryimage\"},\"image\":{\"@id\":\"https:\/\/www.icip.cat\/ca\/event\/veus-de-palestina\/#primaryimage\"},\"thumbnailUrl\":\"https:\/\/www.icip.cat\/wp-content\/uploads\/2023\/11\/Veus_de_Palestina_1000X560.jpg\",\"datePublished\":\"2023-11-22T12:26:32+00:00\",\"dateModified\":\"2025-04-16T09:23:53+00:00\",\"description\":\"El 27 de novembre, el CCCB, amb la col\u00b7laboraci\u00f3 de l'ICIP, organitza un acte per parlar de l\u2019actual cat\u00e0strofe humanit\u00e0ria a Gaza.\",\"inLanguage\":\"ca\",\"potentialAction\":[{\"@type\":\"ReadAction\",\"target\":[\"https:\/\/www.icip.cat\/ca\/event\/veus-de-palestina\/\"]}]},{\"@type\":\"ImageObject\",\"inLanguage\":\"ca\",\"@id\":\"https:\/\/www.icip.cat\/ca\/event\/veus-de-palestina\/#primaryimage\",\"url\":\"https:\/\/www.icip.cat\/wp-content\/uploads\/2023\/11\/Veus_de_Palestina_1000X560.jpg\",\"contentUrl\":\"https:\/\/www.icip.cat\/wp-content\/uploads\/2023\/11\/Veus_de_Palestina_1000X560.jpg\",\"width\":1000,\"height\":560},{\"@type\":\"WebSite\",\"@id\":\"https:\/\/www.icip.cat\/ca\/#website\",\"url\":\"https:\/\/www.icip.cat\/ca\/\",\"name\":\"ICIP\",\"description\":\"\",\"publisher\":{\"@id\":\"https:\/\/www.icip.cat\/ca\/#organization\"},\"potentialAction\":[{\"@type\":\"SearchAction\",\"target\":{\"@type\":\"EntryPoint\",\"urlTemplate\":\"https:\/\/www.icip.cat\/ca\/?s={search_term_string}\"},\"query-input\":{\"@type\":\"PropertyValueSpecification\",\"valueRequired\":true,\"valueName\":\"search_term_string\"}}],\"inLanguage\":\"ca\"},{\"@type\":\"Organization\",\"@id\":\"https:\/\/www.icip.cat\/ca\/#organization\",\"name\":\"ICIP\",\"url\":\"https:\/\/www.icip.cat\/ca\/\",\"logo\":{\"@type\":\"ImageObject\",\"inLanguage\":\"ca\",\"@id\":\"https:\/\/www.icip.cat\/ca\/#\/schema\/logo\/image\/\",\"url\":\"https:\/\/www.icip.cat\/wp-content\/uploads\/2021\/02\/logo-2.png\",\"contentUrl\":\"https:\/\/www.icip.cat\/wp-content\/uploads\/2021\/02\/logo-2.png\",\"width\":562,\"height\":391,\"caption\":\"ICIP\"},\"image\":{\"@id\":\"https:\/\/www.icip.cat\/ca\/#\/schema\/logo\/image\/\"}}]}<\/script>\n<!-- \/ Yoast SEO plugin. -->","yoast_head_json":{"title":"Veus de Palestina - ICIP","description":"El 27 de novembre, el CCCB, amb la col\u00b7laboraci\u00f3 de l'ICIP, organitza un acte per parlar de l\u2019actual cat\u00e0strofe humanit\u00e0ria a Gaza.","robots":{"index":"index","follow":"follow","max-snippet":"max-snippet:-1","max-image-preview":"max-image-preview:large","max-video-preview":"max-video-preview:-1"},"canonical":"https:\/\/www.icip.cat\/ca\/event\/veus-de-palestina\/","og_locale":"ca_ES","og_type":"article","og_title":"Veus de Palestina - ICIP","og_description":"El 27 de novembre, el CCCB, amb la col\u00b7laboraci\u00f3 de l'ICIP, organitza un acte per parlar de l\u2019actual cat\u00e0strofe humanit\u00e0ria a Gaza.","og_url":"https:\/\/www.icip.cat\/ca\/event\/veus-de-palestina\/","og_site_name":"ICIP","article_modified_time":"2025-04-16T09:23:53+00:00","og_image":[{"width":1000,"height":560,"url":"https:\/\/www.icip.cat\/wp-content\/uploads\/2023\/11\/Veus_de_Palestina_1000X560.jpg","type":"image\/jpeg"}],"twitter_card":"summary_large_image","twitter_misc":{"Temps estimat de lectura":"2 minuts"},"schema":{"@context":"https:\/\/schema.org","@graph":[{"@type":"WebPage","@id":"https:\/\/www.icip.cat\/ca\/event\/veus-de-palestina\/","url":"https:\/\/www.icip.cat\/ca\/event\/veus-de-palestina\/","name":"Veus de Palestina - ICIP","isPartOf":{"@id":"https:\/\/www.icip.cat\/ca\/#website"},"primaryImageOfPage":{"@id":"https:\/\/www.icip.cat\/ca\/event\/veus-de-palestina\/#primaryimage"},"image":{"@id":"https:\/\/www.icip.cat\/ca\/event\/veus-de-palestina\/#primaryimage"},"thumbnailUrl":"https:\/\/www.icip.cat\/wp-content\/uploads\/2023\/11\/Veus_de_Palestina_1000X560.jpg","datePublished":"2023-11-22T12:26:32+00:00","dateModified":"2025-04-16T09:23:53+00:00","description":"El 27 de novembre, el CCCB, amb la col\u00b7laboraci\u00f3 de l'ICIP, organitza un acte per parlar de l\u2019actual cat\u00e0strofe humanit\u00e0ria a Gaza.","inLanguage":"ca","potentialAction":[{"@type":"ReadAction","target":["https:\/\/www.icip.cat\/ca\/event\/veus-de-palestina\/"]}]},{"@type":"ImageObject","inLanguage":"ca","@id":"https:\/\/www.icip.cat\/ca\/event\/veus-de-palestina\/#primaryimage","url":"https:\/\/www.icip.cat\/wp-content\/uploads\/2023\/11\/Veus_de_Palestina_1000X560.jpg","contentUrl":"https:\/\/www.icip.cat\/wp-content\/uploads\/2023\/11\/Veus_de_Palestina_1000X560.jpg","width":1000,"height":560},{"@type":"WebSite","@id":"https:\/\/www.icip.cat\/ca\/#website","url":"https:\/\/www.icip.cat\/ca\/","name":"ICIP","description":"","publisher":{"@id":"https:\/\/www.icip.cat\/ca\/#organization"},"potentialAction":[{"@type":"SearchAction","target":{"@type":"EntryPoint","urlTemplate":"https:\/\/www.icip.cat\/ca\/?s={search_term_string}"},"query-input":{"@type":"PropertyValueSpecification","valueRequired":true,"valueName":"search_term_string"}}],"inLanguage":"ca"},{"@type":"Organization","@id":"https:\/\/www.icip.cat\/ca\/#organization","name":"ICIP","url":"https:\/\/www.icip.cat\/ca\/","logo":{"@type":"ImageObject","inLanguage":"ca","@id":"https:\/\/www.icip.cat\/ca\/#\/schema\/logo\/image\/","url":"https:\/\/www.icip.cat\/wp-content\/uploads\/2021\/02\/logo-2.png","contentUrl":"https:\/\/www.icip.cat\/wp-content\/uploads\/2021\/02\/logo-2.png","width":562,"height":391,"caption":"ICIP"},"image":{"@id":"https:\/\/www.icip.cat\/ca\/#\/schema\/logo\/image\/"}}]}},"_links":{"self":[{"href":"https:\/\/www.icip.cat\/ca\/wp-json\/wp\/v2\/icip_event\/41342","targetHints":{"allow":["GET"]}}],"collection":[{"href":"https:\/\/www.icip.cat\/ca\/wp-json\/wp\/v2\/icip_event"}],"about":[{"href":"https:\/\/www.icip.cat\/ca\/wp-json\/wp\/v2\/types\/icip_event"}],"version-history":[{"count":9,"href":"https:\/\/www.icip.cat\/ca\/wp-json\/wp\/v2\/icip_event\/41342\/revisions"}],"predecessor-version":[{"id":53655,"href":"https:\/\/www.icip.cat\/ca\/wp-json\/wp\/v2\/icip_event\/41342\/revisions\/53655"}],"wp:featuredmedia":[{"embeddable":true,"href":"https:\/\/www.icip.cat\/ca\/wp-json\/wp\/v2\/media\/41343"}],"wp:attachment":[{"href":"https:\/\/www.icip.cat\/ca\/wp-json\/wp\/v2\/media?parent=41342"}],"curies":[{"name":"wp","href":"https:\/\/api.w.org\/{rel}","templated":true}]}}

<p>Des dels atacs mortífers de Hamas al sud d’Israel el passat 7 d’octubre, 2,3 milions de palestins que no poden sortir de la Franja de Gaza han estat subjectes per part de l’exèrcit israelià a un dels bombardejos aeris més devastadors des de la Segona Guerra Mundial. Més de dos terços de la població han estat desplaçats i fins ara 17.000 palestins, la majoria dels quals dones i nens, han mort o han desaparegut sota les runes de les seves cases.</p>



<p>El dilluns 27 de novembre, el CCCB, amb la col·laboració de l&#8217;ICIP, la Fundació Tàpies i el PEN Català, aplegarà destacats artistes, periodistes i escriptors palestins per parlar de l’actual catàstrofe humanitària a Gaza. </p>



<p>La sessió comptarà amb la projecció del curtmetratge&nbsp;<em>Memory of the Land,</em>&nbsp;de&nbsp;<strong>Samira Badran</strong>, artista visual palestina resident a Barcelona. A continuació es debatrà la situació a Gaza en una taula rodona amb el traductor i editor&nbsp;<strong>Mohamad Bitari</strong>, l’activista i periodista&nbsp;<strong>Asmaa al-Ghoul</strong>, actualment exiliada a França, i&nbsp;<strong>Mariam Barghouti</strong>, periodista independent que connectarà en directe des de Ramallah. La sessió serà presentada i conduïda pel periodista i escriptor <strong>Ben Ehrenreich</strong>. </p>



<p>L&#8217;acte tindrà lloc a les 18.30 a l&#8217;Auditori del CCCB (Montalegre, 5). L&#8217;entrada és gratuïta.</p>


<div class="wp-block-image">
<figure class="aligncenter size-full"><img fetchpriority="high" decoding="async" width="1000" height="560" src="http://www.icip.cat/wp-content/uploads/2023/11/Veus_de_Palestina_1000X560.jpg" alt="" class="wp-image-41343" srcset="https://www.icip.cat/wp-content/uploads/2023/11/Veus_de_Palestina_1000X560.jpg 1000w, https://www.icip.cat/wp-content/uploads/2023/11/Veus_de_Palestina_1000X560-300x168.jpg 300w, https://www.icip.cat/wp-content/uploads/2023/11/Veus_de_Palestina_1000X560-768x430.jpg 768w" sizes="(max-width: 1000px) 100vw, 1000px" /></figure></div>


<p><em>Il·lustració: Rami Abbas</em>. </p>

<!-- This site is optimized with the Yoast SEO plugin v25.6 - https://yoast.com/wordpress/plugins/seo/ -->
<title>Veus de Palestina - ICIP</title>
<meta name="description" content="El 27 de novembre, el CCCB, amb la col·laboració de l&#039;ICIP, organitza un acte per parlar de l’actual catàstrofe humanitària a Gaza." />
<meta name="robots" content="index, follow, max-snippet:-1, max-image-preview:large, max-video-preview:-1" />
<link rel="canonical" href="https://www.icip.cat/ca/event/veus-de-palestina/" />
<meta property="og:locale" content="ca_ES" />
<meta property="og:type" content="article" />
<meta property="og:title" content="Veus de Palestina - ICIP" />
<meta property="og:description" content="El 27 de novembre, el CCCB, amb la col·laboració de l&#039;ICIP, organitza un acte per parlar de l’actual catàstrofe humanitària a Gaza." />
<meta property="og:url" content="https://www.icip.cat/ca/event/veus-de-palestina/" />
<meta property="og:site_name" content="ICIP" />
<meta property="article:modified_time" content="2025-04-16T09:23:53+00:00" />
<meta property="og:image" content="https://www.icip.cat/wp-content/uploads/2023/11/Veus_de_Palestina_1000X560.jpg" />
	<meta property="og:image:width" content="1000" />
	<meta property="og:image:height" content="560" />
	<meta property="og:image:type" content="image/jpeg" />
<meta name="twitter:card" content="summary_large_image" />
<meta name="twitter:label1" content="Temps estimat de lectura" />
	<meta name="twitter:data1" content="2 minuts" />
<script type="application/ld+json" class="yoast-schema-graph">{"@context":"https://schema.org","@graph":[{"@type":"WebPage","@id":"https://www.icip.cat/ca/event/veus-de-palestina/","url":"https://www.icip.cat/ca/event/veus-de-palestina/","name":"Veus de Palestina - ICIP","isPartOf":{"@id":"https://www.icip.cat/ca/#website"},"primaryImageOfPage":{"@id":"https://www.icip.cat/ca/event/veus-de-palestina/#primaryimage"},"image":{"@id":"https://www.icip.cat/ca/event/veus-de-palestina/#primaryimage"},"thumbnailUrl":"https://www.icip.cat/wp-content/uploads/2023/11/Veus_de_Palestina_1000X560.jpg","datePublished":"2023-11-22T12:26:32+00:00","dateModified":"2025-04-16T09:23:53+00:00","description":"El 27 de novembre, el CCCB, amb la col·laboració de l'ICIP, organitza un acte per parlar de l’actual catàstrofe humanitària a Gaza.","inLanguage":"ca","potentialAction":[{"@type":"ReadAction","target":["https://www.icip.cat/ca/event/veus-de-palestina/"]}]},{"@type":"ImageObject","inLanguage":"ca","@id":"https://www.icip.cat/ca/event/veus-de-palestina/#primaryimage","url":"https://www.icip.cat/wp-content/uploads/2023/11/Veus_de_Palestina_1000X560.jpg","contentUrl":"https://www.icip.cat/wp-content/uploads/2023/11/Veus_de_Palestina_1000X560.jpg","width":1000,"height":560},{"@type":"WebSite","@id":"https://www.icip.cat/ca/#website","url":"https://www.icip.cat/ca/","name":"ICIP","description":"","publisher":{"@id":"https://www.icip.cat/ca/#organization"},"potentialAction":[{"@type":"SearchAction","target":{"@type":"EntryPoint","urlTemplate":"https://www.icip.cat/ca/?s={search_term_string}"},"query-input":{"@type":"PropertyValueSpecification","valueRequired":true,"valueName":"search_term_string"}}],"inLanguage":"ca"},{"@type":"Organization","@id":"https://www.icip.cat/ca/#organization","name":"ICIP","url":"https://www.icip.cat/ca/","logo":{"@type":"ImageObject","inLanguage":"ca","@id":"https://www.icip.cat/ca/#/schema/logo/image/","url":"https://www.icip.cat/wp-content/uploads/2021/02/logo-2.png","contentUrl":"https://www.icip.cat/wp-content/uploads/2021/02/logo-2.png","width":562,"height":391,"caption":"ICIP"},"image":{"@id":"https://www.icip.cat/ca/#/schema/logo/image/"}}]}</script>
<!-- / Yoast SEO plugin. -->

El 27 de novembre, el CCCB, amb la col·laboració de l'ICIP, organitza un acte per parlar de l’actual catàstrofe humanitària a Gaza.
