{"id":41363,"date":"2023-11-29T15:10:48","date_gmt":"2023-11-29T15:10:48","guid":{"rendered":"https:\/\/www.icip.cat\/?post_type=icip_event&#038;p=41363"},"modified":"2023-11-30T11:51:43","modified_gmt":"2023-11-30T11:51:43","slug":"licip-participa-a-la-build-peace-conference-2023","status":"publish","type":"icip_event","link":"https:\/\/www.icip.cat\/ca\/event\/licip-participa-a-la-build-peace-conference-2023\/","title":{"rendered":"L&#8217;ICIP participa a la Build Peace Conference 2023"},"content":{"rendered":"\n<p>De l&#8217;1 al 3 de desembre, una representaci\u00f3 de l&#8217;ICIP participa a la confer\u00e8ncia anual de l&#8217;organitzaci\u00f3 <a href=\"https:\/\/howtobuildup.org\/\" target=\"_blank\" rel=\"noreferrer noopener\">Build Up<\/a>, que enguany t\u00e9 lloc a Nairobi, a K\u00e8nia. <\/p>\n\n\n\n<p>Build Up \u00e9s una entitat que promou la recerca i la reflexi\u00f3 sobre la intersecci\u00f3 entre la tecnologia i la construcci\u00f3 de pau i la <a href=\"https:\/\/howtobuildpeace.org\/\" target=\"_blank\" rel=\"noreferrer noopener\"><strong>Build Peace<\/strong> <strong>Conference 2023<\/strong><\/a> t\u00e9 per objectiu debatre sobre els reptes per la a pau i la transformaci\u00f3 de conflictes en l&#8217;era digital. <\/p>\n\n\n\n<p>Es tracta d&#8217;un f\u00f2rum internacional que en aquesta desena edici\u00f3 est\u00e0 centrat en el rol que juga l&#8217;art i la tecnologia en la creaci\u00f3 d&#8217;identitats, i com aquestes s\u00f3n rellevants per a la transformaci\u00f3 i la din\u00e0mica dels conflictes, a nivell mundial per\u00f2 concretament a la regi\u00f3 de l&#8217;\u00c0frica oriental. Durant tres dies, persones expertes d&#8217;arreu d&#8217;arreu del m\u00f3n reflexionaran a partir d&#8217;experi\u00e8ncies concretes que s&#8217;estan duent a terme a diferents indrets del planeta. <\/p>\n\n\n\n<p>Per exemple, experi\u00e8ncies en qu\u00e8 les xarxes socials fomenten la cohesi\u00f3, programes de detecci\u00f3 dels discursos d&#8217;odi, r\u00e0dios basades en la difusi\u00f3 de la cultura de pau com la Radio Master Peace de M\u00e8xic o les experi\u00e8ncies art\u00edstiques creades en el marc de la Comissi\u00f3 de la Veritat de Col\u00f2mbia per tal de promoure la reconciliaci\u00f3.<\/p>\n\n\n\n<p><a href=\"https:\/\/docs.google.com\/document\/d\/1G0A4gJqlwZYLCqfAQNXA2bck_wZu-k4nlDWLaLwKZuY\/edit?mc_cid=4fc82d6ec6&amp;mc_eid=73c8f2cfe1\" target=\"_blank\" rel=\"noreferrer noopener\">Programa complet<\/a> de la Build Peace Conference 2023<\/p>\n","protected":false},"featured_media":41374,"template":"","class_list":["post-41363","icip_event","type-icip_event","status-publish","has-post-thumbnail","hentry"],"acf":[],"yoast_head":"<!-- This site is optimized with the Yoast SEO plugin v25.6 - https:\/\/yoast.com\/wordpress\/plugins\/seo\/ -->\n<title>L&#039;ICIP participa a la Build Peace Conference 2023 - ICIP<\/title>\n<meta name=\"description\" content=\"El f\u00f2rum internacional analitza el potencial de l&#039;art i la tecnologia en la construcci\u00f3 de pau\" \/>\n<meta name=\"robots\" content=\"index, follow, max-snippet:-1, max-image-preview:large, max-video-preview:-1\" \/>\n<link rel=\"canonical\" href=\"https:\/\/www.icip.cat\/ca\/event\/licip-participa-a-la-build-peace-conference-2023\/\" \/>\n<meta property=\"og:locale\" content=\"ca_ES\" \/>\n<meta property=\"og:type\" content=\"article\" \/>\n<meta property=\"og:title\" content=\"L&#039;ICIP participa a la Build Peace Conference 2023 - ICIP\" \/>\n<meta property=\"og:description\" content=\"El f\u00f2rum internacional analitza el potencial de l&#039;art i la tecnologia en la construcci\u00f3 de pau\" \/>\n<meta property=\"og:url\" content=\"https:\/\/www.icip.cat\/ca\/event\/licip-participa-a-la-build-peace-conference-2023\/\" \/>\n<meta property=\"og:site_name\" content=\"ICIP\" \/>\n<meta property=\"article:modified_time\" content=\"2023-11-30T11:51:43+00:00\" \/>\n<meta property=\"og:image\" content=\"https:\/\/www.icip.cat\/wp-content\/uploads\/2023\/11\/build-up.png\" \/>\n\t<meta property=\"og:image:width\" content=\"1731\" \/>\n\t<meta property=\"og:image:height\" content=\"1440\" \/>\n\t<meta property=\"og:image:type\" content=\"image\/png\" \/>\n<meta name=\"twitter:card\" content=\"summary_large_image\" \/>\n<meta name=\"twitter:label1\" content=\"Temps estimat de lectura\" \/>\n\t<meta name=\"twitter:data1\" content=\"2 minuts\" \/>\n<script type=\"application\/ld+json\" class=\"yoast-schema-graph\">{\"@context\":\"https:\/\/schema.org\",\"@graph\":[{\"@type\":\"WebPage\",\"@id\":\"https:\/\/www.icip.cat\/ca\/event\/licip-participa-a-la-build-peace-conference-2023\/\",\"url\":\"https:\/\/www.icip.cat\/ca\/event\/licip-participa-a-la-build-peace-conference-2023\/\",\"name\":\"L'ICIP participa a la Build Peace Conference 2023 - ICIP\",\"isPartOf\":{\"@id\":\"https:\/\/www.icip.cat\/ca\/#website\"},\"primaryImageOfPage\":{\"@id\":\"https:\/\/www.icip.cat\/ca\/event\/licip-participa-a-la-build-peace-conference-2023\/#primaryimage\"},\"image\":{\"@id\":\"https:\/\/www.icip.cat\/ca\/event\/licip-participa-a-la-build-peace-conference-2023\/#primaryimage\"},\"thumbnailUrl\":\"https:\/\/www.icip.cat\/wp-content\/uploads\/2023\/11\/build-up.png\",\"datePublished\":\"2023-11-29T15:10:48+00:00\",\"dateModified\":\"2023-11-30T11:51:43+00:00\",\"description\":\"El f\u00f2rum internacional analitza el potencial de l'art i la tecnologia en la construcci\u00f3 de pau\",\"inLanguage\":\"ca\",\"potentialAction\":[{\"@type\":\"ReadAction\",\"target\":[\"https:\/\/www.icip.cat\/ca\/event\/licip-participa-a-la-build-peace-conference-2023\/\"]}]},{\"@type\":\"ImageObject\",\"inLanguage\":\"ca\",\"@id\":\"https:\/\/www.icip.cat\/ca\/event\/licip-participa-a-la-build-peace-conference-2023\/#primaryimage\",\"url\":\"https:\/\/www.icip.cat\/wp-content\/uploads\/2023\/11\/build-up.png\",\"contentUrl\":\"https:\/\/www.icip.cat\/wp-content\/uploads\/2023\/11\/build-up.png\",\"width\":1731,\"height\":1440},{\"@type\":\"WebSite\",\"@id\":\"https:\/\/www.icip.cat\/ca\/#website\",\"url\":\"https:\/\/www.icip.cat\/ca\/\",\"name\":\"ICIP\",\"description\":\"\",\"publisher\":{\"@id\":\"https:\/\/www.icip.cat\/ca\/#organization\"},\"potentialAction\":[{\"@type\":\"SearchAction\",\"target\":{\"@type\":\"EntryPoint\",\"urlTemplate\":\"https:\/\/www.icip.cat\/ca\/?s={search_term_string}\"},\"query-input\":{\"@type\":\"PropertyValueSpecification\",\"valueRequired\":true,\"valueName\":\"search_term_string\"}}],\"inLanguage\":\"ca\"},{\"@type\":\"Organization\",\"@id\":\"https:\/\/www.icip.cat\/ca\/#organization\",\"name\":\"ICIP\",\"url\":\"https:\/\/www.icip.cat\/ca\/\",\"logo\":{\"@type\":\"ImageObject\",\"inLanguage\":\"ca\",\"@id\":\"https:\/\/www.icip.cat\/ca\/#\/schema\/logo\/image\/\",\"url\":\"https:\/\/www.icip.cat\/wp-content\/uploads\/2021\/02\/logo-2.png\",\"contentUrl\":\"https:\/\/www.icip.cat\/wp-content\/uploads\/2021\/02\/logo-2.png\",\"width\":562,\"height\":391,\"caption\":\"ICIP\"},\"image\":{\"@id\":\"https:\/\/www.icip.cat\/ca\/#\/schema\/logo\/image\/\"}}]}<\/script>\n<!-- \/ Yoast SEO plugin. -->","yoast_head_json":{"title":"L'ICIP participa a la Build Peace Conference 2023 - ICIP","description":"El f\u00f2rum internacional analitza el potencial de l'art i la tecnologia en la construcci\u00f3 de pau","robots":{"index":"index","follow":"follow","max-snippet":"max-snippet:-1","max-image-preview":"max-image-preview:large","max-video-preview":"max-video-preview:-1"},"canonical":"https:\/\/www.icip.cat\/ca\/event\/licip-participa-a-la-build-peace-conference-2023\/","og_locale":"ca_ES","og_type":"article","og_title":"L'ICIP participa a la Build Peace Conference 2023 - ICIP","og_description":"El f\u00f2rum internacional analitza el potencial de l'art i la tecnologia en la construcci\u00f3 de pau","og_url":"https:\/\/www.icip.cat\/ca\/event\/licip-participa-a-la-build-peace-conference-2023\/","og_site_name":"ICIP","article_modified_time":"2023-11-30T11:51:43+00:00","og_image":[{"width":1731,"height":1440,"url":"https:\/\/www.icip.cat\/wp-content\/uploads\/2023\/11\/build-up.png","type":"image\/png"}],"twitter_card":"summary_large_image","twitter_misc":{"Temps estimat de lectura":"2 minuts"},"schema":{"@context":"https:\/\/schema.org","@graph":[{"@type":"WebPage","@id":"https:\/\/www.icip.cat\/ca\/event\/licip-participa-a-la-build-peace-conference-2023\/","url":"https:\/\/www.icip.cat\/ca\/event\/licip-participa-a-la-build-peace-conference-2023\/","name":"L'ICIP participa a la Build Peace Conference 2023 - ICIP","isPartOf":{"@id":"https:\/\/www.icip.cat\/ca\/#website"},"primaryImageOfPage":{"@id":"https:\/\/www.icip.cat\/ca\/event\/licip-participa-a-la-build-peace-conference-2023\/#primaryimage"},"image":{"@id":"https:\/\/www.icip.cat\/ca\/event\/licip-participa-a-la-build-peace-conference-2023\/#primaryimage"},"thumbnailUrl":"https:\/\/www.icip.cat\/wp-content\/uploads\/2023\/11\/build-up.png","datePublished":"2023-11-29T15:10:48+00:00","dateModified":"2023-11-30T11:51:43+00:00","description":"El f\u00f2rum internacional analitza el potencial de l'art i la tecnologia en la construcci\u00f3 de pau","inLanguage":"ca","potentialAction":[{"@type":"ReadAction","target":["https:\/\/www.icip.cat\/ca\/event\/licip-participa-a-la-build-peace-conference-2023\/"]}]},{"@type":"ImageObject","inLanguage":"ca","@id":"https:\/\/www.icip.cat\/ca\/event\/licip-participa-a-la-build-peace-conference-2023\/#primaryimage","url":"https:\/\/www.icip.cat\/wp-content\/uploads\/2023\/11\/build-up.png","contentUrl":"https:\/\/www.icip.cat\/wp-content\/uploads\/2023\/11\/build-up.png","width":1731,"height":1440},{"@type":"WebSite","@id":"https:\/\/www.icip.cat\/ca\/#website","url":"https:\/\/www.icip.cat\/ca\/","name":"ICIP","description":"","publisher":{"@id":"https:\/\/www.icip.cat\/ca\/#organization"},"potentialAction":[{"@type":"SearchAction","target":{"@type":"EntryPoint","urlTemplate":"https:\/\/www.icip.cat\/ca\/?s={search_term_string}"},"query-input":{"@type":"PropertyValueSpecification","valueRequired":true,"valueName":"search_term_string"}}],"inLanguage":"ca"},{"@type":"Organization","@id":"https:\/\/www.icip.cat\/ca\/#organization","name":"ICIP","url":"https:\/\/www.icip.cat\/ca\/","logo":{"@type":"ImageObject","inLanguage":"ca","@id":"https:\/\/www.icip.cat\/ca\/#\/schema\/logo\/image\/","url":"https:\/\/www.icip.cat\/wp-content\/uploads\/2021\/02\/logo-2.png","contentUrl":"https:\/\/www.icip.cat\/wp-content\/uploads\/2021\/02\/logo-2.png","width":562,"height":391,"caption":"ICIP"},"image":{"@id":"https:\/\/www.icip.cat\/ca\/#\/schema\/logo\/image\/"}}]}},"_links":{"self":[{"href":"https:\/\/www.icip.cat\/ca\/wp-json\/wp\/v2\/icip_event\/41363","targetHints":{"allow":["GET"]}}],"collection":[{"href":"https:\/\/www.icip.cat\/ca\/wp-json\/wp\/v2\/icip_event"}],"about":[{"href":"https:\/\/www.icip.cat\/ca\/wp-json\/wp\/v2\/types\/icip_event"}],"version-history":[{"count":15,"href":"https:\/\/www.icip.cat\/ca\/wp-json\/wp\/v2\/icip_event\/41363\/revisions"}],"predecessor-version":[{"id":42598,"href":"https:\/\/www.icip.cat\/ca\/wp-json\/wp\/v2\/icip_event\/41363\/revisions\/42598"}],"wp:featuredmedia":[{"embeddable":true,"href":"https:\/\/www.icip.cat\/ca\/wp-json\/wp\/v2\/media\/41374"}],"wp:attachment":[{"href":"https:\/\/www.icip.cat\/ca\/wp-json\/wp\/v2\/media?parent=41363"}],"curies":[{"name":"wp","href":"https:\/\/api.w.org\/{rel}","templated":true}]}}

<p>De l&#8217;1 al 3 de desembre, una representació de l&#8217;ICIP participa a la conferència anual de l&#8217;organització <a href="https://howtobuildup.org/" target="_blank" rel="noreferrer noopener">Build Up</a>, que enguany té lloc a Nairobi, a Kènia. </p>



<p>Build Up és una entitat que promou la recerca i la reflexió sobre la intersecció entre la tecnologia i la construcció de pau i la <a href="https://howtobuildpeace.org/" target="_blank" rel="noreferrer noopener"><strong>Build Peace</strong> <strong>Conference 2023</strong></a> té per objectiu debatre sobre els reptes per la a pau i la transformació de conflictes en l&#8217;era digital. </p>



<p>Es tracta d&#8217;un fòrum internacional que en aquesta desena edició està centrat en el rol que juga l&#8217;art i la tecnologia en la creació d&#8217;identitats, i com aquestes són rellevants per a la transformació i la dinàmica dels conflictes, a nivell mundial però concretament a la regió de l&#8217;Àfrica oriental. Durant tres dies, persones expertes d&#8217;arreu d&#8217;arreu del món reflexionaran a partir d&#8217;experiències concretes que s&#8217;estan duent a terme a diferents indrets del planeta. </p>



<p>Per exemple, experiències en què les xarxes socials fomenten la cohesió, programes de detecció dels discursos d&#8217;odi, ràdios basades en la difusió de la cultura de pau com la Radio Master Peace de Mèxic o les experiències artístiques creades en el marc de la Comissió de la Veritat de Colòmbia per tal de promoure la reconciliació.</p>



<p><a href="https://docs.google.com/document/d/1G0A4gJqlwZYLCqfAQNXA2bck_wZu-k4nlDWLaLwKZuY/edit?mc_cid=4fc82d6ec6&amp;mc_eid=73c8f2cfe1" target="_blank" rel="noreferrer noopener">Programa complet</a> de la Build Peace Conference 2023</p>

<!-- This site is optimized with the Yoast SEO plugin v25.6 - https://yoast.com/wordpress/plugins/seo/ -->
<title>L&#039;ICIP participa a la Build Peace Conference 2023 - ICIP</title>
<meta name="description" content="El fòrum internacional analitza el potencial de l&#039;art i la tecnologia en la construcció de pau" />
<meta name="robots" content="index, follow, max-snippet:-1, max-image-preview:large, max-video-preview:-1" />
<link rel="canonical" href="https://www.icip.cat/ca/event/licip-participa-a-la-build-peace-conference-2023/" />
<meta property="og:locale" content="ca_ES" />
<meta property="og:type" content="article" />
<meta property="og:title" content="L&#039;ICIP participa a la Build Peace Conference 2023 - ICIP" />
<meta property="og:description" content="El fòrum internacional analitza el potencial de l&#039;art i la tecnologia en la construcció de pau" />
<meta property="og:url" content="https://www.icip.cat/ca/event/licip-participa-a-la-build-peace-conference-2023/" />
<meta property="og:site_name" content="ICIP" />
<meta property="article:modified_time" content="2023-11-30T11:51:43+00:00" />
<meta property="og:image" content="https://www.icip.cat/wp-content/uploads/2023/11/build-up.png" />
	<meta property="og:image:width" content="1731" />
	<meta property="og:image:height" content="1440" />
	<meta property="og:image:type" content="image/png" />
<meta name="twitter:card" content="summary_large_image" />
<meta name="twitter:label1" content="Temps estimat de lectura" />
	<meta name="twitter:data1" content="2 minuts" />
<script type="application/ld+json" class="yoast-schema-graph">{"@context":"https://schema.org","@graph":[{"@type":"WebPage","@id":"https://www.icip.cat/ca/event/licip-participa-a-la-build-peace-conference-2023/","url":"https://www.icip.cat/ca/event/licip-participa-a-la-build-peace-conference-2023/","name":"L'ICIP participa a la Build Peace Conference 2023 - ICIP","isPartOf":{"@id":"https://www.icip.cat/ca/#website"},"primaryImageOfPage":{"@id":"https://www.icip.cat/ca/event/licip-participa-a-la-build-peace-conference-2023/#primaryimage"},"image":{"@id":"https://www.icip.cat/ca/event/licip-participa-a-la-build-peace-conference-2023/#primaryimage"},"thumbnailUrl":"https://www.icip.cat/wp-content/uploads/2023/11/build-up.png","datePublished":"2023-11-29T15:10:48+00:00","dateModified":"2023-11-30T11:51:43+00:00","description":"El fòrum internacional analitza el potencial de l'art i la tecnologia en la construcció de pau","inLanguage":"ca","potentialAction":[{"@type":"ReadAction","target":["https://www.icip.cat/ca/event/licip-participa-a-la-build-peace-conference-2023/"]}]},{"@type":"ImageObject","inLanguage":"ca","@id":"https://www.icip.cat/ca/event/licip-participa-a-la-build-peace-conference-2023/#primaryimage","url":"https://www.icip.cat/wp-content/uploads/2023/11/build-up.png","contentUrl":"https://www.icip.cat/wp-content/uploads/2023/11/build-up.png","width":1731,"height":1440},{"@type":"WebSite","@id":"https://www.icip.cat/ca/#website","url":"https://www.icip.cat/ca/","name":"ICIP","description":"","publisher":{"@id":"https://www.icip.cat/ca/#organization"},"potentialAction":[{"@type":"SearchAction","target":{"@type":"EntryPoint","urlTemplate":"https://www.icip.cat/ca/?s={search_term_string}"},"query-input":{"@type":"PropertyValueSpecification","valueRequired":true,"valueName":"search_term_string"}}],"inLanguage":"ca"},{"@type":"Organization","@id":"https://www.icip.cat/ca/#organization","name":"ICIP","url":"https://www.icip.cat/ca/","logo":{"@type":"ImageObject","inLanguage":"ca","@id":"https://www.icip.cat/ca/#/schema/logo/image/","url":"https://www.icip.cat/wp-content/uploads/2021/02/logo-2.png","contentUrl":"https://www.icip.cat/wp-content/uploads/2021/02/logo-2.png","width":562,"height":391,"caption":"ICIP"},"image":{"@id":"https://www.icip.cat/ca/#/schema/logo/image/"}}]}</script>
<!-- / Yoast SEO plugin. -->

El fòrum internacional analitza el potencial de l'art i la tecnologia en la construcció de pau
