{"id":45414,"date":"2024-05-09T08:57:09","date_gmt":"2024-05-09T08:57:09","guid":{"rendered":"https:\/\/www.icip.cat\/?post_type=icip_event&#038;p=45414"},"modified":"2024-05-27T09:59:19","modified_gmt":"2024-05-27T09:59:19","slug":"converses-amb-rita-segato","status":"publish","type":"icip_event","link":"https:\/\/www.icip.cat\/ca\/event\/converses-amb-rita-segato\/","title":{"rendered":"Converses amb Rita Segato"},"content":{"rendered":"\n<p>Del 24 al 29 de maig, l&#8217;antrop\u00f2loga i feminista <strong>Rita Segato<\/strong> ser\u00e0 a Barcelona per participar en la <a href=\"https:\/\/literalbcn.com\/\" target=\"_blank\" rel=\"noreferrer noopener\">Fira Literal<\/a>. Durant la seva estada, protagonitzar\u00e0 dos actes que compten amb la col\u00b7laboraci\u00f3 i coorganitzaci\u00f3 de l&#8217;ICIP.&nbsp;<\/p>\n\n\n\n<p>Segato \u00e9s especialment coneguda per les seves recerques orientades a la viol\u00e8ncia de g\u00e8nere i a les relacions entre g\u00e8nere, racisme i colonialisme.<\/p>\n\n\n\n<p>El primer acte tindr\u00e0 lloc el <strong>diumenge 26 de maig<\/strong> a les 12.30h a la F\u00e0brica de Creaci\u00f3 Fabra i Coats. L&#8217;activitat porta per t\u00edtol &#8216;<a href=\"https:\/\/literalbcn.com\/activitats\/feminisme-contra-el-punitivisme\/\" target=\"_blank\" rel=\"noreferrer noopener\">Feminisme contra el punitivisme<\/a>\u2019 i ser\u00e0 una conversa de Segato amb <strong>Laura Macaya<\/strong>, educadora i coautora del llibre <em>Alianzas rebeldes<\/em> i <strong>Nuria Alabao<\/strong>, periodista i doctora en antropologia. L\u2019acte ser\u00e0 moderat per <strong>Sandra Mart\u00ednez<\/strong>, responsable de l\u2019\u00e0rea \u2018<a href=\"https:\/\/www.icip.cat\/ca\/alternatives-de-seguretat\/\">Alternatives de seguretat<\/a>\u2019 de l\u2019ICIP.&nbsp;<\/p>\n\n\n\n<p>Aquest espai de debat tindr\u00e0 lloc en el marc de la Fira Literal, d&#8217;idees i llibres radicals. Es tracta d\u2019una fira comercial de llibres de pensament cr\u00edtic en qualsevol llengua, que es realitza anualment des de 2015. Totes les activitats de la fira s\u00f3n gratu\u00eftes i de lliure acc\u00e9s. Les persones del p\u00fablic podran accedir per ordre d\u2019arribada a totes les sales.<\/p>\n\n\n\n<p>La segona activitat, coorganitzada per l\u2019ICIP i l\u2019Ajuntament de Barcelona, tindr\u00e0 lloc al Hub Social el <strong>dimecres 29 de maig<\/strong> a les 18.30h. Amb el t\u00edtol \u2018Aportacions del feminisme als reptes globals per a la pau\u2019, en aquest acte Segato reflexionar\u00e0 sobre la contribuci\u00f3 del feminisme decolonial en la comprensi\u00f3 i transformaci\u00f3 de les viol\u00e8ncies.&nbsp;<\/p>\n\n\n\n<p>L\u2019acte ser\u00e0 moderat per la periodista <strong>Laura Aznar<\/strong> i inclour\u00e0 un torn obert del p\u00fablic. Tamb\u00e9 hi haur\u00e0 una fila zero que comptar\u00e0 amb intervencions de persones referents i expertes en l\u2019\u00e0mbit de la viol\u00e8ncia sexual, la filosofia feminista i l\u2019activisme LGTBIQ+: <strong>Alba Alfageme<\/strong>, psic\u00f2loga;<strong> Laia Serra<\/strong>, advocada; i <strong>Miquel Mis\u00e9<\/strong>, soci\u00f2leg.<\/p>\n\n\n\n<p>L&#8217;aforament de la sala est\u00e0 complet de manera que no s&#8217;accepten noves inscripcions.<\/p>\n\n\n\n<p>La sessi\u00f3 s&#8217;enregistrar\u00e0 i es publicar\u00e0 posteriorment al<a href=\"https:\/\/www.youtube.com\/user\/ICIPtube\" target=\"_blank\" rel=\"noreferrer noopener\"> canal de YouTube ICIP<\/a>.<\/p>\n\n\n\n<div class=\"wp-block-image\"><figure class=\"aligncenter size-full\"><img fetchpriority=\"high\" decoding=\"async\" width=\"595\" height=\"420\" src=\"https:\/\/www.icip.cat\/wp-content\/uploads\/2024\/05\/Rita-Segato-a-BCN.png\" alt=\"\" class=\"wp-image-45422\" srcset=\"https:\/\/www.icip.cat\/wp-content\/uploads\/2024\/05\/Rita-Segato-a-BCN.png 595w, https:\/\/www.icip.cat\/wp-content\/uploads\/2024\/05\/Rita-Segato-a-BCN-300x212.png 300w\" sizes=\"(max-width: 595px) 100vw, 595px\" \/><\/figure><\/div>\n","protected":false},"featured_media":45417,"template":"","class_list":["post-45414","icip_event","type-icip_event","status-publish","has-post-thumbnail","hentry"],"acf":[],"yoast_head":"<!-- This site is optimized with the Yoast SEO plugin v25.6 - https:\/\/yoast.com\/wordpress\/plugins\/seo\/ -->\n<title>Converses amb Rita Segato - ICIP<\/title>\n<meta name=\"description\" content=\"Del 24 al 29 de maig, l&#039;antrop\u00f2loga i feminista Rita Segato ser\u00e0 a Barcelona per participar en la Fira Literal (25-26 de maig).\" \/>\n<meta name=\"robots\" content=\"index, follow, max-snippet:-1, max-image-preview:large, max-video-preview:-1\" \/>\n<link rel=\"canonical\" href=\"https:\/\/www.icip.cat\/ca\/event\/converses-amb-rita-segato\/\" \/>\n<meta property=\"og:locale\" content=\"ca_ES\" \/>\n<meta property=\"og:type\" content=\"article\" \/>\n<meta property=\"og:title\" content=\"Converses amb Rita Segato - ICIP\" \/>\n<meta property=\"og:description\" content=\"Del 24 al 29 de maig, l&#039;antrop\u00f2loga i feminista Rita Segato ser\u00e0 a Barcelona per participar en la Fira Literal (25-26 de maig).\" \/>\n<meta property=\"og:url\" content=\"https:\/\/www.icip.cat\/ca\/event\/converses-amb-rita-segato\/\" \/>\n<meta property=\"og:site_name\" content=\"ICIP\" \/>\n<meta property=\"article:modified_time\" content=\"2024-05-27T09:59:19+00:00\" \/>\n<meta property=\"og:image\" content=\"https:\/\/www.icip.cat\/wp-content\/uploads\/2024\/05\/Rita-1070x660-1.jpg\" \/>\n\t<meta property=\"og:image:width\" content=\"575\" \/>\n\t<meta property=\"og:image:height\" content=\"575\" \/>\n\t<meta property=\"og:image:type\" content=\"image\/jpeg\" \/>\n<meta name=\"twitter:card\" content=\"summary_large_image\" \/>\n<meta name=\"twitter:label1\" content=\"Temps estimat de lectura\" \/>\n\t<meta name=\"twitter:data1\" content=\"2 minuts\" \/>\n<script type=\"application\/ld+json\" class=\"yoast-schema-graph\">{\"@context\":\"https:\/\/schema.org\",\"@graph\":[{\"@type\":\"WebPage\",\"@id\":\"https:\/\/www.icip.cat\/ca\/event\/converses-amb-rita-segato\/\",\"url\":\"https:\/\/www.icip.cat\/ca\/event\/converses-amb-rita-segato\/\",\"name\":\"Converses amb Rita Segato - ICIP\",\"isPartOf\":{\"@id\":\"https:\/\/www.icip.cat\/ca\/#website\"},\"primaryImageOfPage\":{\"@id\":\"https:\/\/www.icip.cat\/ca\/event\/converses-amb-rita-segato\/#primaryimage\"},\"image\":{\"@id\":\"https:\/\/www.icip.cat\/ca\/event\/converses-amb-rita-segato\/#primaryimage\"},\"thumbnailUrl\":\"https:\/\/www.icip.cat\/wp-content\/uploads\/2024\/05\/Rita-1070x660-1.jpg\",\"datePublished\":\"2024-05-09T08:57:09+00:00\",\"dateModified\":\"2024-05-27T09:59:19+00:00\",\"description\":\"Del 24 al 29 de maig, l'antrop\u00f2loga i feminista Rita Segato ser\u00e0 a Barcelona per participar en la Fira Literal (25-26 de maig).\",\"inLanguage\":\"ca\",\"potentialAction\":[{\"@type\":\"ReadAction\",\"target\":[\"https:\/\/www.icip.cat\/ca\/event\/converses-amb-rita-segato\/\"]}]},{\"@type\":\"ImageObject\",\"inLanguage\":\"ca\",\"@id\":\"https:\/\/www.icip.cat\/ca\/event\/converses-amb-rita-segato\/#primaryimage\",\"url\":\"https:\/\/www.icip.cat\/wp-content\/uploads\/2024\/05\/Rita-1070x660-1.jpg\",\"contentUrl\":\"https:\/\/www.icip.cat\/wp-content\/uploads\/2024\/05\/Rita-1070x660-1.jpg\",\"width\":575,\"height\":575},{\"@type\":\"WebSite\",\"@id\":\"https:\/\/www.icip.cat\/ca\/#website\",\"url\":\"https:\/\/www.icip.cat\/ca\/\",\"name\":\"ICIP\",\"description\":\"\",\"publisher\":{\"@id\":\"https:\/\/www.icip.cat\/ca\/#organization\"},\"potentialAction\":[{\"@type\":\"SearchAction\",\"target\":{\"@type\":\"EntryPoint\",\"urlTemplate\":\"https:\/\/www.icip.cat\/ca\/?s={search_term_string}\"},\"query-input\":{\"@type\":\"PropertyValueSpecification\",\"valueRequired\":true,\"valueName\":\"search_term_string\"}}],\"inLanguage\":\"ca\"},{\"@type\":\"Organization\",\"@id\":\"https:\/\/www.icip.cat\/ca\/#organization\",\"name\":\"ICIP\",\"url\":\"https:\/\/www.icip.cat\/ca\/\",\"logo\":{\"@type\":\"ImageObject\",\"inLanguage\":\"ca\",\"@id\":\"https:\/\/www.icip.cat\/ca\/#\/schema\/logo\/image\/\",\"url\":\"https:\/\/www.icip.cat\/wp-content\/uploads\/2021\/02\/logo-2.png\",\"contentUrl\":\"https:\/\/www.icip.cat\/wp-content\/uploads\/2021\/02\/logo-2.png\",\"width\":562,\"height\":391,\"caption\":\"ICIP\"},\"image\":{\"@id\":\"https:\/\/www.icip.cat\/ca\/#\/schema\/logo\/image\/\"}}]}<\/script>\n<!-- \/ Yoast SEO plugin. -->","yoast_head_json":{"title":"Converses amb Rita Segato - ICIP","description":"Del 24 al 29 de maig, l'antrop\u00f2loga i feminista Rita Segato ser\u00e0 a Barcelona per participar en la Fira Literal (25-26 de maig).","robots":{"index":"index","follow":"follow","max-snippet":"max-snippet:-1","max-image-preview":"max-image-preview:large","max-video-preview":"max-video-preview:-1"},"canonical":"https:\/\/www.icip.cat\/ca\/event\/converses-amb-rita-segato\/","og_locale":"ca_ES","og_type":"article","og_title":"Converses amb Rita Segato - ICIP","og_description":"Del 24 al 29 de maig, l'antrop\u00f2loga i feminista Rita Segato ser\u00e0 a Barcelona per participar en la Fira Literal (25-26 de maig).","og_url":"https:\/\/www.icip.cat\/ca\/event\/converses-amb-rita-segato\/","og_site_name":"ICIP","article_modified_time":"2024-05-27T09:59:19+00:00","og_image":[{"width":575,"height":575,"url":"https:\/\/www.icip.cat\/wp-content\/uploads\/2024\/05\/Rita-1070x660-1.jpg","type":"image\/jpeg"}],"twitter_card":"summary_large_image","twitter_misc":{"Temps estimat de lectura":"2 minuts"},"schema":{"@context":"https:\/\/schema.org","@graph":[{"@type":"WebPage","@id":"https:\/\/www.icip.cat\/ca\/event\/converses-amb-rita-segato\/","url":"https:\/\/www.icip.cat\/ca\/event\/converses-amb-rita-segato\/","name":"Converses amb Rita Segato - ICIP","isPartOf":{"@id":"https:\/\/www.icip.cat\/ca\/#website"},"primaryImageOfPage":{"@id":"https:\/\/www.icip.cat\/ca\/event\/converses-amb-rita-segato\/#primaryimage"},"image":{"@id":"https:\/\/www.icip.cat\/ca\/event\/converses-amb-rita-segato\/#primaryimage"},"thumbnailUrl":"https:\/\/www.icip.cat\/wp-content\/uploads\/2024\/05\/Rita-1070x660-1.jpg","datePublished":"2024-05-09T08:57:09+00:00","dateModified":"2024-05-27T09:59:19+00:00","description":"Del 24 al 29 de maig, l'antrop\u00f2loga i feminista Rita Segato ser\u00e0 a Barcelona per participar en la Fira Literal (25-26 de maig).","inLanguage":"ca","potentialAction":[{"@type":"ReadAction","target":["https:\/\/www.icip.cat\/ca\/event\/converses-amb-rita-segato\/"]}]},{"@type":"ImageObject","inLanguage":"ca","@id":"https:\/\/www.icip.cat\/ca\/event\/converses-amb-rita-segato\/#primaryimage","url":"https:\/\/www.icip.cat\/wp-content\/uploads\/2024\/05\/Rita-1070x660-1.jpg","contentUrl":"https:\/\/www.icip.cat\/wp-content\/uploads\/2024\/05\/Rita-1070x660-1.jpg","width":575,"height":575},{"@type":"WebSite","@id":"https:\/\/www.icip.cat\/ca\/#website","url":"https:\/\/www.icip.cat\/ca\/","name":"ICIP","description":"","publisher":{"@id":"https:\/\/www.icip.cat\/ca\/#organization"},"potentialAction":[{"@type":"SearchAction","target":{"@type":"EntryPoint","urlTemplate":"https:\/\/www.icip.cat\/ca\/?s={search_term_string}"},"query-input":{"@type":"PropertyValueSpecification","valueRequired":true,"valueName":"search_term_string"}}],"inLanguage":"ca"},{"@type":"Organization","@id":"https:\/\/www.icip.cat\/ca\/#organization","name":"ICIP","url":"https:\/\/www.icip.cat\/ca\/","logo":{"@type":"ImageObject","inLanguage":"ca","@id":"https:\/\/www.icip.cat\/ca\/#\/schema\/logo\/image\/","url":"https:\/\/www.icip.cat\/wp-content\/uploads\/2021\/02\/logo-2.png","contentUrl":"https:\/\/www.icip.cat\/wp-content\/uploads\/2021\/02\/logo-2.png","width":562,"height":391,"caption":"ICIP"},"image":{"@id":"https:\/\/www.icip.cat\/ca\/#\/schema\/logo\/image\/"}}]}},"_links":{"self":[{"href":"https:\/\/www.icip.cat\/ca\/wp-json\/wp\/v2\/icip_event\/45414","targetHints":{"allow":["GET"]}}],"collection":[{"href":"https:\/\/www.icip.cat\/ca\/wp-json\/wp\/v2\/icip_event"}],"about":[{"href":"https:\/\/www.icip.cat\/ca\/wp-json\/wp\/v2\/types\/icip_event"}],"version-history":[{"count":11,"href":"https:\/\/www.icip.cat\/ca\/wp-json\/wp\/v2\/icip_event\/45414\/revisions"}],"predecessor-version":[{"id":46043,"href":"https:\/\/www.icip.cat\/ca\/wp-json\/wp\/v2\/icip_event\/45414\/revisions\/46043"}],"wp:featuredmedia":[{"embeddable":true,"href":"https:\/\/www.icip.cat\/ca\/wp-json\/wp\/v2\/media\/45417"}],"wp:attachment":[{"href":"https:\/\/www.icip.cat\/ca\/wp-json\/wp\/v2\/media?parent=45414"}],"curies":[{"name":"wp","href":"https:\/\/api.w.org\/{rel}","templated":true}]}}

<p>Del 24 al 29 de maig, l&#8217;antropòloga i feminista <strong>Rita Segato</strong> serà a Barcelona per participar en la <a href="https://literalbcn.com/" target="_blank" rel="noreferrer noopener">Fira Literal</a>. Durant la seva estada, protagonitzarà dos actes que compten amb la col·laboració i coorganització de l&#8217;ICIP.&nbsp;</p>



<p>Segato és especialment coneguda per les seves recerques orientades a la violència de gènere i a les relacions entre gènere, racisme i colonialisme.</p>



<p>El primer acte tindrà lloc el <strong>diumenge 26 de maig</strong> a les 12.30h a la Fàbrica de Creació Fabra i Coats. L&#8217;activitat porta per títol &#8216;<a href="https://literalbcn.com/activitats/feminisme-contra-el-punitivisme/" target="_blank" rel="noreferrer noopener">Feminisme contra el punitivisme</a>’ i serà una conversa de Segato amb <strong>Laura Macaya</strong>, educadora i coautora del llibre <em>Alianzas rebeldes</em> i <strong>Nuria Alabao</strong>, periodista i doctora en antropologia. L’acte serà moderat per <strong>Sandra Martínez</strong>, responsable de l’àrea ‘<a href="https://www.icip.cat/ca/alternatives-de-seguretat/">Alternatives de seguretat</a>’ de l’ICIP.&nbsp;</p>



<p>Aquest espai de debat tindrà lloc en el marc de la Fira Literal, d&#8217;idees i llibres radicals. Es tracta d’una fira comercial de llibres de pensament crític en qualsevol llengua, que es realitza anualment des de 2015. Totes les activitats de la fira són gratuïtes i de lliure accés. Les persones del públic podran accedir per ordre d’arribada a totes les sales.</p>



<p>La segona activitat, coorganitzada per l’ICIP i l’Ajuntament de Barcelona, tindrà lloc al Hub Social el <strong>dimecres 29 de maig</strong> a les 18.30h. Amb el títol ‘Aportacions del feminisme als reptes globals per a la pau’, en aquest acte Segato reflexionarà sobre la contribució del feminisme decolonial en la comprensió i transformació de les violències.&nbsp;</p>



<p>L’acte serà moderat per la periodista <strong>Laura Aznar</strong> i inclourà un torn obert del públic. També hi haurà una fila zero que comptarà amb intervencions de persones referents i expertes en l’àmbit de la violència sexual, la filosofia feminista i l’activisme LGTBIQ+: <strong>Alba Alfageme</strong>, psicòloga;<strong> Laia Serra</strong>, advocada; i <strong>Miquel Misé</strong>, sociòleg.</p>



<p>L&#8217;aforament de la sala està complet de manera que no s&#8217;accepten noves inscripcions.</p>



<p>La sessió s&#8217;enregistrarà i es publicarà posteriorment al<a href="https://www.youtube.com/user/ICIPtube" target="_blank" rel="noreferrer noopener"> canal de YouTube ICIP</a>.</p>



<div class="wp-block-image"><figure class="aligncenter size-full"><img fetchpriority="high" decoding="async" width="595" height="420" src="https://www.icip.cat/wp-content/uploads/2024/05/Rita-Segato-a-BCN.png" alt="" class="wp-image-45422" srcset="https://www.icip.cat/wp-content/uploads/2024/05/Rita-Segato-a-BCN.png 595w, https://www.icip.cat/wp-content/uploads/2024/05/Rita-Segato-a-BCN-300x212.png 300w" sizes="(max-width: 595px) 100vw, 595px" /></figure></div>

<!-- This site is optimized with the Yoast SEO plugin v25.6 - https://yoast.com/wordpress/plugins/seo/ -->
<title>Converses amb Rita Segato - ICIP</title>
<meta name="description" content="Del 24 al 29 de maig, l&#039;antropòloga i feminista Rita Segato serà a Barcelona per participar en la Fira Literal (25-26 de maig)." />
<meta name="robots" content="index, follow, max-snippet:-1, max-image-preview:large, max-video-preview:-1" />
<link rel="canonical" href="https://www.icip.cat/ca/event/converses-amb-rita-segato/" />
<meta property="og:locale" content="ca_ES" />
<meta property="og:type" content="article" />
<meta property="og:title" content="Converses amb Rita Segato - ICIP" />
<meta property="og:description" content="Del 24 al 29 de maig, l&#039;antropòloga i feminista Rita Segato serà a Barcelona per participar en la Fira Literal (25-26 de maig)." />
<meta property="og:url" content="https://www.icip.cat/ca/event/converses-amb-rita-segato/" />
<meta property="og:site_name" content="ICIP" />
<meta property="article:modified_time" content="2024-05-27T09:59:19+00:00" />
<meta property="og:image" content="https://www.icip.cat/wp-content/uploads/2024/05/Rita-1070x660-1.jpg" />
	<meta property="og:image:width" content="575" />
	<meta property="og:image:height" content="575" />
	<meta property="og:image:type" content="image/jpeg" />
<meta name="twitter:card" content="summary_large_image" />
<meta name="twitter:label1" content="Temps estimat de lectura" />
	<meta name="twitter:data1" content="2 minuts" />
<script type="application/ld+json" class="yoast-schema-graph">{"@context":"https://schema.org","@graph":[{"@type":"WebPage","@id":"https://www.icip.cat/ca/event/converses-amb-rita-segato/","url":"https://www.icip.cat/ca/event/converses-amb-rita-segato/","name":"Converses amb Rita Segato - ICIP","isPartOf":{"@id":"https://www.icip.cat/ca/#website"},"primaryImageOfPage":{"@id":"https://www.icip.cat/ca/event/converses-amb-rita-segato/#primaryimage"},"image":{"@id":"https://www.icip.cat/ca/event/converses-amb-rita-segato/#primaryimage"},"thumbnailUrl":"https://www.icip.cat/wp-content/uploads/2024/05/Rita-1070x660-1.jpg","datePublished":"2024-05-09T08:57:09+00:00","dateModified":"2024-05-27T09:59:19+00:00","description":"Del 24 al 29 de maig, l'antropòloga i feminista Rita Segato serà a Barcelona per participar en la Fira Literal (25-26 de maig).","inLanguage":"ca","potentialAction":[{"@type":"ReadAction","target":["https://www.icip.cat/ca/event/converses-amb-rita-segato/"]}]},{"@type":"ImageObject","inLanguage":"ca","@id":"https://www.icip.cat/ca/event/converses-amb-rita-segato/#primaryimage","url":"https://www.icip.cat/wp-content/uploads/2024/05/Rita-1070x660-1.jpg","contentUrl":"https://www.icip.cat/wp-content/uploads/2024/05/Rita-1070x660-1.jpg","width":575,"height":575},{"@type":"WebSite","@id":"https://www.icip.cat/ca/#website","url":"https://www.icip.cat/ca/","name":"ICIP","description":"","publisher":{"@id":"https://www.icip.cat/ca/#organization"},"potentialAction":[{"@type":"SearchAction","target":{"@type":"EntryPoint","urlTemplate":"https://www.icip.cat/ca/?s={search_term_string}"},"query-input":{"@type":"PropertyValueSpecification","valueRequired":true,"valueName":"search_term_string"}}],"inLanguage":"ca"},{"@type":"Organization","@id":"https://www.icip.cat/ca/#organization","name":"ICIP","url":"https://www.icip.cat/ca/","logo":{"@type":"ImageObject","inLanguage":"ca","@id":"https://www.icip.cat/ca/#/schema/logo/image/","url":"https://www.icip.cat/wp-content/uploads/2021/02/logo-2.png","contentUrl":"https://www.icip.cat/wp-content/uploads/2021/02/logo-2.png","width":562,"height":391,"caption":"ICIP"},"image":{"@id":"https://www.icip.cat/ca/#/schema/logo/image/"}}]}</script>
<!-- / Yoast SEO plugin. -->

Del 24 al 29 de maig, l'antropòloga i feminista Rita Segato serà a Barcelona per participar en la Fira Literal (25-26 de maig).
