{"id":46881,"date":"2024-06-28T10:42:04","date_gmt":"2024-06-28T10:42:04","guid":{"rendered":"https:\/\/www.icip.cat\/?post_type=icip_event&#038;p=46881"},"modified":"2024-07-01T10:39:56","modified_gmt":"2024-07-01T10:39:56","slug":"club-de-lectura-jo-se-per-que-canta-locell-engabiat","status":"publish","type":"icip_event","link":"https:\/\/www.icip.cat\/ca\/event\/club-de-lectura-jo-se-per-que-canta-locell-engabiat\/","title":{"rendered":"Club de lectura: Jo s\u00e9 per qu\u00e8 canta l\u2019ocell engabiat"},"content":{"rendered":"\n<p>El pr\u00f2xim 16 de juliol, la Biblioteca Pilarin Bay\u00e9s de Vic amb la col\u00b7laboraci\u00f3 de l\u2019ICIP organitza un club de lectura del llibre&nbsp;<em><a href=\"https:\/\/www.icip.cat\/ca\/publication\/jo-se-per-que-canta-locell-engabiat\/\" target=\"_blank\" rel=\"noreferrer noopener\">Jo s\u00e9 per qu\u00e8 canta l\u2019ocell engabiat<\/a><\/em>&nbsp;de&nbsp;<strong>Maya Angelou<\/strong>&nbsp;publicat a la col\u00b7lecci\u00f3 \u201cCl\u00e0ssics de la Pau i la Noviol\u00e8ncia\u201d.<\/p>\n\n\n\n<p>Es tracta de, primer volum de les novel\u00b7les autobiogr\u00e0fiques que van catapultar Angelou, nascuda el 1928, com una veu reconeixible a tot el m\u00f3n. Publicada el 1969, narra la seva dur\u00edssima inf\u00e0ncia en un poblet d\u2019Arkansas i la seva adolesc\u00e8ncia en diverses ciutats de Calif\u00f2rnia. L\u2019acte ser\u00e0 condu\u00eft per&nbsp;<strong>Irene Pujadas<\/strong>.<\/p>\n\n\n\n<p>La trobada<strong>\u00a0<\/strong>es far\u00e0 el dimarts, 16 de juliol de 2024 a les 18:30 h a la sala d\u2019actes 1 d\u2019octubre de la Biblioteca Pilarin Bay\u00e9s de Vic. Les places s\u00f3n  limitades. Per assistir al club cal inscripci\u00f3 pr\u00e8via al tel\u00e8fon<strong>\u00a093.883.33.25<\/strong>\u00a0o enviar un correu electr\u00f2nic a\u00a0<strong>b.vic.pb@diba.cat<\/strong>. <\/p>\n\n\n\n<div class=\"wp-block-image\"><figure class=\"aligncenter size-large\"><img fetchpriority=\"high\" decoding=\"async\" width=\"576\" height=\"1024\" src=\"https:\/\/www.icip.cat\/wp-content\/uploads\/2024\/06\/16072024-club-lectura-pau-576x1024.jpg\" alt=\"\" class=\"wp-image-46882\" srcset=\"https:\/\/www.icip.cat\/wp-content\/uploads\/2024\/06\/16072024-club-lectura-pau-576x1024.jpg 576w, https:\/\/www.icip.cat\/wp-content\/uploads\/2024\/06\/16072024-club-lectura-pau-169x300.jpg 169w, https:\/\/www.icip.cat\/wp-content\/uploads\/2024\/06\/16072024-club-lectura-pau-768x1364.jpg 768w, https:\/\/www.icip.cat\/wp-content\/uploads\/2024\/06\/16072024-club-lectura-pau-865x1536.jpg 865w, https:\/\/www.icip.cat\/wp-content\/uploads\/2024\/06\/16072024-club-lectura-pau.jpg 1082w\" sizes=\"(max-width: 576px) 100vw, 576px\" \/><\/figure><\/div>\n","protected":false},"featured_media":41310,"template":"","class_list":["post-46881","icip_event","type-icip_event","status-publish","has-post-thumbnail","hentry"],"acf":[],"yoast_head":"<!-- This site is optimized with the Yoast SEO plugin v25.6 - https:\/\/yoast.com\/wordpress\/plugins\/seo\/ -->\n<title>Club de lectura: Jo s\u00e9 per qu\u00e8 canta l\u2019ocell engabiat - ICIP<\/title>\n<meta name=\"description\" content=\"L\u2019acte ser\u00e0 el pr\u00f2xim 16 de juliol a la Biblioteca Pilarin Bay\u00e9s de Vic i ser\u00e0 condu\u00eft per\u00a0Irene Pujadas.\" \/>\n<meta name=\"robots\" content=\"index, follow, max-snippet:-1, max-image-preview:large, max-video-preview:-1\" \/>\n<link rel=\"canonical\" href=\"https:\/\/www.icip.cat\/ca\/event\/club-de-lectura-jo-se-per-que-canta-locell-engabiat\/\" \/>\n<meta property=\"og:locale\" content=\"ca_ES\" \/>\n<meta property=\"og:type\" content=\"article\" \/>\n<meta property=\"og:title\" content=\"Club de lectura: Jo s\u00e9 per qu\u00e8 canta l\u2019ocell engabiat - ICIP\" \/>\n<meta property=\"og:description\" content=\"L\u2019acte ser\u00e0 el pr\u00f2xim 16 de juliol a la Biblioteca Pilarin Bay\u00e9s de Vic i ser\u00e0 condu\u00eft per\u00a0Irene Pujadas.\" \/>\n<meta property=\"og:url\" content=\"https:\/\/www.icip.cat\/ca\/event\/club-de-lectura-jo-se-per-que-canta-locell-engabiat\/\" \/>\n<meta property=\"og:site_name\" content=\"ICIP\" \/>\n<meta property=\"article:modified_time\" content=\"2024-07-01T10:39:56+00:00\" \/>\n<meta property=\"og:image\" content=\"https:\/\/www.icip.cat\/wp-content\/uploads\/2023\/11\/angelou.jpg\" \/>\n\t<meta property=\"og:image:width\" content=\"538\" \/>\n\t<meta property=\"og:image:height\" content=\"520\" \/>\n\t<meta property=\"og:image:type\" content=\"image\/jpeg\" \/>\n<meta name=\"twitter:card\" content=\"summary_large_image\" \/>\n<meta name=\"twitter:label1\" content=\"Temps estimat de lectura\" \/>\n\t<meta name=\"twitter:data1\" content=\"1 minut\" \/>\n<script type=\"application\/ld+json\" class=\"yoast-schema-graph\">{\"@context\":\"https:\/\/schema.org\",\"@graph\":[{\"@type\":\"WebPage\",\"@id\":\"https:\/\/www.icip.cat\/ca\/event\/club-de-lectura-jo-se-per-que-canta-locell-engabiat\/\",\"url\":\"https:\/\/www.icip.cat\/ca\/event\/club-de-lectura-jo-se-per-que-canta-locell-engabiat\/\",\"name\":\"Club de lectura: Jo s\u00e9 per qu\u00e8 canta l\u2019ocell engabiat - ICIP\",\"isPartOf\":{\"@id\":\"https:\/\/www.icip.cat\/ca\/#website\"},\"primaryImageOfPage\":{\"@id\":\"https:\/\/www.icip.cat\/ca\/event\/club-de-lectura-jo-se-per-que-canta-locell-engabiat\/#primaryimage\"},\"image\":{\"@id\":\"https:\/\/www.icip.cat\/ca\/event\/club-de-lectura-jo-se-per-que-canta-locell-engabiat\/#primaryimage\"},\"thumbnailUrl\":\"https:\/\/www.icip.cat\/wp-content\/uploads\/2023\/11\/angelou.jpg\",\"datePublished\":\"2024-06-28T10:42:04+00:00\",\"dateModified\":\"2024-07-01T10:39:56+00:00\",\"description\":\"L\u2019acte ser\u00e0 el pr\u00f2xim 16 de juliol a la Biblioteca Pilarin Bay\u00e9s de Vic i ser\u00e0 condu\u00eft per\u00a0Irene Pujadas.\",\"inLanguage\":\"ca\",\"potentialAction\":[{\"@type\":\"ReadAction\",\"target\":[\"https:\/\/www.icip.cat\/ca\/event\/club-de-lectura-jo-se-per-que-canta-locell-engabiat\/\"]}]},{\"@type\":\"ImageObject\",\"inLanguage\":\"ca\",\"@id\":\"https:\/\/www.icip.cat\/ca\/event\/club-de-lectura-jo-se-per-que-canta-locell-engabiat\/#primaryimage\",\"url\":\"https:\/\/www.icip.cat\/wp-content\/uploads\/2023\/11\/angelou.jpg\",\"contentUrl\":\"https:\/\/www.icip.cat\/wp-content\/uploads\/2023\/11\/angelou.jpg\",\"width\":538,\"height\":520},{\"@type\":\"WebSite\",\"@id\":\"https:\/\/www.icip.cat\/ca\/#website\",\"url\":\"https:\/\/www.icip.cat\/ca\/\",\"name\":\"ICIP\",\"description\":\"\",\"publisher\":{\"@id\":\"https:\/\/www.icip.cat\/ca\/#organization\"},\"potentialAction\":[{\"@type\":\"SearchAction\",\"target\":{\"@type\":\"EntryPoint\",\"urlTemplate\":\"https:\/\/www.icip.cat\/ca\/?s={search_term_string}\"},\"query-input\":{\"@type\":\"PropertyValueSpecification\",\"valueRequired\":true,\"valueName\":\"search_term_string\"}}],\"inLanguage\":\"ca\"},{\"@type\":\"Organization\",\"@id\":\"https:\/\/www.icip.cat\/ca\/#organization\",\"name\":\"ICIP\",\"url\":\"https:\/\/www.icip.cat\/ca\/\",\"logo\":{\"@type\":\"ImageObject\",\"inLanguage\":\"ca\",\"@id\":\"https:\/\/www.icip.cat\/ca\/#\/schema\/logo\/image\/\",\"url\":\"https:\/\/www.icip.cat\/wp-content\/uploads\/2021\/02\/logo-2.png\",\"contentUrl\":\"https:\/\/www.icip.cat\/wp-content\/uploads\/2021\/02\/logo-2.png\",\"width\":562,\"height\":391,\"caption\":\"ICIP\"},\"image\":{\"@id\":\"https:\/\/www.icip.cat\/ca\/#\/schema\/logo\/image\/\"}}]}<\/script>\n<!-- \/ Yoast SEO plugin. -->","yoast_head_json":{"title":"Club de lectura: Jo s\u00e9 per qu\u00e8 canta l\u2019ocell engabiat - ICIP","description":"L\u2019acte ser\u00e0 el pr\u00f2xim 16 de juliol a la Biblioteca Pilarin Bay\u00e9s de Vic i ser\u00e0 condu\u00eft per\u00a0Irene Pujadas.","robots":{"index":"index","follow":"follow","max-snippet":"max-snippet:-1","max-image-preview":"max-image-preview:large","max-video-preview":"max-video-preview:-1"},"canonical":"https:\/\/www.icip.cat\/ca\/event\/club-de-lectura-jo-se-per-que-canta-locell-engabiat\/","og_locale":"ca_ES","og_type":"article","og_title":"Club de lectura: Jo s\u00e9 per qu\u00e8 canta l\u2019ocell engabiat - ICIP","og_description":"L\u2019acte ser\u00e0 el pr\u00f2xim 16 de juliol a la Biblioteca Pilarin Bay\u00e9s de Vic i ser\u00e0 condu\u00eft per\u00a0Irene Pujadas.","og_url":"https:\/\/www.icip.cat\/ca\/event\/club-de-lectura-jo-se-per-que-canta-locell-engabiat\/","og_site_name":"ICIP","article_modified_time":"2024-07-01T10:39:56+00:00","og_image":[{"width":538,"height":520,"url":"https:\/\/www.icip.cat\/wp-content\/uploads\/2023\/11\/angelou.jpg","type":"image\/jpeg"}],"twitter_card":"summary_large_image","twitter_misc":{"Temps estimat de lectura":"1 minut"},"schema":{"@context":"https:\/\/schema.org","@graph":[{"@type":"WebPage","@id":"https:\/\/www.icip.cat\/ca\/event\/club-de-lectura-jo-se-per-que-canta-locell-engabiat\/","url":"https:\/\/www.icip.cat\/ca\/event\/club-de-lectura-jo-se-per-que-canta-locell-engabiat\/","name":"Club de lectura: Jo s\u00e9 per qu\u00e8 canta l\u2019ocell engabiat - ICIP","isPartOf":{"@id":"https:\/\/www.icip.cat\/ca\/#website"},"primaryImageOfPage":{"@id":"https:\/\/www.icip.cat\/ca\/event\/club-de-lectura-jo-se-per-que-canta-locell-engabiat\/#primaryimage"},"image":{"@id":"https:\/\/www.icip.cat\/ca\/event\/club-de-lectura-jo-se-per-que-canta-locell-engabiat\/#primaryimage"},"thumbnailUrl":"https:\/\/www.icip.cat\/wp-content\/uploads\/2023\/11\/angelou.jpg","datePublished":"2024-06-28T10:42:04+00:00","dateModified":"2024-07-01T10:39:56+00:00","description":"L\u2019acte ser\u00e0 el pr\u00f2xim 16 de juliol a la Biblioteca Pilarin Bay\u00e9s de Vic i ser\u00e0 condu\u00eft per\u00a0Irene Pujadas.","inLanguage":"ca","potentialAction":[{"@type":"ReadAction","target":["https:\/\/www.icip.cat\/ca\/event\/club-de-lectura-jo-se-per-que-canta-locell-engabiat\/"]}]},{"@type":"ImageObject","inLanguage":"ca","@id":"https:\/\/www.icip.cat\/ca\/event\/club-de-lectura-jo-se-per-que-canta-locell-engabiat\/#primaryimage","url":"https:\/\/www.icip.cat\/wp-content\/uploads\/2023\/11\/angelou.jpg","contentUrl":"https:\/\/www.icip.cat\/wp-content\/uploads\/2023\/11\/angelou.jpg","width":538,"height":520},{"@type":"WebSite","@id":"https:\/\/www.icip.cat\/ca\/#website","url":"https:\/\/www.icip.cat\/ca\/","name":"ICIP","description":"","publisher":{"@id":"https:\/\/www.icip.cat\/ca\/#organization"},"potentialAction":[{"@type":"SearchAction","target":{"@type":"EntryPoint","urlTemplate":"https:\/\/www.icip.cat\/ca\/?s={search_term_string}"},"query-input":{"@type":"PropertyValueSpecification","valueRequired":true,"valueName":"search_term_string"}}],"inLanguage":"ca"},{"@type":"Organization","@id":"https:\/\/www.icip.cat\/ca\/#organization","name":"ICIP","url":"https:\/\/www.icip.cat\/ca\/","logo":{"@type":"ImageObject","inLanguage":"ca","@id":"https:\/\/www.icip.cat\/ca\/#\/schema\/logo\/image\/","url":"https:\/\/www.icip.cat\/wp-content\/uploads\/2021\/02\/logo-2.png","contentUrl":"https:\/\/www.icip.cat\/wp-content\/uploads\/2021\/02\/logo-2.png","width":562,"height":391,"caption":"ICIP"},"image":{"@id":"https:\/\/www.icip.cat\/ca\/#\/schema\/logo\/image\/"}}]}},"_links":{"self":[{"href":"https:\/\/www.icip.cat\/ca\/wp-json\/wp\/v2\/icip_event\/46881","targetHints":{"allow":["GET"]}}],"collection":[{"href":"https:\/\/www.icip.cat\/ca\/wp-json\/wp\/v2\/icip_event"}],"about":[{"href":"https:\/\/www.icip.cat\/ca\/wp-json\/wp\/v2\/types\/icip_event"}],"version-history":[{"count":3,"href":"https:\/\/www.icip.cat\/ca\/wp-json\/wp\/v2\/icip_event\/46881\/revisions"}],"predecessor-version":[{"id":46947,"href":"https:\/\/www.icip.cat\/ca\/wp-json\/wp\/v2\/icip_event\/46881\/revisions\/46947"}],"wp:featuredmedia":[{"embeddable":true,"href":"https:\/\/www.icip.cat\/ca\/wp-json\/wp\/v2\/media\/41310"}],"wp:attachment":[{"href":"https:\/\/www.icip.cat\/ca\/wp-json\/wp\/v2\/media?parent=46881"}],"curies":[{"name":"wp","href":"https:\/\/api.w.org\/{rel}","templated":true}]}}

Club de lectura: Jo sé per què canta l’ocell engabiat

<p>El pròxim 16 de juliol, la Biblioteca Pilarin Bayés de Vic amb la col·laboració de l’ICIP organitza un club de lectura del llibre&nbsp;<em><a href="https://www.icip.cat/ca/publication/jo-se-per-que-canta-locell-engabiat/" target="_blank" rel="noreferrer noopener">Jo sé per què canta l’ocell engabiat</a></em>&nbsp;de&nbsp;<strong>Maya Angelou</strong>&nbsp;publicat a la col·lecció “Clàssics de la Pau i la Noviolència”.</p>



<p>Es tracta de, primer volum de les novel·les autobiogràfiques que van catapultar Angelou, nascuda el 1928, com una veu reconeixible a tot el món. Publicada el 1969, narra la seva duríssima infància en un poblet d’Arkansas i la seva adolescència en diverses ciutats de Califòrnia. L’acte serà conduït per&nbsp;<strong>Irene Pujadas</strong>.</p>



<p>La trobada<strong> </strong>es farà el dimarts, 16 de juliol de 2024 a les 18:30 h a la sala d’actes 1 d’octubre de la Biblioteca Pilarin Bayés de Vic. Les places són  limitades. Per assistir al club cal inscripció prèvia al telèfon<strong> 93.883.33.25</strong> o enviar un correu electrònic a <strong>b.vic.pb@diba.cat</strong>. </p>



<div class="wp-block-image"><figure class="aligncenter size-large"><img fetchpriority="high" decoding="async" width="576" height="1024" src="https://www.icip.cat/wp-content/uploads/2024/06/16072024-club-lectura-pau-576x1024.jpg" alt="" class="wp-image-46882" srcset="https://www.icip.cat/wp-content/uploads/2024/06/16072024-club-lectura-pau-576x1024.jpg 576w, https://www.icip.cat/wp-content/uploads/2024/06/16072024-club-lectura-pau-169x300.jpg 169w, https://www.icip.cat/wp-content/uploads/2024/06/16072024-club-lectura-pau-768x1364.jpg 768w, https://www.icip.cat/wp-content/uploads/2024/06/16072024-club-lectura-pau-865x1536.jpg 865w, https://www.icip.cat/wp-content/uploads/2024/06/16072024-club-lectura-pau.jpg 1082w" sizes="(max-width: 576px) 100vw, 576px" /></figure></div>

<!-- This site is optimized with the Yoast SEO plugin v25.6 - https://yoast.com/wordpress/plugins/seo/ -->
<title>Club de lectura: Jo sé per què canta l’ocell engabiat - ICIP</title>
<meta name="description" content="L’acte serà el pròxim 16 de juliol a la Biblioteca Pilarin Bayés de Vic i serà conduït per Irene Pujadas." />
<meta name="robots" content="index, follow, max-snippet:-1, max-image-preview:large, max-video-preview:-1" />
<link rel="canonical" href="https://www.icip.cat/ca/event/club-de-lectura-jo-se-per-que-canta-locell-engabiat/" />
<meta property="og:locale" content="ca_ES" />
<meta property="og:type" content="article" />
<meta property="og:title" content="Club de lectura: Jo sé per què canta l’ocell engabiat - ICIP" />
<meta property="og:description" content="L’acte serà el pròxim 16 de juliol a la Biblioteca Pilarin Bayés de Vic i serà conduït per Irene Pujadas." />
<meta property="og:url" content="https://www.icip.cat/ca/event/club-de-lectura-jo-se-per-que-canta-locell-engabiat/" />
<meta property="og:site_name" content="ICIP" />
<meta property="article:modified_time" content="2024-07-01T10:39:56+00:00" />
<meta property="og:image" content="https://www.icip.cat/wp-content/uploads/2023/11/angelou.jpg" />
	<meta property="og:image:width" content="538" />
	<meta property="og:image:height" content="520" />
	<meta property="og:image:type" content="image/jpeg" />
<meta name="twitter:card" content="summary_large_image" />
<meta name="twitter:label1" content="Temps estimat de lectura" />
	<meta name="twitter:data1" content="1 minut" />
<script type="application/ld+json" class="yoast-schema-graph">{"@context":"https://schema.org","@graph":[{"@type":"WebPage","@id":"https://www.icip.cat/ca/event/club-de-lectura-jo-se-per-que-canta-locell-engabiat/","url":"https://www.icip.cat/ca/event/club-de-lectura-jo-se-per-que-canta-locell-engabiat/","name":"Club de lectura: Jo sé per què canta l’ocell engabiat - ICIP","isPartOf":{"@id":"https://www.icip.cat/ca/#website"},"primaryImageOfPage":{"@id":"https://www.icip.cat/ca/event/club-de-lectura-jo-se-per-que-canta-locell-engabiat/#primaryimage"},"image":{"@id":"https://www.icip.cat/ca/event/club-de-lectura-jo-se-per-que-canta-locell-engabiat/#primaryimage"},"thumbnailUrl":"https://www.icip.cat/wp-content/uploads/2023/11/angelou.jpg","datePublished":"2024-06-28T10:42:04+00:00","dateModified":"2024-07-01T10:39:56+00:00","description":"L’acte serà el pròxim 16 de juliol a la Biblioteca Pilarin Bayés de Vic i serà conduït per Irene Pujadas.","inLanguage":"ca","potentialAction":[{"@type":"ReadAction","target":["https://www.icip.cat/ca/event/club-de-lectura-jo-se-per-que-canta-locell-engabiat/"]}]},{"@type":"ImageObject","inLanguage":"ca","@id":"https://www.icip.cat/ca/event/club-de-lectura-jo-se-per-que-canta-locell-engabiat/#primaryimage","url":"https://www.icip.cat/wp-content/uploads/2023/11/angelou.jpg","contentUrl":"https://www.icip.cat/wp-content/uploads/2023/11/angelou.jpg","width":538,"height":520},{"@type":"WebSite","@id":"https://www.icip.cat/ca/#website","url":"https://www.icip.cat/ca/","name":"ICIP","description":"","publisher":{"@id":"https://www.icip.cat/ca/#organization"},"potentialAction":[{"@type":"SearchAction","target":{"@type":"EntryPoint","urlTemplate":"https://www.icip.cat/ca/?s={search_term_string}"},"query-input":{"@type":"PropertyValueSpecification","valueRequired":true,"valueName":"search_term_string"}}],"inLanguage":"ca"},{"@type":"Organization","@id":"https://www.icip.cat/ca/#organization","name":"ICIP","url":"https://www.icip.cat/ca/","logo":{"@type":"ImageObject","inLanguage":"ca","@id":"https://www.icip.cat/ca/#/schema/logo/image/","url":"https://www.icip.cat/wp-content/uploads/2021/02/logo-2.png","contentUrl":"https://www.icip.cat/wp-content/uploads/2021/02/logo-2.png","width":562,"height":391,"caption":"ICIP"},"image":{"@id":"https://www.icip.cat/ca/#/schema/logo/image/"}}]}</script>
<!-- / Yoast SEO plugin. -->

Club de lectura: Jo sé per què canta l’ocell engabiat - ICIP

L’acte serà el pròxim 16 de juliol a la Biblioteca Pilarin Bayés de Vic i serà conduït per Irene Pujadas.
