{"id":49599,"date":"2024-09-26T07:37:18","date_gmt":"2024-09-26T07:37:18","guid":{"rendered":"https:\/\/www.icip.cat\/?post_type=icip_event&#038;p=49599"},"modified":"2024-09-26T07:42:59","modified_gmt":"2024-09-26T07:42:59","slug":"ayotzinapa-una-decada-sense-els-43","status":"publish","type":"icip_event","link":"https:\/\/www.icip.cat\/ca\/event\/ayotzinapa-una-decada-sense-els-43\/","title":{"rendered":"Sessi\u00f3 d&#8217;an\u00e0lisi: &#8220;Ayotzinapa, una d\u00e8cada sense els 43&#8221;"},"content":{"rendered":"\n<p>El 26 de setembre de 2024 es compleixen deu anys de la desaparici\u00f3 de 43 estudiants de la Escuela Normal Rural d&#8217;Ayotnizapa, a M\u00e8xic, un cas emblem\u00e0tic de la impunitat que hi ha al pa\u00eds en relaci\u00f3 a les desaparicions for\u00e7ades. Una d\u00e8cada despr\u00e9s encara no s&#8217;ha esclarit la veritat del qu\u00e8 va passar ni s&#8217;ha fet just\u00edcia. Es calcula que m\u00e9s de 100.000 persones estan desaparegudes actualment a M\u00e8xic.<\/p>\n\n\n\n<p>Aquella nit de setembre, el grup d&#8217;estudiants es va despla\u00e7ar fins a Iguala, a l&#8217;estat de Guerrero, amb l&#8217;objectiu d&#8217;agafar autobusos per anar a Ciutat de M\u00e8xic i participar als actes de commemoraci\u00f3 de la matan\u00e7a de Tlatelolco. Segons les investigacions, la policia i membres del grup criminal Guerreros Unidos van obrir foc contra els joves per impedir-los sortir d&#8217;Iguala per\u00f2 a partir d&#8217;aqu\u00ed mai m\u00e9s se n&#8217;ha sabut el desenlla\u00e7. Deu anys despr\u00e9s, les investigacions s\u00f3n encara fragmentades i incomplertes sobre les causes i els autors de les desaparicions, i nom\u00e9s s&#8217;han localitzat alguns ossos de tres estudiants en diferents ubicacions.<\/p>\n\n\n\n<p>Amb motiu del des\u00e8 aniversari dels fets, l&#8217;ICIP i la Taula per M\u00e8xic organitzen l&#8217;acte commemoratiu &#8220;<strong>Ayotzinapa: una d\u00e8cada sense els 43<\/strong>&#8220;, amb el qual es vol fer un <strong>estat de la q\u00fcesti\u00f3 sobre el cas<\/strong> i, alhora, posar en valor la <strong>lluita de les fam\u00edlies<\/strong> que, malgrat les dificultats, encara busquen els joves desapareguts per obtenir veritat, just\u00edcia, reparaci\u00f3 i garanties de no-repetici\u00f3.<\/p>\n\n\n\n<p>L&#8217;acte tindr\u00e0 lloc el dilluns 7 d&#8217;octubre, a les 18:30h, a la seu del Col\u00b7legi de Periodistes de Catalunya i comptar\u00e0 amb les intervencions de <strong>Carlos Martin Beristain<\/strong>, membre del Grup Interdisciplinari d\u2019Experts Independients (GIEI), organisme creat per investigar el cas a partir d&#8217;un acord de la Cort Interamericana de Drets Humans, les fam\u00edlies dels desapareguts i el govern mexic\u00e0; i <strong>Cristina Bautista<\/strong>, mare de Benjam\u00edn Bautista, un dels 43 estudiants desapareguts, la qual intervindr\u00e0 per videoconfer\u00e8ncia. La sessi\u00f3 ser\u00e0 presentada per <strong>Ver\u00f3nica Mart\u00ednez Jacobo<\/strong>, periodista de &#8220;La Verdad Ju\u00e1rez&#8221; que actualment resideix a Catalunya en el marc del programa \u201c<a href=\"https:\/\/ajuntament.barcelona.cat\/relacionsinternacionalsicooperacio\/ca\/barcelona-protegeix-periodistes-de-mexic-0\" target=\"_blank\" rel=\"noreferrer noopener\">Barcelona protegeix periodistes de M\u00e8xic<\/a>\u201d.<\/p>\n\n\n\n<p>Per assistir a l&#8217;acte cal que us registreu en el seg\u00fcent formulari: <\/p>\n\n\n","protected":false},"featured_media":49637,"template":"","class_list":["post-49599","icip_event","type-icip_event","status-publish","has-post-thumbnail","hentry"],"acf":[],"yoast_head":"<!-- This site is optimized with the Yoast SEO plugin v25.6 - https:\/\/yoast.com\/wordpress\/plugins\/seo\/ -->\n<title>Sessi\u00f3 d&#039;an\u00e0lisi: &quot;Ayotzinapa, una d\u00e8cada sense els 43&quot; - ICIP<\/title>\n<meta name=\"description\" content=\"Acte commemoratiu que vol posar en valor la lluita dels familiars per la veritat i la just\u00edcia\" \/>\n<meta name=\"robots\" content=\"index, follow, max-snippet:-1, max-image-preview:large, max-video-preview:-1\" \/>\n<link rel=\"canonical\" href=\"https:\/\/www.icip.cat\/ca\/event\/ayotzinapa-una-decada-sense-els-43\/\" \/>\n<meta property=\"og:locale\" content=\"ca_ES\" \/>\n<meta property=\"og:type\" content=\"article\" \/>\n<meta property=\"og:title\" content=\"Sessi\u00f3 d&#039;an\u00e0lisi: &quot;Ayotzinapa, una d\u00e8cada sense els 43&quot; - ICIP\" \/>\n<meta property=\"og:description\" content=\"Acte commemoratiu que vol posar en valor la lluita dels familiars per la veritat i la just\u00edcia\" \/>\n<meta property=\"og:url\" content=\"https:\/\/www.icip.cat\/ca\/event\/ayotzinapa-una-decada-sense-els-43\/\" \/>\n<meta property=\"og:site_name\" content=\"ICIP\" \/>\n<meta property=\"article:modified_time\" content=\"2024-09-26T07:42:59+00:00\" \/>\n<meta property=\"og:image\" content=\"https:\/\/www.icip.cat\/wp-content\/uploads\/2024\/09\/ayotzinapa-scaled.jpg\" \/>\n\t<meta property=\"og:image:width\" content=\"2560\" \/>\n\t<meta property=\"og:image:height\" content=\"1707\" \/>\n\t<meta property=\"og:image:type\" content=\"image\/jpeg\" \/>\n<meta name=\"twitter:card\" content=\"summary_large_image\" \/>\n<meta name=\"twitter:label1\" content=\"Temps estimat de lectura\" \/>\n\t<meta name=\"twitter:data1\" content=\"2 minuts\" \/>\n<script type=\"application\/ld+json\" class=\"yoast-schema-graph\">{\"@context\":\"https:\/\/schema.org\",\"@graph\":[{\"@type\":\"WebPage\",\"@id\":\"https:\/\/www.icip.cat\/ca\/event\/ayotzinapa-una-decada-sense-els-43\/\",\"url\":\"https:\/\/www.icip.cat\/ca\/event\/ayotzinapa-una-decada-sense-els-43\/\",\"name\":\"Sessi\u00f3 d'an\u00e0lisi: \\\"Ayotzinapa, una d\u00e8cada sense els 43\\\" - ICIP\",\"isPartOf\":{\"@id\":\"https:\/\/www.icip.cat\/ca\/#website\"},\"primaryImageOfPage\":{\"@id\":\"https:\/\/www.icip.cat\/ca\/event\/ayotzinapa-una-decada-sense-els-43\/#primaryimage\"},\"image\":{\"@id\":\"https:\/\/www.icip.cat\/ca\/event\/ayotzinapa-una-decada-sense-els-43\/#primaryimage\"},\"thumbnailUrl\":\"https:\/\/www.icip.cat\/wp-content\/uploads\/2024\/09\/ayotzinapa-scaled.jpg\",\"datePublished\":\"2024-09-26T07:37:18+00:00\",\"dateModified\":\"2024-09-26T07:42:59+00:00\",\"description\":\"Acte commemoratiu que vol posar en valor la lluita dels familiars per la veritat i la just\u00edcia\",\"inLanguage\":\"ca\",\"potentialAction\":[{\"@type\":\"ReadAction\",\"target\":[\"https:\/\/www.icip.cat\/ca\/event\/ayotzinapa-una-decada-sense-els-43\/\"]}]},{\"@type\":\"ImageObject\",\"inLanguage\":\"ca\",\"@id\":\"https:\/\/www.icip.cat\/ca\/event\/ayotzinapa-una-decada-sense-els-43\/#primaryimage\",\"url\":\"https:\/\/www.icip.cat\/wp-content\/uploads\/2024\/09\/ayotzinapa-scaled.jpg\",\"contentUrl\":\"https:\/\/www.icip.cat\/wp-content\/uploads\/2024\/09\/ayotzinapa-scaled.jpg\",\"width\":2560,\"height\":1707,\"caption\":\"Una madre de uno de los 43 estudiantes desaparecidos con el carte de su hijo desaparecido durante una visita de la Comisi\u00f3n Interamericana de Derechos Humanos (CIDH) a la Escuela Normal Rural Ra\u00fal Isidro Burgos de Ayotzinapa, Tixtla, Estado de Guerrero, M\u00e9xico, Agosto 28, 2017. La Comisi\u00f3n Interamericana de Derechos Humanos (CIDH) realiza su tercera visita a M\u00e9xico para dar seguimiento al Caso de los 43 estudiantes desaparecidos en septiembre 26 de 2014. (Ginnette Riquelme para CIDH)\"},{\"@type\":\"WebSite\",\"@id\":\"https:\/\/www.icip.cat\/ca\/#website\",\"url\":\"https:\/\/www.icip.cat\/ca\/\",\"name\":\"ICIP\",\"description\":\"\",\"publisher\":{\"@id\":\"https:\/\/www.icip.cat\/ca\/#organization\"},\"potentialAction\":[{\"@type\":\"SearchAction\",\"target\":{\"@type\":\"EntryPoint\",\"urlTemplate\":\"https:\/\/www.icip.cat\/ca\/?s={search_term_string}\"},\"query-input\":{\"@type\":\"PropertyValueSpecification\",\"valueRequired\":true,\"valueName\":\"search_term_string\"}}],\"inLanguage\":\"ca\"},{\"@type\":\"Organization\",\"@id\":\"https:\/\/www.icip.cat\/ca\/#organization\",\"name\":\"ICIP\",\"url\":\"https:\/\/www.icip.cat\/ca\/\",\"logo\":{\"@type\":\"ImageObject\",\"inLanguage\":\"ca\",\"@id\":\"https:\/\/www.icip.cat\/ca\/#\/schema\/logo\/image\/\",\"url\":\"https:\/\/www.icip.cat\/wp-content\/uploads\/2021\/02\/logo-2.png\",\"contentUrl\":\"https:\/\/www.icip.cat\/wp-content\/uploads\/2021\/02\/logo-2.png\",\"width\":562,\"height\":391,\"caption\":\"ICIP\"},\"image\":{\"@id\":\"https:\/\/www.icip.cat\/ca\/#\/schema\/logo\/image\/\"}}]}<\/script>\n<!-- \/ Yoast SEO plugin. -->","yoast_head_json":{"title":"Sessi\u00f3 d'an\u00e0lisi: \"Ayotzinapa, una d\u00e8cada sense els 43\" - ICIP","description":"Acte commemoratiu que vol posar en valor la lluita dels familiars per la veritat i la just\u00edcia","robots":{"index":"index","follow":"follow","max-snippet":"max-snippet:-1","max-image-preview":"max-image-preview:large","max-video-preview":"max-video-preview:-1"},"canonical":"https:\/\/www.icip.cat\/ca\/event\/ayotzinapa-una-decada-sense-els-43\/","og_locale":"ca_ES","og_type":"article","og_title":"Sessi\u00f3 d'an\u00e0lisi: \"Ayotzinapa, una d\u00e8cada sense els 43\" - ICIP","og_description":"Acte commemoratiu que vol posar en valor la lluita dels familiars per la veritat i la just\u00edcia","og_url":"https:\/\/www.icip.cat\/ca\/event\/ayotzinapa-una-decada-sense-els-43\/","og_site_name":"ICIP","article_modified_time":"2024-09-26T07:42:59+00:00","og_image":[{"width":2560,"height":1707,"url":"https:\/\/www.icip.cat\/wp-content\/uploads\/2024\/09\/ayotzinapa-scaled.jpg","type":"image\/jpeg"}],"twitter_card":"summary_large_image","twitter_misc":{"Temps estimat de lectura":"2 minuts"},"schema":{"@context":"https:\/\/schema.org","@graph":[{"@type":"WebPage","@id":"https:\/\/www.icip.cat\/ca\/event\/ayotzinapa-una-decada-sense-els-43\/","url":"https:\/\/www.icip.cat\/ca\/event\/ayotzinapa-una-decada-sense-els-43\/","name":"Sessi\u00f3 d'an\u00e0lisi: \"Ayotzinapa, una d\u00e8cada sense els 43\" - ICIP","isPartOf":{"@id":"https:\/\/www.icip.cat\/ca\/#website"},"primaryImageOfPage":{"@id":"https:\/\/www.icip.cat\/ca\/event\/ayotzinapa-una-decada-sense-els-43\/#primaryimage"},"image":{"@id":"https:\/\/www.icip.cat\/ca\/event\/ayotzinapa-una-decada-sense-els-43\/#primaryimage"},"thumbnailUrl":"https:\/\/www.icip.cat\/wp-content\/uploads\/2024\/09\/ayotzinapa-scaled.jpg","datePublished":"2024-09-26T07:37:18+00:00","dateModified":"2024-09-26T07:42:59+00:00","description":"Acte commemoratiu que vol posar en valor la lluita dels familiars per la veritat i la just\u00edcia","inLanguage":"ca","potentialAction":[{"@type":"ReadAction","target":["https:\/\/www.icip.cat\/ca\/event\/ayotzinapa-una-decada-sense-els-43\/"]}]},{"@type":"ImageObject","inLanguage":"ca","@id":"https:\/\/www.icip.cat\/ca\/event\/ayotzinapa-una-decada-sense-els-43\/#primaryimage","url":"https:\/\/www.icip.cat\/wp-content\/uploads\/2024\/09\/ayotzinapa-scaled.jpg","contentUrl":"https:\/\/www.icip.cat\/wp-content\/uploads\/2024\/09\/ayotzinapa-scaled.jpg","width":2560,"height":1707,"caption":"Una madre de uno de los 43 estudiantes desaparecidos con el carte de su hijo desaparecido durante una visita de la Comisi\u00f3n Interamericana de Derechos Humanos (CIDH) a la Escuela Normal Rural Ra\u00fal Isidro Burgos de Ayotzinapa, Tixtla, Estado de Guerrero, M\u00e9xico, Agosto 28, 2017. La Comisi\u00f3n Interamericana de Derechos Humanos (CIDH) realiza su tercera visita a M\u00e9xico para dar seguimiento al Caso de los 43 estudiantes desaparecidos en septiembre 26 de 2014. (Ginnette Riquelme para CIDH)"},{"@type":"WebSite","@id":"https:\/\/www.icip.cat\/ca\/#website","url":"https:\/\/www.icip.cat\/ca\/","name":"ICIP","description":"","publisher":{"@id":"https:\/\/www.icip.cat\/ca\/#organization"},"potentialAction":[{"@type":"SearchAction","target":{"@type":"EntryPoint","urlTemplate":"https:\/\/www.icip.cat\/ca\/?s={search_term_string}"},"query-input":{"@type":"PropertyValueSpecification","valueRequired":true,"valueName":"search_term_string"}}],"inLanguage":"ca"},{"@type":"Organization","@id":"https:\/\/www.icip.cat\/ca\/#organization","name":"ICIP","url":"https:\/\/www.icip.cat\/ca\/","logo":{"@type":"ImageObject","inLanguage":"ca","@id":"https:\/\/www.icip.cat\/ca\/#\/schema\/logo\/image\/","url":"https:\/\/www.icip.cat\/wp-content\/uploads\/2021\/02\/logo-2.png","contentUrl":"https:\/\/www.icip.cat\/wp-content\/uploads\/2021\/02\/logo-2.png","width":562,"height":391,"caption":"ICIP"},"image":{"@id":"https:\/\/www.icip.cat\/ca\/#\/schema\/logo\/image\/"}}]}},"_links":{"self":[{"href":"https:\/\/www.icip.cat\/ca\/wp-json\/wp\/v2\/icip_event\/49599","targetHints":{"allow":["GET"]}}],"collection":[{"href":"https:\/\/www.icip.cat\/ca\/wp-json\/wp\/v2\/icip_event"}],"about":[{"href":"https:\/\/www.icip.cat\/ca\/wp-json\/wp\/v2\/types\/icip_event"}],"version-history":[{"count":12,"href":"https:\/\/www.icip.cat\/ca\/wp-json\/wp\/v2\/icip_event\/49599\/revisions"}],"predecessor-version":[{"id":49641,"href":"https:\/\/www.icip.cat\/ca\/wp-json\/wp\/v2\/icip_event\/49599\/revisions\/49641"}],"wp:featuredmedia":[{"embeddable":true,"href":"https:\/\/www.icip.cat\/ca\/wp-json\/wp\/v2\/media\/49637"}],"wp:attachment":[{"href":"https:\/\/www.icip.cat\/ca\/wp-json\/wp\/v2\/media?parent=49599"}],"curies":[{"name":"wp","href":"https:\/\/api.w.org\/{rel}","templated":true}]}}

Sessió d&#8217;anàlisi: &#8220;Ayotzinapa, una dècada sense els 43&#8221;

<p>El 26 de setembre de 2024 es compleixen deu anys de la desaparició de 43 estudiants de la Escuela Normal Rural d&#8217;Ayotnizapa, a Mèxic, un cas emblemàtic de la impunitat que hi ha al país en relació a les desaparicions forçades. Una dècada després encara no s&#8217;ha esclarit la veritat del què va passar ni s&#8217;ha fet justícia. Es calcula que més de 100.000 persones estan desaparegudes actualment a Mèxic.</p>



<p>Aquella nit de setembre, el grup d&#8217;estudiants es va desplaçar fins a Iguala, a l&#8217;estat de Guerrero, amb l&#8217;objectiu d&#8217;agafar autobusos per anar a Ciutat de Mèxic i participar als actes de commemoració de la matança de Tlatelolco. Segons les investigacions, la policia i membres del grup criminal Guerreros Unidos van obrir foc contra els joves per impedir-los sortir d&#8217;Iguala però a partir d&#8217;aquí mai més se n&#8217;ha sabut el desenllaç. Deu anys després, les investigacions són encara fragmentades i incomplertes sobre les causes i els autors de les desaparicions, i només s&#8217;han localitzat alguns ossos de tres estudiants en diferents ubicacions.</p>



<p>Amb motiu del desè aniversari dels fets, l&#8217;ICIP i la Taula per Mèxic organitzen l&#8217;acte commemoratiu &#8220;<strong>Ayotzinapa: una dècada sense els 43</strong>&#8220;, amb el qual es vol fer un <strong>estat de la qüestió sobre el cas</strong> i, alhora, posar en valor la <strong>lluita de les famílies</strong> que, malgrat les dificultats, encara busquen els joves desapareguts per obtenir veritat, justícia, reparació i garanties de no-repetició.</p>



<p>L&#8217;acte tindrà lloc el dilluns 7 d&#8217;octubre, a les 18:30h, a la seu del Col·legi de Periodistes de Catalunya i comptarà amb les intervencions de <strong>Carlos Martin Beristain</strong>, membre del Grup Interdisciplinari d’Experts Independients (GIEI), organisme creat per investigar el cas a partir d&#8217;un acord de la Cort Interamericana de Drets Humans, les famílies dels desapareguts i el govern mexicà; i <strong>Cristina Bautista</strong>, mare de Benjamín Bautista, un dels 43 estudiants desapareguts, la qual intervindrà per videoconferència. La sessió serà presentada per <strong>Verónica Martínez Jacobo</strong>, periodista de &#8220;La Verdad Juárez&#8221; que actualment resideix a Catalunya en el marc del programa “<a href="https://ajuntament.barcelona.cat/relacionsinternacionalsicooperacio/ca/barcelona-protegeix-periodistes-de-mexic-0" target="_blank" rel="noreferrer noopener">Barcelona protegeix periodistes de Mèxic</a>”.</p>



<p>Per assistir a l&#8217;acte cal que us registreu en el següent formulari: </p>

<!-- This site is optimized with the Yoast SEO plugin v25.6 - https://yoast.com/wordpress/plugins/seo/ -->
<title>Sessió d&#039;anàlisi: &quot;Ayotzinapa, una dècada sense els 43&quot; - ICIP</title>
<meta name="description" content="Acte commemoratiu que vol posar en valor la lluita dels familiars per la veritat i la justícia" />
<meta name="robots" content="index, follow, max-snippet:-1, max-image-preview:large, max-video-preview:-1" />
<link rel="canonical" href="https://www.icip.cat/ca/event/ayotzinapa-una-decada-sense-els-43/" />
<meta property="og:locale" content="ca_ES" />
<meta property="og:type" content="article" />
<meta property="og:title" content="Sessió d&#039;anàlisi: &quot;Ayotzinapa, una dècada sense els 43&quot; - ICIP" />
<meta property="og:description" content="Acte commemoratiu que vol posar en valor la lluita dels familiars per la veritat i la justícia" />
<meta property="og:url" content="https://www.icip.cat/ca/event/ayotzinapa-una-decada-sense-els-43/" />
<meta property="og:site_name" content="ICIP" />
<meta property="article:modified_time" content="2024-09-26T07:42:59+00:00" />
<meta property="og:image" content="https://www.icip.cat/wp-content/uploads/2024/09/ayotzinapa-scaled.jpg" />
	<meta property="og:image:width" content="2560" />
	<meta property="og:image:height" content="1707" />
	<meta property="og:image:type" content="image/jpeg" />
<meta name="twitter:card" content="summary_large_image" />
<meta name="twitter:label1" content="Temps estimat de lectura" />
	<meta name="twitter:data1" content="2 minuts" />
<script type="application/ld+json" class="yoast-schema-graph">{"@context":"https://schema.org","@graph":[{"@type":"WebPage","@id":"https://www.icip.cat/ca/event/ayotzinapa-una-decada-sense-els-43/","url":"https://www.icip.cat/ca/event/ayotzinapa-una-decada-sense-els-43/","name":"Sessió d'anàlisi: \"Ayotzinapa, una dècada sense els 43\" - ICIP","isPartOf":{"@id":"https://www.icip.cat/ca/#website"},"primaryImageOfPage":{"@id":"https://www.icip.cat/ca/event/ayotzinapa-una-decada-sense-els-43/#primaryimage"},"image":{"@id":"https://www.icip.cat/ca/event/ayotzinapa-una-decada-sense-els-43/#primaryimage"},"thumbnailUrl":"https://www.icip.cat/wp-content/uploads/2024/09/ayotzinapa-scaled.jpg","datePublished":"2024-09-26T07:37:18+00:00","dateModified":"2024-09-26T07:42:59+00:00","description":"Acte commemoratiu que vol posar en valor la lluita dels familiars per la veritat i la justícia","inLanguage":"ca","potentialAction":[{"@type":"ReadAction","target":["https://www.icip.cat/ca/event/ayotzinapa-una-decada-sense-els-43/"]}]},{"@type":"ImageObject","inLanguage":"ca","@id":"https://www.icip.cat/ca/event/ayotzinapa-una-decada-sense-els-43/#primaryimage","url":"https://www.icip.cat/wp-content/uploads/2024/09/ayotzinapa-scaled.jpg","contentUrl":"https://www.icip.cat/wp-content/uploads/2024/09/ayotzinapa-scaled.jpg","width":2560,"height":1707,"caption":"Una madre de uno de los 43 estudiantes desaparecidos con el carte de su hijo desaparecido durante una visita de la Comisión Interamericana de Derechos Humanos (CIDH) a la Escuela Normal Rural Raúl Isidro Burgos de Ayotzinapa, Tixtla, Estado de Guerrero, México, Agosto 28, 2017. La Comisión Interamericana de Derechos Humanos (CIDH) realiza su tercera visita a México para dar seguimiento al Caso de los 43 estudiantes desaparecidos en septiembre 26 de 2014. (Ginnette Riquelme para CIDH)"},{"@type":"WebSite","@id":"https://www.icip.cat/ca/#website","url":"https://www.icip.cat/ca/","name":"ICIP","description":"","publisher":{"@id":"https://www.icip.cat/ca/#organization"},"potentialAction":[{"@type":"SearchAction","target":{"@type":"EntryPoint","urlTemplate":"https://www.icip.cat/ca/?s={search_term_string}"},"query-input":{"@type":"PropertyValueSpecification","valueRequired":true,"valueName":"search_term_string"}}],"inLanguage":"ca"},{"@type":"Organization","@id":"https://www.icip.cat/ca/#organization","name":"ICIP","url":"https://www.icip.cat/ca/","logo":{"@type":"ImageObject","inLanguage":"ca","@id":"https://www.icip.cat/ca/#/schema/logo/image/","url":"https://www.icip.cat/wp-content/uploads/2021/02/logo-2.png","contentUrl":"https://www.icip.cat/wp-content/uploads/2021/02/logo-2.png","width":562,"height":391,"caption":"ICIP"},"image":{"@id":"https://www.icip.cat/ca/#/schema/logo/image/"}}]}</script>
<!-- / Yoast SEO plugin. -->

Sessió d'anàlisi: "Ayotzinapa, una dècada sense els 43" - ICIP

Acte commemoratiu que vol posar en valor la lluita dels familiars per la veritat i la justícia

Una madre de uno de los 43 estudiantes desaparecidos con el carte de su hijo desaparecido durante una visita de la Comisión Interamericana de Derechos Humanos (CIDH) a la Escuela Normal Rural Raúl Isidro Burgos de Ayotzinapa, Tixtla, Estado de Guerrero, México, Agosto 28, 2017. La Comisión Interamericana de Derechos Humanos (CIDH) realiza su tercera visita a México para dar seguimiento al Caso de los 43 estudiantes desaparecidos en septiembre 26 de 2014. (Ginnette Riquelme para CIDH)
