{"id":50061,"date":"2024-10-22T15:15:47","date_gmt":"2024-10-22T15:15:47","guid":{"rendered":"https:\/\/www.icip.cat\/?post_type=icip_event&#038;p=50061"},"modified":"2025-01-25T14:40:58","modified_gmt":"2025-01-25T14:40:58","slug":"club-lectura-pau-drets-humans-girona","status":"publish","type":"icip_event","link":"https:\/\/www.icip.cat\/ca\/event\/club-lectura-pau-drets-humans-girona\/","title":{"rendered":"Club de lectura per la pau i els drets humans"},"content":{"rendered":"\n<p>Les Biblioteques de Girona, l&#8217;ICIP i Centre de Recursos per la Pau (<a href=\"https:\/\/www.solidaries.org\/cedre\" target=\"_blank\" rel=\"noreferrer noopener\">CeDRe<\/a>) de la Coordinadora d\u2019ONG Solid\u00e0ries organitzen un club de lectura per la pau i els drets humans amb tres sessions. Ser\u00e0 el dimarts 12 de novembre d\u2019aquest any i el 21 de gener i el 18 de mar\u00e7 de 2025, a les 18:30h a la Biblioteca Just M. Casero de Girona.&nbsp;<\/p>\n\n\n\n<p>El 12 de novembre tractarem&nbsp;<em><a href=\"https:\/\/editorialfinestres.com\/cataleg\/dona-vida-llibertat\/\" target=\"_blank\" rel=\"noreferrer noopener\">Dona Vida Llibertat<\/a><\/em>. \u00c9s una novel\u00b7la gr\u00e0fica col\u00b7lectiva coordinada per&nbsp;<strong>Marjane Satrapi<\/strong>&nbsp;i que t\u00e9 com a objectiu explicar la complexitat i els matisos de la revoluci\u00f3 feminista que viu l\u2019Iran per a lectors no iranians.&nbsp;<strong>Marta Sanz<\/strong>, bibliotec\u00e0ria i comunicadora, coordina aquesta sessi\u00f3.<\/p>\n\n\n\n<p>La segona sessi\u00f3, el 21 de gener de 2025, a c\u00e0rrec de la cr\u00edtica liter\u00e0ria i professora&nbsp;<strong>Iris Llop<\/strong>, se centra en el primer volum de les novel\u00b7les autobiogr\u00e0fiques de&nbsp;<strong>Maya Angelou<\/strong>,&nbsp;<em><a href=\"https:\/\/www.icip.cat\/ca\/publication\/jo-se-per-que-canta-locell-engabiat\/\" target=\"_blank\" rel=\"noreferrer noopener\">Jo s\u00e9 per qu\u00e8 canta l\u2019ocell engabiat<\/a>.<\/em>&nbsp;El relat \u00e9s una hist\u00f2ria de superviv\u00e8ncia i de den\u00fancia del racisme que dona veu a gran part de la poblaci\u00f3 negra dels Estats Units.<\/p>\n\n\n\n<p>I el 18 de mar\u00e7, el polit\u00f2leg, periodista i activista per la pau&nbsp;<strong>Jordi Armadans<\/strong>&nbsp;moderar\u00e0 la sessi\u00f3 dedicada a&nbsp;<em><a href=\"https:\/\/www.icip.cat\/ca\/publication\/abaixeu-les-armes-bertha-von-suttner\/\" target=\"_blank\" rel=\"noreferrer noopener\">Abaixeu les armes!<\/a><\/em>, de&nbsp;<strong>Bertha von Suttner<\/strong>, premi Nobel de la Pau el 1905. Aquesta obra es considera un cl\u00e0ssic del pensament pacifista. Protagonitzada per l\u2019arist\u00f2crata austr\u00edaca Martha Althaus, repassa la seva vida, marcada per les guerres que transcorren a Europa entre el 1859 i el 1889.<\/p>\n\n\n\n<p>Les places per a aquest club de lectura s\u00f3n limitades. Us hi podeu inscriure a trav\u00e9s d\u2019<a href=\"https:\/\/web2.girona.cat\/biblioteques\/cat\/clubs_lectura_inscripcio.x24.php\" target=\"_blank\" rel=\"noreferrer noopener\">aquest formulari<\/a>. Empleneu les vostres dades i seleccioneu el \u201cClub de lectura per la pau i els drets humans\u201d del desplegable de la Biblioteca Just M. Casero.<\/p>\n","protected":false},"featured_media":40940,"template":"","class_list":["post-50061","icip_event","type-icip_event","status-publish","has-post-thumbnail","hentry"],"acf":[],"yoast_head":"<!-- This site is optimized with the Yoast SEO plugin v25.6 - https:\/\/yoast.com\/wordpress\/plugins\/seo\/ -->\n<title>Club de lectura per la pau i els drets humans - ICIP<\/title>\n<meta name=\"description\" content=\"Club de lectura amb tres sessions per la pau i els drets humans a la Biblioteca Just M. Casero.\" \/>\n<meta name=\"robots\" content=\"index, follow, max-snippet:-1, max-image-preview:large, max-video-preview:-1\" \/>\n<link rel=\"canonical\" href=\"https:\/\/www.icip.cat\/ca\/event\/club-lectura-pau-drets-humans-girona\/\" \/>\n<meta property=\"og:locale\" content=\"ca_ES\" \/>\n<meta property=\"og:type\" content=\"article\" \/>\n<meta property=\"og:title\" content=\"Club de lectura per la pau i els drets humans - ICIP\" \/>\n<meta property=\"og:description\" content=\"Club de lectura amb tres sessions per la pau i els drets humans a la Biblioteca Just M. Casero.\" \/>\n<meta property=\"og:url\" content=\"https:\/\/www.icip.cat\/ca\/event\/club-lectura-pau-drets-humans-girona\/\" \/>\n<meta property=\"og:site_name\" content=\"ICIP\" \/>\n<meta property=\"article:modified_time\" content=\"2025-01-25T14:40:58+00:00\" \/>\n<meta property=\"og:image\" content=\"https:\/\/www.icip.cat\/wp-content\/uploads\/2023\/11\/Club-de-lectura-Girona-1.png\" \/>\n\t<meta property=\"og:image:width\" content=\"419\" \/>\n\t<meta property=\"og:image:height\" content=\"345\" \/>\n\t<meta property=\"og:image:type\" content=\"image\/png\" \/>\n<meta name=\"twitter:card\" content=\"summary_large_image\" \/>\n<meta name=\"twitter:label1\" content=\"Temps estimat de lectura\" \/>\n\t<meta name=\"twitter:data1\" content=\"2 minuts\" \/>\n<script type=\"application\/ld+json\" class=\"yoast-schema-graph\">{\"@context\":\"https:\/\/schema.org\",\"@graph\":[{\"@type\":\"WebPage\",\"@id\":\"https:\/\/www.icip.cat\/ca\/event\/club-lectura-pau-drets-humans-girona\/\",\"url\":\"https:\/\/www.icip.cat\/ca\/event\/club-lectura-pau-drets-humans-girona\/\",\"name\":\"Club de lectura per la pau i els drets humans - ICIP\",\"isPartOf\":{\"@id\":\"https:\/\/www.icip.cat\/ca\/#website\"},\"primaryImageOfPage\":{\"@id\":\"https:\/\/www.icip.cat\/ca\/event\/club-lectura-pau-drets-humans-girona\/#primaryimage\"},\"image\":{\"@id\":\"https:\/\/www.icip.cat\/ca\/event\/club-lectura-pau-drets-humans-girona\/#primaryimage\"},\"thumbnailUrl\":\"https:\/\/www.icip.cat\/wp-content\/uploads\/2023\/11\/Club-de-lectura-Girona-1.png\",\"datePublished\":\"2024-10-22T15:15:47+00:00\",\"dateModified\":\"2025-01-25T14:40:58+00:00\",\"description\":\"Club de lectura amb tres sessions per la pau i els drets humans a la Biblioteca Just M. Casero.\",\"inLanguage\":\"ca\",\"potentialAction\":[{\"@type\":\"ReadAction\",\"target\":[\"https:\/\/www.icip.cat\/ca\/event\/club-lectura-pau-drets-humans-girona\/\"]}]},{\"@type\":\"ImageObject\",\"inLanguage\":\"ca\",\"@id\":\"https:\/\/www.icip.cat\/ca\/event\/club-lectura-pau-drets-humans-girona\/#primaryimage\",\"url\":\"https:\/\/www.icip.cat\/wp-content\/uploads\/2023\/11\/Club-de-lectura-Girona-1.png\",\"contentUrl\":\"https:\/\/www.icip.cat\/wp-content\/uploads\/2023\/11\/Club-de-lectura-Girona-1.png\",\"width\":419,\"height\":345},{\"@type\":\"WebSite\",\"@id\":\"https:\/\/www.icip.cat\/ca\/#website\",\"url\":\"https:\/\/www.icip.cat\/ca\/\",\"name\":\"ICIP\",\"description\":\"\",\"publisher\":{\"@id\":\"https:\/\/www.icip.cat\/ca\/#organization\"},\"potentialAction\":[{\"@type\":\"SearchAction\",\"target\":{\"@type\":\"EntryPoint\",\"urlTemplate\":\"https:\/\/www.icip.cat\/ca\/?s={search_term_string}\"},\"query-input\":{\"@type\":\"PropertyValueSpecification\",\"valueRequired\":true,\"valueName\":\"search_term_string\"}}],\"inLanguage\":\"ca\"},{\"@type\":\"Organization\",\"@id\":\"https:\/\/www.icip.cat\/ca\/#organization\",\"name\":\"ICIP\",\"url\":\"https:\/\/www.icip.cat\/ca\/\",\"logo\":{\"@type\":\"ImageObject\",\"inLanguage\":\"ca\",\"@id\":\"https:\/\/www.icip.cat\/ca\/#\/schema\/logo\/image\/\",\"url\":\"https:\/\/www.icip.cat\/wp-content\/uploads\/2021\/02\/logo-2.png\",\"contentUrl\":\"https:\/\/www.icip.cat\/wp-content\/uploads\/2021\/02\/logo-2.png\",\"width\":562,\"height\":391,\"caption\":\"ICIP\"},\"image\":{\"@id\":\"https:\/\/www.icip.cat\/ca\/#\/schema\/logo\/image\/\"}}]}<\/script>\n<!-- \/ Yoast SEO plugin. -->","yoast_head_json":{"title":"Club de lectura per la pau i els drets humans - ICIP","description":"Club de lectura amb tres sessions per la pau i els drets humans a la Biblioteca Just M. Casero.","robots":{"index":"index","follow":"follow","max-snippet":"max-snippet:-1","max-image-preview":"max-image-preview:large","max-video-preview":"max-video-preview:-1"},"canonical":"https:\/\/www.icip.cat\/ca\/event\/club-lectura-pau-drets-humans-girona\/","og_locale":"ca_ES","og_type":"article","og_title":"Club de lectura per la pau i els drets humans - ICIP","og_description":"Club de lectura amb tres sessions per la pau i els drets humans a la Biblioteca Just M. Casero.","og_url":"https:\/\/www.icip.cat\/ca\/event\/club-lectura-pau-drets-humans-girona\/","og_site_name":"ICIP","article_modified_time":"2025-01-25T14:40:58+00:00","og_image":[{"width":419,"height":345,"url":"https:\/\/www.icip.cat\/wp-content\/uploads\/2023\/11\/Club-de-lectura-Girona-1.png","type":"image\/png"}],"twitter_card":"summary_large_image","twitter_misc":{"Temps estimat de lectura":"2 minuts"},"schema":{"@context":"https:\/\/schema.org","@graph":[{"@type":"WebPage","@id":"https:\/\/www.icip.cat\/ca\/event\/club-lectura-pau-drets-humans-girona\/","url":"https:\/\/www.icip.cat\/ca\/event\/club-lectura-pau-drets-humans-girona\/","name":"Club de lectura per la pau i els drets humans - ICIP","isPartOf":{"@id":"https:\/\/www.icip.cat\/ca\/#website"},"primaryImageOfPage":{"@id":"https:\/\/www.icip.cat\/ca\/event\/club-lectura-pau-drets-humans-girona\/#primaryimage"},"image":{"@id":"https:\/\/www.icip.cat\/ca\/event\/club-lectura-pau-drets-humans-girona\/#primaryimage"},"thumbnailUrl":"https:\/\/www.icip.cat\/wp-content\/uploads\/2023\/11\/Club-de-lectura-Girona-1.png","datePublished":"2024-10-22T15:15:47+00:00","dateModified":"2025-01-25T14:40:58+00:00","description":"Club de lectura amb tres sessions per la pau i els drets humans a la Biblioteca Just M. Casero.","inLanguage":"ca","potentialAction":[{"@type":"ReadAction","target":["https:\/\/www.icip.cat\/ca\/event\/club-lectura-pau-drets-humans-girona\/"]}]},{"@type":"ImageObject","inLanguage":"ca","@id":"https:\/\/www.icip.cat\/ca\/event\/club-lectura-pau-drets-humans-girona\/#primaryimage","url":"https:\/\/www.icip.cat\/wp-content\/uploads\/2023\/11\/Club-de-lectura-Girona-1.png","contentUrl":"https:\/\/www.icip.cat\/wp-content\/uploads\/2023\/11\/Club-de-lectura-Girona-1.png","width":419,"height":345},{"@type":"WebSite","@id":"https:\/\/www.icip.cat\/ca\/#website","url":"https:\/\/www.icip.cat\/ca\/","name":"ICIP","description":"","publisher":{"@id":"https:\/\/www.icip.cat\/ca\/#organization"},"potentialAction":[{"@type":"SearchAction","target":{"@type":"EntryPoint","urlTemplate":"https:\/\/www.icip.cat\/ca\/?s={search_term_string}"},"query-input":{"@type":"PropertyValueSpecification","valueRequired":true,"valueName":"search_term_string"}}],"inLanguage":"ca"},{"@type":"Organization","@id":"https:\/\/www.icip.cat\/ca\/#organization","name":"ICIP","url":"https:\/\/www.icip.cat\/ca\/","logo":{"@type":"ImageObject","inLanguage":"ca","@id":"https:\/\/www.icip.cat\/ca\/#\/schema\/logo\/image\/","url":"https:\/\/www.icip.cat\/wp-content\/uploads\/2021\/02\/logo-2.png","contentUrl":"https:\/\/www.icip.cat\/wp-content\/uploads\/2021\/02\/logo-2.png","width":562,"height":391,"caption":"ICIP"},"image":{"@id":"https:\/\/www.icip.cat\/ca\/#\/schema\/logo\/image\/"}}]}},"_links":{"self":[{"href":"https:\/\/www.icip.cat\/ca\/wp-json\/wp\/v2\/icip_event\/50061","targetHints":{"allow":["GET"]}}],"collection":[{"href":"https:\/\/www.icip.cat\/ca\/wp-json\/wp\/v2\/icip_event"}],"about":[{"href":"https:\/\/www.icip.cat\/ca\/wp-json\/wp\/v2\/types\/icip_event"}],"version-history":[{"count":6,"href":"https:\/\/www.icip.cat\/ca\/wp-json\/wp\/v2\/icip_event\/50061\/revisions"}],"predecessor-version":[{"id":51496,"href":"https:\/\/www.icip.cat\/ca\/wp-json\/wp\/v2\/icip_event\/50061\/revisions\/51496"}],"wp:featuredmedia":[{"embeddable":true,"href":"https:\/\/www.icip.cat\/ca\/wp-json\/wp\/v2\/media\/40940"}],"wp:attachment":[{"href":"https:\/\/www.icip.cat\/ca\/wp-json\/wp\/v2\/media?parent=50061"}],"curies":[{"name":"wp","href":"https:\/\/api.w.org\/{rel}","templated":true}]}}

<p>Les Biblioteques de Girona, l&#8217;ICIP i Centre de Recursos per la Pau (<a href="https://www.solidaries.org/cedre" target="_blank" rel="noreferrer noopener">CeDRe</a>) de la Coordinadora d’ONG Solidàries organitzen un club de lectura per la pau i els drets humans amb tres sessions. Serà el dimarts 12 de novembre d’aquest any i el 21 de gener i el 18 de març de 2025, a les 18:30h a la Biblioteca Just M. Casero de Girona.&nbsp;</p>



<p>El 12 de novembre tractarem&nbsp;<em><a href="https://editorialfinestres.com/cataleg/dona-vida-llibertat/" target="_blank" rel="noreferrer noopener">Dona Vida Llibertat</a></em>. És una novel·la gràfica col·lectiva coordinada per&nbsp;<strong>Marjane Satrapi</strong>&nbsp;i que té com a objectiu explicar la complexitat i els matisos de la revolució feminista que viu l’Iran per a lectors no iranians.&nbsp;<strong>Marta Sanz</strong>, bibliotecària i comunicadora, coordina aquesta sessió.</p>



<p>La segona sessió, el 21 de gener de 2025, a càrrec de la crítica literària i professora&nbsp;<strong>Iris Llop</strong>, se centra en el primer volum de les novel·les autobiogràfiques de&nbsp;<strong>Maya Angelou</strong>,&nbsp;<em><a href="https://www.icip.cat/ca/publication/jo-se-per-que-canta-locell-engabiat/" target="_blank" rel="noreferrer noopener">Jo sé per què canta l’ocell engabiat</a>.</em>&nbsp;El relat és una història de supervivència i de denúncia del racisme que dona veu a gran part de la població negra dels Estats Units.</p>



<p>I el 18 de març, el politòleg, periodista i activista per la pau&nbsp;<strong>Jordi Armadans</strong>&nbsp;moderarà la sessió dedicada a&nbsp;<em><a href="https://www.icip.cat/ca/publication/abaixeu-les-armes-bertha-von-suttner/" target="_blank" rel="noreferrer noopener">Abaixeu les armes!</a></em>, de&nbsp;<strong>Bertha von Suttner</strong>, premi Nobel de la Pau el 1905. Aquesta obra es considera un clàssic del pensament pacifista. Protagonitzada per l’aristòcrata austríaca Martha Althaus, repassa la seva vida, marcada per les guerres que transcorren a Europa entre el 1859 i el 1889.</p>



<p>Les places per a aquest club de lectura són limitades. Us hi podeu inscriure a través d’<a href="https://web2.girona.cat/biblioteques/cat/clubs_lectura_inscripcio.x24.php" target="_blank" rel="noreferrer noopener">aquest formulari</a>. Empleneu les vostres dades i seleccioneu el “Club de lectura per la pau i els drets humans” del desplegable de la Biblioteca Just M. Casero.</p>
