{"id":50111,"date":"2024-10-29T10:24:21","date_gmt":"2024-10-29T10:24:21","guid":{"rendered":"https:\/\/www.icip.cat\/event\/congres-mundial-sobre-desaparicions-forcades\/"},"modified":"2025-01-07T12:19:12","modified_gmt":"2025-01-07T12:19:12","slug":"congres-mundial-sobre-desaparicions-forcades","status":"publish","type":"icip_event","link":"https:\/\/www.icip.cat\/ca\/event\/congres-mundial-sobre-desaparicions-forcades\/","title":{"rendered":"Congr\u00e9s Mundial sobre Desaparicions For\u00e7ades"},"content":{"rendered":"\n<p>Els dies 15 i 16 de gener de 2025 se celebrar\u00e0 a Ginebra (Su\u00efssa) el <strong><a href=\"https:\/\/www.edworldcongress.org\/es\" target=\"_blank\" rel=\"noreferrer noopener\">Congr\u00e9s Mundial sobre Desaparicions For\u00e7ades<\/a><\/strong>, organitzat per la <a href=\"https:\/\/www.cedi193.org\/es\" target=\"_blank\" rel=\"noreferrer noopener\">CEDI<\/a> (Iniciativa per a la Convenci\u00f3 contra les Desaparicions For\u00e7ades), el Comit\u00e8 contra les Desaparicions For\u00e7ades de les Nacions Unides, el Grup de Treball de les Nacions Unides sobre Desaparicions For\u00e7ades o Involunt\u00e0ries, i l&#8217;Oficina de l&#8217;Alt Comissionat de les Nacions Unides per als Drets Humans.  <\/p>\n\n\n\n<p>El Congr\u00e9s reunir\u00e0 organitzacions de la societat civil, incloses associacions de fam\u00edlies, Estats, organismes internacionals i experts, amb l&#8217;objectiu d&#8217;acordar una estrat\u00e8gia comuna i un pla d&#8217;acci\u00f3 per promoure la ratificaci\u00f3 i la implementaci\u00f3 de la Convenci\u00f3 contra les Desaparicions For\u00e7ades i facilitar el di\u00e0leg intergovernamental.<\/p>\n\n\n\n<p>L&#8217;esdeveniment compta amb el <strong>suport i participaci\u00f3 de l&#8217;ICIP<\/strong>, que organitzar\u00e0 una taula rodona centrada en les desaparicions for\u00e7ades des d&#8217;una perspectiva de g\u00e8nere amb les intervencions de quatre dones familiars de persones desaparegudes. La sessi\u00f3 &#8220;<a href=\"https:\/\/www.edworldcongress.org\/es\/event-details\/the-impact-of-enforced-disappearances-on-women\">L&#8217;impacte de la desaparici\u00f3 for\u00e7ada sobre les dones<\/a>&#8221; tindr\u00e0 lloc el dijous 16 de gener a les 11h i es podr\u00e0 seguir online. La taula rodona t\u00e9 per objectiu analitzar els impactes de les desaparicions sobre les dones, compartir experi\u00e8ncies i bones pr\u00e0ctiques de la tasca de cerca de persones desaparegudes i posar en valor la relaci\u00f3 de la cerca amb la construcci\u00f3 de pau. <\/p>\n\n\n\n<p>La participaci\u00f3 de l&#8217;ICIP al Congr\u00e9s de Ginebra \u00e9s part de la seva l\u00ednia tem\u00e0tica sobre \u00ab<a href=\"https:\/\/www.icip.cat\/ca\/violencia-fora-de-contextos-bellics\/desaparicions-forcades\/\" target=\"_blank\" rel=\"noreferrer noopener\">Desaparicions For\u00e7ades<\/a>\u00bb que t\u00e9 el prop\u00f2sit d&#8217;aprofundir en la conceptualitzaci\u00f3 del vincle entre la lluita contra les desaparicions for\u00e7ades i la construcci\u00f3 de pau.<\/p>\n\n\n\n<p>Per participar al Congr\u00e9s cal <a href=\"https:\/\/www.edworldcongress.org\/es\/register\" target=\"_blank\" rel=\"noreferrer noopener\">registrar-se<\/a> pr\u00e8viament.<\/p>\n\n\n\n<div class=\"wp-block-image\"><figure class=\"aligncenter size-full\"><img fetchpriority=\"high\" decoding=\"async\" width=\"900\" height=\"506\" src=\"https:\/\/www.icip.cat\/wp-content\/uploads\/2024\/10\/GZDYTNjXIAAp-Ig.jpg\" alt=\"\" class=\"wp-image-50098\" srcset=\"https:\/\/www.icip.cat\/wp-content\/uploads\/2024\/10\/GZDYTNjXIAAp-Ig.jpg 900w, https:\/\/www.icip.cat\/wp-content\/uploads\/2024\/10\/GZDYTNjXIAAp-Ig-300x169.jpg 300w, https:\/\/www.icip.cat\/wp-content\/uploads\/2024\/10\/GZDYTNjXIAAp-Ig-768x432.jpg 768w\" sizes=\"(max-width: 900px) 100vw, 900px\" \/><\/figure><\/div>\n","protected":false},"featured_media":50092,"template":"","class_list":["post-50111","icip_event","type-icip_event","status-publish","has-post-thumbnail","hentry"],"acf":[],"yoast_head":"<!-- This site is optimized with the Yoast SEO plugin v25.6 - https:\/\/yoast.com\/wordpress\/plugins\/seo\/ -->\n<title>Congr\u00e9s Mundial sobre Desaparicions For\u00e7ades - ICIP<\/title>\n<meta name=\"robots\" content=\"index, follow, max-snippet:-1, max-image-preview:large, max-video-preview:-1\" \/>\n<link rel=\"canonical\" href=\"https:\/\/www.icip.cat\/ca\/event\/congres-mundial-sobre-desaparicions-forcades\/\" \/>\n<meta property=\"og:locale\" content=\"ca_ES\" \/>\n<meta property=\"og:type\" content=\"article\" \/>\n<meta property=\"og:title\" content=\"Congr\u00e9s Mundial sobre Desaparicions For\u00e7ades - ICIP\" \/>\n<meta property=\"og:description\" content=\"Els dies 15 i 16 de gener de 2025 se celebrar\u00e0 a Ginebra (Su\u00efssa) el Congr\u00e9s Mundial sobre Desaparicions For\u00e7ades, organitzat per la CEDI (Iniciativa per a la Convenci\u00f3 contra les Desaparicions For\u00e7ades), el Comit\u00e8 contra les Desaparicions For\u00e7ades de les Nacions Unides, el Grup de Treball de les Nacions Unides sobre Desaparicions For\u00e7ades o [&hellip;]\" \/>\n<meta property=\"og:url\" content=\"https:\/\/www.icip.cat\/ca\/event\/congres-mundial-sobre-desaparicions-forcades\/\" \/>\n<meta property=\"og:site_name\" content=\"ICIP\" \/>\n<meta property=\"article:modified_time\" content=\"2025-01-07T12:19:12+00:00\" \/>\n<meta property=\"og:image\" content=\"https:\/\/www.icip.cat\/wp-content\/uploads\/2024\/10\/congress2.png\" \/>\n\t<meta property=\"og:image:width\" content=\"529\" \/>\n\t<meta property=\"og:image:height\" content=\"301\" \/>\n\t<meta property=\"og:image:type\" content=\"image\/png\" \/>\n<meta name=\"twitter:card\" content=\"summary_large_image\" \/>\n<meta name=\"twitter:label1\" content=\"Temps estimat de lectura\" \/>\n\t<meta name=\"twitter:data1\" content=\"2 minuts\" \/>\n<script type=\"application\/ld+json\" class=\"yoast-schema-graph\">{\"@context\":\"https:\/\/schema.org\",\"@graph\":[{\"@type\":\"WebPage\",\"@id\":\"https:\/\/www.icip.cat\/ca\/event\/congres-mundial-sobre-desaparicions-forcades\/\",\"url\":\"https:\/\/www.icip.cat\/ca\/event\/congres-mundial-sobre-desaparicions-forcades\/\",\"name\":\"Congr\u00e9s Mundial sobre Desaparicions For\u00e7ades - ICIP\",\"isPartOf\":{\"@id\":\"https:\/\/www.icip.cat\/ca\/#website\"},\"primaryImageOfPage\":{\"@id\":\"https:\/\/www.icip.cat\/ca\/event\/congres-mundial-sobre-desaparicions-forcades\/#primaryimage\"},\"image\":{\"@id\":\"https:\/\/www.icip.cat\/ca\/event\/congres-mundial-sobre-desaparicions-forcades\/#primaryimage\"},\"thumbnailUrl\":\"https:\/\/www.icip.cat\/wp-content\/uploads\/2024\/10\/congress2.png\",\"datePublished\":\"2024-10-29T10:24:21+00:00\",\"dateModified\":\"2025-01-07T12:19:12+00:00\",\"inLanguage\":\"ca\",\"potentialAction\":[{\"@type\":\"ReadAction\",\"target\":[\"https:\/\/www.icip.cat\/ca\/event\/congres-mundial-sobre-desaparicions-forcades\/\"]}]},{\"@type\":\"ImageObject\",\"inLanguage\":\"ca\",\"@id\":\"https:\/\/www.icip.cat\/ca\/event\/congres-mundial-sobre-desaparicions-forcades\/#primaryimage\",\"url\":\"https:\/\/www.icip.cat\/wp-content\/uploads\/2024\/10\/congress2.png\",\"contentUrl\":\"https:\/\/www.icip.cat\/wp-content\/uploads\/2024\/10\/congress2.png\",\"width\":529,\"height\":301},{\"@type\":\"WebSite\",\"@id\":\"https:\/\/www.icip.cat\/ca\/#website\",\"url\":\"https:\/\/www.icip.cat\/ca\/\",\"name\":\"ICIP\",\"description\":\"\",\"publisher\":{\"@id\":\"https:\/\/www.icip.cat\/ca\/#organization\"},\"potentialAction\":[{\"@type\":\"SearchAction\",\"target\":{\"@type\":\"EntryPoint\",\"urlTemplate\":\"https:\/\/www.icip.cat\/ca\/?s={search_term_string}\"},\"query-input\":{\"@type\":\"PropertyValueSpecification\",\"valueRequired\":true,\"valueName\":\"search_term_string\"}}],\"inLanguage\":\"ca\"},{\"@type\":\"Organization\",\"@id\":\"https:\/\/www.icip.cat\/ca\/#organization\",\"name\":\"ICIP\",\"url\":\"https:\/\/www.icip.cat\/ca\/\",\"logo\":{\"@type\":\"ImageObject\",\"inLanguage\":\"ca\",\"@id\":\"https:\/\/www.icip.cat\/ca\/#\/schema\/logo\/image\/\",\"url\":\"https:\/\/www.icip.cat\/wp-content\/uploads\/2021\/02\/logo-2.png\",\"contentUrl\":\"https:\/\/www.icip.cat\/wp-content\/uploads\/2021\/02\/logo-2.png\",\"width\":562,\"height\":391,\"caption\":\"ICIP\"},\"image\":{\"@id\":\"https:\/\/www.icip.cat\/ca\/#\/schema\/logo\/image\/\"}}]}<\/script>\n<!-- \/ Yoast SEO plugin. -->","yoast_head_json":{"title":"Congr\u00e9s Mundial sobre Desaparicions For\u00e7ades - ICIP","robots":{"index":"index","follow":"follow","max-snippet":"max-snippet:-1","max-image-preview":"max-image-preview:large","max-video-preview":"max-video-preview:-1"},"canonical":"https:\/\/www.icip.cat\/ca\/event\/congres-mundial-sobre-desaparicions-forcades\/","og_locale":"ca_ES","og_type":"article","og_title":"Congr\u00e9s Mundial sobre Desaparicions For\u00e7ades - ICIP","og_description":"Els dies 15 i 16 de gener de 2025 se celebrar\u00e0 a Ginebra (Su\u00efssa) el Congr\u00e9s Mundial sobre Desaparicions For\u00e7ades, organitzat per la CEDI (Iniciativa per a la Convenci\u00f3 contra les Desaparicions For\u00e7ades), el Comit\u00e8 contra les Desaparicions For\u00e7ades de les Nacions Unides, el Grup de Treball de les Nacions Unides sobre Desaparicions For\u00e7ades o [&hellip;]","og_url":"https:\/\/www.icip.cat\/ca\/event\/congres-mundial-sobre-desaparicions-forcades\/","og_site_name":"ICIP","article_modified_time":"2025-01-07T12:19:12+00:00","og_image":[{"width":529,"height":301,"url":"https:\/\/www.icip.cat\/wp-content\/uploads\/2024\/10\/congress2.png","type":"image\/png"}],"twitter_card":"summary_large_image","twitter_misc":{"Temps estimat de lectura":"2 minuts"},"schema":{"@context":"https:\/\/schema.org","@graph":[{"@type":"WebPage","@id":"https:\/\/www.icip.cat\/ca\/event\/congres-mundial-sobre-desaparicions-forcades\/","url":"https:\/\/www.icip.cat\/ca\/event\/congres-mundial-sobre-desaparicions-forcades\/","name":"Congr\u00e9s Mundial sobre Desaparicions For\u00e7ades - ICIP","isPartOf":{"@id":"https:\/\/www.icip.cat\/ca\/#website"},"primaryImageOfPage":{"@id":"https:\/\/www.icip.cat\/ca\/event\/congres-mundial-sobre-desaparicions-forcades\/#primaryimage"},"image":{"@id":"https:\/\/www.icip.cat\/ca\/event\/congres-mundial-sobre-desaparicions-forcades\/#primaryimage"},"thumbnailUrl":"https:\/\/www.icip.cat\/wp-content\/uploads\/2024\/10\/congress2.png","datePublished":"2024-10-29T10:24:21+00:00","dateModified":"2025-01-07T12:19:12+00:00","inLanguage":"ca","potentialAction":[{"@type":"ReadAction","target":["https:\/\/www.icip.cat\/ca\/event\/congres-mundial-sobre-desaparicions-forcades\/"]}]},{"@type":"ImageObject","inLanguage":"ca","@id":"https:\/\/www.icip.cat\/ca\/event\/congres-mundial-sobre-desaparicions-forcades\/#primaryimage","url":"https:\/\/www.icip.cat\/wp-content\/uploads\/2024\/10\/congress2.png","contentUrl":"https:\/\/www.icip.cat\/wp-content\/uploads\/2024\/10\/congress2.png","width":529,"height":301},{"@type":"WebSite","@id":"https:\/\/www.icip.cat\/ca\/#website","url":"https:\/\/www.icip.cat\/ca\/","name":"ICIP","description":"","publisher":{"@id":"https:\/\/www.icip.cat\/ca\/#organization"},"potentialAction":[{"@type":"SearchAction","target":{"@type":"EntryPoint","urlTemplate":"https:\/\/www.icip.cat\/ca\/?s={search_term_string}"},"query-input":{"@type":"PropertyValueSpecification","valueRequired":true,"valueName":"search_term_string"}}],"inLanguage":"ca"},{"@type":"Organization","@id":"https:\/\/www.icip.cat\/ca\/#organization","name":"ICIP","url":"https:\/\/www.icip.cat\/ca\/","logo":{"@type":"ImageObject","inLanguage":"ca","@id":"https:\/\/www.icip.cat\/ca\/#\/schema\/logo\/image\/","url":"https:\/\/www.icip.cat\/wp-content\/uploads\/2021\/02\/logo-2.png","contentUrl":"https:\/\/www.icip.cat\/wp-content\/uploads\/2021\/02\/logo-2.png","width":562,"height":391,"caption":"ICIP"},"image":{"@id":"https:\/\/www.icip.cat\/ca\/#\/schema\/logo\/image\/"}}]}},"_links":{"self":[{"href":"https:\/\/www.icip.cat\/ca\/wp-json\/wp\/v2\/icip_event\/50111","targetHints":{"allow":["GET"]}}],"collection":[{"href":"https:\/\/www.icip.cat\/ca\/wp-json\/wp\/v2\/icip_event"}],"about":[{"href":"https:\/\/www.icip.cat\/ca\/wp-json\/wp\/v2\/types\/icip_event"}],"version-history":[{"count":4,"href":"https:\/\/www.icip.cat\/ca\/wp-json\/wp\/v2\/icip_event\/50111\/revisions"}],"predecessor-version":[{"id":50871,"href":"https:\/\/www.icip.cat\/ca\/wp-json\/wp\/v2\/icip_event\/50111\/revisions\/50871"}],"wp:featuredmedia":[{"embeddable":true,"href":"https:\/\/www.icip.cat\/ca\/wp-json\/wp\/v2\/media\/50092"}],"wp:attachment":[{"href":"https:\/\/www.icip.cat\/ca\/wp-json\/wp\/v2\/media?parent=50111"}],"curies":[{"name":"wp","href":"https:\/\/api.w.org\/{rel}","templated":true}]}}

Congrés Mundial sobre Desaparicions Forçades

<p>Els dies 15 i 16 de gener de 2025 se celebrarà a Ginebra (Suïssa) el <strong><a href="https://www.edworldcongress.org/es" target="_blank" rel="noreferrer noopener">Congrés Mundial sobre Desaparicions Forçades</a></strong>, organitzat per la <a href="https://www.cedi193.org/es" target="_blank" rel="noreferrer noopener">CEDI</a> (Iniciativa per a la Convenció contra les Desaparicions Forçades), el Comitè contra les Desaparicions Forçades de les Nacions Unides, el Grup de Treball de les Nacions Unides sobre Desaparicions Forçades o Involuntàries, i l&#8217;Oficina de l&#8217;Alt Comissionat de les Nacions Unides per als Drets Humans.  </p>



<p>El Congrés reunirà organitzacions de la societat civil, incloses associacions de famílies, Estats, organismes internacionals i experts, amb l&#8217;objectiu d&#8217;acordar una estratègia comuna i un pla d&#8217;acció per promoure la ratificació i la implementació de la Convenció contra les Desaparicions Forçades i facilitar el diàleg intergovernamental.</p>



<p>L&#8217;esdeveniment compta amb el <strong>suport i participació de l&#8217;ICIP</strong>, que organitzarà una taula rodona centrada en les desaparicions forçades des d&#8217;una perspectiva de gènere amb les intervencions de quatre dones familiars de persones desaparegudes. La sessió &#8220;<a href="https://www.edworldcongress.org/es/event-details/the-impact-of-enforced-disappearances-on-women">L&#8217;impacte de la desaparició forçada sobre les dones</a>&#8221; tindrà lloc el dijous 16 de gener a les 11h i es podrà seguir online. La taula rodona té per objectiu analitzar els impactes de les desaparicions sobre les dones, compartir experiències i bones pràctiques de la tasca de cerca de persones desaparegudes i posar en valor la relació de la cerca amb la construcció de pau. </p>



<p>La participació de l&#8217;ICIP al Congrés de Ginebra és part de la seva línia temàtica sobre «<a href="https://www.icip.cat/ca/violencia-fora-de-contextos-bellics/desaparicions-forcades/" target="_blank" rel="noreferrer noopener">Desaparicions Forçades</a>» que té el propòsit d&#8217;aprofundir en la conceptualització del vincle entre la lluita contra les desaparicions forçades i la construcció de pau.</p>



<p>Per participar al Congrés cal <a href="https://www.edworldcongress.org/es/register" target="_blank" rel="noreferrer noopener">registrar-se</a> prèviament.</p>



<div class="wp-block-image"><figure class="aligncenter size-full"><img fetchpriority="high" decoding="async" width="900" height="506" src="https://www.icip.cat/wp-content/uploads/2024/10/GZDYTNjXIAAp-Ig.jpg" alt="" class="wp-image-50098" srcset="https://www.icip.cat/wp-content/uploads/2024/10/GZDYTNjXIAAp-Ig.jpg 900w, https://www.icip.cat/wp-content/uploads/2024/10/GZDYTNjXIAAp-Ig-300x169.jpg 300w, https://www.icip.cat/wp-content/uploads/2024/10/GZDYTNjXIAAp-Ig-768x432.jpg 768w" sizes="(max-width: 900px) 100vw, 900px" /></figure></div>

<!-- This site is optimized with the Yoast SEO plugin v25.6 - https://yoast.com/wordpress/plugins/seo/ -->
<title>Congrés Mundial sobre Desaparicions Forçades - ICIP</title>
<meta name="robots" content="index, follow, max-snippet:-1, max-image-preview:large, max-video-preview:-1" />
<link rel="canonical" href="https://www.icip.cat/ca/event/congres-mundial-sobre-desaparicions-forcades/" />
<meta property="og:locale" content="ca_ES" />
<meta property="og:type" content="article" />
<meta property="og:title" content="Congrés Mundial sobre Desaparicions Forçades - ICIP" />
<meta property="og:description" content="Els dies 15 i 16 de gener de 2025 se celebrarà a Ginebra (Suïssa) el Congrés Mundial sobre Desaparicions Forçades, organitzat per la CEDI (Iniciativa per a la Convenció contra les Desaparicions Forçades), el Comitè contra les Desaparicions Forçades de les Nacions Unides, el Grup de Treball de les Nacions Unides sobre Desaparicions Forçades o [&hellip;]" />
<meta property="og:url" content="https://www.icip.cat/ca/event/congres-mundial-sobre-desaparicions-forcades/" />
<meta property="og:site_name" content="ICIP" />
<meta property="article:modified_time" content="2025-01-07T12:19:12+00:00" />
<meta property="og:image" content="https://www.icip.cat/wp-content/uploads/2024/10/congress2.png" />
	<meta property="og:image:width" content="529" />
	<meta property="og:image:height" content="301" />
	<meta property="og:image:type" content="image/png" />
<meta name="twitter:card" content="summary_large_image" />
<meta name="twitter:label1" content="Temps estimat de lectura" />
	<meta name="twitter:data1" content="2 minuts" />
<script type="application/ld+json" class="yoast-schema-graph">{"@context":"https://schema.org","@graph":[{"@type":"WebPage","@id":"https://www.icip.cat/ca/event/congres-mundial-sobre-desaparicions-forcades/","url":"https://www.icip.cat/ca/event/congres-mundial-sobre-desaparicions-forcades/","name":"Congrés Mundial sobre Desaparicions Forçades - ICIP","isPartOf":{"@id":"https://www.icip.cat/ca/#website"},"primaryImageOfPage":{"@id":"https://www.icip.cat/ca/event/congres-mundial-sobre-desaparicions-forcades/#primaryimage"},"image":{"@id":"https://www.icip.cat/ca/event/congres-mundial-sobre-desaparicions-forcades/#primaryimage"},"thumbnailUrl":"https://www.icip.cat/wp-content/uploads/2024/10/congress2.png","datePublished":"2024-10-29T10:24:21+00:00","dateModified":"2025-01-07T12:19:12+00:00","inLanguage":"ca","potentialAction":[{"@type":"ReadAction","target":["https://www.icip.cat/ca/event/congres-mundial-sobre-desaparicions-forcades/"]}]},{"@type":"ImageObject","inLanguage":"ca","@id":"https://www.icip.cat/ca/event/congres-mundial-sobre-desaparicions-forcades/#primaryimage","url":"https://www.icip.cat/wp-content/uploads/2024/10/congress2.png","contentUrl":"https://www.icip.cat/wp-content/uploads/2024/10/congress2.png","width":529,"height":301},{"@type":"WebSite","@id":"https://www.icip.cat/ca/#website","url":"https://www.icip.cat/ca/","name":"ICIP","description":"","publisher":{"@id":"https://www.icip.cat/ca/#organization"},"potentialAction":[{"@type":"SearchAction","target":{"@type":"EntryPoint","urlTemplate":"https://www.icip.cat/ca/?s={search_term_string}"},"query-input":{"@type":"PropertyValueSpecification","valueRequired":true,"valueName":"search_term_string"}}],"inLanguage":"ca"},{"@type":"Organization","@id":"https://www.icip.cat/ca/#organization","name":"ICIP","url":"https://www.icip.cat/ca/","logo":{"@type":"ImageObject","inLanguage":"ca","@id":"https://www.icip.cat/ca/#/schema/logo/image/","url":"https://www.icip.cat/wp-content/uploads/2021/02/logo-2.png","contentUrl":"https://www.icip.cat/wp-content/uploads/2021/02/logo-2.png","width":562,"height":391,"caption":"ICIP"},"image":{"@id":"https://www.icip.cat/ca/#/schema/logo/image/"}}]}</script>
<!-- / Yoast SEO plugin. -->

Congrés Mundial sobre Desaparicions Forçades - ICIP

Els dies 15 i 16 de gener de 2025 se celebrarà a Ginebra (Suïssa) el Congrés Mundial sobre Desaparicions Forçades, organitzat per la CEDI (Iniciativa per a la Convenció contra les Desaparicions Forçades), el Comitè contra les Desaparicions Forçades de les Nacions Unides, el Grup de Treball de les Nacions Unides sobre Desaparicions Forçades o [&hellip;]
