{"id":50293,"date":"2024-11-06T17:13:12","date_gmt":"2024-11-06T17:13:12","guid":{"rendered":"https:\/\/www.icip.cat\/?post_type=icip_event&#038;p=50293"},"modified":"2024-11-07T11:41:23","modified_gmt":"2024-11-07T11:41:23","slug":"xxii-jornades-sobre-colombia","status":"publish","type":"icip_event","link":"https:\/\/www.icip.cat\/ca\/event\/xxii-jornades-sobre-colombia\/","title":{"rendered":"XXII Jornades sobre Col\u00f2mbia: els reptes transversals"},"content":{"rendered":"\n<p>&#8220;Pau en construcci\u00f3. Els reptes transversals per a Col\u00f2mbia&#8221; \u00e9s el t\u00edtol de les XXII Jornades sobre Col\u00f2mbia que se celebraran el 13 i el 14 de novembre a Barcelona de les 18 a les 21h a la seu del Centre Internacional Escarr\u00e9 per a les Minories \u00c8tiques i les Nacions (<a href=\"https:\/\/www.ciemen.cat\" target=\"_blank\" rel=\"noreferrer noopener\">CIEMEN<\/a>) i el 15 de novembre a la tarda al <a href=\"https:\/\/morera.paeria.cat\" target=\"_blank\" rel=\"noreferrer noopener\">Museu Morera de Lleida<\/a>. La cita analitza l&#8217;evoluci\u00f3 de la pol\u00edtica de Pau Total del govern de Col\u00f2mbia, amb atenci\u00f3 a tres eixos: la just\u00edcia i la impunitat, el rol de l&#8217;exili i la just\u00edcia ambiental. Cadascun d&#8217;aquests assumptes tindr\u00e0 dedicada una taula rodona, a m\u00e9s d&#8217;una quarta conversa sobre la corresponsabilitat de les administracions catalanes. Les ponents s\u00f3n persones del m\u00f3n acad\u00e8mic i militants d&#8217;organitzacions colombianes.<\/p>\n\n\n\n<p>Les jornades les organitza la <a href=\"https:\/\/www.taulacolombia.org\/ca\/\" target=\"_blank\" rel=\"noreferrer noopener\">Taula Catalana per la Pau i els Drets Humans de Col\u00f2mbia,<\/a> amb la col\u00b7laboraci\u00f3 de l&#8217;ICIP com a instituci\u00f3 membre de la xarxa.<\/p>\n\n\n\n<p>Podeu consultar el programa <a href=\"https:\/\/www.icip.cat\/wp-content\/uploads\/2024\/11\/PROGRAMA-XXII-jornades.pdf\" target=\"_blank\" rel=\"noreferrer noopener\">aqu\u00ed<\/a>.<\/p>\n\n\n\n<figure class=\"wp-block-image size-large\"><img fetchpriority=\"high\" decoding=\"async\" width=\"1024\" height=\"724\" src=\"https:\/\/www.icip.cat\/wp-content\/uploads\/2024\/11\/A2-XXII-jornades-v3-1-1024x724.jpg\" alt=\"\" class=\"wp-image-50303\" srcset=\"https:\/\/www.icip.cat\/wp-content\/uploads\/2024\/11\/A2-XXII-jornades-v3-1-1024x724.jpg 1024w, https:\/\/www.icip.cat\/wp-content\/uploads\/2024\/11\/A2-XXII-jornades-v3-1-300x212.jpg 300w, https:\/\/www.icip.cat\/wp-content\/uploads\/2024\/11\/A2-XXII-jornades-v3-1-768x543.jpg 768w, https:\/\/www.icip.cat\/wp-content\/uploads\/2024\/11\/A2-XXII-jornades-v3-1-1536x1086.jpg 1536w, https:\/\/www.icip.cat\/wp-content\/uploads\/2024\/11\/A2-XXII-jornades-v3-1.jpg 1684w\" sizes=\"(max-width: 1024px) 100vw, 1024px\" \/><\/figure>\n","protected":false},"featured_media":50303,"template":"","class_list":["post-50293","icip_event","type-icip_event","status-publish","has-post-thumbnail","hentry"],"acf":[],"yoast_head":"<!-- This site is optimized with the Yoast SEO plugin v25.6 - https:\/\/yoast.com\/wordpress\/plugins\/seo\/ -->\n<title>XXII Jornades sobre Col\u00f2mbia: els reptes transversals - ICIP<\/title>\n<meta name=\"description\" content=\"&quot;Pau en construcci\u00f3. Els reptes transversals per a Col\u00f2mbia&quot; \u00e9s el t\u00edtol de les XXII Jornades sobre Col\u00f2mbia que se celebren a Barcelona i Lleida.\" \/>\n<meta name=\"robots\" content=\"index, follow, max-snippet:-1, max-image-preview:large, max-video-preview:-1\" \/>\n<link rel=\"canonical\" href=\"https:\/\/www.icip.cat\/ca\/event\/xxii-jornades-sobre-colombia\/\" \/>\n<meta property=\"og:locale\" content=\"ca_ES\" \/>\n<meta property=\"og:type\" content=\"article\" \/>\n<meta property=\"og:title\" content=\"XXII Jornades sobre Col\u00f2mbia: els reptes transversals - ICIP\" \/>\n<meta property=\"og:description\" content=\"&quot;Pau en construcci\u00f3. Els reptes transversals per a Col\u00f2mbia&quot; \u00e9s el t\u00edtol de les XXII Jornades sobre Col\u00f2mbia que se celebren a Barcelona i Lleida.\" \/>\n<meta property=\"og:url\" content=\"https:\/\/www.icip.cat\/ca\/event\/xxii-jornades-sobre-colombia\/\" \/>\n<meta property=\"og:site_name\" content=\"ICIP\" \/>\n<meta property=\"article:modified_time\" content=\"2024-11-07T11:41:23+00:00\" \/>\n<meta property=\"og:image\" content=\"https:\/\/www.icip.cat\/wp-content\/uploads\/2024\/11\/A2-XXII-jornades-v3-1.jpg\" \/>\n\t<meta property=\"og:image:width\" content=\"1684\" \/>\n\t<meta property=\"og:image:height\" content=\"1191\" \/>\n\t<meta property=\"og:image:type\" content=\"image\/jpeg\" \/>\n<meta name=\"twitter:card\" content=\"summary_large_image\" \/>\n<meta name=\"twitter:label1\" content=\"Temps estimat de lectura\" \/>\n\t<meta name=\"twitter:data1\" content=\"2 minuts\" \/>\n<script type=\"application\/ld+json\" class=\"yoast-schema-graph\">{\"@context\":\"https:\/\/schema.org\",\"@graph\":[{\"@type\":\"WebPage\",\"@id\":\"https:\/\/www.icip.cat\/ca\/event\/xxii-jornades-sobre-colombia\/\",\"url\":\"https:\/\/www.icip.cat\/ca\/event\/xxii-jornades-sobre-colombia\/\",\"name\":\"XXII Jornades sobre Col\u00f2mbia: els reptes transversals - ICIP\",\"isPartOf\":{\"@id\":\"https:\/\/www.icip.cat\/ca\/#website\"},\"primaryImageOfPage\":{\"@id\":\"https:\/\/www.icip.cat\/ca\/event\/xxii-jornades-sobre-colombia\/#primaryimage\"},\"image\":{\"@id\":\"https:\/\/www.icip.cat\/ca\/event\/xxii-jornades-sobre-colombia\/#primaryimage\"},\"thumbnailUrl\":\"https:\/\/www.icip.cat\/wp-content\/uploads\/2024\/11\/A2-XXII-jornades-v3-1.jpg\",\"datePublished\":\"2024-11-06T17:13:12+00:00\",\"dateModified\":\"2024-11-07T11:41:23+00:00\",\"description\":\"\\\"Pau en construcci\u00f3. Els reptes transversals per a Col\u00f2mbia\\\" \u00e9s el t\u00edtol de les XXII Jornades sobre Col\u00f2mbia que se celebren a Barcelona i Lleida.\",\"inLanguage\":\"ca\",\"potentialAction\":[{\"@type\":\"ReadAction\",\"target\":[\"https:\/\/www.icip.cat\/ca\/event\/xxii-jornades-sobre-colombia\/\"]}]},{\"@type\":\"ImageObject\",\"inLanguage\":\"ca\",\"@id\":\"https:\/\/www.icip.cat\/ca\/event\/xxii-jornades-sobre-colombia\/#primaryimage\",\"url\":\"https:\/\/www.icip.cat\/wp-content\/uploads\/2024\/11\/A2-XXII-jornades-v3-1.jpg\",\"contentUrl\":\"https:\/\/www.icip.cat\/wp-content\/uploads\/2024\/11\/A2-XXII-jornades-v3-1.jpg\",\"width\":1684,\"height\":1191},{\"@type\":\"WebSite\",\"@id\":\"https:\/\/www.icip.cat\/ca\/#website\",\"url\":\"https:\/\/www.icip.cat\/ca\/\",\"name\":\"ICIP\",\"description\":\"\",\"publisher\":{\"@id\":\"https:\/\/www.icip.cat\/ca\/#organization\"},\"potentialAction\":[{\"@type\":\"SearchAction\",\"target\":{\"@type\":\"EntryPoint\",\"urlTemplate\":\"https:\/\/www.icip.cat\/ca\/?s={search_term_string}\"},\"query-input\":{\"@type\":\"PropertyValueSpecification\",\"valueRequired\":true,\"valueName\":\"search_term_string\"}}],\"inLanguage\":\"ca\"},{\"@type\":\"Organization\",\"@id\":\"https:\/\/www.icip.cat\/ca\/#organization\",\"name\":\"ICIP\",\"url\":\"https:\/\/www.icip.cat\/ca\/\",\"logo\":{\"@type\":\"ImageObject\",\"inLanguage\":\"ca\",\"@id\":\"https:\/\/www.icip.cat\/ca\/#\/schema\/logo\/image\/\",\"url\":\"https:\/\/www.icip.cat\/wp-content\/uploads\/2021\/02\/logo-2.png\",\"contentUrl\":\"https:\/\/www.icip.cat\/wp-content\/uploads\/2021\/02\/logo-2.png\",\"width\":562,\"height\":391,\"caption\":\"ICIP\"},\"image\":{\"@id\":\"https:\/\/www.icip.cat\/ca\/#\/schema\/logo\/image\/\"}}]}<\/script>\n<!-- \/ Yoast SEO plugin. -->","yoast_head_json":{"title":"XXII Jornades sobre Col\u00f2mbia: els reptes transversals - ICIP","description":"\"Pau en construcci\u00f3. Els reptes transversals per a Col\u00f2mbia\" \u00e9s el t\u00edtol de les XXII Jornades sobre Col\u00f2mbia que se celebren a Barcelona i Lleida.","robots":{"index":"index","follow":"follow","max-snippet":"max-snippet:-1","max-image-preview":"max-image-preview:large","max-video-preview":"max-video-preview:-1"},"canonical":"https:\/\/www.icip.cat\/ca\/event\/xxii-jornades-sobre-colombia\/","og_locale":"ca_ES","og_type":"article","og_title":"XXII Jornades sobre Col\u00f2mbia: els reptes transversals - ICIP","og_description":"\"Pau en construcci\u00f3. Els reptes transversals per a Col\u00f2mbia\" \u00e9s el t\u00edtol de les XXII Jornades sobre Col\u00f2mbia que se celebren a Barcelona i Lleida.","og_url":"https:\/\/www.icip.cat\/ca\/event\/xxii-jornades-sobre-colombia\/","og_site_name":"ICIP","article_modified_time":"2024-11-07T11:41:23+00:00","og_image":[{"width":1684,"height":1191,"url":"https:\/\/www.icip.cat\/wp-content\/uploads\/2024\/11\/A2-XXII-jornades-v3-1.jpg","type":"image\/jpeg"}],"twitter_card":"summary_large_image","twitter_misc":{"Temps estimat de lectura":"2 minuts"},"schema":{"@context":"https:\/\/schema.org","@graph":[{"@type":"WebPage","@id":"https:\/\/www.icip.cat\/ca\/event\/xxii-jornades-sobre-colombia\/","url":"https:\/\/www.icip.cat\/ca\/event\/xxii-jornades-sobre-colombia\/","name":"XXII Jornades sobre Col\u00f2mbia: els reptes transversals - ICIP","isPartOf":{"@id":"https:\/\/www.icip.cat\/ca\/#website"},"primaryImageOfPage":{"@id":"https:\/\/www.icip.cat\/ca\/event\/xxii-jornades-sobre-colombia\/#primaryimage"},"image":{"@id":"https:\/\/www.icip.cat\/ca\/event\/xxii-jornades-sobre-colombia\/#primaryimage"},"thumbnailUrl":"https:\/\/www.icip.cat\/wp-content\/uploads\/2024\/11\/A2-XXII-jornades-v3-1.jpg","datePublished":"2024-11-06T17:13:12+00:00","dateModified":"2024-11-07T11:41:23+00:00","description":"\"Pau en construcci\u00f3. Els reptes transversals per a Col\u00f2mbia\" \u00e9s el t\u00edtol de les XXII Jornades sobre Col\u00f2mbia que se celebren a Barcelona i Lleida.","inLanguage":"ca","potentialAction":[{"@type":"ReadAction","target":["https:\/\/www.icip.cat\/ca\/event\/xxii-jornades-sobre-colombia\/"]}]},{"@type":"ImageObject","inLanguage":"ca","@id":"https:\/\/www.icip.cat\/ca\/event\/xxii-jornades-sobre-colombia\/#primaryimage","url":"https:\/\/www.icip.cat\/wp-content\/uploads\/2024\/11\/A2-XXII-jornades-v3-1.jpg","contentUrl":"https:\/\/www.icip.cat\/wp-content\/uploads\/2024\/11\/A2-XXII-jornades-v3-1.jpg","width":1684,"height":1191},{"@type":"WebSite","@id":"https:\/\/www.icip.cat\/ca\/#website","url":"https:\/\/www.icip.cat\/ca\/","name":"ICIP","description":"","publisher":{"@id":"https:\/\/www.icip.cat\/ca\/#organization"},"potentialAction":[{"@type":"SearchAction","target":{"@type":"EntryPoint","urlTemplate":"https:\/\/www.icip.cat\/ca\/?s={search_term_string}"},"query-input":{"@type":"PropertyValueSpecification","valueRequired":true,"valueName":"search_term_string"}}],"inLanguage":"ca"},{"@type":"Organization","@id":"https:\/\/www.icip.cat\/ca\/#organization","name":"ICIP","url":"https:\/\/www.icip.cat\/ca\/","logo":{"@type":"ImageObject","inLanguage":"ca","@id":"https:\/\/www.icip.cat\/ca\/#\/schema\/logo\/image\/","url":"https:\/\/www.icip.cat\/wp-content\/uploads\/2021\/02\/logo-2.png","contentUrl":"https:\/\/www.icip.cat\/wp-content\/uploads\/2021\/02\/logo-2.png","width":562,"height":391,"caption":"ICIP"},"image":{"@id":"https:\/\/www.icip.cat\/ca\/#\/schema\/logo\/image\/"}}]}},"_links":{"self":[{"href":"https:\/\/www.icip.cat\/ca\/wp-json\/wp\/v2\/icip_event\/50293","targetHints":{"allow":["GET"]}}],"collection":[{"href":"https:\/\/www.icip.cat\/ca\/wp-json\/wp\/v2\/icip_event"}],"about":[{"href":"https:\/\/www.icip.cat\/ca\/wp-json\/wp\/v2\/types\/icip_event"}],"version-history":[{"count":11,"href":"https:\/\/www.icip.cat\/ca\/wp-json\/wp\/v2\/icip_event\/50293\/revisions"}],"predecessor-version":[{"id":50315,"href":"https:\/\/www.icip.cat\/ca\/wp-json\/wp\/v2\/icip_event\/50293\/revisions\/50315"}],"wp:featuredmedia":[{"embeddable":true,"href":"https:\/\/www.icip.cat\/ca\/wp-json\/wp\/v2\/media\/50303"}],"wp:attachment":[{"href":"https:\/\/www.icip.cat\/ca\/wp-json\/wp\/v2\/media?parent=50293"}],"curies":[{"name":"wp","href":"https:\/\/api.w.org\/{rel}","templated":true}]}}

XXII Jornades sobre Colòmbia: els reptes transversals

<p>&#8220;Pau en construcció. Els reptes transversals per a Colòmbia&#8221; és el títol de les XXII Jornades sobre Colòmbia que se celebraran el 13 i el 14 de novembre a Barcelona de les 18 a les 21h a la seu del Centre Internacional Escarré per a les Minories Ètiques i les Nacions (<a href="https://www.ciemen.cat" target="_blank" rel="noreferrer noopener">CIEMEN</a>) i el 15 de novembre a la tarda al <a href="https://morera.paeria.cat" target="_blank" rel="noreferrer noopener">Museu Morera de Lleida</a>. La cita analitza l&#8217;evolució de la política de Pau Total del govern de Colòmbia, amb atenció a tres eixos: la justícia i la impunitat, el rol de l&#8217;exili i la justícia ambiental. Cadascun d&#8217;aquests assumptes tindrà dedicada una taula rodona, a més d&#8217;una quarta conversa sobre la corresponsabilitat de les administracions catalanes. Les ponents són persones del món acadèmic i militants d&#8217;organitzacions colombianes.</p>



<p>Les jornades les organitza la <a href="https://www.taulacolombia.org/ca/" target="_blank" rel="noreferrer noopener">Taula Catalana per la Pau i els Drets Humans de Colòmbia,</a> amb la col·laboració de l&#8217;ICIP com a institució membre de la xarxa.</p>



<p>Podeu consultar el programa <a href="https://www.icip.cat/wp-content/uploads/2024/11/PROGRAMA-XXII-jornades.pdf" target="_blank" rel="noreferrer noopener">aquí</a>.</p>



<figure class="wp-block-image size-large"><img fetchpriority="high" decoding="async" width="1024" height="724" src="https://www.icip.cat/wp-content/uploads/2024/11/A2-XXII-jornades-v3-1-1024x724.jpg" alt="" class="wp-image-50303" srcset="https://www.icip.cat/wp-content/uploads/2024/11/A2-XXII-jornades-v3-1-1024x724.jpg 1024w, https://www.icip.cat/wp-content/uploads/2024/11/A2-XXII-jornades-v3-1-300x212.jpg 300w, https://www.icip.cat/wp-content/uploads/2024/11/A2-XXII-jornades-v3-1-768x543.jpg 768w, https://www.icip.cat/wp-content/uploads/2024/11/A2-XXII-jornades-v3-1-1536x1086.jpg 1536w, https://www.icip.cat/wp-content/uploads/2024/11/A2-XXII-jornades-v3-1.jpg 1684w" sizes="(max-width: 1024px) 100vw, 1024px" /></figure>

<!-- This site is optimized with the Yoast SEO plugin v25.6 - https://yoast.com/wordpress/plugins/seo/ -->
<title>XXII Jornades sobre Colòmbia: els reptes transversals - ICIP</title>
<meta name="description" content="&quot;Pau en construcció. Els reptes transversals per a Colòmbia&quot; és el títol de les XXII Jornades sobre Colòmbia que se celebren a Barcelona i Lleida." />
<meta name="robots" content="index, follow, max-snippet:-1, max-image-preview:large, max-video-preview:-1" />
<link rel="canonical" href="https://www.icip.cat/ca/event/xxii-jornades-sobre-colombia/" />
<meta property="og:locale" content="ca_ES" />
<meta property="og:type" content="article" />
<meta property="og:title" content="XXII Jornades sobre Colòmbia: els reptes transversals - ICIP" />
<meta property="og:description" content="&quot;Pau en construcció. Els reptes transversals per a Colòmbia&quot; és el títol de les XXII Jornades sobre Colòmbia que se celebren a Barcelona i Lleida." />
<meta property="og:url" content="https://www.icip.cat/ca/event/xxii-jornades-sobre-colombia/" />
<meta property="og:site_name" content="ICIP" />
<meta property="article:modified_time" content="2024-11-07T11:41:23+00:00" />
<meta property="og:image" content="https://www.icip.cat/wp-content/uploads/2024/11/A2-XXII-jornades-v3-1.jpg" />
	<meta property="og:image:width" content="1684" />
	<meta property="og:image:height" content="1191" />
	<meta property="og:image:type" content="image/jpeg" />
<meta name="twitter:card" content="summary_large_image" />
<meta name="twitter:label1" content="Temps estimat de lectura" />
	<meta name="twitter:data1" content="2 minuts" />
<script type="application/ld+json" class="yoast-schema-graph">{"@context":"https://schema.org","@graph":[{"@type":"WebPage","@id":"https://www.icip.cat/ca/event/xxii-jornades-sobre-colombia/","url":"https://www.icip.cat/ca/event/xxii-jornades-sobre-colombia/","name":"XXII Jornades sobre Colòmbia: els reptes transversals - ICIP","isPartOf":{"@id":"https://www.icip.cat/ca/#website"},"primaryImageOfPage":{"@id":"https://www.icip.cat/ca/event/xxii-jornades-sobre-colombia/#primaryimage"},"image":{"@id":"https://www.icip.cat/ca/event/xxii-jornades-sobre-colombia/#primaryimage"},"thumbnailUrl":"https://www.icip.cat/wp-content/uploads/2024/11/A2-XXII-jornades-v3-1.jpg","datePublished":"2024-11-06T17:13:12+00:00","dateModified":"2024-11-07T11:41:23+00:00","description":"\"Pau en construcció. Els reptes transversals per a Colòmbia\" és el títol de les XXII Jornades sobre Colòmbia que se celebren a Barcelona i Lleida.","inLanguage":"ca","potentialAction":[{"@type":"ReadAction","target":["https://www.icip.cat/ca/event/xxii-jornades-sobre-colombia/"]}]},{"@type":"ImageObject","inLanguage":"ca","@id":"https://www.icip.cat/ca/event/xxii-jornades-sobre-colombia/#primaryimage","url":"https://www.icip.cat/wp-content/uploads/2024/11/A2-XXII-jornades-v3-1.jpg","contentUrl":"https://www.icip.cat/wp-content/uploads/2024/11/A2-XXII-jornades-v3-1.jpg","width":1684,"height":1191},{"@type":"WebSite","@id":"https://www.icip.cat/ca/#website","url":"https://www.icip.cat/ca/","name":"ICIP","description":"","publisher":{"@id":"https://www.icip.cat/ca/#organization"},"potentialAction":[{"@type":"SearchAction","target":{"@type":"EntryPoint","urlTemplate":"https://www.icip.cat/ca/?s={search_term_string}"},"query-input":{"@type":"PropertyValueSpecification","valueRequired":true,"valueName":"search_term_string"}}],"inLanguage":"ca"},{"@type":"Organization","@id":"https://www.icip.cat/ca/#organization","name":"ICIP","url":"https://www.icip.cat/ca/","logo":{"@type":"ImageObject","inLanguage":"ca","@id":"https://www.icip.cat/ca/#/schema/logo/image/","url":"https://www.icip.cat/wp-content/uploads/2021/02/logo-2.png","contentUrl":"https://www.icip.cat/wp-content/uploads/2021/02/logo-2.png","width":562,"height":391,"caption":"ICIP"},"image":{"@id":"https://www.icip.cat/ca/#/schema/logo/image/"}}]}</script>
<!-- / Yoast SEO plugin. -->

XXII Jornades sobre Colòmbia: els reptes transversals - ICIP

"Pau en construcció. Els reptes transversals per a Colòmbia" és el títol de les XXII Jornades sobre Colòmbia que se celebren a Barcelona i Lleida.
