{"id":50695,"date":"2024-12-11T17:38:27","date_gmt":"2024-12-11T17:38:27","guid":{"rendered":"https:\/\/www.icip.cat\/?post_type=icip_event&#038;p=50695"},"modified":"2025-04-07T17:00:59","modified_gmt":"2025-04-07T17:00:59","slug":"fer-possible-la-pau-dialeg-amb-bassam-aramin-i-rami-elhanan","status":"publish","type":"icip_event","link":"https:\/\/www.icip.cat\/ca\/event\/fer-possible-la-pau-dialeg-amb-bassam-aramin-i-rami-elhanan\/","title":{"rendered":"Fer possible la pau: di\u00e0leg amb Bassam Aramin i Rami Elhanan"},"content":{"rendered":"\n<p><strong>Rami Elhanan<\/strong> \u00e9s israeli\u00e0 i <strong>Bassam Aramin<\/strong> \u00e9s palest\u00ed, viuen a prop l\u2019un de l\u2019altre, per\u00f2 existeixen en mons separats. Les seves vides van trencar-se quan van assassinar les seves filles Smadar i Abrir, una a causa d\u2019un atemptat su\u00efcida de Ham\u00e0s al centre de Jerusalem al 1997, i l\u2019altra per un policia israeli\u00e0 quan sortia de l\u2019escola al 2007. <\/p>\n\n\n\n<p>Davant d\u2019aquestes terribles circumst\u00e0ncies, enlloc de cedir a l\u2019odi i a la viol\u00e8ncia, tots dos van decidir unir les seves forces per apostar pel di\u00e0leg i treballar junts per la pau, els drets humans per a tothom i la fi de l&#8217;ocupaci\u00f3, a trav\u00e9s de l\u2019associaci\u00f3 <strong>The Parents Circle \u2013 Families Forum<\/strong>, amb la qual impulsen la reconciliaci\u00f3 entre les dues comunitats. Rami i Bassam, que han acabat sent amics \u00edntims, avui comparteixen les seves viv\u00e8ncies per tot el m\u00f3n i asseguren que \u00abl\u2019\u00fanica forma d\u2019avan\u00e7ar \u00e9s parlar els uns amb els altres, comprendre el punt de vista de cadasc\u00fa i fer concessions\u00bb. <\/p>\n\n\n\n<p>La seva hist\u00f2ria tamb\u00e9 va ser recollida per l\u2019escriptor Colum McCann, que la va explicar al seu llibre <em><a href=\"https:\/\/www.laltraeditorial.cat\/llibre\/apeirogon\/\" target=\"_blank\" rel=\"noreferrer noopener\">Apeir\u00f2gon<\/a><\/em> (L\u2019Altra Editorial i Seix Barral, 2021) i la va fer aix\u00ed coneguda internacionalment.<\/p>\n\n\n\n<p>Despr\u00e9s de m\u00e9s d\u2019un any de guerra, Bassam Aramin i Rami Elhanan establiran un di\u00e0leg amb el periodista i polit\u00f2leg expert en processos de pau, <strong>Jordi Armadans<\/strong>, en un acte al Centre de Cultura Contempor\u00e0nia de Barcelona (CCCB) el <strong>dilluns 28 d&#8217;abril a les 18.30h<\/strong>. Parlaran del poder transformador de l\u2019empatia, de l\u2019amistat i de les necessitats i opcions per bastir un futur de pau i conviv\u00e8ncia.<\/p>\n\n\n\n<p>Aquesta activitat \u00e9s una col\u00b7laboraci\u00f3 entre el CCCB i l&#8217;ICIP. Les entrades tenen un preu de 3 euros i es poden adquirir en <a href=\"https:\/\/www.cccb.org\/ca\/activitats\/fitxa\/bassam-aramin-i-rami-elhanan\/246564\">aquest enlla\u00e7<\/a>. La sessi\u00f3 es desenvolupar\u00e0 en catal\u00e0 i en angl\u00e8s, amb servei de traducci\u00f3 simult\u00e0nia.<\/p>\n\n\n<div class=\"wp-block-image\">\n<figure class=\"aligncenter size-full\"><img fetchpriority=\"high\" decoding=\"async\" width=\"1000\" height=\"560\" src=\"https:\/\/www.icip.cat\/wp-content\/uploads\/2024\/12\/1000x560_8.jpg\" alt=\"\" class=\"wp-image-50696\" srcset=\"https:\/\/www.icip.cat\/wp-content\/uploads\/2024\/12\/1000x560_8.jpg 1000w, https:\/\/www.icip.cat\/wp-content\/uploads\/2024\/12\/1000x560_8-300x168.jpg 300w, https:\/\/www.icip.cat\/wp-content\/uploads\/2024\/12\/1000x560_8-768x430.jpg 768w\" sizes=\"(max-width: 1000px) 100vw, 1000px\" \/><\/figure><\/div>\n\n\n<p><\/p>\n","protected":false},"featured_media":50696,"template":"","class_list":["post-50695","icip_event","type-icip_event","status-publish","has-post-thumbnail","hentry"],"acf":[],"yoast_head":"<!-- This site is optimized with the Yoast SEO plugin v25.6 - https:\/\/yoast.com\/wordpress\/plugins\/seo\/ -->\n<title>Fer possible la pau: di\u00e0leg amb Bassam Aramin i Rami Elhanan - ICIP<\/title>\n<meta name=\"robots\" content=\"index, follow, max-snippet:-1, max-image-preview:large, max-video-preview:-1\" \/>\n<link rel=\"canonical\" href=\"https:\/\/www.icip.cat\/ca\/event\/fer-possible-la-pau-dialeg-amb-bassam-aramin-i-rami-elhanan\/\" \/>\n<meta property=\"og:locale\" content=\"ca_ES\" \/>\n<meta property=\"og:type\" content=\"article\" \/>\n<meta property=\"og:title\" content=\"Fer possible la pau: di\u00e0leg amb Bassam Aramin i Rami Elhanan - ICIP\" \/>\n<meta property=\"og:description\" content=\"Rami Elhanan \u00e9s israeli\u00e0 i Bassam Aramin \u00e9s palest\u00ed, viuen a prop l\u2019un de l\u2019altre, per\u00f2 existeixen en mons separats. Les seves vides van trencar-se quan van assassinar les seves filles Smadar i Abrir, una a causa d\u2019un atemptat su\u00efcida de Ham\u00e0s al centre de Jerusalem al 1997, i l\u2019altra per un policia israeli\u00e0 quan [&hellip;]\" \/>\n<meta property=\"og:url\" content=\"https:\/\/www.icip.cat\/ca\/event\/fer-possible-la-pau-dialeg-amb-bassam-aramin-i-rami-elhanan\/\" \/>\n<meta property=\"og:site_name\" content=\"ICIP\" \/>\n<meta property=\"article:modified_time\" content=\"2025-04-07T17:00:59+00:00\" \/>\n<meta property=\"og:image\" content=\"https:\/\/www.icip.cat\/wp-content\/uploads\/2024\/12\/1000x560_8.jpg\" \/>\n\t<meta property=\"og:image:width\" content=\"1000\" \/>\n\t<meta property=\"og:image:height\" content=\"560\" \/>\n\t<meta property=\"og:image:type\" content=\"image\/jpeg\" \/>\n<meta name=\"twitter:card\" content=\"summary_large_image\" \/>\n<meta name=\"twitter:label1\" content=\"Temps estimat de lectura\" \/>\n\t<meta name=\"twitter:data1\" content=\"3 minuts\" \/>\n<script type=\"application\/ld+json\" class=\"yoast-schema-graph\">{\"@context\":\"https:\/\/schema.org\",\"@graph\":[{\"@type\":\"WebPage\",\"@id\":\"https:\/\/www.icip.cat\/ca\/event\/fer-possible-la-pau-dialeg-amb-bassam-aramin-i-rami-elhanan\/\",\"url\":\"https:\/\/www.icip.cat\/ca\/event\/fer-possible-la-pau-dialeg-amb-bassam-aramin-i-rami-elhanan\/\",\"name\":\"Fer possible la pau: di\u00e0leg amb Bassam Aramin i Rami Elhanan - ICIP\",\"isPartOf\":{\"@id\":\"https:\/\/www.icip.cat\/ca\/#website\"},\"primaryImageOfPage\":{\"@id\":\"https:\/\/www.icip.cat\/ca\/event\/fer-possible-la-pau-dialeg-amb-bassam-aramin-i-rami-elhanan\/#primaryimage\"},\"image\":{\"@id\":\"https:\/\/www.icip.cat\/ca\/event\/fer-possible-la-pau-dialeg-amb-bassam-aramin-i-rami-elhanan\/#primaryimage\"},\"thumbnailUrl\":\"https:\/\/www.icip.cat\/wp-content\/uploads\/2024\/12\/1000x560_8.jpg\",\"datePublished\":\"2024-12-11T17:38:27+00:00\",\"dateModified\":\"2025-04-07T17:00:59+00:00\",\"inLanguage\":\"ca\",\"potentialAction\":[{\"@type\":\"ReadAction\",\"target\":[\"https:\/\/www.icip.cat\/ca\/event\/fer-possible-la-pau-dialeg-amb-bassam-aramin-i-rami-elhanan\/\"]}]},{\"@type\":\"ImageObject\",\"inLanguage\":\"ca\",\"@id\":\"https:\/\/www.icip.cat\/ca\/event\/fer-possible-la-pau-dialeg-amb-bassam-aramin-i-rami-elhanan\/#primaryimage\",\"url\":\"https:\/\/www.icip.cat\/wp-content\/uploads\/2024\/12\/1000x560_8.jpg\",\"contentUrl\":\"https:\/\/www.icip.cat\/wp-content\/uploads\/2024\/12\/1000x560_8.jpg\",\"width\":1000,\"height\":560},{\"@type\":\"WebSite\",\"@id\":\"https:\/\/www.icip.cat\/ca\/#website\",\"url\":\"https:\/\/www.icip.cat\/ca\/\",\"name\":\"ICIP\",\"description\":\"\",\"publisher\":{\"@id\":\"https:\/\/www.icip.cat\/ca\/#organization\"},\"potentialAction\":[{\"@type\":\"SearchAction\",\"target\":{\"@type\":\"EntryPoint\",\"urlTemplate\":\"https:\/\/www.icip.cat\/ca\/?s={search_term_string}\"},\"query-input\":{\"@type\":\"PropertyValueSpecification\",\"valueRequired\":true,\"valueName\":\"search_term_string\"}}],\"inLanguage\":\"ca\"},{\"@type\":\"Organization\",\"@id\":\"https:\/\/www.icip.cat\/ca\/#organization\",\"name\":\"ICIP\",\"url\":\"https:\/\/www.icip.cat\/ca\/\",\"logo\":{\"@type\":\"ImageObject\",\"inLanguage\":\"ca\",\"@id\":\"https:\/\/www.icip.cat\/ca\/#\/schema\/logo\/image\/\",\"url\":\"https:\/\/www.icip.cat\/wp-content\/uploads\/2021\/02\/logo-2.png\",\"contentUrl\":\"https:\/\/www.icip.cat\/wp-content\/uploads\/2021\/02\/logo-2.png\",\"width\":562,\"height\":391,\"caption\":\"ICIP\"},\"image\":{\"@id\":\"https:\/\/www.icip.cat\/ca\/#\/schema\/logo\/image\/\"}}]}<\/script>\n<!-- \/ Yoast SEO plugin. -->","yoast_head_json":{"title":"Fer possible la pau: di\u00e0leg amb Bassam Aramin i Rami Elhanan - ICIP","robots":{"index":"index","follow":"follow","max-snippet":"max-snippet:-1","max-image-preview":"max-image-preview:large","max-video-preview":"max-video-preview:-1"},"canonical":"https:\/\/www.icip.cat\/ca\/event\/fer-possible-la-pau-dialeg-amb-bassam-aramin-i-rami-elhanan\/","og_locale":"ca_ES","og_type":"article","og_title":"Fer possible la pau: di\u00e0leg amb Bassam Aramin i Rami Elhanan - ICIP","og_description":"Rami Elhanan \u00e9s israeli\u00e0 i Bassam Aramin \u00e9s palest\u00ed, viuen a prop l\u2019un de l\u2019altre, per\u00f2 existeixen en mons separats. Les seves vides van trencar-se quan van assassinar les seves filles Smadar i Abrir, una a causa d\u2019un atemptat su\u00efcida de Ham\u00e0s al centre de Jerusalem al 1997, i l\u2019altra per un policia israeli\u00e0 quan [&hellip;]","og_url":"https:\/\/www.icip.cat\/ca\/event\/fer-possible-la-pau-dialeg-amb-bassam-aramin-i-rami-elhanan\/","og_site_name":"ICIP","article_modified_time":"2025-04-07T17:00:59+00:00","og_image":[{"width":1000,"height":560,"url":"https:\/\/www.icip.cat\/wp-content\/uploads\/2024\/12\/1000x560_8.jpg","type":"image\/jpeg"}],"twitter_card":"summary_large_image","twitter_misc":{"Temps estimat de lectura":"3 minuts"},"schema":{"@context":"https:\/\/schema.org","@graph":[{"@type":"WebPage","@id":"https:\/\/www.icip.cat\/ca\/event\/fer-possible-la-pau-dialeg-amb-bassam-aramin-i-rami-elhanan\/","url":"https:\/\/www.icip.cat\/ca\/event\/fer-possible-la-pau-dialeg-amb-bassam-aramin-i-rami-elhanan\/","name":"Fer possible la pau: di\u00e0leg amb Bassam Aramin i Rami Elhanan - ICIP","isPartOf":{"@id":"https:\/\/www.icip.cat\/ca\/#website"},"primaryImageOfPage":{"@id":"https:\/\/www.icip.cat\/ca\/event\/fer-possible-la-pau-dialeg-amb-bassam-aramin-i-rami-elhanan\/#primaryimage"},"image":{"@id":"https:\/\/www.icip.cat\/ca\/event\/fer-possible-la-pau-dialeg-amb-bassam-aramin-i-rami-elhanan\/#primaryimage"},"thumbnailUrl":"https:\/\/www.icip.cat\/wp-content\/uploads\/2024\/12\/1000x560_8.jpg","datePublished":"2024-12-11T17:38:27+00:00","dateModified":"2025-04-07T17:00:59+00:00","inLanguage":"ca","potentialAction":[{"@type":"ReadAction","target":["https:\/\/www.icip.cat\/ca\/event\/fer-possible-la-pau-dialeg-amb-bassam-aramin-i-rami-elhanan\/"]}]},{"@type":"ImageObject","inLanguage":"ca","@id":"https:\/\/www.icip.cat\/ca\/event\/fer-possible-la-pau-dialeg-amb-bassam-aramin-i-rami-elhanan\/#primaryimage","url":"https:\/\/www.icip.cat\/wp-content\/uploads\/2024\/12\/1000x560_8.jpg","contentUrl":"https:\/\/www.icip.cat\/wp-content\/uploads\/2024\/12\/1000x560_8.jpg","width":1000,"height":560},{"@type":"WebSite","@id":"https:\/\/www.icip.cat\/ca\/#website","url":"https:\/\/www.icip.cat\/ca\/","name":"ICIP","description":"","publisher":{"@id":"https:\/\/www.icip.cat\/ca\/#organization"},"potentialAction":[{"@type":"SearchAction","target":{"@type":"EntryPoint","urlTemplate":"https:\/\/www.icip.cat\/ca\/?s={search_term_string}"},"query-input":{"@type":"PropertyValueSpecification","valueRequired":true,"valueName":"search_term_string"}}],"inLanguage":"ca"},{"@type":"Organization","@id":"https:\/\/www.icip.cat\/ca\/#organization","name":"ICIP","url":"https:\/\/www.icip.cat\/ca\/","logo":{"@type":"ImageObject","inLanguage":"ca","@id":"https:\/\/www.icip.cat\/ca\/#\/schema\/logo\/image\/","url":"https:\/\/www.icip.cat\/wp-content\/uploads\/2021\/02\/logo-2.png","contentUrl":"https:\/\/www.icip.cat\/wp-content\/uploads\/2021\/02\/logo-2.png","width":562,"height":391,"caption":"ICIP"},"image":{"@id":"https:\/\/www.icip.cat\/ca\/#\/schema\/logo\/image\/"}}]}},"_links":{"self":[{"href":"https:\/\/www.icip.cat\/ca\/wp-json\/wp\/v2\/icip_event\/50695","targetHints":{"allow":["GET"]}}],"collection":[{"href":"https:\/\/www.icip.cat\/ca\/wp-json\/wp\/v2\/icip_event"}],"about":[{"href":"https:\/\/www.icip.cat\/ca\/wp-json\/wp\/v2\/types\/icip_event"}],"version-history":[{"count":14,"href":"https:\/\/www.icip.cat\/ca\/wp-json\/wp\/v2\/icip_event\/50695\/revisions"}],"predecessor-version":[{"id":53534,"href":"https:\/\/www.icip.cat\/ca\/wp-json\/wp\/v2\/icip_event\/50695\/revisions\/53534"}],"wp:featuredmedia":[{"embeddable":true,"href":"https:\/\/www.icip.cat\/ca\/wp-json\/wp\/v2\/media\/50696"}],"wp:attachment":[{"href":"https:\/\/www.icip.cat\/ca\/wp-json\/wp\/v2\/media?parent=50695"}],"curies":[{"name":"wp","href":"https:\/\/api.w.org\/{rel}","templated":true}]}}

Fer possible la pau: diàleg amb Bassam Aramin i Rami Elhanan

<p><strong>Rami Elhanan</strong> és israelià i <strong>Bassam Aramin</strong> és palestí, viuen a prop l’un de l’altre, però existeixen en mons separats. Les seves vides van trencar-se quan van assassinar les seves filles Smadar i Abrir, una a causa d’un atemptat suïcida de Hamàs al centre de Jerusalem al 1997, i l’altra per un policia israelià quan sortia de l’escola al 2007. </p>



<p>Davant d’aquestes terribles circumstàncies, enlloc de cedir a l’odi i a la violència, tots dos van decidir unir les seves forces per apostar pel diàleg i treballar junts per la pau, els drets humans per a tothom i la fi de l&#8217;ocupació, a través de l’associació <strong>The Parents Circle – Families Forum</strong>, amb la qual impulsen la reconciliació entre les dues comunitats. Rami i Bassam, que han acabat sent amics íntims, avui comparteixen les seves vivències per tot el món i asseguren que «l’única forma d’avançar és parlar els uns amb els altres, comprendre el punt de vista de cadascú i fer concessions». </p>



<p>La seva història també va ser recollida per l’escriptor Colum McCann, que la va explicar al seu llibre <em><a href="https://www.laltraeditorial.cat/llibre/apeirogon/" target="_blank" rel="noreferrer noopener">Apeirògon</a></em> (L’Altra Editorial i Seix Barral, 2021) i la va fer així coneguda internacionalment.</p>



<p>Després de més d’un any de guerra, Bassam Aramin i Rami Elhanan establiran un diàleg amb el periodista i politòleg expert en processos de pau, <strong>Jordi Armadans</strong>, en un acte al Centre de Cultura Contemporània de Barcelona (CCCB) el <strong>dilluns 28 d&#8217;abril a les 18.30h</strong>. Parlaran del poder transformador de l’empatia, de l’amistat i de les necessitats i opcions per bastir un futur de pau i convivència.</p>



<p>Aquesta activitat és una col·laboració entre el CCCB i l&#8217;ICIP. Les entrades tenen un preu de 3 euros i es poden adquirir en <a href="https://www.cccb.org/ca/activitats/fitxa/bassam-aramin-i-rami-elhanan/246564">aquest enllaç</a>. La sessió es desenvoluparà en català i en anglès, amb servei de traducció simultània.</p>


<div class="wp-block-image">
<figure class="aligncenter size-full"><img fetchpriority="high" decoding="async" width="1000" height="560" src="https://www.icip.cat/wp-content/uploads/2024/12/1000x560_8.jpg" alt="" class="wp-image-50696" srcset="https://www.icip.cat/wp-content/uploads/2024/12/1000x560_8.jpg 1000w, https://www.icip.cat/wp-content/uploads/2024/12/1000x560_8-300x168.jpg 300w, https://www.icip.cat/wp-content/uploads/2024/12/1000x560_8-768x430.jpg 768w" sizes="(max-width: 1000px) 100vw, 1000px" /></figure></div>


<p></p>

<!-- This site is optimized with the Yoast SEO plugin v25.6 - https://yoast.com/wordpress/plugins/seo/ -->
<title>Fer possible la pau: diàleg amb Bassam Aramin i Rami Elhanan - ICIP</title>
<meta name="robots" content="index, follow, max-snippet:-1, max-image-preview:large, max-video-preview:-1" />
<link rel="canonical" href="https://www.icip.cat/ca/event/fer-possible-la-pau-dialeg-amb-bassam-aramin-i-rami-elhanan/" />
<meta property="og:locale" content="ca_ES" />
<meta property="og:type" content="article" />
<meta property="og:title" content="Fer possible la pau: diàleg amb Bassam Aramin i Rami Elhanan - ICIP" />
<meta property="og:description" content="Rami Elhanan és israelià i Bassam Aramin és palestí, viuen a prop l’un de l’altre, però existeixen en mons separats. Les seves vides van trencar-se quan van assassinar les seves filles Smadar i Abrir, una a causa d’un atemptat suïcida de Hamàs al centre de Jerusalem al 1997, i l’altra per un policia israelià quan [&hellip;]" />
<meta property="og:url" content="https://www.icip.cat/ca/event/fer-possible-la-pau-dialeg-amb-bassam-aramin-i-rami-elhanan/" />
<meta property="og:site_name" content="ICIP" />
<meta property="article:modified_time" content="2025-04-07T17:00:59+00:00" />
<meta property="og:image" content="https://www.icip.cat/wp-content/uploads/2024/12/1000x560_8.jpg" />
	<meta property="og:image:width" content="1000" />
	<meta property="og:image:height" content="560" />
	<meta property="og:image:type" content="image/jpeg" />
<meta name="twitter:card" content="summary_large_image" />
<meta name="twitter:label1" content="Temps estimat de lectura" />
	<meta name="twitter:data1" content="3 minuts" />
<script type="application/ld+json" class="yoast-schema-graph">{"@context":"https://schema.org","@graph":[{"@type":"WebPage","@id":"https://www.icip.cat/ca/event/fer-possible-la-pau-dialeg-amb-bassam-aramin-i-rami-elhanan/","url":"https://www.icip.cat/ca/event/fer-possible-la-pau-dialeg-amb-bassam-aramin-i-rami-elhanan/","name":"Fer possible la pau: diàleg amb Bassam Aramin i Rami Elhanan - ICIP","isPartOf":{"@id":"https://www.icip.cat/ca/#website"},"primaryImageOfPage":{"@id":"https://www.icip.cat/ca/event/fer-possible-la-pau-dialeg-amb-bassam-aramin-i-rami-elhanan/#primaryimage"},"image":{"@id":"https://www.icip.cat/ca/event/fer-possible-la-pau-dialeg-amb-bassam-aramin-i-rami-elhanan/#primaryimage"},"thumbnailUrl":"https://www.icip.cat/wp-content/uploads/2024/12/1000x560_8.jpg","datePublished":"2024-12-11T17:38:27+00:00","dateModified":"2025-04-07T17:00:59+00:00","inLanguage":"ca","potentialAction":[{"@type":"ReadAction","target":["https://www.icip.cat/ca/event/fer-possible-la-pau-dialeg-amb-bassam-aramin-i-rami-elhanan/"]}]},{"@type":"ImageObject","inLanguage":"ca","@id":"https://www.icip.cat/ca/event/fer-possible-la-pau-dialeg-amb-bassam-aramin-i-rami-elhanan/#primaryimage","url":"https://www.icip.cat/wp-content/uploads/2024/12/1000x560_8.jpg","contentUrl":"https://www.icip.cat/wp-content/uploads/2024/12/1000x560_8.jpg","width":1000,"height":560},{"@type":"WebSite","@id":"https://www.icip.cat/ca/#website","url":"https://www.icip.cat/ca/","name":"ICIP","description":"","publisher":{"@id":"https://www.icip.cat/ca/#organization"},"potentialAction":[{"@type":"SearchAction","target":{"@type":"EntryPoint","urlTemplate":"https://www.icip.cat/ca/?s={search_term_string}"},"query-input":{"@type":"PropertyValueSpecification","valueRequired":true,"valueName":"search_term_string"}}],"inLanguage":"ca"},{"@type":"Organization","@id":"https://www.icip.cat/ca/#organization","name":"ICIP","url":"https://www.icip.cat/ca/","logo":{"@type":"ImageObject","inLanguage":"ca","@id":"https://www.icip.cat/ca/#/schema/logo/image/","url":"https://www.icip.cat/wp-content/uploads/2021/02/logo-2.png","contentUrl":"https://www.icip.cat/wp-content/uploads/2021/02/logo-2.png","width":562,"height":391,"caption":"ICIP"},"image":{"@id":"https://www.icip.cat/ca/#/schema/logo/image/"}}]}</script>
<!-- / Yoast SEO plugin. -->

Fer possible la pau: diàleg amb Bassam Aramin i Rami Elhanan - ICIP

Rami Elhanan és israelià i Bassam Aramin és palestí, viuen a prop l’un de l’altre, però existeixen en mons separats. Les seves vides van trencar-se quan van assassinar les seves filles Smadar i Abrir, una a causa d’un atemptat suïcida de Hamàs al centre de Jerusalem al 1997, i l’altra per un policia israelià quan [&hellip;]
