{"id":52958,"date":"2025-03-19T15:28:07","date_gmt":"2025-03-19T15:28:07","guid":{"rendered":"https:\/\/www.icip.cat\/?post_type=icip_event&#038;p=52958"},"modified":"2025-03-19T15:28:08","modified_gmt":"2025-03-19T15:28:08","slug":"gira-primavera-2025-ciutats-defensores-dels-drets-humans","status":"publish","type":"icip_event","link":"https:\/\/www.icip.cat\/ca\/event\/gira-primavera-2025-ciutats-defensores-dels-drets-humans\/","title":{"rendered":"Gira Primavera 2025 \u2013 Ciutats Defensores dels Drets Humans"},"content":{"rendered":"\n<p>Del 31 de mar\u00e7 al 9 d\u2019abril, cinc defensors i defensores dels drets humans visitaran diversos municipis catalans, amb motiu de la&nbsp;<strong>gira de primavera<\/strong>&nbsp;del projecte&nbsp;<a href=\"https:\/\/ciutatsdretshumans.cat\/\" target=\"_blank\" rel=\"noreferrer noopener\">Ciutats Defensores dels Drets Humans<\/a>, el qual compta amb la col\u00b7laboraci\u00f3 de l\u2019ICIP. Aquest \u00e9s un projecte que va comen\u00e7ar al 2013 sota impuls de l\u2019Ajuntament de Sant Boi i que, al llarg de m\u00e9s d\u2019una d\u00e8cada, ha involucrat fins a&nbsp;28 ajuntaments i nou institucions i entitats.&nbsp;&nbsp;<\/p>\n\n\n\n<p>Durant la seva&nbsp;<strong>estada a Catalunya<\/strong>, les i els activistes convidats passaran de municipi a municipi, faran&nbsp;<strong>activitats de sensibilitzaci\u00f3<\/strong>&nbsp;a les escoles, trobades amb els mitjans, xerrades a centre c\u00edvics obertes a la ciutadania i reunions institucionals d\u2019incid\u00e8ncia pol\u00edtica: una agenda din\u00e0mica amb l\u2019objectiu de&nbsp;donar a con\u00e8ixer&nbsp;la tasca dels qui defensen els drets humans arreu del m\u00f3n, conscienciant la ciutadania i creant xarxes de suport.&nbsp;&nbsp;<\/p>\n\n\n\n<p>Provinents de&nbsp;<strong>cinc pa\u00efsos i contextos diferents<\/strong>&nbsp;\u2013 des de Bol\u00edvia fins a Camerun \u2013 a de trav\u00e9s dels testimoniatges dels convidats a aquesta gira s\u2019abordar\u00e0 un&nbsp;ventall de tem\u00e0tiques i drets, per tal d\u2019afavorir la reflexi\u00f3 ciutadana en m\u00faltiples \u00e0mbits i proporcionar ocasions de debat i escolta activa.<\/p>\n\n\n\n<p>Les persones defensores convidades en aquesta gira de tardor s\u00f3n:&nbsp;&nbsp;<strong>Ana Mar\u00eda Hern\u00e1ndez<\/strong>&nbsp;(defensora mexicana pels drets de les dones);&nbsp;<strong>Mar\u00eda Caal<\/strong>&nbsp;(activista maia Q\u2019eqchi\u2019 defensora ambiental i del territori);&nbsp;<strong>Mar\u00eda Galindo&nbsp;<\/strong>(activista, escriptora i cofundadora de \u2018Mujeres Creando\u2019 a Bol\u00edvia);&nbsp;<strong>Nadine Feghaly<\/strong>&nbsp;(il\u00b7lustradora libanesa); i&nbsp;<strong>Sani Ladan<\/strong>&nbsp;(activista camerun\u00e8s, especialista en migracions i defensor dels drets humans). Podeu trobar m\u00e9s informaci\u00f3 sobre els seus perfils en&nbsp;<a href=\"https:\/\/www.icip.cat\/wp-content\/uploads\/2025\/03\/DOSSIER_PRIMAVERA_CDDH_2025.pdf\">aquest enlla\u00e7.<\/a><\/p>\n\n\n\n<figure class=\"wp-block-embed is-type-video is-provider-youtube wp-block-embed-youtube wp-embed-aspect-16-9 wp-has-aspect-ratio\"><div class=\"wp-block-embed__wrapper\">\n<iframe title=\"Gira de primavera 2025 del projecte Ciutats Defensores dels Drets Humans\" width=\"640\" height=\"360\" src=\"https:\/\/www.youtube.com\/embed\/1Vnnh3cDxQ0?feature=oembed\" frameborder=\"0\" allow=\"accelerometer; autoplay; clipboard-write; encrypted-media; gyroscope; picture-in-picture; web-share\" referrerpolicy=\"strict-origin-when-cross-origin\" allowfullscreen><\/iframe>\n<\/div><\/figure>\n","protected":false},"featured_media":52954,"template":"","class_list":["post-52958","icip_event","type-icip_event","status-publish","has-post-thumbnail","hentry"],"acf":[],"yoast_head":"<!-- This site is optimized with the Yoast SEO plugin v25.6 - https:\/\/yoast.com\/wordpress\/plugins\/seo\/ -->\n<title>Gira Primavera 2025 \u2013 Ciutats Defensores dels Drets Humans - ICIP<\/title>\n<meta name=\"description\" content=\"Del 31 de mar\u00e7 al 9 d\u2019abril, cinc defensors i defensores dels drets humans visitaran diversos municipis catalans.\" \/>\n<meta name=\"robots\" content=\"index, follow, max-snippet:-1, max-image-preview:large, max-video-preview:-1\" \/>\n<link rel=\"canonical\" href=\"https:\/\/www.icip.cat\/ca\/event\/gira-primavera-2025-ciutats-defensores-dels-drets-humans\/\" \/>\n<meta property=\"og:locale\" content=\"ca_ES\" \/>\n<meta property=\"og:type\" content=\"article\" \/>\n<meta property=\"og:title\" content=\"Gira Primavera 2025 \u2013 Ciutats Defensores dels Drets Humans - ICIP\" \/>\n<meta property=\"og:description\" content=\"Del 31 de mar\u00e7 al 9 d\u2019abril, cinc defensors i defensores dels drets humans visitaran diversos municipis catalans.\" \/>\n<meta property=\"og:url\" content=\"https:\/\/www.icip.cat\/ca\/event\/gira-primavera-2025-ciutats-defensores-dels-drets-humans\/\" \/>\n<meta property=\"og:site_name\" content=\"ICIP\" \/>\n<meta property=\"article:modified_time\" content=\"2025-03-19T15:28:08+00:00\" \/>\n<meta property=\"og:image\" content=\"https:\/\/www.icip.cat\/wp-content\/uploads\/2025\/03\/Captura-de-pantalla-2025-03-19-a-las-16.25.52.png\" \/>\n\t<meta property=\"og:image:width\" content=\"1198\" \/>\n\t<meta property=\"og:image:height\" content=\"964\" \/>\n\t<meta property=\"og:image:type\" content=\"image\/png\" \/>\n<meta name=\"twitter:card\" content=\"summary_large_image\" \/>\n<meta name=\"twitter:label1\" content=\"Temps estimat de lectura\" \/>\n\t<meta name=\"twitter:data1\" content=\"2 minuts\" \/>\n<script type=\"application\/ld+json\" class=\"yoast-schema-graph\">{\"@context\":\"https:\/\/schema.org\",\"@graph\":[{\"@type\":\"WebPage\",\"@id\":\"https:\/\/www.icip.cat\/ca\/event\/gira-primavera-2025-ciutats-defensores-dels-drets-humans\/\",\"url\":\"https:\/\/www.icip.cat\/ca\/event\/gira-primavera-2025-ciutats-defensores-dels-drets-humans\/\",\"name\":\"Gira Primavera 2025 \u2013 Ciutats Defensores dels Drets Humans - ICIP\",\"isPartOf\":{\"@id\":\"https:\/\/www.icip.cat\/ca\/#website\"},\"primaryImageOfPage\":{\"@id\":\"https:\/\/www.icip.cat\/ca\/event\/gira-primavera-2025-ciutats-defensores-dels-drets-humans\/#primaryimage\"},\"image\":{\"@id\":\"https:\/\/www.icip.cat\/ca\/event\/gira-primavera-2025-ciutats-defensores-dels-drets-humans\/#primaryimage\"},\"thumbnailUrl\":\"https:\/\/www.icip.cat\/wp-content\/uploads\/2025\/03\/Captura-de-pantalla-2025-03-19-a-las-16.25.52.png\",\"datePublished\":\"2025-03-19T15:28:07+00:00\",\"dateModified\":\"2025-03-19T15:28:08+00:00\",\"description\":\"Del 31 de mar\u00e7 al 9 d\u2019abril, cinc defensors i defensores dels drets humans visitaran diversos municipis catalans.\",\"inLanguage\":\"ca\",\"potentialAction\":[{\"@type\":\"ReadAction\",\"target\":[\"https:\/\/www.icip.cat\/ca\/event\/gira-primavera-2025-ciutats-defensores-dels-drets-humans\/\"]}]},{\"@type\":\"ImageObject\",\"inLanguage\":\"ca\",\"@id\":\"https:\/\/www.icip.cat\/ca\/event\/gira-primavera-2025-ciutats-defensores-dels-drets-humans\/#primaryimage\",\"url\":\"https:\/\/www.icip.cat\/wp-content\/uploads\/2025\/03\/Captura-de-pantalla-2025-03-19-a-las-16.25.52.png\",\"contentUrl\":\"https:\/\/www.icip.cat\/wp-content\/uploads\/2025\/03\/Captura-de-pantalla-2025-03-19-a-las-16.25.52.png\",\"width\":1198,\"height\":964},{\"@type\":\"WebSite\",\"@id\":\"https:\/\/www.icip.cat\/ca\/#website\",\"url\":\"https:\/\/www.icip.cat\/ca\/\",\"name\":\"ICIP\",\"description\":\"\",\"publisher\":{\"@id\":\"https:\/\/www.icip.cat\/ca\/#organization\"},\"potentialAction\":[{\"@type\":\"SearchAction\",\"target\":{\"@type\":\"EntryPoint\",\"urlTemplate\":\"https:\/\/www.icip.cat\/ca\/?s={search_term_string}\"},\"query-input\":{\"@type\":\"PropertyValueSpecification\",\"valueRequired\":true,\"valueName\":\"search_term_string\"}}],\"inLanguage\":\"ca\"},{\"@type\":\"Organization\",\"@id\":\"https:\/\/www.icip.cat\/ca\/#organization\",\"name\":\"ICIP\",\"url\":\"https:\/\/www.icip.cat\/ca\/\",\"logo\":{\"@type\":\"ImageObject\",\"inLanguage\":\"ca\",\"@id\":\"https:\/\/www.icip.cat\/ca\/#\/schema\/logo\/image\/\",\"url\":\"https:\/\/www.icip.cat\/wp-content\/uploads\/2021\/02\/logo-2.png\",\"contentUrl\":\"https:\/\/www.icip.cat\/wp-content\/uploads\/2021\/02\/logo-2.png\",\"width\":562,\"height\":391,\"caption\":\"ICIP\"},\"image\":{\"@id\":\"https:\/\/www.icip.cat\/ca\/#\/schema\/logo\/image\/\"}}]}<\/script>\n<!-- \/ Yoast SEO plugin. -->","yoast_head_json":{"title":"Gira Primavera 2025 \u2013 Ciutats Defensores dels Drets Humans - ICIP","description":"Del 31 de mar\u00e7 al 9 d\u2019abril, cinc defensors i defensores dels drets humans visitaran diversos municipis catalans.","robots":{"index":"index","follow":"follow","max-snippet":"max-snippet:-1","max-image-preview":"max-image-preview:large","max-video-preview":"max-video-preview:-1"},"canonical":"https:\/\/www.icip.cat\/ca\/event\/gira-primavera-2025-ciutats-defensores-dels-drets-humans\/","og_locale":"ca_ES","og_type":"article","og_title":"Gira Primavera 2025 \u2013 Ciutats Defensores dels Drets Humans - ICIP","og_description":"Del 31 de mar\u00e7 al 9 d\u2019abril, cinc defensors i defensores dels drets humans visitaran diversos municipis catalans.","og_url":"https:\/\/www.icip.cat\/ca\/event\/gira-primavera-2025-ciutats-defensores-dels-drets-humans\/","og_site_name":"ICIP","article_modified_time":"2025-03-19T15:28:08+00:00","og_image":[{"width":1198,"height":964,"url":"https:\/\/www.icip.cat\/wp-content\/uploads\/2025\/03\/Captura-de-pantalla-2025-03-19-a-las-16.25.52.png","type":"image\/png"}],"twitter_card":"summary_large_image","twitter_misc":{"Temps estimat de lectura":"2 minuts"},"schema":{"@context":"https:\/\/schema.org","@graph":[{"@type":"WebPage","@id":"https:\/\/www.icip.cat\/ca\/event\/gira-primavera-2025-ciutats-defensores-dels-drets-humans\/","url":"https:\/\/www.icip.cat\/ca\/event\/gira-primavera-2025-ciutats-defensores-dels-drets-humans\/","name":"Gira Primavera 2025 \u2013 Ciutats Defensores dels Drets Humans - ICIP","isPartOf":{"@id":"https:\/\/www.icip.cat\/ca\/#website"},"primaryImageOfPage":{"@id":"https:\/\/www.icip.cat\/ca\/event\/gira-primavera-2025-ciutats-defensores-dels-drets-humans\/#primaryimage"},"image":{"@id":"https:\/\/www.icip.cat\/ca\/event\/gira-primavera-2025-ciutats-defensores-dels-drets-humans\/#primaryimage"},"thumbnailUrl":"https:\/\/www.icip.cat\/wp-content\/uploads\/2025\/03\/Captura-de-pantalla-2025-03-19-a-las-16.25.52.png","datePublished":"2025-03-19T15:28:07+00:00","dateModified":"2025-03-19T15:28:08+00:00","description":"Del 31 de mar\u00e7 al 9 d\u2019abril, cinc defensors i defensores dels drets humans visitaran diversos municipis catalans.","inLanguage":"ca","potentialAction":[{"@type":"ReadAction","target":["https:\/\/www.icip.cat\/ca\/event\/gira-primavera-2025-ciutats-defensores-dels-drets-humans\/"]}]},{"@type":"ImageObject","inLanguage":"ca","@id":"https:\/\/www.icip.cat\/ca\/event\/gira-primavera-2025-ciutats-defensores-dels-drets-humans\/#primaryimage","url":"https:\/\/www.icip.cat\/wp-content\/uploads\/2025\/03\/Captura-de-pantalla-2025-03-19-a-las-16.25.52.png","contentUrl":"https:\/\/www.icip.cat\/wp-content\/uploads\/2025\/03\/Captura-de-pantalla-2025-03-19-a-las-16.25.52.png","width":1198,"height":964},{"@type":"WebSite","@id":"https:\/\/www.icip.cat\/ca\/#website","url":"https:\/\/www.icip.cat\/ca\/","name":"ICIP","description":"","publisher":{"@id":"https:\/\/www.icip.cat\/ca\/#organization"},"potentialAction":[{"@type":"SearchAction","target":{"@type":"EntryPoint","urlTemplate":"https:\/\/www.icip.cat\/ca\/?s={search_term_string}"},"query-input":{"@type":"PropertyValueSpecification","valueRequired":true,"valueName":"search_term_string"}}],"inLanguage":"ca"},{"@type":"Organization","@id":"https:\/\/www.icip.cat\/ca\/#organization","name":"ICIP","url":"https:\/\/www.icip.cat\/ca\/","logo":{"@type":"ImageObject","inLanguage":"ca","@id":"https:\/\/www.icip.cat\/ca\/#\/schema\/logo\/image\/","url":"https:\/\/www.icip.cat\/wp-content\/uploads\/2021\/02\/logo-2.png","contentUrl":"https:\/\/www.icip.cat\/wp-content\/uploads\/2021\/02\/logo-2.png","width":562,"height":391,"caption":"ICIP"},"image":{"@id":"https:\/\/www.icip.cat\/ca\/#\/schema\/logo\/image\/"}}]}},"_links":{"self":[{"href":"https:\/\/www.icip.cat\/ca\/wp-json\/wp\/v2\/icip_event\/52958","targetHints":{"allow":["GET"]}}],"collection":[{"href":"https:\/\/www.icip.cat\/ca\/wp-json\/wp\/v2\/icip_event"}],"about":[{"href":"https:\/\/www.icip.cat\/ca\/wp-json\/wp\/v2\/types\/icip_event"}],"version-history":[{"count":2,"href":"https:\/\/www.icip.cat\/ca\/wp-json\/wp\/v2\/icip_event\/52958\/revisions"}],"predecessor-version":[{"id":52960,"href":"https:\/\/www.icip.cat\/ca\/wp-json\/wp\/v2\/icip_event\/52958\/revisions\/52960"}],"wp:featuredmedia":[{"embeddable":true,"href":"https:\/\/www.icip.cat\/ca\/wp-json\/wp\/v2\/media\/52954"}],"wp:attachment":[{"href":"https:\/\/www.icip.cat\/ca\/wp-json\/wp\/v2\/media?parent=52958"}],"curies":[{"name":"wp","href":"https:\/\/api.w.org\/{rel}","templated":true}]}}

<p>Del 31 de març al 9 d’abril, cinc defensors i defensores dels drets humans visitaran diversos municipis catalans, amb motiu de la&nbsp;<strong>gira de primavera</strong>&nbsp;del projecte&nbsp;<a href="https://ciutatsdretshumans.cat/" target="_blank" rel="noreferrer noopener">Ciutats Defensores dels Drets Humans</a>, el qual compta amb la col·laboració de l’ICIP. Aquest és un projecte que va començar al 2013 sota impuls de l’Ajuntament de Sant Boi i que, al llarg de més d’una dècada, ha involucrat fins a&nbsp;28 ajuntaments i nou institucions i entitats.&nbsp;&nbsp;</p>



<p>Durant la seva&nbsp;<strong>estada a Catalunya</strong>, les i els activistes convidats passaran de municipi a municipi, faran&nbsp;<strong>activitats de sensibilització</strong>&nbsp;a les escoles, trobades amb els mitjans, xerrades a centre cívics obertes a la ciutadania i reunions institucionals d’incidència política: una agenda dinàmica amb l’objectiu de&nbsp;donar a conèixer&nbsp;la tasca dels qui defensen els drets humans arreu del món, conscienciant la ciutadania i creant xarxes de suport.&nbsp;&nbsp;</p>



<p>Provinents de&nbsp;<strong>cinc països i contextos diferents</strong>&nbsp;– des de Bolívia fins a Camerun – a de través dels testimoniatges dels convidats a aquesta gira s’abordarà un&nbsp;ventall de temàtiques i drets, per tal d’afavorir la reflexió ciutadana en múltiples àmbits i proporcionar ocasions de debat i escolta activa.</p>



<p>Les persones defensores convidades en aquesta gira de tardor són:&nbsp;&nbsp;<strong>Ana María Hernández</strong>&nbsp;(defensora mexicana pels drets de les dones);&nbsp;<strong>María Caal</strong>&nbsp;(activista maia Q’eqchi’ defensora ambiental i del territori);&nbsp;<strong>María Galindo&nbsp;</strong>(activista, escriptora i cofundadora de ‘Mujeres Creando’ a Bolívia);&nbsp;<strong>Nadine Feghaly</strong>&nbsp;(il·lustradora libanesa); i&nbsp;<strong>Sani Ladan</strong>&nbsp;(activista camerunès, especialista en migracions i defensor dels drets humans). Podeu trobar més informació sobre els seus perfils en&nbsp;<a href="https://www.icip.cat/wp-content/uploads/2025/03/DOSSIER_PRIMAVERA_CDDH_2025.pdf">aquest enllaç.</a></p>



<figure class="wp-block-embed is-type-video is-provider-youtube wp-block-embed-youtube wp-embed-aspect-16-9 wp-has-aspect-ratio"><div class="wp-block-embed__wrapper">
<iframe title="Gira de primavera 2025 del projecte Ciutats Defensores dels Drets Humans" width="640" height="360" src="https://www.youtube.com/embed/1Vnnh3cDxQ0?feature=oembed" frameborder="0" allow="accelerometer; autoplay; clipboard-write; encrypted-media; gyroscope; picture-in-picture; web-share" referrerpolicy="strict-origin-when-cross-origin" allowfullscreen></iframe>
</div></figure>

<!-- This site is optimized with the Yoast SEO plugin v25.6 - https://yoast.com/wordpress/plugins/seo/ -->
<title>Gira Primavera 2025 – Ciutats Defensores dels Drets Humans - ICIP</title>
<meta name="description" content="Del 31 de març al 9 d’abril, cinc defensors i defensores dels drets humans visitaran diversos municipis catalans." />
<meta name="robots" content="index, follow, max-snippet:-1, max-image-preview:large, max-video-preview:-1" />
<link rel="canonical" href="https://www.icip.cat/ca/event/gira-primavera-2025-ciutats-defensores-dels-drets-humans/" />
<meta property="og:locale" content="ca_ES" />
<meta property="og:type" content="article" />
<meta property="og:title" content="Gira Primavera 2025 – Ciutats Defensores dels Drets Humans - ICIP" />
<meta property="og:description" content="Del 31 de març al 9 d’abril, cinc defensors i defensores dels drets humans visitaran diversos municipis catalans." />
<meta property="og:url" content="https://www.icip.cat/ca/event/gira-primavera-2025-ciutats-defensores-dels-drets-humans/" />
<meta property="og:site_name" content="ICIP" />
<meta property="article:modified_time" content="2025-03-19T15:28:08+00:00" />
<meta property="og:image" content="https://www.icip.cat/wp-content/uploads/2025/03/Captura-de-pantalla-2025-03-19-a-las-16.25.52.png" />
	<meta property="og:image:width" content="1198" />
	<meta property="og:image:height" content="964" />
	<meta property="og:image:type" content="image/png" />
<meta name="twitter:card" content="summary_large_image" />
<meta name="twitter:label1" content="Temps estimat de lectura" />
	<meta name="twitter:data1" content="2 minuts" />
<script type="application/ld+json" class="yoast-schema-graph">{"@context":"https://schema.org","@graph":[{"@type":"WebPage","@id":"https://www.icip.cat/ca/event/gira-primavera-2025-ciutats-defensores-dels-drets-humans/","url":"https://www.icip.cat/ca/event/gira-primavera-2025-ciutats-defensores-dels-drets-humans/","name":"Gira Primavera 2025 – Ciutats Defensores dels Drets Humans - ICIP","isPartOf":{"@id":"https://www.icip.cat/ca/#website"},"primaryImageOfPage":{"@id":"https://www.icip.cat/ca/event/gira-primavera-2025-ciutats-defensores-dels-drets-humans/#primaryimage"},"image":{"@id":"https://www.icip.cat/ca/event/gira-primavera-2025-ciutats-defensores-dels-drets-humans/#primaryimage"},"thumbnailUrl":"https://www.icip.cat/wp-content/uploads/2025/03/Captura-de-pantalla-2025-03-19-a-las-16.25.52.png","datePublished":"2025-03-19T15:28:07+00:00","dateModified":"2025-03-19T15:28:08+00:00","description":"Del 31 de març al 9 d’abril, cinc defensors i defensores dels drets humans visitaran diversos municipis catalans.","inLanguage":"ca","potentialAction":[{"@type":"ReadAction","target":["https://www.icip.cat/ca/event/gira-primavera-2025-ciutats-defensores-dels-drets-humans/"]}]},{"@type":"ImageObject","inLanguage":"ca","@id":"https://www.icip.cat/ca/event/gira-primavera-2025-ciutats-defensores-dels-drets-humans/#primaryimage","url":"https://www.icip.cat/wp-content/uploads/2025/03/Captura-de-pantalla-2025-03-19-a-las-16.25.52.png","contentUrl":"https://www.icip.cat/wp-content/uploads/2025/03/Captura-de-pantalla-2025-03-19-a-las-16.25.52.png","width":1198,"height":964},{"@type":"WebSite","@id":"https://www.icip.cat/ca/#website","url":"https://www.icip.cat/ca/","name":"ICIP","description":"","publisher":{"@id":"https://www.icip.cat/ca/#organization"},"potentialAction":[{"@type":"SearchAction","target":{"@type":"EntryPoint","urlTemplate":"https://www.icip.cat/ca/?s={search_term_string}"},"query-input":{"@type":"PropertyValueSpecification","valueRequired":true,"valueName":"search_term_string"}}],"inLanguage":"ca"},{"@type":"Organization","@id":"https://www.icip.cat/ca/#organization","name":"ICIP","url":"https://www.icip.cat/ca/","logo":{"@type":"ImageObject","inLanguage":"ca","@id":"https://www.icip.cat/ca/#/schema/logo/image/","url":"https://www.icip.cat/wp-content/uploads/2021/02/logo-2.png","contentUrl":"https://www.icip.cat/wp-content/uploads/2021/02/logo-2.png","width":562,"height":391,"caption":"ICIP"},"image":{"@id":"https://www.icip.cat/ca/#/schema/logo/image/"}}]}</script>
<!-- / Yoast SEO plugin. -->

Del 31 de març al 9 d’abril, cinc defensors i defensores dels drets humans visitaran diversos municipis catalans.
