{"id":53055,"date":"2025-03-24T13:27:35","date_gmt":"2025-03-24T13:27:35","guid":{"rendered":"https:\/\/www.icip.cat\/?post_type=icip_event&#038;p=53055"},"modified":"2025-03-24T13:27:35","modified_gmt":"2025-03-24T13:27:35","slug":"sessio-danalisi-teuchitlan-i-la-crisi-de-desaparicions-a-mexic","status":"publish","type":"icip_event","link":"https:\/\/www.icip.cat\/ca\/event\/sessio-danalisi-teuchitlan-i-la-crisi-de-desaparicions-a-mexic\/","title":{"rendered":"Sessi\u00f3 d\u2019an\u00e0lisi: Teuchitl\u00e1n i la crisi de desaparicions a M\u00e8xic"},"content":{"rendered":"\n<p>M\u00e8xic s\u2019enfronta a una greu crisi de seguretat i drets humans. La desaparici\u00f3 de m\u00e9s de <strong>124.000 persones<\/strong> reflecteix la impunitat i la viol\u00e8ncia cr\u00f2nica que travessa el pa\u00eds. Un cas recent que ha commocionat la societat mexicana va oc\u00f3rrer a <strong>Teuchitl\u00e1n, Jalisco<\/strong>, on el <strong>5 de mar\u00e7 de 2025<\/strong>, el col\u00b7lectiu <em>Guerreros Buscadores de Jalisco<\/em> va descobrir al <strong>ranxo Izaguirre<\/strong> forns subterranis i restes humanes, fet que suggereix que el lloc era utilitzat pel <strong>C\u00e0rtel de Jalisco Nueva Generaci\u00f3n<\/strong> com a centre d\u2019extermini. Aquest macabre descobriment \u00e9s nom\u00e9s una mostra m\u00e9s de la crisi de viol\u00e8ncia que afecta M\u00e8xic i de la lluita constant de les fam\u00edlies de les v\u00edctimes per obtenir just\u00edcia.<\/p>\n\n\n\n<p>En aquest context, l\u2019<strong>Institut Catal\u00e0 Internacional per la Pau (ICIP)<\/strong> i la <strong>Taula per M\u00e8xic<\/strong>, amb la col\u00b7laboraci\u00f3 del programa municipal d\u2019acollida temporal <strong>Barcelona Protegeix Periodistes de M\u00e8xic (PAT-P)<\/strong>, el <strong>Centro de Justicia para la Paz y el Desarrollo (CEPAD)<\/strong>, <strong>Furia Mexicana<\/strong>, i la <strong>Plataforma per a la Construcci\u00f3 de Pau a M\u00e8xic<\/strong>, organitzen la sessi\u00f3 <strong>&#8220;Teuchitl\u00e1n i la crisi de desaparicions a M\u00e8xic&#8221;<\/strong>, un espai de di\u00e0leg i an\u00e0lisi amb periodistes i activistes que han treballat sobre el terreny. <\/p>\n\n\n\n<p>L\u2019esdeveniment comptar\u00e0 amb la participaci\u00f3 de:<\/p>\n\n\n\n<ul class=\"wp-block-list\">\n<li><strong>Martha Guill\u00e9n<\/strong>, periodista d\u2019<em>El Suspicaz<\/em>, que ha documentat la viol\u00e8ncia i les desaparicions a Jalisco.<\/li>\n\n\n\n<li><strong>M\u00f3nica Cerb\u00f3n<\/strong>, periodista especialitzada en casos de corrupci\u00f3 i violacions de drets humans, especialment a Aguascalientes.<\/li>\n\n\n\n<li><strong>Indira Navarro<\/strong>, integrant del col\u00b7lectiu <em>Guerreros Buscadores de Jalisco<\/em>, que participar\u00e0 en l\u00ednia.<\/li>\n<\/ul>\n\n\n\n<p>\ud83d\udcc5 <strong>Dimarts 1 d\u2019abril de 2025<\/strong><br>\u23f0 <strong>18:00 h<\/strong><br>\ud83d\udccd <strong>Lafede.cat (Carrer T\u00e0pies, 1-3, Barcelona)<\/strong><\/p>\n\n\n\n<p>Les persones interessades a assistir a l\u2019acte poden inscriure\u2019s a trav\u00e9s d\u2019<strong>aquest formulari<\/strong>. A m\u00e9s, aquelles que no hi puguin assistir presencialment tindran l\u2019opci\u00f3 de seguir la sessi\u00f3 en directe a trav\u00e9s d\u2019un enlla\u00e7 que es facilitar\u00e0 el dia abans de l\u2019esdeveniment.<\/p>\n\n\n","protected":false},"featured_media":0,"template":"","class_list":["post-53055","icip_event","type-icip_event","status-publish","hentry"],"acf":[],"yoast_head":"<!-- This site is optimized with the Yoast SEO plugin v25.6 - https:\/\/yoast.com\/wordpress\/plugins\/seo\/ -->\n<title>Sessi\u00f3 d\u2019an\u00e0lisi: Teuchitl\u00e1n i la crisi de desaparicions a M\u00e8xic - ICIP<\/title>\n<meta name=\"robots\" content=\"index, follow, max-snippet:-1, max-image-preview:large, max-video-preview:-1\" \/>\n<link rel=\"canonical\" href=\"https:\/\/www.icip.cat\/event\/sessio-danalisi-teuchitlan-i-la-crisi-de-desaparicions-a-mexic\/\" \/>\n<meta property=\"og:locale\" content=\"ca_ES\" \/>\n<meta property=\"og:type\" content=\"article\" \/>\n<meta property=\"og:title\" content=\"Sessi\u00f3 d\u2019an\u00e0lisi: Teuchitl\u00e1n i la crisi de desaparicions a M\u00e8xic - ICIP\" \/>\n<meta property=\"og:description\" content=\"M\u00e8xic s\u2019enfronta a una greu crisi de seguretat i drets humans. La desaparici\u00f3 de m\u00e9s de 124.000 persones reflecteix la impunitat i la viol\u00e8ncia cr\u00f2nica que travessa el pa\u00eds. Un cas recent que ha commocionat la societat mexicana va oc\u00f3rrer a Teuchitl\u00e1n, Jalisco, on el 5 de mar\u00e7 de 2025, el col\u00b7lectiu Guerreros Buscadores de [&hellip;]\" \/>\n<meta property=\"og:url\" content=\"https:\/\/www.icip.cat\/event\/sessio-danalisi-teuchitlan-i-la-crisi-de-desaparicions-a-mexic\/\" \/>\n<meta property=\"og:site_name\" content=\"ICIP\" \/>\n<meta name=\"twitter:card\" content=\"summary_large_image\" \/>\n<meta name=\"twitter:label1\" content=\"Temps estimat de lectura\" \/>\n\t<meta name=\"twitter:data1\" content=\"2 minuts\" \/>\n<script type=\"application\/ld+json\" class=\"yoast-schema-graph\">{\"@context\":\"https:\/\/schema.org\",\"@graph\":[{\"@type\":\"WebPage\",\"@id\":\"https:\/\/www.icip.cat\/event\/sessio-danalisi-teuchitlan-i-la-crisi-de-desaparicions-a-mexic\/\",\"url\":\"https:\/\/www.icip.cat\/event\/sessio-danalisi-teuchitlan-i-la-crisi-de-desaparicions-a-mexic\/\",\"name\":\"Sessi\u00f3 d\u2019an\u00e0lisi: Teuchitl\u00e1n i la crisi de desaparicions a M\u00e8xic - ICIP\",\"isPartOf\":{\"@id\":\"https:\/\/www.icip.cat\/ca\/#website\"},\"datePublished\":\"2025-03-24T13:27:35+00:00\",\"inLanguage\":\"ca\",\"potentialAction\":[{\"@type\":\"ReadAction\",\"target\":[\"https:\/\/www.icip.cat\/event\/sessio-danalisi-teuchitlan-i-la-crisi-de-desaparicions-a-mexic\/\"]}]},{\"@type\":\"WebSite\",\"@id\":\"https:\/\/www.icip.cat\/ca\/#website\",\"url\":\"https:\/\/www.icip.cat\/ca\/\",\"name\":\"ICIP\",\"description\":\"\",\"publisher\":{\"@id\":\"https:\/\/www.icip.cat\/ca\/#organization\"},\"potentialAction\":[{\"@type\":\"SearchAction\",\"target\":{\"@type\":\"EntryPoint\",\"urlTemplate\":\"https:\/\/www.icip.cat\/ca\/?s={search_term_string}\"},\"query-input\":{\"@type\":\"PropertyValueSpecification\",\"valueRequired\":true,\"valueName\":\"search_term_string\"}}],\"inLanguage\":\"ca\"},{\"@type\":\"Organization\",\"@id\":\"https:\/\/www.icip.cat\/ca\/#organization\",\"name\":\"ICIP\",\"url\":\"https:\/\/www.icip.cat\/ca\/\",\"logo\":{\"@type\":\"ImageObject\",\"inLanguage\":\"ca\",\"@id\":\"https:\/\/www.icip.cat\/ca\/#\/schema\/logo\/image\/\",\"url\":\"https:\/\/www.icip.cat\/wp-content\/uploads\/2021\/02\/logo-2.png\",\"contentUrl\":\"https:\/\/www.icip.cat\/wp-content\/uploads\/2021\/02\/logo-2.png\",\"width\":562,\"height\":391,\"caption\":\"ICIP\"},\"image\":{\"@id\":\"https:\/\/www.icip.cat\/ca\/#\/schema\/logo\/image\/\"}}]}<\/script>\n<!-- \/ Yoast SEO plugin. -->","yoast_head_json":{"title":"Sessi\u00f3 d\u2019an\u00e0lisi: Teuchitl\u00e1n i la crisi de desaparicions a M\u00e8xic - ICIP","robots":{"index":"index","follow":"follow","max-snippet":"max-snippet:-1","max-image-preview":"max-image-preview:large","max-video-preview":"max-video-preview:-1"},"canonical":"https:\/\/www.icip.cat\/event\/sessio-danalisi-teuchitlan-i-la-crisi-de-desaparicions-a-mexic\/","og_locale":"ca_ES","og_type":"article","og_title":"Sessi\u00f3 d\u2019an\u00e0lisi: Teuchitl\u00e1n i la crisi de desaparicions a M\u00e8xic - ICIP","og_description":"M\u00e8xic s\u2019enfronta a una greu crisi de seguretat i drets humans. La desaparici\u00f3 de m\u00e9s de 124.000 persones reflecteix la impunitat i la viol\u00e8ncia cr\u00f2nica que travessa el pa\u00eds. Un cas recent que ha commocionat la societat mexicana va oc\u00f3rrer a Teuchitl\u00e1n, Jalisco, on el 5 de mar\u00e7 de 2025, el col\u00b7lectiu Guerreros Buscadores de [&hellip;]","og_url":"https:\/\/www.icip.cat\/event\/sessio-danalisi-teuchitlan-i-la-crisi-de-desaparicions-a-mexic\/","og_site_name":"ICIP","twitter_card":"summary_large_image","twitter_misc":{"Temps estimat de lectura":"2 minuts"},"schema":{"@context":"https:\/\/schema.org","@graph":[{"@type":"WebPage","@id":"https:\/\/www.icip.cat\/event\/sessio-danalisi-teuchitlan-i-la-crisi-de-desaparicions-a-mexic\/","url":"https:\/\/www.icip.cat\/event\/sessio-danalisi-teuchitlan-i-la-crisi-de-desaparicions-a-mexic\/","name":"Sessi\u00f3 d\u2019an\u00e0lisi: Teuchitl\u00e1n i la crisi de desaparicions a M\u00e8xic - ICIP","isPartOf":{"@id":"https:\/\/www.icip.cat\/ca\/#website"},"datePublished":"2025-03-24T13:27:35+00:00","inLanguage":"ca","potentialAction":[{"@type":"ReadAction","target":["https:\/\/www.icip.cat\/event\/sessio-danalisi-teuchitlan-i-la-crisi-de-desaparicions-a-mexic\/"]}]},{"@type":"WebSite","@id":"https:\/\/www.icip.cat\/ca\/#website","url":"https:\/\/www.icip.cat\/ca\/","name":"ICIP","description":"","publisher":{"@id":"https:\/\/www.icip.cat\/ca\/#organization"},"potentialAction":[{"@type":"SearchAction","target":{"@type":"EntryPoint","urlTemplate":"https:\/\/www.icip.cat\/ca\/?s={search_term_string}"},"query-input":{"@type":"PropertyValueSpecification","valueRequired":true,"valueName":"search_term_string"}}],"inLanguage":"ca"},{"@type":"Organization","@id":"https:\/\/www.icip.cat\/ca\/#organization","name":"ICIP","url":"https:\/\/www.icip.cat\/ca\/","logo":{"@type":"ImageObject","inLanguage":"ca","@id":"https:\/\/www.icip.cat\/ca\/#\/schema\/logo\/image\/","url":"https:\/\/www.icip.cat\/wp-content\/uploads\/2021\/02\/logo-2.png","contentUrl":"https:\/\/www.icip.cat\/wp-content\/uploads\/2021\/02\/logo-2.png","width":562,"height":391,"caption":"ICIP"},"image":{"@id":"https:\/\/www.icip.cat\/ca\/#\/schema\/logo\/image\/"}}]}},"_links":{"self":[{"href":"https:\/\/www.icip.cat\/ca\/wp-json\/wp\/v2\/icip_event\/53055","targetHints":{"allow":["GET"]}}],"collection":[{"href":"https:\/\/www.icip.cat\/ca\/wp-json\/wp\/v2\/icip_event"}],"about":[{"href":"https:\/\/www.icip.cat\/ca\/wp-json\/wp\/v2\/types\/icip_event"}],"version-history":[{"count":1,"href":"https:\/\/www.icip.cat\/ca\/wp-json\/wp\/v2\/icip_event\/53055\/revisions"}],"predecessor-version":[{"id":53073,"href":"https:\/\/www.icip.cat\/ca\/wp-json\/wp\/v2\/icip_event\/53055\/revisions\/53073"}],"wp:attachment":[{"href":"https:\/\/www.icip.cat\/ca\/wp-json\/wp\/v2\/media?parent=53055"}],"curies":[{"name":"wp","href":"https:\/\/api.w.org\/{rel}","templated":true}]}}

Sessió d’anàlisi: Teuchitlán i la crisi de desaparicions a Mèxic

<p>Mèxic s’enfronta a una greu crisi de seguretat i drets humans. La desaparició de més de <strong>124.000 persones</strong> reflecteix la impunitat i la violència crònica que travessa el país. Un cas recent que ha commocionat la societat mexicana va ocórrer a <strong>Teuchitlán, Jalisco</strong>, on el <strong>5 de març de 2025</strong>, el col·lectiu <em>Guerreros Buscadores de Jalisco</em> va descobrir al <strong>ranxo Izaguirre</strong> forns subterranis i restes humanes, fet que suggereix que el lloc era utilitzat pel <strong>Càrtel de Jalisco Nueva Generación</strong> com a centre d’extermini. Aquest macabre descobriment és només una mostra més de la crisi de violència que afecta Mèxic i de la lluita constant de les famílies de les víctimes per obtenir justícia.</p>



<p>En aquest context, l’<strong>Institut Català Internacional per la Pau (ICIP)</strong> i la <strong>Taula per Mèxic</strong>, amb la col·laboració del programa municipal d’acollida temporal <strong>Barcelona Protegeix Periodistes de Mèxic (PAT-P)</strong>, el <strong>Centro de Justicia para la Paz y el Desarrollo (CEPAD)</strong>, <strong>Furia Mexicana</strong>, i la <strong>Plataforma per a la Construcció de Pau a Mèxic</strong>, organitzen la sessió <strong>&#8220;Teuchitlán i la crisi de desaparicions a Mèxic&#8221;</strong>, un espai de diàleg i anàlisi amb periodistes i activistes que han treballat sobre el terreny. </p>



<p>L’esdeveniment comptarà amb la participació de:</p>



<ul class="wp-block-list">
<li><strong>Martha Guillén</strong>, periodista d’<em>El Suspicaz</em>, que ha documentat la violència i les desaparicions a Jalisco.</li>



<li><strong>Mónica Cerbón</strong>, periodista especialitzada en casos de corrupció i violacions de drets humans, especialment a Aguascalientes.</li>



<li><strong>Indira Navarro</strong>, integrant del col·lectiu <em>Guerreros Buscadores de Jalisco</em>, que participarà en línia.</li>
</ul>



<p>📅 <strong>Dimarts 1 d’abril de 2025</strong><br>⏰ <strong>18:00 h</strong><br>📍 <strong>Lafede.cat (Carrer Tàpies, 1-3, Barcelona)</strong></p>



<p>Les persones interessades a assistir a l’acte poden inscriure’s a través d’<strong>aquest formulari</strong>. A més, aquelles que no hi puguin assistir presencialment tindran l’opció de seguir la sessió en directe a través d’un enllaç que es facilitarà el dia abans de l’esdeveniment.</p>

<!-- This site is optimized with the Yoast SEO plugin v25.6 - https://yoast.com/wordpress/plugins/seo/ -->
<title>Sessió d’anàlisi: Teuchitlán i la crisi de desaparicions a Mèxic - ICIP</title>
<meta name="robots" content="index, follow, max-snippet:-1, max-image-preview:large, max-video-preview:-1" />
<link rel="canonical" href="https://www.icip.cat/event/sessio-danalisi-teuchitlan-i-la-crisi-de-desaparicions-a-mexic/" />
<meta property="og:locale" content="ca_ES" />
<meta property="og:type" content="article" />
<meta property="og:title" content="Sessió d’anàlisi: Teuchitlán i la crisi de desaparicions a Mèxic - ICIP" />
<meta property="og:description" content="Mèxic s’enfronta a una greu crisi de seguretat i drets humans. La desaparició de més de 124.000 persones reflecteix la impunitat i la violència crònica que travessa el país. Un cas recent que ha commocionat la societat mexicana va ocórrer a Teuchitlán, Jalisco, on el 5 de març de 2025, el col·lectiu Guerreros Buscadores de [&hellip;]" />
<meta property="og:url" content="https://www.icip.cat/event/sessio-danalisi-teuchitlan-i-la-crisi-de-desaparicions-a-mexic/" />
<meta property="og:site_name" content="ICIP" />
<meta name="twitter:card" content="summary_large_image" />
<meta name="twitter:label1" content="Temps estimat de lectura" />
	<meta name="twitter:data1" content="2 minuts" />
<script type="application/ld+json" class="yoast-schema-graph">{"@context":"https://schema.org","@graph":[{"@type":"WebPage","@id":"https://www.icip.cat/event/sessio-danalisi-teuchitlan-i-la-crisi-de-desaparicions-a-mexic/","url":"https://www.icip.cat/event/sessio-danalisi-teuchitlan-i-la-crisi-de-desaparicions-a-mexic/","name":"Sessió d’anàlisi: Teuchitlán i la crisi de desaparicions a Mèxic - ICIP","isPartOf":{"@id":"https://www.icip.cat/ca/#website"},"datePublished":"2025-03-24T13:27:35+00:00","inLanguage":"ca","potentialAction":[{"@type":"ReadAction","target":["https://www.icip.cat/event/sessio-danalisi-teuchitlan-i-la-crisi-de-desaparicions-a-mexic/"]}]},{"@type":"WebSite","@id":"https://www.icip.cat/ca/#website","url":"https://www.icip.cat/ca/","name":"ICIP","description":"","publisher":{"@id":"https://www.icip.cat/ca/#organization"},"potentialAction":[{"@type":"SearchAction","target":{"@type":"EntryPoint","urlTemplate":"https://www.icip.cat/ca/?s={search_term_string}"},"query-input":{"@type":"PropertyValueSpecification","valueRequired":true,"valueName":"search_term_string"}}],"inLanguage":"ca"},{"@type":"Organization","@id":"https://www.icip.cat/ca/#organization","name":"ICIP","url":"https://www.icip.cat/ca/","logo":{"@type":"ImageObject","inLanguage":"ca","@id":"https://www.icip.cat/ca/#/schema/logo/image/","url":"https://www.icip.cat/wp-content/uploads/2021/02/logo-2.png","contentUrl":"https://www.icip.cat/wp-content/uploads/2021/02/logo-2.png","width":562,"height":391,"caption":"ICIP"},"image":{"@id":"https://www.icip.cat/ca/#/schema/logo/image/"}}]}</script>
<!-- / Yoast SEO plugin. -->

Sessió d’anàlisi: Teuchitlán i la crisi de desaparicions a Mèxic - ICIP

Mèxic s’enfronta a una greu crisi de seguretat i drets humans. La desaparició de més de 124.000 persones reflecteix la impunitat i la violència crònica que travessa el país. Un cas recent que ha commocionat la societat mexicana va ocórrer a Teuchitlán, Jalisco, on el 5 de març de 2025, el col·lectiu Guerreros Buscadores de [&hellip;]
