{"id":62362,"date":"2026-04-29T11:42:58","date_gmt":"2026-04-29T11:42:58","guid":{"rendered":"https:\/\/www.icip.cat\/?post_type=icip_event&#038;p=62362"},"modified":"2026-04-29T11:42:59","modified_gmt":"2026-04-29T11:42:59","slug":"projeccio-del-documental-escrivint-hawa-i-colloqui","status":"publish","type":"icip_event","link":"https:\/\/www.icip.cat\/ca\/event\/projeccio-del-documental-escrivint-hawa-i-colloqui\/","title":{"rendered":"Projecci\u00f3 del documental Escrivint Hawa i col\u00b7loqui"},"content":{"rendered":"\n<p>El dimarts 5 de maig arriba a Barcelona <em>Escrivint Hawa<\/em>, el nou documental de la cineasta afganesa Najiba Noori, distribu\u00eft per DocsBarcelona en el marc del cicle Docs del Mes.<\/p>\n\n\n\n<p>La pel\u00b7l\u00edcula retrata la vida de la Hawa, una dona afganesa obligada a casar-se durant la inf\u00e0ncia que, als 52 anys, inicia un proc\u00e9s d\u2019emancipaci\u00f3 personal mentre apr\u00e8n a llegir i escriure. El documental ofereix una mirada \u00edntima sobre la resist\u00e8ncia quotidiana, l\u2019educaci\u00f3 i la lluita per l\u2019autonomia de les dones a l\u2019Afganistan.<\/p>\n\n\n\n<p>Despr\u00e9s de la projecci\u00f3 tindr\u00e0 lloc un col\u00b7loqui amb <strong>Karima Shujazada<\/strong>, defensora dels drets de les dones afganeses i vinculada a l\u2019organitzaci\u00f3 Afghan Women on the Run, i amb <strong>Elisenda Calvet<\/strong>, professora de dret internacional p\u00fablic a la Universitat de Barcelona i especialista en drets humans, just\u00edcia transicional i dret internacional humanitari. El col\u00b7loqui compta amb la col\u00b7laboraci\u00f3 de l\u2019ICIP. Podeu adquiri les entrades en <a href=\"https:\/\/www.cinesrenoir.com\/pelicula\/escrivint-hawa-docs-del-mes\/\">aquest enlla\u00e7<\/a>. <\/p>\n\n\n\n<p>\ud83d\udcc5 5 de maig de 2026 a les 20.30h<br>\ud83d\udd52 Projecci\u00f3 i col\u00b7loqui<br>\ud83d\udccd Renoir Floridablanca, Barcelona<\/p>\n\n\n\n<p>El documental es podr\u00e0 veure durant tot el mes de maig a diferents cinemes i sales adherides al circuit Docs del Mes.<\/p>\n","protected":false},"featured_media":62363,"template":"","class_list":["post-62362","icip_event","type-icip_event","status-publish","has-post-thumbnail","hentry"],"acf":[],"yoast_head":"<!-- This site is optimized with the Yoast SEO plugin v25.6 - https:\/\/yoast.com\/wordpress\/plugins\/seo\/ -->\n<title>Projecci\u00f3 del documental Escrivint Hawa i col\u00b7loqui - ICIP<\/title>\n<meta name=\"description\" content=\"Despr\u00e9s de la projecci\u00f3 es far\u00e0 un col\u00b7loqui sobre drets de les dones a l\u2019Afganistan amb Karima Shujazada i Elisenda Calvet.\" \/>\n<meta name=\"robots\" content=\"index, follow, max-snippet:-1, max-image-preview:large, max-video-preview:-1\" \/>\n<link rel=\"canonical\" href=\"https:\/\/www.icip.cat\/ca\/event\/projeccio-del-documental-escrivint-hawa-i-colloqui\/\" \/>\n<meta property=\"og:locale\" content=\"ca_ES\" \/>\n<meta property=\"og:type\" content=\"article\" \/>\n<meta property=\"og:title\" content=\"Projecci\u00f3 del documental Escrivint Hawa i col\u00b7loqui - ICIP\" \/>\n<meta property=\"og:description\" content=\"Despr\u00e9s de la projecci\u00f3 es far\u00e0 un col\u00b7loqui sobre drets de les dones a l\u2019Afganistan amb Karima Shujazada i Elisenda Calvet.\" \/>\n<meta property=\"og:url\" content=\"https:\/\/www.icip.cat\/ca\/event\/projeccio-del-documental-escrivint-hawa-i-colloqui\/\" \/>\n<meta property=\"og:site_name\" content=\"ICIP\" \/>\n<meta property=\"article:modified_time\" content=\"2026-04-29T11:42:59+00:00\" \/>\n<meta property=\"og:image\" content=\"https:\/\/www.icip.cat\/wp-content\/uploads\/2026\/04\/Docs-del-Mes.jpg\" \/>\n\t<meta property=\"og:image:width\" content=\"750\" \/>\n\t<meta property=\"og:image:height\" content=\"421\" \/>\n\t<meta property=\"og:image:type\" content=\"image\/jpeg\" \/>\n<meta name=\"twitter:card\" content=\"summary_large_image\" \/>\n<meta name=\"twitter:label1\" content=\"Temps estimat de lectura\" \/>\n\t<meta name=\"twitter:data1\" content=\"2 minuts\" \/>\n<script type=\"application\/ld+json\" class=\"yoast-schema-graph\">{\"@context\":\"https:\/\/schema.org\",\"@graph\":[{\"@type\":\"WebPage\",\"@id\":\"https:\/\/www.icip.cat\/ca\/event\/projeccio-del-documental-escrivint-hawa-i-colloqui\/\",\"url\":\"https:\/\/www.icip.cat\/ca\/event\/projeccio-del-documental-escrivint-hawa-i-colloqui\/\",\"name\":\"Projecci\u00f3 del documental Escrivint Hawa i col\u00b7loqui - ICIP\",\"isPartOf\":{\"@id\":\"https:\/\/www.icip.cat\/ca\/#website\"},\"primaryImageOfPage\":{\"@id\":\"https:\/\/www.icip.cat\/ca\/event\/projeccio-del-documental-escrivint-hawa-i-colloqui\/#primaryimage\"},\"image\":{\"@id\":\"https:\/\/www.icip.cat\/ca\/event\/projeccio-del-documental-escrivint-hawa-i-colloqui\/#primaryimage\"},\"thumbnailUrl\":\"https:\/\/www.icip.cat\/wp-content\/uploads\/2026\/04\/Docs-del-Mes.jpg\",\"datePublished\":\"2026-04-29T11:42:58+00:00\",\"dateModified\":\"2026-04-29T11:42:59+00:00\",\"description\":\"Despr\u00e9s de la projecci\u00f3 es far\u00e0 un col\u00b7loqui sobre drets de les dones a l\u2019Afganistan amb Karima Shujazada i Elisenda Calvet.\",\"inLanguage\":\"ca\",\"potentialAction\":[{\"@type\":\"ReadAction\",\"target\":[\"https:\/\/www.icip.cat\/ca\/event\/projeccio-del-documental-escrivint-hawa-i-colloqui\/\"]}]},{\"@type\":\"ImageObject\",\"inLanguage\":\"ca\",\"@id\":\"https:\/\/www.icip.cat\/ca\/event\/projeccio-del-documental-escrivint-hawa-i-colloqui\/#primaryimage\",\"url\":\"https:\/\/www.icip.cat\/wp-content\/uploads\/2026\/04\/Docs-del-Mes.jpg\",\"contentUrl\":\"https:\/\/www.icip.cat\/wp-content\/uploads\/2026\/04\/Docs-del-Mes.jpg\",\"width\":750,\"height\":421},{\"@type\":\"WebSite\",\"@id\":\"https:\/\/www.icip.cat\/ca\/#website\",\"url\":\"https:\/\/www.icip.cat\/ca\/\",\"name\":\"ICIP\",\"description\":\"\",\"publisher\":{\"@id\":\"https:\/\/www.icip.cat\/ca\/#organization\"},\"potentialAction\":[{\"@type\":\"SearchAction\",\"target\":{\"@type\":\"EntryPoint\",\"urlTemplate\":\"https:\/\/www.icip.cat\/ca\/?s={search_term_string}\"},\"query-input\":{\"@type\":\"PropertyValueSpecification\",\"valueRequired\":true,\"valueName\":\"search_term_string\"}}],\"inLanguage\":\"ca\"},{\"@type\":\"Organization\",\"@id\":\"https:\/\/www.icip.cat\/ca\/#organization\",\"name\":\"ICIP\",\"url\":\"https:\/\/www.icip.cat\/ca\/\",\"logo\":{\"@type\":\"ImageObject\",\"inLanguage\":\"ca\",\"@id\":\"https:\/\/www.icip.cat\/ca\/#\/schema\/logo\/image\/\",\"url\":\"https:\/\/www.icip.cat\/wp-content\/uploads\/2021\/02\/logo-2.png\",\"contentUrl\":\"https:\/\/www.icip.cat\/wp-content\/uploads\/2021\/02\/logo-2.png\",\"width\":562,\"height\":391,\"caption\":\"ICIP\"},\"image\":{\"@id\":\"https:\/\/www.icip.cat\/ca\/#\/schema\/logo\/image\/\"}}]}<\/script>\n<!-- \/ Yoast SEO plugin. -->","yoast_head_json":{"title":"Projecci\u00f3 del documental Escrivint Hawa i col\u00b7loqui - ICIP","description":"Despr\u00e9s de la projecci\u00f3 es far\u00e0 un col\u00b7loqui sobre drets de les dones a l\u2019Afganistan amb Karima Shujazada i Elisenda Calvet.","robots":{"index":"index","follow":"follow","max-snippet":"max-snippet:-1","max-image-preview":"max-image-preview:large","max-video-preview":"max-video-preview:-1"},"canonical":"https:\/\/www.icip.cat\/ca\/event\/projeccio-del-documental-escrivint-hawa-i-colloqui\/","og_locale":"ca_ES","og_type":"article","og_title":"Projecci\u00f3 del documental Escrivint Hawa i col\u00b7loqui - ICIP","og_description":"Despr\u00e9s de la projecci\u00f3 es far\u00e0 un col\u00b7loqui sobre drets de les dones a l\u2019Afganistan amb Karima Shujazada i Elisenda Calvet.","og_url":"https:\/\/www.icip.cat\/ca\/event\/projeccio-del-documental-escrivint-hawa-i-colloqui\/","og_site_name":"ICIP","article_modified_time":"2026-04-29T11:42:59+00:00","og_image":[{"width":750,"height":421,"url":"https:\/\/www.icip.cat\/wp-content\/uploads\/2026\/04\/Docs-del-Mes.jpg","type":"image\/jpeg"}],"twitter_card":"summary_large_image","twitter_misc":{"Temps estimat de lectura":"2 minuts"},"schema":{"@context":"https:\/\/schema.org","@graph":[{"@type":"WebPage","@id":"https:\/\/www.icip.cat\/ca\/event\/projeccio-del-documental-escrivint-hawa-i-colloqui\/","url":"https:\/\/www.icip.cat\/ca\/event\/projeccio-del-documental-escrivint-hawa-i-colloqui\/","name":"Projecci\u00f3 del documental Escrivint Hawa i col\u00b7loqui - ICIP","isPartOf":{"@id":"https:\/\/www.icip.cat\/ca\/#website"},"primaryImageOfPage":{"@id":"https:\/\/www.icip.cat\/ca\/event\/projeccio-del-documental-escrivint-hawa-i-colloqui\/#primaryimage"},"image":{"@id":"https:\/\/www.icip.cat\/ca\/event\/projeccio-del-documental-escrivint-hawa-i-colloqui\/#primaryimage"},"thumbnailUrl":"https:\/\/www.icip.cat\/wp-content\/uploads\/2026\/04\/Docs-del-Mes.jpg","datePublished":"2026-04-29T11:42:58+00:00","dateModified":"2026-04-29T11:42:59+00:00","description":"Despr\u00e9s de la projecci\u00f3 es far\u00e0 un col\u00b7loqui sobre drets de les dones a l\u2019Afganistan amb Karima Shujazada i Elisenda Calvet.","inLanguage":"ca","potentialAction":[{"@type":"ReadAction","target":["https:\/\/www.icip.cat\/ca\/event\/projeccio-del-documental-escrivint-hawa-i-colloqui\/"]}]},{"@type":"ImageObject","inLanguage":"ca","@id":"https:\/\/www.icip.cat\/ca\/event\/projeccio-del-documental-escrivint-hawa-i-colloqui\/#primaryimage","url":"https:\/\/www.icip.cat\/wp-content\/uploads\/2026\/04\/Docs-del-Mes.jpg","contentUrl":"https:\/\/www.icip.cat\/wp-content\/uploads\/2026\/04\/Docs-del-Mes.jpg","width":750,"height":421},{"@type":"WebSite","@id":"https:\/\/www.icip.cat\/ca\/#website","url":"https:\/\/www.icip.cat\/ca\/","name":"ICIP","description":"","publisher":{"@id":"https:\/\/www.icip.cat\/ca\/#organization"},"potentialAction":[{"@type":"SearchAction","target":{"@type":"EntryPoint","urlTemplate":"https:\/\/www.icip.cat\/ca\/?s={search_term_string}"},"query-input":{"@type":"PropertyValueSpecification","valueRequired":true,"valueName":"search_term_string"}}],"inLanguage":"ca"},{"@type":"Organization","@id":"https:\/\/www.icip.cat\/ca\/#organization","name":"ICIP","url":"https:\/\/www.icip.cat\/ca\/","logo":{"@type":"ImageObject","inLanguage":"ca","@id":"https:\/\/www.icip.cat\/ca\/#\/schema\/logo\/image\/","url":"https:\/\/www.icip.cat\/wp-content\/uploads\/2021\/02\/logo-2.png","contentUrl":"https:\/\/www.icip.cat\/wp-content\/uploads\/2021\/02\/logo-2.png","width":562,"height":391,"caption":"ICIP"},"image":{"@id":"https:\/\/www.icip.cat\/ca\/#\/schema\/logo\/image\/"}}]}},"_links":{"self":[{"href":"https:\/\/www.icip.cat\/ca\/wp-json\/wp\/v2\/icip_event\/62362","targetHints":{"allow":["GET"]}}],"collection":[{"href":"https:\/\/www.icip.cat\/ca\/wp-json\/wp\/v2\/icip_event"}],"about":[{"href":"https:\/\/www.icip.cat\/ca\/wp-json\/wp\/v2\/types\/icip_event"}],"version-history":[{"count":1,"href":"https:\/\/www.icip.cat\/ca\/wp-json\/wp\/v2\/icip_event\/62362\/revisions"}],"predecessor-version":[{"id":62366,"href":"https:\/\/www.icip.cat\/ca\/wp-json\/wp\/v2\/icip_event\/62362\/revisions\/62366"}],"wp:featuredmedia":[{"embeddable":true,"href":"https:\/\/www.icip.cat\/ca\/wp-json\/wp\/v2\/media\/62363"}],"wp:attachment":[{"href":"https:\/\/www.icip.cat\/ca\/wp-json\/wp\/v2\/media?parent=62362"}],"curies":[{"name":"wp","href":"https:\/\/api.w.org\/{rel}","templated":true}]}}

Projecció del documental Escrivint Hawa i col·loqui

<p>El dimarts 5 de maig arriba a Barcelona <em>Escrivint Hawa</em>, el nou documental de la cineasta afganesa Najiba Noori, distribuït per DocsBarcelona en el marc del cicle Docs del Mes.</p>



<p>La pel·lícula retrata la vida de la Hawa, una dona afganesa obligada a casar-se durant la infància que, als 52 anys, inicia un procés d’emancipació personal mentre aprèn a llegir i escriure. El documental ofereix una mirada íntima sobre la resistència quotidiana, l’educació i la lluita per l’autonomia de les dones a l’Afganistan.</p>



<p>Després de la projecció tindrà lloc un col·loqui amb <strong>Karima Shujazada</strong>, defensora dels drets de les dones afganeses i vinculada a l’organització Afghan Women on the Run, i amb <strong>Elisenda Calvet</strong>, professora de dret internacional públic a la Universitat de Barcelona i especialista en drets humans, justícia transicional i dret internacional humanitari. El col·loqui compta amb la col·laboració de l’ICIP. Podeu adquiri les entrades en <a href="https://www.cinesrenoir.com/pelicula/escrivint-hawa-docs-del-mes/">aquest enllaç</a>. </p>



<p>📅 5 de maig de 2026 a les 20.30h<br>🕒 Projecció i col·loqui<br>📍 Renoir Floridablanca, Barcelona</p>



<p>El documental es podrà veure durant tot el mes de maig a diferents cinemes i sales adherides al circuit Docs del Mes.</p>

<!-- This site is optimized with the Yoast SEO plugin v25.6 - https://yoast.com/wordpress/plugins/seo/ -->
<title>Projecció del documental Escrivint Hawa i col·loqui - ICIP</title>
<meta name="description" content="Després de la projecció es farà un col·loqui sobre drets de les dones a l’Afganistan amb Karima Shujazada i Elisenda Calvet." />
<meta name="robots" content="index, follow, max-snippet:-1, max-image-preview:large, max-video-preview:-1" />
<link rel="canonical" href="https://www.icip.cat/ca/event/projeccio-del-documental-escrivint-hawa-i-colloqui/" />
<meta property="og:locale" content="ca_ES" />
<meta property="og:type" content="article" />
<meta property="og:title" content="Projecció del documental Escrivint Hawa i col·loqui - ICIP" />
<meta property="og:description" content="Després de la projecció es farà un col·loqui sobre drets de les dones a l’Afganistan amb Karima Shujazada i Elisenda Calvet." />
<meta property="og:url" content="https://www.icip.cat/ca/event/projeccio-del-documental-escrivint-hawa-i-colloqui/" />
<meta property="og:site_name" content="ICIP" />
<meta property="article:modified_time" content="2026-04-29T11:42:59+00:00" />
<meta property="og:image" content="https://www.icip.cat/wp-content/uploads/2026/04/Docs-del-Mes.jpg" />
	<meta property="og:image:width" content="750" />
	<meta property="og:image:height" content="421" />
	<meta property="og:image:type" content="image/jpeg" />
<meta name="twitter:card" content="summary_large_image" />
<meta name="twitter:label1" content="Temps estimat de lectura" />
	<meta name="twitter:data1" content="2 minuts" />
<script type="application/ld+json" class="yoast-schema-graph">{"@context":"https://schema.org","@graph":[{"@type":"WebPage","@id":"https://www.icip.cat/ca/event/projeccio-del-documental-escrivint-hawa-i-colloqui/","url":"https://www.icip.cat/ca/event/projeccio-del-documental-escrivint-hawa-i-colloqui/","name":"Projecció del documental Escrivint Hawa i col·loqui - ICIP","isPartOf":{"@id":"https://www.icip.cat/ca/#website"},"primaryImageOfPage":{"@id":"https://www.icip.cat/ca/event/projeccio-del-documental-escrivint-hawa-i-colloqui/#primaryimage"},"image":{"@id":"https://www.icip.cat/ca/event/projeccio-del-documental-escrivint-hawa-i-colloqui/#primaryimage"},"thumbnailUrl":"https://www.icip.cat/wp-content/uploads/2026/04/Docs-del-Mes.jpg","datePublished":"2026-04-29T11:42:58+00:00","dateModified":"2026-04-29T11:42:59+00:00","description":"Després de la projecció es farà un col·loqui sobre drets de les dones a l’Afganistan amb Karima Shujazada i Elisenda Calvet.","inLanguage":"ca","potentialAction":[{"@type":"ReadAction","target":["https://www.icip.cat/ca/event/projeccio-del-documental-escrivint-hawa-i-colloqui/"]}]},{"@type":"ImageObject","inLanguage":"ca","@id":"https://www.icip.cat/ca/event/projeccio-del-documental-escrivint-hawa-i-colloqui/#primaryimage","url":"https://www.icip.cat/wp-content/uploads/2026/04/Docs-del-Mes.jpg","contentUrl":"https://www.icip.cat/wp-content/uploads/2026/04/Docs-del-Mes.jpg","width":750,"height":421},{"@type":"WebSite","@id":"https://www.icip.cat/ca/#website","url":"https://www.icip.cat/ca/","name":"ICIP","description":"","publisher":{"@id":"https://www.icip.cat/ca/#organization"},"potentialAction":[{"@type":"SearchAction","target":{"@type":"EntryPoint","urlTemplate":"https://www.icip.cat/ca/?s={search_term_string}"},"query-input":{"@type":"PropertyValueSpecification","valueRequired":true,"valueName":"search_term_string"}}],"inLanguage":"ca"},{"@type":"Organization","@id":"https://www.icip.cat/ca/#organization","name":"ICIP","url":"https://www.icip.cat/ca/","logo":{"@type":"ImageObject","inLanguage":"ca","@id":"https://www.icip.cat/ca/#/schema/logo/image/","url":"https://www.icip.cat/wp-content/uploads/2021/02/logo-2.png","contentUrl":"https://www.icip.cat/wp-content/uploads/2021/02/logo-2.png","width":562,"height":391,"caption":"ICIP"},"image":{"@id":"https://www.icip.cat/ca/#/schema/logo/image/"}}]}</script>
<!-- / Yoast SEO plugin. -->

Projecció del documental Escrivint Hawa i col·loqui - ICIP

Després de la projecció es farà un col·loqui sobre drets de les dones a l’Afganistan amb Karima Shujazada i Elisenda Calvet.
