{"id":2938,"date":"2020-11-27T13:18:22","date_gmt":"2020-11-27T13:18:22","guid":{"rendered":"http:\/\/www.icip.cat\/?post_type=icip_seminar&#038;p=2938"},"modified":"2021-01-27T11:47:48","modified_gmt":"2021-01-27T11:47:48","slug":"jornada-de-debat-camins-hostils","status":"publish","type":"icip_seminar","link":"https:\/\/www.icip.cat\/ca\/seminaris\/jornada-de-debat-camins-hostils\/","title":{"rendered":"Jornada de debat &#8220;Camins hostils&#8221;"},"content":{"rendered":"\n<p>L&#8217;ICIP, en col\u00b7laboraci\u00f3 amb el Centre d&#8217;Estudis Hist\u00f2rics Internacionals (CEHI) de la Universitat de Barcelona, va organitzar la jornada de debat&nbsp;<em>Camins hostils. D&#8217;un Orient Mitj\u00e0 en guerra a les portes tancades d&#8217;Europa<\/em>, el dilluns 17 d&#8217;octubre a l&#8217;Aula Magna de la Facultat de Geografia i Hist\u00f2ria de la Universitat de Barcelona.&nbsp;<\/p>\n\n\n\n<p>La jornada va ser un espai de reflexi\u00f3 i debat al voltant del paper dels conflictes armats que pateixen les poblacions de diferents pa\u00efsos de l&#8217;Orient Mitj\u00e0 en la crisi de despla\u00e7aments for\u00e7osos de grans dimensions que estan afectant significativament els pa\u00efsos lim\u00edtrofs, sacsejant-ne la pr\u00f2pia fr\u00e0gil estabilitat. Alhora es va abordar la reacci\u00f3 des de la Uni\u00f3 Europea davant l&#8217;arribada d&#8217;exiliats, marcada per l&#8217;activaci\u00f3 d&#8217;unes pol\u00edtiques de seguretat que han contribu\u00eft a avivar la crisi humanit\u00e0ria.&nbsp;Es tracta d\u2019una reacci\u00f3 que desperta alarmes perqu\u00e8 posa en q\u00fcesti\u00f3 els propis pilars de la Uni\u00f3, basats en el respecte dels drets humans i del dret internacional.<\/p>\n","protected":false},"featured_media":14347,"template":"","class_list":["post-2938","icip_seminar","type-icip_seminar","status-publish","has-post-thumbnail","hentry"],"acf":[],"yoast_head":"<!-- This site is optimized with the Yoast SEO plugin v25.6 - https:\/\/yoast.com\/wordpress\/plugins\/seo\/ -->\n<title>Jornada de debat &quot;Camins hostils&quot; - ICIP<\/title>\n<meta name=\"robots\" content=\"index, follow, max-snippet:-1, max-image-preview:large, max-video-preview:-1\" \/>\n<link rel=\"canonical\" href=\"https:\/\/www.icip.cat\/ca\/seminaris\/jornada-de-debat-camins-hostils\/\" \/>\n<meta property=\"og:locale\" content=\"ca_ES\" \/>\n<meta property=\"og:type\" content=\"article\" \/>\n<meta property=\"og:title\" content=\"Jornada de debat &quot;Camins hostils&quot; - ICIP\" \/>\n<meta property=\"og:description\" content=\"L&#8217;ICIP, en col\u00b7laboraci\u00f3 amb el Centre d&#8217;Estudis Hist\u00f2rics Internacionals (CEHI) de la Universitat de Barcelona, va organitzar la jornada de debat&nbsp;Camins hostils. D&#8217;un Orient Mitj\u00e0 en guerra a les portes tancades d&#8217;Europa, el dilluns 17 d&#8217;octubre a l&#8217;Aula Magna de la Facultat de Geografia i Hist\u00f2ria de la Universitat de Barcelona.&nbsp; La jornada va ser [&hellip;]\" \/>\n<meta property=\"og:url\" content=\"https:\/\/www.icip.cat\/ca\/seminaris\/jornada-de-debat-camins-hostils\/\" \/>\n<meta property=\"og:site_name\" content=\"ICIP\" \/>\n<meta property=\"article:modified_time\" content=\"2021-01-27T11:47:48+00:00\" \/>\n<meta property=\"og:image\" content=\"https:\/\/www.icip.cat\/wp-content\/uploads\/2020\/11\/seminaris14.jpg\" \/>\n\t<meta property=\"og:image:width\" content=\"560\" \/>\n\t<meta property=\"og:image:height\" content=\"420\" \/>\n\t<meta property=\"og:image:type\" content=\"image\/jpeg\" \/>\n<meta name=\"twitter:card\" content=\"summary_large_image\" \/>\n<meta name=\"twitter:label1\" content=\"Temps estimat de lectura\" \/>\n\t<meta name=\"twitter:data1\" content=\"1 minut\" \/>\n<script type=\"application\/ld+json\" class=\"yoast-schema-graph\">{\"@context\":\"https:\/\/schema.org\",\"@graph\":[{\"@type\":\"WebPage\",\"@id\":\"https:\/\/www.icip.cat\/ca\/seminaris\/jornada-de-debat-camins-hostils\/\",\"url\":\"https:\/\/www.icip.cat\/ca\/seminaris\/jornada-de-debat-camins-hostils\/\",\"name\":\"Jornada de debat \\\"Camins hostils\\\" - ICIP\",\"isPartOf\":{\"@id\":\"https:\/\/www.icip.cat\/ca\/#website\"},\"primaryImageOfPage\":{\"@id\":\"https:\/\/www.icip.cat\/ca\/seminaris\/jornada-de-debat-camins-hostils\/#primaryimage\"},\"image\":{\"@id\":\"https:\/\/www.icip.cat\/ca\/seminaris\/jornada-de-debat-camins-hostils\/#primaryimage\"},\"thumbnailUrl\":\"https:\/\/www.icip.cat\/wp-content\/uploads\/2020\/11\/seminaris14.jpg\",\"datePublished\":\"2020-11-27T13:18:22+00:00\",\"dateModified\":\"2021-01-27T11:47:48+00:00\",\"inLanguage\":\"ca\",\"potentialAction\":[{\"@type\":\"ReadAction\",\"target\":[\"https:\/\/www.icip.cat\/ca\/seminaris\/jornada-de-debat-camins-hostils\/\"]}]},{\"@type\":\"ImageObject\",\"inLanguage\":\"ca\",\"@id\":\"https:\/\/www.icip.cat\/ca\/seminaris\/jornada-de-debat-camins-hostils\/#primaryimage\",\"url\":\"https:\/\/www.icip.cat\/wp-content\/uploads\/2020\/11\/seminaris14.jpg\",\"contentUrl\":\"https:\/\/www.icip.cat\/wp-content\/uploads\/2020\/11\/seminaris14.jpg\",\"width\":560,\"height\":420},{\"@type\":\"WebSite\",\"@id\":\"https:\/\/www.icip.cat\/ca\/#website\",\"url\":\"https:\/\/www.icip.cat\/ca\/\",\"name\":\"ICIP\",\"description\":\"\",\"publisher\":{\"@id\":\"https:\/\/www.icip.cat\/ca\/#organization\"},\"potentialAction\":[{\"@type\":\"SearchAction\",\"target\":{\"@type\":\"EntryPoint\",\"urlTemplate\":\"https:\/\/www.icip.cat\/ca\/?s={search_term_string}\"},\"query-input\":{\"@type\":\"PropertyValueSpecification\",\"valueRequired\":true,\"valueName\":\"search_term_string\"}}],\"inLanguage\":\"ca\"},{\"@type\":\"Organization\",\"@id\":\"https:\/\/www.icip.cat\/ca\/#organization\",\"name\":\"ICIP\",\"url\":\"https:\/\/www.icip.cat\/ca\/\",\"logo\":{\"@type\":\"ImageObject\",\"inLanguage\":\"ca\",\"@id\":\"https:\/\/www.icip.cat\/ca\/#\/schema\/logo\/image\/\",\"url\":\"https:\/\/www.icip.cat\/wp-content\/uploads\/2021\/02\/logo-2.png\",\"contentUrl\":\"https:\/\/www.icip.cat\/wp-content\/uploads\/2021\/02\/logo-2.png\",\"width\":562,\"height\":391,\"caption\":\"ICIP\"},\"image\":{\"@id\":\"https:\/\/www.icip.cat\/ca\/#\/schema\/logo\/image\/\"}}]}<\/script>\n<!-- \/ Yoast SEO plugin. -->","yoast_head_json":{"title":"Jornada de debat \"Camins hostils\" - ICIP","robots":{"index":"index","follow":"follow","max-snippet":"max-snippet:-1","max-image-preview":"max-image-preview:large","max-video-preview":"max-video-preview:-1"},"canonical":"https:\/\/www.icip.cat\/ca\/seminaris\/jornada-de-debat-camins-hostils\/","og_locale":"ca_ES","og_type":"article","og_title":"Jornada de debat \"Camins hostils\" - ICIP","og_description":"L&#8217;ICIP, en col\u00b7laboraci\u00f3 amb el Centre d&#8217;Estudis Hist\u00f2rics Internacionals (CEHI) de la Universitat de Barcelona, va organitzar la jornada de debat&nbsp;Camins hostils. D&#8217;un Orient Mitj\u00e0 en guerra a les portes tancades d&#8217;Europa, el dilluns 17 d&#8217;octubre a l&#8217;Aula Magna de la Facultat de Geografia i Hist\u00f2ria de la Universitat de Barcelona.&nbsp; La jornada va ser [&hellip;]","og_url":"https:\/\/www.icip.cat\/ca\/seminaris\/jornada-de-debat-camins-hostils\/","og_site_name":"ICIP","article_modified_time":"2021-01-27T11:47:48+00:00","og_image":[{"width":560,"height":420,"url":"https:\/\/www.icip.cat\/wp-content\/uploads\/2020\/11\/seminaris14.jpg","type":"image\/jpeg"}],"twitter_card":"summary_large_image","twitter_misc":{"Temps estimat de lectura":"1 minut"},"schema":{"@context":"https:\/\/schema.org","@graph":[{"@type":"WebPage","@id":"https:\/\/www.icip.cat\/ca\/seminaris\/jornada-de-debat-camins-hostils\/","url":"https:\/\/www.icip.cat\/ca\/seminaris\/jornada-de-debat-camins-hostils\/","name":"Jornada de debat \"Camins hostils\" - ICIP","isPartOf":{"@id":"https:\/\/www.icip.cat\/ca\/#website"},"primaryImageOfPage":{"@id":"https:\/\/www.icip.cat\/ca\/seminaris\/jornada-de-debat-camins-hostils\/#primaryimage"},"image":{"@id":"https:\/\/www.icip.cat\/ca\/seminaris\/jornada-de-debat-camins-hostils\/#primaryimage"},"thumbnailUrl":"https:\/\/www.icip.cat\/wp-content\/uploads\/2020\/11\/seminaris14.jpg","datePublished":"2020-11-27T13:18:22+00:00","dateModified":"2021-01-27T11:47:48+00:00","inLanguage":"ca","potentialAction":[{"@type":"ReadAction","target":["https:\/\/www.icip.cat\/ca\/seminaris\/jornada-de-debat-camins-hostils\/"]}]},{"@type":"ImageObject","inLanguage":"ca","@id":"https:\/\/www.icip.cat\/ca\/seminaris\/jornada-de-debat-camins-hostils\/#primaryimage","url":"https:\/\/www.icip.cat\/wp-content\/uploads\/2020\/11\/seminaris14.jpg","contentUrl":"https:\/\/www.icip.cat\/wp-content\/uploads\/2020\/11\/seminaris14.jpg","width":560,"height":420},{"@type":"WebSite","@id":"https:\/\/www.icip.cat\/ca\/#website","url":"https:\/\/www.icip.cat\/ca\/","name":"ICIP","description":"","publisher":{"@id":"https:\/\/www.icip.cat\/ca\/#organization"},"potentialAction":[{"@type":"SearchAction","target":{"@type":"EntryPoint","urlTemplate":"https:\/\/www.icip.cat\/ca\/?s={search_term_string}"},"query-input":{"@type":"PropertyValueSpecification","valueRequired":true,"valueName":"search_term_string"}}],"inLanguage":"ca"},{"@type":"Organization","@id":"https:\/\/www.icip.cat\/ca\/#organization","name":"ICIP","url":"https:\/\/www.icip.cat\/ca\/","logo":{"@type":"ImageObject","inLanguage":"ca","@id":"https:\/\/www.icip.cat\/ca\/#\/schema\/logo\/image\/","url":"https:\/\/www.icip.cat\/wp-content\/uploads\/2021\/02\/logo-2.png","contentUrl":"https:\/\/www.icip.cat\/wp-content\/uploads\/2021\/02\/logo-2.png","width":562,"height":391,"caption":"ICIP"},"image":{"@id":"https:\/\/www.icip.cat\/ca\/#\/schema\/logo\/image\/"}}]}},"_links":{"self":[{"href":"https:\/\/www.icip.cat\/ca\/wp-json\/wp\/v2\/icip_seminar\/2938","targetHints":{"allow":["GET"]}}],"collection":[{"href":"https:\/\/www.icip.cat\/ca\/wp-json\/wp\/v2\/icip_seminar"}],"about":[{"href":"https:\/\/www.icip.cat\/ca\/wp-json\/wp\/v2\/types\/icip_seminar"}],"version-history":[{"count":5,"href":"https:\/\/www.icip.cat\/ca\/wp-json\/wp\/v2\/icip_seminar\/2938\/revisions"}],"predecessor-version":[{"id":15053,"href":"https:\/\/www.icip.cat\/ca\/wp-json\/wp\/v2\/icip_seminar\/2938\/revisions\/15053"}],"wp:featuredmedia":[{"embeddable":true,"href":"https:\/\/www.icip.cat\/ca\/wp-json\/wp\/v2\/media\/14347"}],"wp:attachment":[{"href":"https:\/\/www.icip.cat\/ca\/wp-json\/wp\/v2\/media?parent=2938"}],"curies":[{"name":"wp","href":"https:\/\/api.w.org\/{rel}","templated":true}]}}

<p>L&#8217;ICIP, en col·laboració amb el Centre d&#8217;Estudis Històrics Internacionals (CEHI) de la Universitat de Barcelona, va organitzar la jornada de debat&nbsp;<em>Camins hostils. D&#8217;un Orient Mitjà en guerra a les portes tancades d&#8217;Europa</em>, el dilluns 17 d&#8217;octubre a l&#8217;Aula Magna de la Facultat de Geografia i Història de la Universitat de Barcelona.&nbsp;</p>



<p>La jornada va ser un espai de reflexió i debat al voltant del paper dels conflictes armats que pateixen les poblacions de diferents països de l&#8217;Orient Mitjà en la crisi de desplaçaments forçosos de grans dimensions que estan afectant significativament els països limítrofs, sacsejant-ne la pròpia fràgil estabilitat. Alhora es va abordar la reacció des de la Unió Europea davant l&#8217;arribada d&#8217;exiliats, marcada per l&#8217;activació d&#8217;unes polítiques de seguretat que han contribuït a avivar la crisi humanitària.&nbsp;Es tracta d’una reacció que desperta alarmes perquè posa en qüestió els propis pilars de la Unió, basats en el respecte dels drets humans i del dret internacional.</p>

<!-- This site is optimized with the Yoast SEO plugin v25.6 - https://yoast.com/wordpress/plugins/seo/ -->
<title>Jornada de debat &quot;Camins hostils&quot; - ICIP</title>
<meta name="robots" content="index, follow, max-snippet:-1, max-image-preview:large, max-video-preview:-1" />
<link rel="canonical" href="https://www.icip.cat/ca/seminaris/jornada-de-debat-camins-hostils/" />
<meta property="og:locale" content="ca_ES" />
<meta property="og:type" content="article" />
<meta property="og:title" content="Jornada de debat &quot;Camins hostils&quot; - ICIP" />
<meta property="og:description" content="L&#8217;ICIP, en col·laboració amb el Centre d&#8217;Estudis Històrics Internacionals (CEHI) de la Universitat de Barcelona, va organitzar la jornada de debat&nbsp;Camins hostils. D&#8217;un Orient Mitjà en guerra a les portes tancades d&#8217;Europa, el dilluns 17 d&#8217;octubre a l&#8217;Aula Magna de la Facultat de Geografia i Història de la Universitat de Barcelona.&nbsp; La jornada va ser [&hellip;]" />
<meta property="og:url" content="https://www.icip.cat/ca/seminaris/jornada-de-debat-camins-hostils/" />
<meta property="og:site_name" content="ICIP" />
<meta property="article:modified_time" content="2021-01-27T11:47:48+00:00" />
<meta property="og:image" content="https://www.icip.cat/wp-content/uploads/2020/11/seminaris14.jpg" />
	<meta property="og:image:width" content="560" />
	<meta property="og:image:height" content="420" />
	<meta property="og:image:type" content="image/jpeg" />
<meta name="twitter:card" content="summary_large_image" />
<meta name="twitter:label1" content="Temps estimat de lectura" />
	<meta name="twitter:data1" content="1 minut" />
<script type="application/ld+json" class="yoast-schema-graph">{"@context":"https://schema.org","@graph":[{"@type":"WebPage","@id":"https://www.icip.cat/ca/seminaris/jornada-de-debat-camins-hostils/","url":"https://www.icip.cat/ca/seminaris/jornada-de-debat-camins-hostils/","name":"Jornada de debat \"Camins hostils\" - ICIP","isPartOf":{"@id":"https://www.icip.cat/ca/#website"},"primaryImageOfPage":{"@id":"https://www.icip.cat/ca/seminaris/jornada-de-debat-camins-hostils/#primaryimage"},"image":{"@id":"https://www.icip.cat/ca/seminaris/jornada-de-debat-camins-hostils/#primaryimage"},"thumbnailUrl":"https://www.icip.cat/wp-content/uploads/2020/11/seminaris14.jpg","datePublished":"2020-11-27T13:18:22+00:00","dateModified":"2021-01-27T11:47:48+00:00","inLanguage":"ca","potentialAction":[{"@type":"ReadAction","target":["https://www.icip.cat/ca/seminaris/jornada-de-debat-camins-hostils/"]}]},{"@type":"ImageObject","inLanguage":"ca","@id":"https://www.icip.cat/ca/seminaris/jornada-de-debat-camins-hostils/#primaryimage","url":"https://www.icip.cat/wp-content/uploads/2020/11/seminaris14.jpg","contentUrl":"https://www.icip.cat/wp-content/uploads/2020/11/seminaris14.jpg","width":560,"height":420},{"@type":"WebSite","@id":"https://www.icip.cat/ca/#website","url":"https://www.icip.cat/ca/","name":"ICIP","description":"","publisher":{"@id":"https://www.icip.cat/ca/#organization"},"potentialAction":[{"@type":"SearchAction","target":{"@type":"EntryPoint","urlTemplate":"https://www.icip.cat/ca/?s={search_term_string}"},"query-input":{"@type":"PropertyValueSpecification","valueRequired":true,"valueName":"search_term_string"}}],"inLanguage":"ca"},{"@type":"Organization","@id":"https://www.icip.cat/ca/#organization","name":"ICIP","url":"https://www.icip.cat/ca/","logo":{"@type":"ImageObject","inLanguage":"ca","@id":"https://www.icip.cat/ca/#/schema/logo/image/","url":"https://www.icip.cat/wp-content/uploads/2021/02/logo-2.png","contentUrl":"https://www.icip.cat/wp-content/uploads/2021/02/logo-2.png","width":562,"height":391,"caption":"ICIP"},"image":{"@id":"https://www.icip.cat/ca/#/schema/logo/image/"}}]}</script>
<!-- / Yoast SEO plugin. -->

L&#8217;ICIP, en col·laboració amb el Centre d&#8217;Estudis Històrics Internacionals (CEHI) de la Universitat de Barcelona, va organitzar la jornada de debat&nbsp;Camins hostils. D&#8217;un Orient Mitjà en guerra a les portes tancades d&#8217;Europa, el dilluns 17 d&#8217;octubre a l&#8217;Aula Magna de la Facultat de Geografia i Història de la Universitat de Barcelona.&nbsp; La jornada va ser [&hellip;]
