{"id":2944,"date":"2020-11-27T13:19:14","date_gmt":"2020-11-27T13:19:14","guid":{"rendered":"http:\/\/www.icip.cat\/?post_type=icip_seminar&#038;p=2944"},"modified":"2021-01-27T11:49:15","modified_gmt":"2021-01-27T11:49:15","slug":"jornada-30-anys-del-referendum-sobre-la-permanencia-a-lotan","status":"publish","type":"icip_seminar","link":"https:\/\/www.icip.cat\/ca\/seminaris\/jornada-30-anys-del-referendum-sobre-la-permanencia-a-lotan\/","title":{"rendered":"Jornada &#8220;30 anys del refer\u00e8ndum sobre la perman\u00e8ncia a l&#8217;OTAN&#8221;"},"content":{"rendered":"\n<p>Coincidint amb els 30 anys del refer\u00e8ndum del 12 de mar\u00e7 de 1986 sobre la perman\u00e8ncia d&#8217;Espanya a l&#8217;OTAN, l&#8217;ICIP va organitzar una jornada per recordar la campanya catalana favorable a la sortida i reflexionar sobre l&#8217;evoluci\u00f3 que ha tingut l&#8217;alian\u00e7a atl\u00e0ntica al llarg d&#8217;aquestes tres d\u00e8cades, coincidint tamb\u00e9 amb la presentaci\u00f3 del llibre&nbsp;<em><a href=\"http:\/\/icip.gencat.cat\/ca\/detalls\/Article\/Eines017\" target=\"_blank\" rel=\"noreferrer noopener\">Trenta preguntes sobre l\u2019OTAN. Trenta anys despr\u00e9s del refer\u00e8ndum<\/a>,&nbsp;<\/em>elaborat pel Centre Del\u00e0s d\u2019Estudis per la Pau i publicat a la col\u00b7lecci\u00f3 &#8216;Eines de pau, seguretat i just\u00edcia&#8217; de l&#8217;ICIP.&nbsp;<\/p>\n\n\n\n<p>L&#8217;acte de commemoraci\u00f3 va constar de la taula rodona &#8216;Tot recordant la campanya del refer\u00e8ndum del 1986&#8217;<strong>,<\/strong>\u00a0amb Enric Prat, Gabriela Serra i Antoni Pigrau, activistes de la campanya; i el debat posterior &#8216;El paper de l&#8217;OTAN en l&#8217;actualitat&#8217;, amb les intervencions de Julio Rodr\u00edguez, excap de l\u2019Estat Major de la Defensa; Jos\u00e9 Luis Gordillo, investigador del Centre Del\u00e0s; i Rafael Grasa, president de l&#8217;ICIP.\u00a0<\/p>\n\n\n\n<p><strong>V\u00eddeo de la jornada (sessi\u00f3 a sessi\u00f3):<\/strong><\/p>\n\n\n\n<figure class=\"wp-block-embed-youtube wp-block-embed is-type-video is-provider-youtube wp-embed-aspect-16-9 wp-has-aspect-ratio\"><div class=\"wp-block-embed__wrapper\">\n<iframe title=\"Jornada &quot;30 anys del refer\u00e8ndum sobre l&#039;OTAN&quot;\" width=\"640\" height=\"360\" src=\"https:\/\/www.youtube.com\/embed\/videoseries?list=PLnRJUy9WU-3A6Baa7VR-2x7vNSEEvXvbt\" frameborder=\"0\" allow=\"accelerometer; autoplay; clipboard-write; encrypted-media; gyroscope; picture-in-picture; web-share\" referrerpolicy=\"strict-origin-when-cross-origin\" allowfullscreen><\/iframe>\n<\/div><\/figure>\n","protected":false},"featured_media":14352,"template":"","class_list":["post-2944","icip_seminar","type-icip_seminar","status-publish","has-post-thumbnail","hentry"],"acf":[],"yoast_head":"<!-- This site is optimized with the Yoast SEO plugin v25.6 - https:\/\/yoast.com\/wordpress\/plugins\/seo\/ -->\n<title>Jornada &quot;30 anys del refer\u00e8ndum sobre la perman\u00e8ncia a l&#039;OTAN&quot; - ICIP<\/title>\n<meta name=\"robots\" content=\"index, follow, max-snippet:-1, max-image-preview:large, max-video-preview:-1\" \/>\n<link rel=\"canonical\" href=\"https:\/\/www.icip.cat\/ca\/seminaris\/jornada-30-anys-del-referendum-sobre-la-permanencia-a-lotan\/\" \/>\n<meta property=\"og:locale\" content=\"ca_ES\" \/>\n<meta property=\"og:type\" content=\"article\" \/>\n<meta property=\"og:title\" content=\"Jornada &quot;30 anys del refer\u00e8ndum sobre la perman\u00e8ncia a l&#039;OTAN&quot; - ICIP\" \/>\n<meta property=\"og:description\" content=\"Coincidint amb els 30 anys del refer\u00e8ndum del 12 de mar\u00e7 de 1986 sobre la perman\u00e8ncia d&#8217;Espanya a l&#8217;OTAN, l&#8217;ICIP va organitzar una jornada per recordar la campanya catalana favorable a la sortida i reflexionar sobre l&#8217;evoluci\u00f3 que ha tingut l&#8217;alian\u00e7a atl\u00e0ntica al llarg d&#8217;aquestes tres d\u00e8cades, coincidint tamb\u00e9 amb la presentaci\u00f3 del llibre&nbsp;Trenta preguntes [&hellip;]\" \/>\n<meta property=\"og:url\" content=\"https:\/\/www.icip.cat\/ca\/seminaris\/jornada-30-anys-del-referendum-sobre-la-permanencia-a-lotan\/\" \/>\n<meta property=\"og:site_name\" content=\"ICIP\" \/>\n<meta property=\"article:modified_time\" content=\"2021-01-27T11:49:15+00:00\" \/>\n<meta property=\"og:image\" content=\"https:\/\/www.icip.cat\/wp-content\/uploads\/2020\/11\/seminaris15.jpg\" \/>\n\t<meta property=\"og:image:width\" content=\"560\" \/>\n\t<meta property=\"og:image:height\" content=\"420\" \/>\n\t<meta property=\"og:image:type\" content=\"image\/jpeg\" \/>\n<meta name=\"twitter:card\" content=\"summary_large_image\" \/>\n<meta name=\"twitter:label1\" content=\"Temps estimat de lectura\" \/>\n\t<meta name=\"twitter:data1\" content=\"1 minut\" \/>\n<script type=\"application\/ld+json\" class=\"yoast-schema-graph\">{\"@context\":\"https:\/\/schema.org\",\"@graph\":[{\"@type\":\"WebPage\",\"@id\":\"https:\/\/www.icip.cat\/ca\/seminaris\/jornada-30-anys-del-referendum-sobre-la-permanencia-a-lotan\/\",\"url\":\"https:\/\/www.icip.cat\/ca\/seminaris\/jornada-30-anys-del-referendum-sobre-la-permanencia-a-lotan\/\",\"name\":\"Jornada \\\"30 anys del refer\u00e8ndum sobre la perman\u00e8ncia a l'OTAN\\\" - ICIP\",\"isPartOf\":{\"@id\":\"https:\/\/www.icip.cat\/ca\/#website\"},\"primaryImageOfPage\":{\"@id\":\"https:\/\/www.icip.cat\/ca\/seminaris\/jornada-30-anys-del-referendum-sobre-la-permanencia-a-lotan\/#primaryimage\"},\"image\":{\"@id\":\"https:\/\/www.icip.cat\/ca\/seminaris\/jornada-30-anys-del-referendum-sobre-la-permanencia-a-lotan\/#primaryimage\"},\"thumbnailUrl\":\"https:\/\/www.icip.cat\/wp-content\/uploads\/2020\/11\/seminaris15.jpg\",\"datePublished\":\"2020-11-27T13:19:14+00:00\",\"dateModified\":\"2021-01-27T11:49:15+00:00\",\"inLanguage\":\"ca\",\"potentialAction\":[{\"@type\":\"ReadAction\",\"target\":[\"https:\/\/www.icip.cat\/ca\/seminaris\/jornada-30-anys-del-referendum-sobre-la-permanencia-a-lotan\/\"]}]},{\"@type\":\"ImageObject\",\"inLanguage\":\"ca\",\"@id\":\"https:\/\/www.icip.cat\/ca\/seminaris\/jornada-30-anys-del-referendum-sobre-la-permanencia-a-lotan\/#primaryimage\",\"url\":\"https:\/\/www.icip.cat\/wp-content\/uploads\/2020\/11\/seminaris15.jpg\",\"contentUrl\":\"https:\/\/www.icip.cat\/wp-content\/uploads\/2020\/11\/seminaris15.jpg\",\"width\":560,\"height\":420},{\"@type\":\"WebSite\",\"@id\":\"https:\/\/www.icip.cat\/ca\/#website\",\"url\":\"https:\/\/www.icip.cat\/ca\/\",\"name\":\"ICIP\",\"description\":\"\",\"publisher\":{\"@id\":\"https:\/\/www.icip.cat\/ca\/#organization\"},\"potentialAction\":[{\"@type\":\"SearchAction\",\"target\":{\"@type\":\"EntryPoint\",\"urlTemplate\":\"https:\/\/www.icip.cat\/ca\/?s={search_term_string}\"},\"query-input\":{\"@type\":\"PropertyValueSpecification\",\"valueRequired\":true,\"valueName\":\"search_term_string\"}}],\"inLanguage\":\"ca\"},{\"@type\":\"Organization\",\"@id\":\"https:\/\/www.icip.cat\/ca\/#organization\",\"name\":\"ICIP\",\"url\":\"https:\/\/www.icip.cat\/ca\/\",\"logo\":{\"@type\":\"ImageObject\",\"inLanguage\":\"ca\",\"@id\":\"https:\/\/www.icip.cat\/ca\/#\/schema\/logo\/image\/\",\"url\":\"https:\/\/www.icip.cat\/wp-content\/uploads\/2021\/02\/logo-2.png\",\"contentUrl\":\"https:\/\/www.icip.cat\/wp-content\/uploads\/2021\/02\/logo-2.png\",\"width\":562,\"height\":391,\"caption\":\"ICIP\"},\"image\":{\"@id\":\"https:\/\/www.icip.cat\/ca\/#\/schema\/logo\/image\/\"}}]}<\/script>\n<!-- \/ Yoast SEO plugin. -->","yoast_head_json":{"title":"Jornada \"30 anys del refer\u00e8ndum sobre la perman\u00e8ncia a l'OTAN\" - ICIP","robots":{"index":"index","follow":"follow","max-snippet":"max-snippet:-1","max-image-preview":"max-image-preview:large","max-video-preview":"max-video-preview:-1"},"canonical":"https:\/\/www.icip.cat\/ca\/seminaris\/jornada-30-anys-del-referendum-sobre-la-permanencia-a-lotan\/","og_locale":"ca_ES","og_type":"article","og_title":"Jornada \"30 anys del refer\u00e8ndum sobre la perman\u00e8ncia a l'OTAN\" - ICIP","og_description":"Coincidint amb els 30 anys del refer\u00e8ndum del 12 de mar\u00e7 de 1986 sobre la perman\u00e8ncia d&#8217;Espanya a l&#8217;OTAN, l&#8217;ICIP va organitzar una jornada per recordar la campanya catalana favorable a la sortida i reflexionar sobre l&#8217;evoluci\u00f3 que ha tingut l&#8217;alian\u00e7a atl\u00e0ntica al llarg d&#8217;aquestes tres d\u00e8cades, coincidint tamb\u00e9 amb la presentaci\u00f3 del llibre&nbsp;Trenta preguntes [&hellip;]","og_url":"https:\/\/www.icip.cat\/ca\/seminaris\/jornada-30-anys-del-referendum-sobre-la-permanencia-a-lotan\/","og_site_name":"ICIP","article_modified_time":"2021-01-27T11:49:15+00:00","og_image":[{"width":560,"height":420,"url":"https:\/\/www.icip.cat\/wp-content\/uploads\/2020\/11\/seminaris15.jpg","type":"image\/jpeg"}],"twitter_card":"summary_large_image","twitter_misc":{"Temps estimat de lectura":"1 minut"},"schema":{"@context":"https:\/\/schema.org","@graph":[{"@type":"WebPage","@id":"https:\/\/www.icip.cat\/ca\/seminaris\/jornada-30-anys-del-referendum-sobre-la-permanencia-a-lotan\/","url":"https:\/\/www.icip.cat\/ca\/seminaris\/jornada-30-anys-del-referendum-sobre-la-permanencia-a-lotan\/","name":"Jornada \"30 anys del refer\u00e8ndum sobre la perman\u00e8ncia a l'OTAN\" - ICIP","isPartOf":{"@id":"https:\/\/www.icip.cat\/ca\/#website"},"primaryImageOfPage":{"@id":"https:\/\/www.icip.cat\/ca\/seminaris\/jornada-30-anys-del-referendum-sobre-la-permanencia-a-lotan\/#primaryimage"},"image":{"@id":"https:\/\/www.icip.cat\/ca\/seminaris\/jornada-30-anys-del-referendum-sobre-la-permanencia-a-lotan\/#primaryimage"},"thumbnailUrl":"https:\/\/www.icip.cat\/wp-content\/uploads\/2020\/11\/seminaris15.jpg","datePublished":"2020-11-27T13:19:14+00:00","dateModified":"2021-01-27T11:49:15+00:00","inLanguage":"ca","potentialAction":[{"@type":"ReadAction","target":["https:\/\/www.icip.cat\/ca\/seminaris\/jornada-30-anys-del-referendum-sobre-la-permanencia-a-lotan\/"]}]},{"@type":"ImageObject","inLanguage":"ca","@id":"https:\/\/www.icip.cat\/ca\/seminaris\/jornada-30-anys-del-referendum-sobre-la-permanencia-a-lotan\/#primaryimage","url":"https:\/\/www.icip.cat\/wp-content\/uploads\/2020\/11\/seminaris15.jpg","contentUrl":"https:\/\/www.icip.cat\/wp-content\/uploads\/2020\/11\/seminaris15.jpg","width":560,"height":420},{"@type":"WebSite","@id":"https:\/\/www.icip.cat\/ca\/#website","url":"https:\/\/www.icip.cat\/ca\/","name":"ICIP","description":"","publisher":{"@id":"https:\/\/www.icip.cat\/ca\/#organization"},"potentialAction":[{"@type":"SearchAction","target":{"@type":"EntryPoint","urlTemplate":"https:\/\/www.icip.cat\/ca\/?s={search_term_string}"},"query-input":{"@type":"PropertyValueSpecification","valueRequired":true,"valueName":"search_term_string"}}],"inLanguage":"ca"},{"@type":"Organization","@id":"https:\/\/www.icip.cat\/ca\/#organization","name":"ICIP","url":"https:\/\/www.icip.cat\/ca\/","logo":{"@type":"ImageObject","inLanguage":"ca","@id":"https:\/\/www.icip.cat\/ca\/#\/schema\/logo\/image\/","url":"https:\/\/www.icip.cat\/wp-content\/uploads\/2021\/02\/logo-2.png","contentUrl":"https:\/\/www.icip.cat\/wp-content\/uploads\/2021\/02\/logo-2.png","width":562,"height":391,"caption":"ICIP"},"image":{"@id":"https:\/\/www.icip.cat\/ca\/#\/schema\/logo\/image\/"}}]}},"_links":{"self":[{"href":"https:\/\/www.icip.cat\/ca\/wp-json\/wp\/v2\/icip_seminar\/2944","targetHints":{"allow":["GET"]}}],"collection":[{"href":"https:\/\/www.icip.cat\/ca\/wp-json\/wp\/v2\/icip_seminar"}],"about":[{"href":"https:\/\/www.icip.cat\/ca\/wp-json\/wp\/v2\/types\/icip_seminar"}],"version-history":[{"count":6,"href":"https:\/\/www.icip.cat\/ca\/wp-json\/wp\/v2\/icip_seminar\/2944\/revisions"}],"predecessor-version":[{"id":15056,"href":"https:\/\/www.icip.cat\/ca\/wp-json\/wp\/v2\/icip_seminar\/2944\/revisions\/15056"}],"wp:featuredmedia":[{"embeddable":true,"href":"https:\/\/www.icip.cat\/ca\/wp-json\/wp\/v2\/media\/14352"}],"wp:attachment":[{"href":"https:\/\/www.icip.cat\/ca\/wp-json\/wp\/v2\/media?parent=2944"}],"curies":[{"name":"wp","href":"https:\/\/api.w.org\/{rel}","templated":true}]}}

Jornada &#8220;30 anys del referèndum sobre la permanència a l&#8217;OTAN&#8221;

<p>Coincidint amb els 30 anys del referèndum del 12 de març de 1986 sobre la permanència d&#8217;Espanya a l&#8217;OTAN, l&#8217;ICIP va organitzar una jornada per recordar la campanya catalana favorable a la sortida i reflexionar sobre l&#8217;evolució que ha tingut l&#8217;aliança atlàntica al llarg d&#8217;aquestes tres dècades, coincidint també amb la presentació del llibre&nbsp;<em><a href="http://icip.gencat.cat/ca/detalls/Article/Eines017" target="_blank" rel="noreferrer noopener">Trenta preguntes sobre l’OTAN. Trenta anys després del referèndum</a>,&nbsp;</em>elaborat pel Centre Delàs d’Estudis per la Pau i publicat a la col·lecció &#8216;Eines de pau, seguretat i justícia&#8217; de l&#8217;ICIP.&nbsp;</p>



<p>L&#8217;acte de commemoració va constar de la taula rodona &#8216;Tot recordant la campanya del referèndum del 1986&#8217;<strong>,</strong> amb Enric Prat, Gabriela Serra i Antoni Pigrau, activistes de la campanya; i el debat posterior &#8216;El paper de l&#8217;OTAN en l&#8217;actualitat&#8217;, amb les intervencions de Julio Rodríguez, excap de l’Estat Major de la Defensa; José Luis Gordillo, investigador del Centre Delàs; i Rafael Grasa, president de l&#8217;ICIP. </p>



<p><strong>Vídeo de la jornada (sessió a sessió):</strong></p>



<figure class="wp-block-embed-youtube wp-block-embed is-type-video is-provider-youtube wp-embed-aspect-16-9 wp-has-aspect-ratio"><div class="wp-block-embed__wrapper">
<iframe title="Jornada &quot;30 anys del referèndum sobre l&#039;OTAN&quot;" width="640" height="360" src="https://www.youtube.com/embed/videoseries?list=PLnRJUy9WU-3A6Baa7VR-2x7vNSEEvXvbt" frameborder="0" allow="accelerometer; autoplay; clipboard-write; encrypted-media; gyroscope; picture-in-picture; web-share" referrerpolicy="strict-origin-when-cross-origin" allowfullscreen></iframe>
</div></figure>

<!-- This site is optimized with the Yoast SEO plugin v25.6 - https://yoast.com/wordpress/plugins/seo/ -->
<title>Jornada &quot;30 anys del referèndum sobre la permanència a l&#039;OTAN&quot; - ICIP</title>
<meta name="robots" content="index, follow, max-snippet:-1, max-image-preview:large, max-video-preview:-1" />
<link rel="canonical" href="https://www.icip.cat/ca/seminaris/jornada-30-anys-del-referendum-sobre-la-permanencia-a-lotan/" />
<meta property="og:locale" content="ca_ES" />
<meta property="og:type" content="article" />
<meta property="og:title" content="Jornada &quot;30 anys del referèndum sobre la permanència a l&#039;OTAN&quot; - ICIP" />
<meta property="og:description" content="Coincidint amb els 30 anys del referèndum del 12 de març de 1986 sobre la permanència d&#8217;Espanya a l&#8217;OTAN, l&#8217;ICIP va organitzar una jornada per recordar la campanya catalana favorable a la sortida i reflexionar sobre l&#8217;evolució que ha tingut l&#8217;aliança atlàntica al llarg d&#8217;aquestes tres dècades, coincidint també amb la presentació del llibre&nbsp;Trenta preguntes [&hellip;]" />
<meta property="og:url" content="https://www.icip.cat/ca/seminaris/jornada-30-anys-del-referendum-sobre-la-permanencia-a-lotan/" />
<meta property="og:site_name" content="ICIP" />
<meta property="article:modified_time" content="2021-01-27T11:49:15+00:00" />
<meta property="og:image" content="https://www.icip.cat/wp-content/uploads/2020/11/seminaris15.jpg" />
	<meta property="og:image:width" content="560" />
	<meta property="og:image:height" content="420" />
	<meta property="og:image:type" content="image/jpeg" />
<meta name="twitter:card" content="summary_large_image" />
<meta name="twitter:label1" content="Temps estimat de lectura" />
	<meta name="twitter:data1" content="1 minut" />
<script type="application/ld+json" class="yoast-schema-graph">{"@context":"https://schema.org","@graph":[{"@type":"WebPage","@id":"https://www.icip.cat/ca/seminaris/jornada-30-anys-del-referendum-sobre-la-permanencia-a-lotan/","url":"https://www.icip.cat/ca/seminaris/jornada-30-anys-del-referendum-sobre-la-permanencia-a-lotan/","name":"Jornada \"30 anys del referèndum sobre la permanència a l'OTAN\" - ICIP","isPartOf":{"@id":"https://www.icip.cat/ca/#website"},"primaryImageOfPage":{"@id":"https://www.icip.cat/ca/seminaris/jornada-30-anys-del-referendum-sobre-la-permanencia-a-lotan/#primaryimage"},"image":{"@id":"https://www.icip.cat/ca/seminaris/jornada-30-anys-del-referendum-sobre-la-permanencia-a-lotan/#primaryimage"},"thumbnailUrl":"https://www.icip.cat/wp-content/uploads/2020/11/seminaris15.jpg","datePublished":"2020-11-27T13:19:14+00:00","dateModified":"2021-01-27T11:49:15+00:00","inLanguage":"ca","potentialAction":[{"@type":"ReadAction","target":["https://www.icip.cat/ca/seminaris/jornada-30-anys-del-referendum-sobre-la-permanencia-a-lotan/"]}]},{"@type":"ImageObject","inLanguage":"ca","@id":"https://www.icip.cat/ca/seminaris/jornada-30-anys-del-referendum-sobre-la-permanencia-a-lotan/#primaryimage","url":"https://www.icip.cat/wp-content/uploads/2020/11/seminaris15.jpg","contentUrl":"https://www.icip.cat/wp-content/uploads/2020/11/seminaris15.jpg","width":560,"height":420},{"@type":"WebSite","@id":"https://www.icip.cat/ca/#website","url":"https://www.icip.cat/ca/","name":"ICIP","description":"","publisher":{"@id":"https://www.icip.cat/ca/#organization"},"potentialAction":[{"@type":"SearchAction","target":{"@type":"EntryPoint","urlTemplate":"https://www.icip.cat/ca/?s={search_term_string}"},"query-input":{"@type":"PropertyValueSpecification","valueRequired":true,"valueName":"search_term_string"}}],"inLanguage":"ca"},{"@type":"Organization","@id":"https://www.icip.cat/ca/#organization","name":"ICIP","url":"https://www.icip.cat/ca/","logo":{"@type":"ImageObject","inLanguage":"ca","@id":"https://www.icip.cat/ca/#/schema/logo/image/","url":"https://www.icip.cat/wp-content/uploads/2021/02/logo-2.png","contentUrl":"https://www.icip.cat/wp-content/uploads/2021/02/logo-2.png","width":562,"height":391,"caption":"ICIP"},"image":{"@id":"https://www.icip.cat/ca/#/schema/logo/image/"}}]}</script>
<!-- / Yoast SEO plugin. -->

Jornada "30 anys del referèndum sobre la permanència a l'OTAN" - ICIP

Coincidint amb els 30 anys del referèndum del 12 de març de 1986 sobre la permanència d&#8217;Espanya a l&#8217;OTAN, l&#8217;ICIP va organitzar una jornada per recordar la campanya catalana favorable a la sortida i reflexionar sobre l&#8217;evolució que ha tingut l&#8217;aliança atlàntica al llarg d&#8217;aquestes tres dècades, coincidint també amb la presentació del llibre&nbsp;Trenta preguntes [&hellip;]
