{"id":42315,"date":"2023-12-05T13:19:46","date_gmt":"2023-12-05T13:19:46","guid":{"rendered":"https:\/\/www.icip.cat\/?page_id=42315"},"modified":"2023-12-05T13:19:50","modified_gmt":"2023-12-05T13:19:50","slug":"sala-de-premsa","status":"publish","type":"page","link":"https:\/\/www.icip.cat\/ca\/sala-de-premsa\/","title":{"rendered":"Sala de premsa"},"content":{"rendered":"\n<p class=\"has-text-align-center\">Aqu\u00ed podeu llegir i descarregar-vos el pdf del dossier de premsa amb tota la informaci\u00f3 relativa alprojecte C\u00e0psules de Pau i la seva p\u00e0gina web. Tamb\u00e9 posem a la vostra disposici\u00f3 el kit de premsa que hem preparat amb una selecci\u00f3 d\u2019imatges relatives al web i una petita guia per l\u2019usuari<\/p>\n\n\n\n<p class=\"has-text-align-center\">Contacte: Eug\u00e8nia Riera<br>comunicacio.icip@gencat.cat<\/p>\n\n\n\n<h2 class=\"wp-block-heading\">Dossier de premsa<\/h2>\n\n\n\n<p>L\u2019ICIP presenta el projecte<\/p>\n\n\n\n<p class=\"has-large-font-size\">C\u00c0PSULES DE PAU<\/p>\n\n\n\n<h3 class=\"wp-block-heading\">Qu\u00e8 \u00e9s per a tu La Pau?<\/h3>\n\n\n\n<p>La percepci\u00f3 de la pau varia molt segons el moment hist\u00f2ric, el context sociopol\u00edtic, la cultura, la religi\u00f3 i la pr\u00f2pia experi\u00e8ncia vital.<\/p>\n\n\n\n<p>El projecte C\u00e0psules de Pau \u00e9s una coproducci\u00f3 de l\u2019Institut Catal\u00e0 Internacional per la Pau (ICIP) i el Col\u00b7lectiu Contrast, amb la col\u00b7laboraci\u00f3 de Digital Dosis, que vol mostrar aquesta diversitat de visions i expectatives que es projecten sobre la paraula Pau.<\/p>\n\n\n\n<p>52 persones d\u2019arreu del m\u00f3n responen a la pregunta: Qu\u00e8 \u00e9s per a tu la pau? posant-la en relaci\u00f3 amb l\u2019experi\u00e8ncia viscuda en pa\u00efsos en conflicte o amb el seu comprom\u00eds contra la guerra i amb la construcci\u00f3 de la pau.<\/p>\n\n\n\n<p>Cada una d\u2019aquestes reflexions, editades en v\u00eddeo amb subt\u00edtols en catal\u00e0, castell\u00e0 i angl\u00e8s, s\u2019anomenen c\u00e0psules, i estan recopilades en el web www.capsulesdepau.com. Les diferents c\u00e0psules estan ordenades per nom, data o pa\u00eds de proced\u00e8ncia. Entre les persones que han participat al projecte i que expliquen la seva visi\u00f3 de la pau hi trobem:<\/p>\n\n\n\n<p><strong>\u00b7 Investigadors per la pau<\/strong>, com John Paul Lederach (docent a l&#8217;Institut Joan B. Kroc per a Estudis Internacionals sobre la Pau de la Universitat de Notre Dame), Jenny Pearce (directora del Centre Internacional d&#8217;Estudis de Participaci\u00f3 del Departament d&#8217;Estudis de Pau de la Universitat de Bradford) o Christopher Kayumba (director del diari rwand\u00e8s The Chronicles).<\/p>\n\n\n\n<p><strong>\u00b7 Activistes per la pau<\/strong>, com Pepe Beunza (primer objector de consci\u00e8ncia de l\u2019Estat espanyol per motius ideol\u00f2gics), Marina Gallego (membre de la Ruta Pac\u00edfica de las Mujeres de Col\u00f2mbia), o Yolanda Aguilar (fundadora de l\u2019organitzaci\u00f3 Actoras de Cambio de Guatemala);<\/p>\n\n\n\n<p><strong>\u00b7 Persones que han viscut de prop un conflicte<\/strong>, com Nadia Ghulam (v\u00edctima de la guerra de l\u2019Afganistan), Mohlamin M. Brahim (refugiat als campaments sahrau\u00eds d\u2019Alg\u00e8ria), Ali Abou (exrecl\u00fas liban\u00e8s) o Neus Catal\u00e0 (supervivent al camp de concentraci\u00f3 de Ravensbr\u00fcck).<\/p>\n\n\n\n<p>La diversitat de rols dels protagonistes i la seva proced\u00e8ncia (Afganistan, B\u00f2snia, Col\u00f2mbia, Guatemala, Iraq, L\u00edban, Rwanda, S\u00e0hara, Tibet, entre d\u2019altres) permet construir una visi\u00f3 de pau global.<\/p>\n\n\n\n<p>La pau com a sin\u00f2nim de just\u00edcia social, d\u2019igualtat d\u2019oportunitats, d\u2019abs\u00e8ncia de viol\u00e8ncia directa i indirecta, de lluita pel reconeixement del drets humans, per\u00f2 tamb\u00e9 la pau entesa com a harmonia, com a pau interior.<\/p>\n\n\n\n<h3 class=\"wp-block-heading\">Materials educatius<\/h3>\n\n\n\n<p>Com a complement a les c\u00e0psules, el web www.capsulesdepau.com cont\u00e9 tamb\u00e9 diferents&nbsp;<strong>propostes de treball<\/strong>&nbsp;que tenen per objectiu fomentar compet\u00e8ncies personals que facilitin l\u2019an\u00e0lisi de les viol\u00e8ncies i les oportunitats de la pau aix\u00ed com la pr\u00e0ctica de transformaci\u00f3 creativa dels conflictes, tot cercant el comprom\u00eds amb la promoci\u00f3 d\u2019una pau positiva.<\/p>\n\n\n\n<p>Aquests&nbsp;<strong>materials did\u00e0ctics<\/strong>&nbsp;s\u2019adrecen a l\u2019\u00e0mbit formal i no formal de l\u2019educaci\u00f3 per facilitar un treball m\u00e9s integral que avanci en la inclusi\u00f3 de la cultura de pau en el projecte educatiu.<\/p>\n\n\n\n<p>Dossier de premsa<\/p>\n\n\n\n<p>Kit de premsa<\/p>\n","protected":false},"excerpt":{"rendered":"<p>Aqu\u00ed podeu llegir i descarregar-vos el pdf del dossier de premsa amb tota la informaci\u00f3 relativa alprojecte C\u00e0psules de Pau i la seva p\u00e0gina web. Tamb\u00e9 posem a la vostra disposici\u00f3 el kit de premsa que hem preparat amb una selecci\u00f3 d\u2019imatges relatives al web i una petita guia per l\u2019usuari Contacte: Eug\u00e8nia Rieracomunicacio.icip@gencat.cat Dossier [&hellip;]<\/p>\n","protected":false},"author":1,"featured_media":0,"parent":0,"menu_order":0,"comment_status":"closed","ping_status":"closed","template":"\/home\/icip\/src\/icip\/www\/wp-content\/plugins\/icip-capsules\/templates\/icip-capsules-press.php","meta":{"_acf_changed":false,"footnotes":""},"class_list":["post-42315","page","type-page","status-publish","hentry"],"acf":[],"yoast_head":"<!-- This site is optimized with the Yoast SEO plugin v25.6 - https:\/\/yoast.com\/wordpress\/plugins\/seo\/ -->\n<title>Sala de premsa - ICIP<\/title>\n<meta name=\"robots\" content=\"index, follow, max-snippet:-1, max-image-preview:large, max-video-preview:-1\" \/>\n<link rel=\"canonical\" href=\"https:\/\/www.icip.cat\/ca\/sala-de-premsa\/\" \/>\n<meta property=\"og:locale\" content=\"ca_ES\" \/>\n<meta property=\"og:type\" content=\"article\" \/>\n<meta property=\"og:title\" content=\"Sala de premsa - ICIP\" \/>\n<meta property=\"og:description\" content=\"Aqu\u00ed podeu llegir i descarregar-vos el pdf del dossier de premsa amb tota la informaci\u00f3 relativa alprojecte C\u00e0psules de Pau i la seva p\u00e0gina web. Tamb\u00e9 posem a la vostra disposici\u00f3 el kit de premsa que hem preparat amb una selecci\u00f3 d\u2019imatges relatives al web i una petita guia per l\u2019usuari Contacte: Eug\u00e8nia Rieracomunicacio.icip@gencat.cat Dossier [&hellip;]\" \/>\n<meta property=\"og:url\" content=\"https:\/\/www.icip.cat\/ca\/sala-de-premsa\/\" \/>\n<meta property=\"og:site_name\" content=\"ICIP\" \/>\n<meta property=\"article:modified_time\" content=\"2023-12-05T13:19:50+00:00\" \/>\n<meta name=\"twitter:card\" content=\"summary_large_image\" \/>\n<meta name=\"twitter:label1\" content=\"Temps estimat de lectura\" \/>\n\t<meta name=\"twitter:data1\" content=\"3 minuts\" \/>\n<script type=\"application\/ld+json\" class=\"yoast-schema-graph\">{\"@context\":\"https:\/\/schema.org\",\"@graph\":[{\"@type\":\"WebPage\",\"@id\":\"https:\/\/www.icip.cat\/ca\/sala-de-premsa\/\",\"url\":\"https:\/\/www.icip.cat\/ca\/sala-de-premsa\/\",\"name\":\"Sala de premsa - ICIP\",\"isPartOf\":{\"@id\":\"https:\/\/www.icip.cat\/ca\/#website\"},\"datePublished\":\"2023-12-05T13:19:46+00:00\",\"dateModified\":\"2023-12-05T13:19:50+00:00\",\"inLanguage\":\"ca\",\"potentialAction\":[{\"@type\":\"ReadAction\",\"target\":[\"https:\/\/www.icip.cat\/ca\/sala-de-premsa\/\"]}]},{\"@type\":\"WebSite\",\"@id\":\"https:\/\/www.icip.cat\/ca\/#website\",\"url\":\"https:\/\/www.icip.cat\/ca\/\",\"name\":\"ICIP\",\"description\":\"\",\"publisher\":{\"@id\":\"https:\/\/www.icip.cat\/ca\/#organization\"},\"potentialAction\":[{\"@type\":\"SearchAction\",\"target\":{\"@type\":\"EntryPoint\",\"urlTemplate\":\"https:\/\/www.icip.cat\/ca\/?s={search_term_string}\"},\"query-input\":{\"@type\":\"PropertyValueSpecification\",\"valueRequired\":true,\"valueName\":\"search_term_string\"}}],\"inLanguage\":\"ca\"},{\"@type\":\"Organization\",\"@id\":\"https:\/\/www.icip.cat\/ca\/#organization\",\"name\":\"ICIP\",\"url\":\"https:\/\/www.icip.cat\/ca\/\",\"logo\":{\"@type\":\"ImageObject\",\"inLanguage\":\"ca\",\"@id\":\"https:\/\/www.icip.cat\/ca\/#\/schema\/logo\/image\/\",\"url\":\"https:\/\/www.icip.cat\/wp-content\/uploads\/2021\/02\/logo-2.png\",\"contentUrl\":\"https:\/\/www.icip.cat\/wp-content\/uploads\/2021\/02\/logo-2.png\",\"width\":562,\"height\":391,\"caption\":\"ICIP\"},\"image\":{\"@id\":\"https:\/\/www.icip.cat\/ca\/#\/schema\/logo\/image\/\"}}]}<\/script>\n<!-- \/ Yoast SEO plugin. -->","yoast_head_json":{"title":"Sala de premsa - ICIP","robots":{"index":"index","follow":"follow","max-snippet":"max-snippet:-1","max-image-preview":"max-image-preview:large","max-video-preview":"max-video-preview:-1"},"canonical":"https:\/\/www.icip.cat\/ca\/sala-de-premsa\/","og_locale":"ca_ES","og_type":"article","og_title":"Sala de premsa - ICIP","og_description":"Aqu\u00ed podeu llegir i descarregar-vos el pdf del dossier de premsa amb tota la informaci\u00f3 relativa alprojecte C\u00e0psules de Pau i la seva p\u00e0gina web. Tamb\u00e9 posem a la vostra disposici\u00f3 el kit de premsa que hem preparat amb una selecci\u00f3 d\u2019imatges relatives al web i una petita guia per l\u2019usuari Contacte: Eug\u00e8nia Rieracomunicacio.icip@gencat.cat Dossier [&hellip;]","og_url":"https:\/\/www.icip.cat\/ca\/sala-de-premsa\/","og_site_name":"ICIP","article_modified_time":"2023-12-05T13:19:50+00:00","twitter_card":"summary_large_image","twitter_misc":{"Temps estimat de lectura":"3 minuts"},"schema":{"@context":"https:\/\/schema.org","@graph":[{"@type":"WebPage","@id":"https:\/\/www.icip.cat\/ca\/sala-de-premsa\/","url":"https:\/\/www.icip.cat\/ca\/sala-de-premsa\/","name":"Sala de premsa - ICIP","isPartOf":{"@id":"https:\/\/www.icip.cat\/ca\/#website"},"datePublished":"2023-12-05T13:19:46+00:00","dateModified":"2023-12-05T13:19:50+00:00","inLanguage":"ca","potentialAction":[{"@type":"ReadAction","target":["https:\/\/www.icip.cat\/ca\/sala-de-premsa\/"]}]},{"@type":"WebSite","@id":"https:\/\/www.icip.cat\/ca\/#website","url":"https:\/\/www.icip.cat\/ca\/","name":"ICIP","description":"","publisher":{"@id":"https:\/\/www.icip.cat\/ca\/#organization"},"potentialAction":[{"@type":"SearchAction","target":{"@type":"EntryPoint","urlTemplate":"https:\/\/www.icip.cat\/ca\/?s={search_term_string}"},"query-input":{"@type":"PropertyValueSpecification","valueRequired":true,"valueName":"search_term_string"}}],"inLanguage":"ca"},{"@type":"Organization","@id":"https:\/\/www.icip.cat\/ca\/#organization","name":"ICIP","url":"https:\/\/www.icip.cat\/ca\/","logo":{"@type":"ImageObject","inLanguage":"ca","@id":"https:\/\/www.icip.cat\/ca\/#\/schema\/logo\/image\/","url":"https:\/\/www.icip.cat\/wp-content\/uploads\/2021\/02\/logo-2.png","contentUrl":"https:\/\/www.icip.cat\/wp-content\/uploads\/2021\/02\/logo-2.png","width":562,"height":391,"caption":"ICIP"},"image":{"@id":"https:\/\/www.icip.cat\/ca\/#\/schema\/logo\/image\/"}}]}},"_links":{"self":[{"href":"https:\/\/www.icip.cat\/ca\/wp-json\/wp\/v2\/pages\/42315","targetHints":{"allow":["GET"]}}],"collection":[{"href":"https:\/\/www.icip.cat\/ca\/wp-json\/wp\/v2\/pages"}],"about":[{"href":"https:\/\/www.icip.cat\/ca\/wp-json\/wp\/v2\/types\/page"}],"author":[{"embeddable":true,"href":"https:\/\/www.icip.cat\/ca\/wp-json\/wp\/v2\/users\/1"}],"replies":[{"embeddable":true,"href":"https:\/\/www.icip.cat\/ca\/wp-json\/wp\/v2\/comments?post=42315"}],"version-history":[{"count":1,"href":"https:\/\/www.icip.cat\/ca\/wp-json\/wp\/v2\/pages\/42315\/revisions"}],"predecessor-version":[{"id":42316,"href":"https:\/\/www.icip.cat\/ca\/wp-json\/wp\/v2\/pages\/42315\/revisions\/42316"}],"wp:attachment":[{"href":"https:\/\/www.icip.cat\/ca\/wp-json\/wp\/v2\/media?parent=42315"}],"curies":[{"name":"wp","href":"https:\/\/api.w.org\/{rel}","templated":true}]}}

<p class="has-text-align-center">Aquí podeu llegir i descarregar-vos el pdf del dossier de premsa amb tota la informació relativa alprojecte Càpsules de Pau i la seva pàgina web. També posem a la vostra disposició el kit de premsa que hem preparat amb una selecció d’imatges relatives al web i una petita guia per l’usuari</p>



<p class="has-text-align-center">Contacte: Eugènia Riera<br>comunicacio.icip@gencat.cat</p>



<h2 class="wp-block-heading">Dossier de premsa</h2>



<p>L’ICIP presenta el projecte</p>



<p class="has-large-font-size">CÀPSULES DE PAU</p>



<h3 class="wp-block-heading">Què és per a tu La Pau?</h3>



<p>La percepció de la pau varia molt segons el moment històric, el context sociopolític, la cultura, la religió i la pròpia experiència vital.</p>



<p>El projecte Càpsules de Pau és una coproducció de l’Institut Català Internacional per la Pau (ICIP) i el Col·lectiu Contrast, amb la col·laboració de Digital Dosis, que vol mostrar aquesta diversitat de visions i expectatives que es projecten sobre la paraula Pau.</p>



<p>52 persones d’arreu del món responen a la pregunta: Què és per a tu la pau? posant-la en relació amb l’experiència viscuda en països en conflicte o amb el seu compromís contra la guerra i amb la construcció de la pau.</p>



<p>Cada una d’aquestes reflexions, editades en vídeo amb subtítols en català, castellà i anglès, s’anomenen càpsules, i estan recopilades en el web www.capsulesdepau.com. Les diferents càpsules estan ordenades per nom, data o país de procedència. Entre les persones que han participat al projecte i que expliquen la seva visió de la pau hi trobem:</p>



<p><strong>· Investigadors per la pau</strong>, com John Paul Lederach (docent a l&#8217;Institut Joan B. Kroc per a Estudis Internacionals sobre la Pau de la Universitat de Notre Dame), Jenny Pearce (directora del Centre Internacional d&#8217;Estudis de Participació del Departament d&#8217;Estudis de Pau de la Universitat de Bradford) o Christopher Kayumba (director del diari rwandès The Chronicles).</p>



<p><strong>· Activistes per la pau</strong>, com Pepe Beunza (primer objector de consciència de l’Estat espanyol per motius ideològics), Marina Gallego (membre de la Ruta Pacífica de las Mujeres de Colòmbia), o Yolanda Aguilar (fundadora de l’organització Actoras de Cambio de Guatemala);</p>



<p><strong>· Persones que han viscut de prop un conflicte</strong>, com Nadia Ghulam (víctima de la guerra de l’Afganistan), Mohlamin M. Brahim (refugiat als campaments sahrauís d’Algèria), Ali Abou (exreclús libanès) o Neus Català (supervivent al camp de concentració de Ravensbrück).</p>



<p>La diversitat de rols dels protagonistes i la seva procedència (Afganistan, Bòsnia, Colòmbia, Guatemala, Iraq, Líban, Rwanda, Sàhara, Tibet, entre d’altres) permet construir una visió de pau global.</p>



<p>La pau com a sinònim de justícia social, d’igualtat d’oportunitats, d’absència de violència directa i indirecta, de lluita pel reconeixement del drets humans, però també la pau entesa com a harmonia, com a pau interior.</p>



<h3 class="wp-block-heading">Materials educatius</h3>



<p>Com a complement a les càpsules, el web www.capsulesdepau.com conté també diferents&nbsp;<strong>propostes de treball</strong>&nbsp;que tenen per objectiu fomentar competències personals que facilitin l’anàlisi de les violències i les oportunitats de la pau així com la pràctica de transformació creativa dels conflictes, tot cercant el compromís amb la promoció d’una pau positiva.</p>



<p>Aquests&nbsp;<strong>materials didàctics</strong>&nbsp;s’adrecen a l’àmbit formal i no formal de l’educació per facilitar un treball més integral que avanci en la inclusió de la cultura de pau en el projecte educatiu.</p>



<p>Dossier de premsa</p>



<p>Kit de premsa</p>

<p>Aquí podeu llegir i descarregar-vos el pdf del dossier de premsa amb tota la informació relativa alprojecte Càpsules de Pau i la seva pàgina web. També posem a la vostra disposició el kit de premsa que hem preparat amb una selecció d’imatges relatives al web i una petita guia per l’usuari Contacte: Eugènia Rieracomunicacio.icip@gencat.cat Dossier [&hellip;]</p>

<!-- This site is optimized with the Yoast SEO plugin v25.6 - https://yoast.com/wordpress/plugins/seo/ -->
<title>Sala de premsa - ICIP</title>
<meta name="robots" content="index, follow, max-snippet:-1, max-image-preview:large, max-video-preview:-1" />
<link rel="canonical" href="https://www.icip.cat/ca/sala-de-premsa/" />
<meta property="og:locale" content="ca_ES" />
<meta property="og:type" content="article" />
<meta property="og:title" content="Sala de premsa - ICIP" />
<meta property="og:description" content="Aquí podeu llegir i descarregar-vos el pdf del dossier de premsa amb tota la informació relativa alprojecte Càpsules de Pau i la seva pàgina web. També posem a la vostra disposició el kit de premsa que hem preparat amb una selecció d’imatges relatives al web i una petita guia per l’usuari Contacte: Eugènia Rieracomunicacio.icip@gencat.cat Dossier [&hellip;]" />
<meta property="og:url" content="https://www.icip.cat/ca/sala-de-premsa/" />
<meta property="og:site_name" content="ICIP" />
<meta property="article:modified_time" content="2023-12-05T13:19:50+00:00" />
<meta name="twitter:card" content="summary_large_image" />
<meta name="twitter:label1" content="Temps estimat de lectura" />
	<meta name="twitter:data1" content="3 minuts" />
<script type="application/ld+json" class="yoast-schema-graph">{"@context":"https://schema.org","@graph":[{"@type":"WebPage","@id":"https://www.icip.cat/ca/sala-de-premsa/","url":"https://www.icip.cat/ca/sala-de-premsa/","name":"Sala de premsa - ICIP","isPartOf":{"@id":"https://www.icip.cat/ca/#website"},"datePublished":"2023-12-05T13:19:46+00:00","dateModified":"2023-12-05T13:19:50+00:00","inLanguage":"ca","potentialAction":[{"@type":"ReadAction","target":["https://www.icip.cat/ca/sala-de-premsa/"]}]},{"@type":"WebSite","@id":"https://www.icip.cat/ca/#website","url":"https://www.icip.cat/ca/","name":"ICIP","description":"","publisher":{"@id":"https://www.icip.cat/ca/#organization"},"potentialAction":[{"@type":"SearchAction","target":{"@type":"EntryPoint","urlTemplate":"https://www.icip.cat/ca/?s={search_term_string}"},"query-input":{"@type":"PropertyValueSpecification","valueRequired":true,"valueName":"search_term_string"}}],"inLanguage":"ca"},{"@type":"Organization","@id":"https://www.icip.cat/ca/#organization","name":"ICIP","url":"https://www.icip.cat/ca/","logo":{"@type":"ImageObject","inLanguage":"ca","@id":"https://www.icip.cat/ca/#/schema/logo/image/","url":"https://www.icip.cat/wp-content/uploads/2021/02/logo-2.png","contentUrl":"https://www.icip.cat/wp-content/uploads/2021/02/logo-2.png","width":562,"height":391,"caption":"ICIP"},"image":{"@id":"https://www.icip.cat/ca/#/schema/logo/image/"}}]}</script>
<!-- / Yoast SEO plugin. -->

Aquí podeu llegir i descarregar-vos el pdf del dossier de premsa amb tota la informació relativa alprojecte Càpsules de Pau i la seva pàgina web. També posem a la vostra disposició el kit de premsa que hem preparat amb una selecció d’imatges relatives al web i una petita guia per l’usuari Contacte: Eugènia Rieracomunicacio.icip@gencat.cat Dossier [&hellip;]
