{"id":19314,"date":"2021-05-28T10:37:26","date_gmt":"2021-05-28T10:37:26","guid":{"rendered":"http:\/\/www.icip.cat\/event\/lanzamiento-del-documental-reescribiendo-el-exilo\/"},"modified":"2021-05-28T10:54:35","modified_gmt":"2021-05-28T10:54:35","slug":"documentary-launch-reescribiendo-el-exilo","status":"publish","type":"icip_event","link":"https:\/\/www.icip.cat\/en\/event\/documentary-launch-reescribiendo-el-exilo\/","title":{"rendered":"Documentary Launch: \u2018Reescribiendo el exilo\u2019"},"content":{"rendered":"\n<p>The ICIP and the Colombian Truth Commission will present next Saturday, June 5, the documentary &#8216;Reescribiendo el exilio&#8217; (Rewriting the Exile), a film that intersects the stories of the sons and daughters of Colombian exiles who live in different European countries and who, as a consequence of the Colombian armed conflict, grew up &#8211; or were born &#8211; in other territories and cultures.<\/p>\n\n\n\n<p>The event, which includes the screening of the documentary and a subsequent dialogue, will begin at 17:00 CET \/ 10 AM (Colombia).<\/p>\n\n\n\n<p>The documentary director, Monica Granda Restrepo, and several group members of second generations in exile will participate in the event. They will talk from their experiences and life stories about the past, present and future of the sons and daughters of those people who had to leave Colombia forcibly. <\/p>\n\n\n\n<p>The event will be moderated by Silvia Plana, one of the people in charge of the <a href=\"http:\/\/www.icip.cat\/en\/memory-coexistence-and-reconciliation\/\" target=\"_blank\" rel=\"noreferrer noopener\">Memory, Coexistence and Reconciliation<\/a> work area of the ICIP.<\/p>\n\n\n\n<p><em>Reescribiendo el exilio<\/em> collects the testimonies of Nicol\u00e1s, Karim, Alejandra and Andrea and shows images recorded at the meeting of second generations held in Bilbao in 2019. The documentary seeks to help the Colombian exile to come out of anonymity.<\/p>\n\n\n\n<p>The documentary has been made possible thanks to the support of ICIP (International Catalan Institute for Peace), \u00a0the Catalan\u00a0Agency for Development Cooperation and the Colombian Truth Commission.<\/p>\n\n\n\n<p>The event will be broadcast on the <a href=\"https:\/\/www.youtube.com\/channel\/UCCYEPSzpYaPqs3ajvn0yL5A\" target=\"_blank\" rel=\"noreferrer noopener\">YouTube<\/a> channel and the <a href=\"https:\/\/www.facebook.com\/ComisionVerdadC\" target=\"_blank\" rel=\"noreferrer noopener\">Facebook<\/a> page of the Colombian Truth Commission.<\/p>\n\n\n\n<figure class=\"wp-block-image size-large\"><img fetchpriority=\"high\" decoding=\"async\" width=\"1024\" height=\"576\" src=\"http:\/\/www.icip.cat\/wp-content\/uploads\/2021\/05\/redes-1024x576.jpg\" alt=\"\" class=\"wp-image-19284\" srcset=\"https:\/\/www.icip.cat\/wp-content\/uploads\/2021\/05\/redes-1024x576.jpg 1024w, https:\/\/www.icip.cat\/wp-content\/uploads\/2021\/05\/redes-300x169.jpg 300w, https:\/\/www.icip.cat\/wp-content\/uploads\/2021\/05\/redes-768x432.jpg 768w, https:\/\/www.icip.cat\/wp-content\/uploads\/2021\/05\/redes-1536x864.jpg 1536w, https:\/\/www.icip.cat\/wp-content\/uploads\/2021\/05\/redes-2048x1153.jpg 2048w\" sizes=\"(max-width: 1024px) 100vw, 1024px\" \/><\/figure>\n","protected":false},"featured_media":19288,"template":"","class_list":["post-19314","icip_event","type-icip_event","status-publish","has-post-thumbnail","hentry"],"acf":[],"yoast_head":"<!-- This site is optimized with the Yoast SEO plugin v25.6 - https:\/\/yoast.com\/wordpress\/plugins\/seo\/ -->\n<title>Documentary Launch: \u2018Reescribiendo el exilo\u2019 - ICIP<\/title>\n<meta name=\"description\" content=\"El ICIP y la Comisi\u00f3n de la Verdad presentar\u00e1n el pr\u00f3ximo s\u00e1bado 5 de junio el documental Reescribiendo el exilio&#039;.\" \/>\n<meta name=\"robots\" content=\"index, follow, max-snippet:-1, max-image-preview:large, max-video-preview:-1\" \/>\n<link rel=\"canonical\" href=\"https:\/\/www.icip.cat\/en\/event\/documentary-launch-reescribiendo-el-exilo\/\" \/>\n<meta property=\"og:locale\" content=\"en_US\" \/>\n<meta property=\"og:type\" content=\"article\" \/>\n<meta property=\"og:title\" content=\"Documentary Launch: \u2018Reescribiendo el exilo\u2019 - ICIP\" \/>\n<meta property=\"og:description\" content=\"El ICIP y la Comisi\u00f3n de la Verdad presentar\u00e1n el pr\u00f3ximo s\u00e1bado 5 de junio el documental Reescribiendo el exilio&#039;.\" \/>\n<meta property=\"og:url\" content=\"https:\/\/www.icip.cat\/en\/event\/documentary-launch-reescribiendo-el-exilo\/\" \/>\n<meta property=\"og:site_name\" content=\"ICIP\" \/>\n<meta property=\"article:modified_time\" content=\"2021-05-28T10:54:35+00:00\" \/>\n<meta property=\"og:image\" content=\"https:\/\/www.icip.cat\/wp-content\/uploads\/2021\/05\/Captura-12.png\" \/>\n\t<meta property=\"og:image:width\" content=\"588\" \/>\n\t<meta property=\"og:image:height\" content=\"381\" \/>\n\t<meta property=\"og:image:type\" content=\"image\/png\" \/>\n<meta name=\"twitter:card\" content=\"summary_large_image\" \/>\n<meta name=\"twitter:label1\" content=\"Est. reading time\" \/>\n\t<meta name=\"twitter:data1\" content=\"2 minutes\" \/>\n<script type=\"application\/ld+json\" class=\"yoast-schema-graph\">{\"@context\":\"https:\/\/schema.org\",\"@graph\":[{\"@type\":\"WebPage\",\"@id\":\"https:\/\/www.icip.cat\/en\/event\/documentary-launch-reescribiendo-el-exilo\/\",\"url\":\"https:\/\/www.icip.cat\/en\/event\/documentary-launch-reescribiendo-el-exilo\/\",\"name\":\"Documentary Launch: \u2018Reescribiendo el exilo\u2019 - ICIP\",\"isPartOf\":{\"@id\":\"https:\/\/www.icip.cat\/ca\/#website\"},\"primaryImageOfPage\":{\"@id\":\"https:\/\/www.icip.cat\/en\/event\/documentary-launch-reescribiendo-el-exilo\/#primaryimage\"},\"image\":{\"@id\":\"https:\/\/www.icip.cat\/en\/event\/documentary-launch-reescribiendo-el-exilo\/#primaryimage\"},\"thumbnailUrl\":\"https:\/\/www.icip.cat\/wp-content\/uploads\/2021\/05\/Captura-12.png\",\"datePublished\":\"2021-05-28T10:37:26+00:00\",\"dateModified\":\"2021-05-28T10:54:35+00:00\",\"description\":\"El ICIP y la Comisi\u00f3n de la Verdad presentar\u00e1n el pr\u00f3ximo s\u00e1bado 5 de junio el documental Reescribiendo el exilio'.\",\"inLanguage\":\"en-US\",\"potentialAction\":[{\"@type\":\"ReadAction\",\"target\":[\"https:\/\/www.icip.cat\/en\/event\/documentary-launch-reescribiendo-el-exilo\/\"]}]},{\"@type\":\"ImageObject\",\"inLanguage\":\"en-US\",\"@id\":\"https:\/\/www.icip.cat\/en\/event\/documentary-launch-reescribiendo-el-exilo\/#primaryimage\",\"url\":\"https:\/\/www.icip.cat\/wp-content\/uploads\/2021\/05\/Captura-12.png\",\"contentUrl\":\"https:\/\/www.icip.cat\/wp-content\/uploads\/2021\/05\/Captura-12.png\",\"width\":588,\"height\":381},{\"@type\":\"WebSite\",\"@id\":\"https:\/\/www.icip.cat\/ca\/#website\",\"url\":\"https:\/\/www.icip.cat\/ca\/\",\"name\":\"ICIP\",\"description\":\"\",\"publisher\":{\"@id\":\"https:\/\/www.icip.cat\/ca\/#organization\"},\"potentialAction\":[{\"@type\":\"SearchAction\",\"target\":{\"@type\":\"EntryPoint\",\"urlTemplate\":\"https:\/\/www.icip.cat\/ca\/?s={search_term_string}\"},\"query-input\":{\"@type\":\"PropertyValueSpecification\",\"valueRequired\":true,\"valueName\":\"search_term_string\"}}],\"inLanguage\":\"en-US\"},{\"@type\":\"Organization\",\"@id\":\"https:\/\/www.icip.cat\/ca\/#organization\",\"name\":\"ICIP\",\"url\":\"https:\/\/www.icip.cat\/ca\/\",\"logo\":{\"@type\":\"ImageObject\",\"inLanguage\":\"en-US\",\"@id\":\"https:\/\/www.icip.cat\/ca\/#\/schema\/logo\/image\/\",\"url\":\"https:\/\/www.icip.cat\/wp-content\/uploads\/2021\/02\/logo-2.png\",\"contentUrl\":\"https:\/\/www.icip.cat\/wp-content\/uploads\/2021\/02\/logo-2.png\",\"width\":562,\"height\":391,\"caption\":\"ICIP\"},\"image\":{\"@id\":\"https:\/\/www.icip.cat\/ca\/#\/schema\/logo\/image\/\"}}]}<\/script>\n<!-- \/ Yoast SEO plugin. -->","yoast_head_json":{"title":"Documentary Launch: \u2018Reescribiendo el exilo\u2019 - ICIP","description":"El ICIP y la Comisi\u00f3n de la Verdad presentar\u00e1n el pr\u00f3ximo s\u00e1bado 5 de junio el documental Reescribiendo el exilio'.","robots":{"index":"index","follow":"follow","max-snippet":"max-snippet:-1","max-image-preview":"max-image-preview:large","max-video-preview":"max-video-preview:-1"},"canonical":"https:\/\/www.icip.cat\/en\/event\/documentary-launch-reescribiendo-el-exilo\/","og_locale":"en_US","og_type":"article","og_title":"Documentary Launch: \u2018Reescribiendo el exilo\u2019 - ICIP","og_description":"El ICIP y la Comisi\u00f3n de la Verdad presentar\u00e1n el pr\u00f3ximo s\u00e1bado 5 de junio el documental Reescribiendo el exilio'.","og_url":"https:\/\/www.icip.cat\/en\/event\/documentary-launch-reescribiendo-el-exilo\/","og_site_name":"ICIP","article_modified_time":"2021-05-28T10:54:35+00:00","og_image":[{"width":588,"height":381,"url":"https:\/\/www.icip.cat\/wp-content\/uploads\/2021\/05\/Captura-12.png","type":"image\/png"}],"twitter_card":"summary_large_image","twitter_misc":{"Est. reading time":"2 minutes"},"schema":{"@context":"https:\/\/schema.org","@graph":[{"@type":"WebPage","@id":"https:\/\/www.icip.cat\/en\/event\/documentary-launch-reescribiendo-el-exilo\/","url":"https:\/\/www.icip.cat\/en\/event\/documentary-launch-reescribiendo-el-exilo\/","name":"Documentary Launch: \u2018Reescribiendo el exilo\u2019 - ICIP","isPartOf":{"@id":"https:\/\/www.icip.cat\/ca\/#website"},"primaryImageOfPage":{"@id":"https:\/\/www.icip.cat\/en\/event\/documentary-launch-reescribiendo-el-exilo\/#primaryimage"},"image":{"@id":"https:\/\/www.icip.cat\/en\/event\/documentary-launch-reescribiendo-el-exilo\/#primaryimage"},"thumbnailUrl":"https:\/\/www.icip.cat\/wp-content\/uploads\/2021\/05\/Captura-12.png","datePublished":"2021-05-28T10:37:26+00:00","dateModified":"2021-05-28T10:54:35+00:00","description":"El ICIP y la Comisi\u00f3n de la Verdad presentar\u00e1n el pr\u00f3ximo s\u00e1bado 5 de junio el documental Reescribiendo el exilio'.","inLanguage":"en-US","potentialAction":[{"@type":"ReadAction","target":["https:\/\/www.icip.cat\/en\/event\/documentary-launch-reescribiendo-el-exilo\/"]}]},{"@type":"ImageObject","inLanguage":"en-US","@id":"https:\/\/www.icip.cat\/en\/event\/documentary-launch-reescribiendo-el-exilo\/#primaryimage","url":"https:\/\/www.icip.cat\/wp-content\/uploads\/2021\/05\/Captura-12.png","contentUrl":"https:\/\/www.icip.cat\/wp-content\/uploads\/2021\/05\/Captura-12.png","width":588,"height":381},{"@type":"WebSite","@id":"https:\/\/www.icip.cat\/ca\/#website","url":"https:\/\/www.icip.cat\/ca\/","name":"ICIP","description":"","publisher":{"@id":"https:\/\/www.icip.cat\/ca\/#organization"},"potentialAction":[{"@type":"SearchAction","target":{"@type":"EntryPoint","urlTemplate":"https:\/\/www.icip.cat\/ca\/?s={search_term_string}"},"query-input":{"@type":"PropertyValueSpecification","valueRequired":true,"valueName":"search_term_string"}}],"inLanguage":"en-US"},{"@type":"Organization","@id":"https:\/\/www.icip.cat\/ca\/#organization","name":"ICIP","url":"https:\/\/www.icip.cat\/ca\/","logo":{"@type":"ImageObject","inLanguage":"en-US","@id":"https:\/\/www.icip.cat\/ca\/#\/schema\/logo\/image\/","url":"https:\/\/www.icip.cat\/wp-content\/uploads\/2021\/02\/logo-2.png","contentUrl":"https:\/\/www.icip.cat\/wp-content\/uploads\/2021\/02\/logo-2.png","width":562,"height":391,"caption":"ICIP"},"image":{"@id":"https:\/\/www.icip.cat\/ca\/#\/schema\/logo\/image\/"}}]}},"_links":{"self":[{"href":"https:\/\/www.icip.cat\/en\/wp-json\/wp\/v2\/icip_event\/19314","targetHints":{"allow":["GET"]}}],"collection":[{"href":"https:\/\/www.icip.cat\/en\/wp-json\/wp\/v2\/icip_event"}],"about":[{"href":"https:\/\/www.icip.cat\/en\/wp-json\/wp\/v2\/types\/icip_event"}],"version-history":[{"count":6,"href":"https:\/\/www.icip.cat\/en\/wp-json\/wp\/v2\/icip_event\/19314\/revisions"}],"predecessor-version":[{"id":19322,"href":"https:\/\/www.icip.cat\/en\/wp-json\/wp\/v2\/icip_event\/19314\/revisions\/19322"}],"wp:featuredmedia":[{"embeddable":true,"href":"https:\/\/www.icip.cat\/en\/wp-json\/wp\/v2\/media\/19288"}],"wp:attachment":[{"href":"https:\/\/www.icip.cat\/en\/wp-json\/wp\/v2\/media?parent=19314"}],"curies":[{"name":"wp","href":"https:\/\/api.w.org\/{rel}","templated":true}]}}

<p>The ICIP and the Colombian Truth Commission will present next Saturday, June 5, the documentary &#8216;Reescribiendo el exilio&#8217; (Rewriting the Exile), a film that intersects the stories of the sons and daughters of Colombian exiles who live in different European countries and who, as a consequence of the Colombian armed conflict, grew up &#8211; or were born &#8211; in other territories and cultures.</p>



<p>The event, which includes the screening of the documentary and a subsequent dialogue, will begin at 17:00 CET / 10 AM (Colombia).</p>



<p>The documentary director, Monica Granda Restrepo, and several group members of second generations in exile will participate in the event. They will talk from their experiences and life stories about the past, present and future of the sons and daughters of those people who had to leave Colombia forcibly. </p>



<p>The event will be moderated by Silvia Plana, one of the people in charge of the <a href="http://www.icip.cat/en/memory-coexistence-and-reconciliation/" target="_blank" rel="noreferrer noopener">Memory, Coexistence and Reconciliation</a> work area of the ICIP.</p>



<p><em>Reescribiendo el exilio</em> collects the testimonies of Nicolás, Karim, Alejandra and Andrea and shows images recorded at the meeting of second generations held in Bilbao in 2019. The documentary seeks to help the Colombian exile to come out of anonymity.</p>



<p>The documentary has been made possible thanks to the support of ICIP (International Catalan Institute for Peace),  the Catalan Agency for Development Cooperation and the Colombian Truth Commission.</p>



<p>The event will be broadcast on the <a href="https://www.youtube.com/channel/UCCYEPSzpYaPqs3ajvn0yL5A" target="_blank" rel="noreferrer noopener">YouTube</a> channel and the <a href="https://www.facebook.com/ComisionVerdadC" target="_blank" rel="noreferrer noopener">Facebook</a> page of the Colombian Truth Commission.</p>



<figure class="wp-block-image size-large"><img fetchpriority="high" decoding="async" width="1024" height="576" src="http://www.icip.cat/wp-content/uploads/2021/05/redes-1024x576.jpg" alt="" class="wp-image-19284" srcset="https://www.icip.cat/wp-content/uploads/2021/05/redes-1024x576.jpg 1024w, https://www.icip.cat/wp-content/uploads/2021/05/redes-300x169.jpg 300w, https://www.icip.cat/wp-content/uploads/2021/05/redes-768x432.jpg 768w, https://www.icip.cat/wp-content/uploads/2021/05/redes-1536x864.jpg 1536w, https://www.icip.cat/wp-content/uploads/2021/05/redes-2048x1153.jpg 2048w" sizes="(max-width: 1024px) 100vw, 1024px" /></figure>

<!-- This site is optimized with the Yoast SEO plugin v25.6 - https://yoast.com/wordpress/plugins/seo/ -->
<title>Documentary Launch: ‘Reescribiendo el exilo’ - ICIP</title>
<meta name="description" content="El ICIP y la Comisión de la Verdad presentarán el próximo sábado 5 de junio el documental Reescribiendo el exilio&#039;." />
<meta name="robots" content="index, follow, max-snippet:-1, max-image-preview:large, max-video-preview:-1" />
<link rel="canonical" href="https://www.icip.cat/en/event/documentary-launch-reescribiendo-el-exilo/" />
<meta property="og:locale" content="en_US" />
<meta property="og:type" content="article" />
<meta property="og:title" content="Documentary Launch: ‘Reescribiendo el exilo’ - ICIP" />
<meta property="og:description" content="El ICIP y la Comisión de la Verdad presentarán el próximo sábado 5 de junio el documental Reescribiendo el exilio&#039;." />
<meta property="og:url" content="https://www.icip.cat/en/event/documentary-launch-reescribiendo-el-exilo/" />
<meta property="og:site_name" content="ICIP" />
<meta property="article:modified_time" content="2021-05-28T10:54:35+00:00" />
<meta property="og:image" content="https://www.icip.cat/wp-content/uploads/2021/05/Captura-12.png" />
	<meta property="og:image:width" content="588" />
	<meta property="og:image:height" content="381" />
	<meta property="og:image:type" content="image/png" />
<meta name="twitter:card" content="summary_large_image" />
<meta name="twitter:label1" content="Est. reading time" />
	<meta name="twitter:data1" content="2 minutes" />
<script type="application/ld+json" class="yoast-schema-graph">{"@context":"https://schema.org","@graph":[{"@type":"WebPage","@id":"https://www.icip.cat/en/event/documentary-launch-reescribiendo-el-exilo/","url":"https://www.icip.cat/en/event/documentary-launch-reescribiendo-el-exilo/","name":"Documentary Launch: ‘Reescribiendo el exilo’ - ICIP","isPartOf":{"@id":"https://www.icip.cat/ca/#website"},"primaryImageOfPage":{"@id":"https://www.icip.cat/en/event/documentary-launch-reescribiendo-el-exilo/#primaryimage"},"image":{"@id":"https://www.icip.cat/en/event/documentary-launch-reescribiendo-el-exilo/#primaryimage"},"thumbnailUrl":"https://www.icip.cat/wp-content/uploads/2021/05/Captura-12.png","datePublished":"2021-05-28T10:37:26+00:00","dateModified":"2021-05-28T10:54:35+00:00","description":"El ICIP y la Comisión de la Verdad presentarán el próximo sábado 5 de junio el documental Reescribiendo el exilio'.","inLanguage":"en-US","potentialAction":[{"@type":"ReadAction","target":["https://www.icip.cat/en/event/documentary-launch-reescribiendo-el-exilo/"]}]},{"@type":"ImageObject","inLanguage":"en-US","@id":"https://www.icip.cat/en/event/documentary-launch-reescribiendo-el-exilo/#primaryimage","url":"https://www.icip.cat/wp-content/uploads/2021/05/Captura-12.png","contentUrl":"https://www.icip.cat/wp-content/uploads/2021/05/Captura-12.png","width":588,"height":381},{"@type":"WebSite","@id":"https://www.icip.cat/ca/#website","url":"https://www.icip.cat/ca/","name":"ICIP","description":"","publisher":{"@id":"https://www.icip.cat/ca/#organization"},"potentialAction":[{"@type":"SearchAction","target":{"@type":"EntryPoint","urlTemplate":"https://www.icip.cat/ca/?s={search_term_string}"},"query-input":{"@type":"PropertyValueSpecification","valueRequired":true,"valueName":"search_term_string"}}],"inLanguage":"en-US"},{"@type":"Organization","@id":"https://www.icip.cat/ca/#organization","name":"ICIP","url":"https://www.icip.cat/ca/","logo":{"@type":"ImageObject","inLanguage":"en-US","@id":"https://www.icip.cat/ca/#/schema/logo/image/","url":"https://www.icip.cat/wp-content/uploads/2021/02/logo-2.png","contentUrl":"https://www.icip.cat/wp-content/uploads/2021/02/logo-2.png","width":562,"height":391,"caption":"ICIP"},"image":{"@id":"https://www.icip.cat/ca/#/schema/logo/image/"}}]}</script>
<!-- / Yoast SEO plugin. -->

El ICIP y la Comisión de la Verdad presentarán el próximo sábado 5 de junio el documental Reescribiendo el exilio'.
