{"version":"1.0","provider_name":"ICIP","provider_url":"https:\/\/www.icip.cat\/es\/","title":"Congreso Mundial sobre Desapariciones Forzadas - ICIP","type":"rich","width":600,"height":338,"html":"<blockquote class=\"wp-embedded-content\" data-secret=\"hHEM45c9nu\"><a href=\"https:\/\/www.icip.cat\/es\/event\/congreso-mundial-sobre-desapariciones-forzadas\/\">Congreso Mundial sobre Desapariciones Forzadas<\/a><\/blockquote><iframe sandbox=\"allow-scripts\" security=\"restricted\" src=\"https:\/\/www.icip.cat\/es\/event\/congreso-mundial-sobre-desapariciones-forzadas\/embed\/#?secret=hHEM45c9nu\" width=\"600\" height=\"338\" title=\"\u00abCongreso Mundial sobre Desapariciones Forzadas\u00bb \u2014 ICIP\" data-secret=\"hHEM45c9nu\" frameborder=\"0\" marginwidth=\"0\" marginheight=\"0\" scrolling=\"no\" class=\"wp-embedded-content\"><\/iframe><script>\n\/*! This file is auto-generated *\/\n!function(d,l){\"use strict\";l.querySelector&&d.addEventListener&&\"undefined\"!=typeof URL&&(d.wp=d.wp||{},d.wp.receiveEmbedMessage||(d.wp.receiveEmbedMessage=function(e){var t=e.data;if((t||t.secret||t.message||t.value)&&!\/[^a-zA-Z0-9]\/.test(t.secret)){for(var s,r,n,a=l.querySelectorAll('iframe[data-secret=\"'+t.secret+'\"]'),o=l.querySelectorAll('blockquote[data-secret=\"'+t.secret+'\"]'),c=new RegExp(\"^https?:$\",\"i\"),i=0;i<o.length;i++)o[i].style.display=\"none\";for(i=0;i<a.length;i++)s=a[i],e.source===s.contentWindow&&(s.removeAttribute(\"style\"),\"height\"===t.message?(1e3<(r=parseInt(t.value,10))?r=1e3:~~r<200&&(r=200),s.height=r):\"link\"===t.message&&(r=new URL(s.getAttribute(\"src\")),n=new URL(t.value),c.test(n.protocol))&&n.host===r.host&&l.activeElement===s&&(d.top.location.href=t.value))}},d.addEventListener(\"message\",d.wp.receiveEmbedMessage,!1),l.addEventListener(\"DOMContentLoaded\",function(){for(var e,t,s=l.querySelectorAll(\"iframe.wp-embedded-content\"),r=0;r<s.length;r++)(t=(e=s[r]).getAttribute(\"data-secret\"))||(t=Math.random().toString(36).substring(2,12),e.src+=\"#?secret=\"+t,e.setAttribute(\"data-secret\",t)),e.contentWindow.postMessage({message:\"ready\",secret:t},\"*\")},!1)))}(window,document);\n<\/script>\n","thumbnail_url":"https:\/\/www.icip.cat\/wp-content\/uploads\/2024\/10\/congress2.png","thumbnail_width":529,"thumbnail_height":301,"description":"Los d\u00edas 15 y 16 de enero de 2025 se celebrar\u00e1 en Ginebra (Suiza) el Congreso Mundial sobre Desapariciones Forzadas, organizado por la CEDI (Iniciativa para la Convenci\u00f3n contra las Desaparicions Forzadas), el Comit\u00e9 contra la Desaparici\u00f3n Forzada de las Naciones Unidas, el Grupo de Trabajo de las Naciones Unidas sobre Desapariciones Forzadas o Involuntarias, [&hellip;]"}

Los días 15 y 16 de enero de 2025 se celebrará en Ginebra (Suiza) el Congreso Mundial sobre Desapariciones Forzadas, organizado por la CEDI (Iniciativa para la Convención contra las Desaparicions Forzadas), el Comité contra la Desaparición Forzada de las Naciones Unidas, el Grupo de Trabajo de las Naciones Unidas sobre Desapariciones Forzadas o Involuntarias, [&hellip;]
