{"version":"1.0","provider_name":"ICIP","provider_url":"https:\/\/www.icip.cat\/es\/","title":"Jornada: Pr\u00e1cticas art\u00edsticas y cultura de paz - ICIP","type":"rich","width":600,"height":338,"html":"<blockquote class=\"wp-embedded-content\" data-secret=\"j5DJk9D21f\"><a href=\"https:\/\/www.icip.cat\/es\/event\/jornada-practicas-artisticas-y-cultura-de-paz\/\">Jornada: Pr\u00e1cticas art\u00edsticas y cultura de paz<\/a><\/blockquote><iframe sandbox=\"allow-scripts\" security=\"restricted\" src=\"https:\/\/www.icip.cat\/es\/event\/jornada-practicas-artisticas-y-cultura-de-paz\/embed\/#?secret=j5DJk9D21f\" width=\"600\" height=\"338\" title=\"\u00abJornada: Pr\u00e1cticas art\u00edsticas y cultura de paz\u00bb \u2014 ICIP\" data-secret=\"j5DJk9D21f\" frameborder=\"0\" marginwidth=\"0\" marginheight=\"0\" scrolling=\"no\" class=\"wp-embedded-content\"><\/iframe><script>\n\/*! This file is auto-generated *\/\n!function(d,l){\"use strict\";l.querySelector&&d.addEventListener&&\"undefined\"!=typeof URL&&(d.wp=d.wp||{},d.wp.receiveEmbedMessage||(d.wp.receiveEmbedMessage=function(e){var t=e.data;if((t||t.secret||t.message||t.value)&&!\/[^a-zA-Z0-9]\/.test(t.secret)){for(var s,r,n,a=l.querySelectorAll('iframe[data-secret=\"'+t.secret+'\"]'),o=l.querySelectorAll('blockquote[data-secret=\"'+t.secret+'\"]'),c=new RegExp(\"^https?:$\",\"i\"),i=0;i<o.length;i++)o[i].style.display=\"none\";for(i=0;i<a.length;i++)s=a[i],e.source===s.contentWindow&&(s.removeAttribute(\"style\"),\"height\"===t.message?(1e3<(r=parseInt(t.value,10))?r=1e3:~~r<200&&(r=200),s.height=r):\"link\"===t.message&&(r=new URL(s.getAttribute(\"src\")),n=new URL(t.value),c.test(n.protocol))&&n.host===r.host&&l.activeElement===s&&(d.top.location.href=t.value))}},d.addEventListener(\"message\",d.wp.receiveEmbedMessage,!1),l.addEventListener(\"DOMContentLoaded\",function(){for(var e,t,s=l.querySelectorAll(\"iframe.wp-embedded-content\"),r=0;r<s.length;r++)(t=(e=s[r]).getAttribute(\"data-secret\"))||(t=Math.random().toString(36).substring(2,12),e.src+=\"#?secret=\"+t,e.setAttribute(\"data-secret\",t)),e.contentWindow.postMessage({message:\"ready\",secret:t},\"*\")},!1)))}(window,document);\n<\/script>\n","thumbnail_url":"https:\/\/www.icip.cat\/wp-content\/uploads\/2025\/07\/001_carulla_interiorisme_ag-1-1024x683-1.jpg","thumbnail_width":1024,"thumbnail_height":683,"description":"El mi\u00e9rcoles 10 de septiembre por la tarde tendr\u00e1 lugar en la Fundaci\u00f3n Carulla de Barcelona la jornada \u00abPr\u00e1cticas art\u00edsticas y cultura de paz\u00ab, una iniciativa promovida por varias organizaciones y entidades con el objetivo de buscar sinergias y puntos de conexi\u00f3n entre actores del movimiento por la paz y de la educaci\u00f3n art\u00edstica y [&hellip;]"}

Jornada: Prácticas artísticas y cultura de paz - ICIP

<blockquote class="wp-embedded-content" data-secret="j5DJk9D21f"><a href="https://www.icip.cat/es/event/jornada-practicas-artisticas-y-cultura-de-paz/">Jornada: Prácticas artísticas y cultura de paz</a></blockquote><iframe sandbox="allow-scripts" security="restricted" src="https://www.icip.cat/es/event/jornada-practicas-artisticas-y-cultura-de-paz/embed/#?secret=j5DJk9D21f" width="600" height="338" title="«Jornada: Prácticas artísticas y cultura de paz» — ICIP" data-secret="j5DJk9D21f" frameborder="0" marginwidth="0" marginheight="0" scrolling="no" class="wp-embedded-content"></iframe><script>
/*! This file is auto-generated */
!function(d,l){"use strict";l.querySelector&&d.addEventListener&&"undefined"!=typeof URL&&(d.wp=d.wp||{},d.wp.receiveEmbedMessage||(d.wp.receiveEmbedMessage=function(e){var t=e.data;if((t||t.secret||t.message||t.value)&&!/[^a-zA-Z0-9]/.test(t.secret)){for(var s,r,n,a=l.querySelectorAll('iframe[data-secret="'+t.secret+'"]'),o=l.querySelectorAll('blockquote[data-secret="'+t.secret+'"]'),c=new RegExp("^https?:$","i"),i=0;i<o.length;i++)o[i].style.display="none";for(i=0;i<a.length;i++)s=a[i],e.source===s.contentWindow&&(s.removeAttribute("style"),"height"===t.message?(1e3<(r=parseInt(t.value,10))?r=1e3:~~r<200&&(r=200),s.height=r):"link"===t.message&&(r=new URL(s.getAttribute("src")),n=new URL(t.value),c.test(n.protocol))&&n.host===r.host&&l.activeElement===s&&(d.top.location.href=t.value))}},d.addEventListener("message",d.wp.receiveEmbedMessage,!1),l.addEventListener("DOMContentLoaded",function(){for(var e,t,s=l.querySelectorAll("iframe.wp-embedded-content"),r=0;r<s.length;r++)(t=(e=s[r]).getAttribute("data-secret"))||(t=Math.random().toString(36).substring(2,12),e.src+="#?secret="+t,e.setAttribute("data-secret",t)),e.contentWindow.postMessage({message:"ready",secret:t},"*")},!1)))}(window,document);
</script>

El miércoles 10 de septiembre por la tarde tendrá lugar en la Fundación Carulla de Barcelona la jornada «Prácticas artísticas y cultura de paz«, una iniciativa promovida por varias organizaciones y entidades con el objetivo de buscar sinergias y puntos de conexión entre actores del movimiento por la paz y de la educación artística y [&hellip;]
