{"id":12709,"date":"2021-01-15T10:48:16","date_gmt":"2021-01-15T10:48:16","guid":{"rendered":"http:\/\/www.icip.cat\/event\/presentacion-del-libro-rivalidad-y-venganza-de-laia-balcells\/"},"modified":"2021-01-15T10:48:47","modified_gmt":"2021-01-15T10:48:47","slug":"presentacion-del-libro-rivalidad-y-venganza-de-laia-balcells","status":"publish","type":"icip_event","link":"https:\/\/www.icip.cat\/es\/event\/presentacion-del-libro-rivalidad-y-venganza-de-laia-balcells\/","title":{"rendered":"Presentaci\u00f3n del libro \u00abRivalidad y venganza\u00bb, de Laia Balcells"},"content":{"rendered":"\n<div class=\"wp-block-media-text alignwide is-stacked-on-mobile\" style=\"grid-template-columns:42% auto\"><figure class=\"wp-block-media-text__media\"><img decoding=\"async\" src=\"http:\/\/icip.gencat.cat\/web\/.content\/continguts\/publicacions\/llibres\/paz_y_seguridad\/balcells.jpg_1332375279.jpg\" alt=\"Rivalidad y venganza\"\/><\/figure><div class=\"wp-block-media-text__content\">\n<p><strong>El lunes 25 de enero, a las 6 de la tarde<\/strong>, el ICIP presentar\u00e1 p\u00fablicamente el nuevo libro <a href=\"http:\/\/icip.gencat.cat\/ca\/que-fem\/publicacions\/llibres\/pazyseguridad15\" target=\"_blank\" rel=\"noreferrer noopener\"><em>Rivalidad y venganza. La pol\u00edtica de la violencia en las guerras civiles<\/em><\/a>, publicado en la colecci\u00f3n \u00abPaz y Seguridad\u00bb (ICIP y Bellaterra edicions). <\/p>\n\n\n\n<p>El acto consistir\u00e1 en un di\u00e1logo con la autora del libro, la polit\u00f3loga Laia Balcells (Georgetown University) y la tambi\u00e9n polit\u00f3loga Mar\u00eda Jos\u00e9 Hierro (Yale University). La sesi\u00f3n estar\u00e1 moderada por el director del ICIP, Kristian Herbolzheimer. <\/p>\n\n\n\n<p>Ser\u00e1 un acto online que se podr\u00e1 seguir en directo en trav\u00e9s del canal de YouTube del ICIP <a href=\"https:\/\/youtu.be\/nxLBNWP4bU0\" target=\"_blank\" rel=\"noreferrer noopener\">en este enlace<\/a>. <\/p>\n<\/div><\/div>\n\n\n\n<p><strong>Fecha: 25.01.2021<\/strong><\/p>\n","protected":false},"featured_media":0,"template":"","class_list":["post-12709","icip_event","type-icip_event","status-publish","hentry"],"acf":[],"yoast_head":"<!-- This site is optimized with the Yoast SEO plugin v25.6 - https:\/\/yoast.com\/wordpress\/plugins\/seo\/ -->\n<title>Presentaci\u00f3n del libro &quot;Rivalidad y venganza&quot;, de Laia Balcells - ICIP<\/title>\n<meta name=\"robots\" content=\"index, follow, max-snippet:-1, max-image-preview:large, max-video-preview:-1\" \/>\n<link rel=\"canonical\" href=\"https:\/\/www.icip.cat\/es\/event\/presentacion-del-libro-rivalidad-y-venganza-de-laia-balcells\/\" \/>\n<meta property=\"og:locale\" content=\"es_ES\" \/>\n<meta property=\"og:type\" content=\"article\" \/>\n<meta property=\"og:title\" content=\"Presentaci\u00f3n del libro &quot;Rivalidad y venganza&quot;, de Laia Balcells - ICIP\" \/>\n<meta property=\"og:description\" content=\"El lunes 25 de enero, a las 6 de la tarde, el ICIP presentar\u00e1 p\u00fablicamente el nuevo libro Rivalidad y venganza. La pol\u00edtica de la violencia en las guerras civiles, publicado en la colecci\u00f3n \u00abPaz y Seguridad\u00bb (ICIP y Bellaterra edicions). El acto consistir\u00e1 en un di\u00e1logo con la autora del libro, la polit\u00f3loga Laia [&hellip;]\" \/>\n<meta property=\"og:url\" content=\"https:\/\/www.icip.cat\/es\/event\/presentacion-del-libro-rivalidad-y-venganza-de-laia-balcells\/\" \/>\n<meta property=\"og:site_name\" content=\"ICIP\" \/>\n<meta property=\"article:modified_time\" content=\"2021-01-15T10:48:47+00:00\" \/>\n<meta property=\"og:image\" content=\"http:\/\/icip.gencat.cat\/web\/.content\/continguts\/publicacions\/llibres\/paz_y_seguridad\/balcells.jpg_1332375279.jpg\" \/>\n<meta name=\"twitter:card\" content=\"summary_large_image\" \/>\n<meta name=\"twitter:label1\" content=\"Tiempo de lectura\" \/>\n\t<meta name=\"twitter:data1\" content=\"1 minuto\" \/>\n<script type=\"application\/ld+json\" class=\"yoast-schema-graph\">{\"@context\":\"https:\/\/schema.org\",\"@graph\":[{\"@type\":\"WebPage\",\"@id\":\"https:\/\/www.icip.cat\/es\/event\/presentacion-del-libro-rivalidad-y-venganza-de-laia-balcells\/\",\"url\":\"https:\/\/www.icip.cat\/es\/event\/presentacion-del-libro-rivalidad-y-venganza-de-laia-balcells\/\",\"name\":\"Presentaci\u00f3n del libro \\\"Rivalidad y venganza\\\", de Laia Balcells - ICIP\",\"isPartOf\":{\"@id\":\"https:\/\/www.icip.cat\/ca\/#website\"},\"primaryImageOfPage\":{\"@id\":\"https:\/\/www.icip.cat\/es\/event\/presentacion-del-libro-rivalidad-y-venganza-de-laia-balcells\/#primaryimage\"},\"image\":{\"@id\":\"https:\/\/www.icip.cat\/es\/event\/presentacion-del-libro-rivalidad-y-venganza-de-laia-balcells\/#primaryimage\"},\"thumbnailUrl\":\"http:\/\/icip.gencat.cat\/web\/.content\/continguts\/publicacions\/llibres\/paz_y_seguridad\/balcells.jpg_1332375279.jpg\",\"datePublished\":\"2021-01-15T10:48:16+00:00\",\"dateModified\":\"2021-01-15T10:48:47+00:00\",\"inLanguage\":\"es\",\"potentialAction\":[{\"@type\":\"ReadAction\",\"target\":[\"https:\/\/www.icip.cat\/es\/event\/presentacion-del-libro-rivalidad-y-venganza-de-laia-balcells\/\"]}]},{\"@type\":\"ImageObject\",\"inLanguage\":\"es\",\"@id\":\"https:\/\/www.icip.cat\/es\/event\/presentacion-del-libro-rivalidad-y-venganza-de-laia-balcells\/#primaryimage\",\"url\":\"http:\/\/icip.gencat.cat\/web\/.content\/continguts\/publicacions\/llibres\/paz_y_seguridad\/balcells.jpg_1332375279.jpg\",\"contentUrl\":\"http:\/\/icip.gencat.cat\/web\/.content\/continguts\/publicacions\/llibres\/paz_y_seguridad\/balcells.jpg_1332375279.jpg\"},{\"@type\":\"WebSite\",\"@id\":\"https:\/\/www.icip.cat\/ca\/#website\",\"url\":\"https:\/\/www.icip.cat\/ca\/\",\"name\":\"ICIP\",\"description\":\"\",\"publisher\":{\"@id\":\"https:\/\/www.icip.cat\/ca\/#organization\"},\"potentialAction\":[{\"@type\":\"SearchAction\",\"target\":{\"@type\":\"EntryPoint\",\"urlTemplate\":\"https:\/\/www.icip.cat\/ca\/?s={search_term_string}\"},\"query-input\":{\"@type\":\"PropertyValueSpecification\",\"valueRequired\":true,\"valueName\":\"search_term_string\"}}],\"inLanguage\":\"es\"},{\"@type\":\"Organization\",\"@id\":\"https:\/\/www.icip.cat\/ca\/#organization\",\"name\":\"ICIP\",\"url\":\"https:\/\/www.icip.cat\/ca\/\",\"logo\":{\"@type\":\"ImageObject\",\"inLanguage\":\"es\",\"@id\":\"https:\/\/www.icip.cat\/ca\/#\/schema\/logo\/image\/\",\"url\":\"https:\/\/www.icip.cat\/wp-content\/uploads\/2021\/02\/logo-2.png\",\"contentUrl\":\"https:\/\/www.icip.cat\/wp-content\/uploads\/2021\/02\/logo-2.png\",\"width\":562,\"height\":391,\"caption\":\"ICIP\"},\"image\":{\"@id\":\"https:\/\/www.icip.cat\/ca\/#\/schema\/logo\/image\/\"}}]}<\/script>\n<!-- \/ Yoast SEO plugin. -->","yoast_head_json":{"title":"Presentaci\u00f3n del libro \"Rivalidad y venganza\", de Laia Balcells - ICIP","robots":{"index":"index","follow":"follow","max-snippet":"max-snippet:-1","max-image-preview":"max-image-preview:large","max-video-preview":"max-video-preview:-1"},"canonical":"https:\/\/www.icip.cat\/es\/event\/presentacion-del-libro-rivalidad-y-venganza-de-laia-balcells\/","og_locale":"es_ES","og_type":"article","og_title":"Presentaci\u00f3n del libro \"Rivalidad y venganza\", de Laia Balcells - ICIP","og_description":"El lunes 25 de enero, a las 6 de la tarde, el ICIP presentar\u00e1 p\u00fablicamente el nuevo libro Rivalidad y venganza. La pol\u00edtica de la violencia en las guerras civiles, publicado en la colecci\u00f3n \u00abPaz y Seguridad\u00bb (ICIP y Bellaterra edicions). El acto consistir\u00e1 en un di\u00e1logo con la autora del libro, la polit\u00f3loga Laia [&hellip;]","og_url":"https:\/\/www.icip.cat\/es\/event\/presentacion-del-libro-rivalidad-y-venganza-de-laia-balcells\/","og_site_name":"ICIP","article_modified_time":"2021-01-15T10:48:47+00:00","og_image":[{"url":"http:\/\/icip.gencat.cat\/web\/.content\/continguts\/publicacions\/llibres\/paz_y_seguridad\/balcells.jpg_1332375279.jpg","type":"","width":"","height":""}],"twitter_card":"summary_large_image","twitter_misc":{"Tiempo de lectura":"1 minuto"},"schema":{"@context":"https:\/\/schema.org","@graph":[{"@type":"WebPage","@id":"https:\/\/www.icip.cat\/es\/event\/presentacion-del-libro-rivalidad-y-venganza-de-laia-balcells\/","url":"https:\/\/www.icip.cat\/es\/event\/presentacion-del-libro-rivalidad-y-venganza-de-laia-balcells\/","name":"Presentaci\u00f3n del libro \"Rivalidad y venganza\", de Laia Balcells - ICIP","isPartOf":{"@id":"https:\/\/www.icip.cat\/ca\/#website"},"primaryImageOfPage":{"@id":"https:\/\/www.icip.cat\/es\/event\/presentacion-del-libro-rivalidad-y-venganza-de-laia-balcells\/#primaryimage"},"image":{"@id":"https:\/\/www.icip.cat\/es\/event\/presentacion-del-libro-rivalidad-y-venganza-de-laia-balcells\/#primaryimage"},"thumbnailUrl":"http:\/\/icip.gencat.cat\/web\/.content\/continguts\/publicacions\/llibres\/paz_y_seguridad\/balcells.jpg_1332375279.jpg","datePublished":"2021-01-15T10:48:16+00:00","dateModified":"2021-01-15T10:48:47+00:00","inLanguage":"es","potentialAction":[{"@type":"ReadAction","target":["https:\/\/www.icip.cat\/es\/event\/presentacion-del-libro-rivalidad-y-venganza-de-laia-balcells\/"]}]},{"@type":"ImageObject","inLanguage":"es","@id":"https:\/\/www.icip.cat\/es\/event\/presentacion-del-libro-rivalidad-y-venganza-de-laia-balcells\/#primaryimage","url":"http:\/\/icip.gencat.cat\/web\/.content\/continguts\/publicacions\/llibres\/paz_y_seguridad\/balcells.jpg_1332375279.jpg","contentUrl":"http:\/\/icip.gencat.cat\/web\/.content\/continguts\/publicacions\/llibres\/paz_y_seguridad\/balcells.jpg_1332375279.jpg"},{"@type":"WebSite","@id":"https:\/\/www.icip.cat\/ca\/#website","url":"https:\/\/www.icip.cat\/ca\/","name":"ICIP","description":"","publisher":{"@id":"https:\/\/www.icip.cat\/ca\/#organization"},"potentialAction":[{"@type":"SearchAction","target":{"@type":"EntryPoint","urlTemplate":"https:\/\/www.icip.cat\/ca\/?s={search_term_string}"},"query-input":{"@type":"PropertyValueSpecification","valueRequired":true,"valueName":"search_term_string"}}],"inLanguage":"es"},{"@type":"Organization","@id":"https:\/\/www.icip.cat\/ca\/#organization","name":"ICIP","url":"https:\/\/www.icip.cat\/ca\/","logo":{"@type":"ImageObject","inLanguage":"es","@id":"https:\/\/www.icip.cat\/ca\/#\/schema\/logo\/image\/","url":"https:\/\/www.icip.cat\/wp-content\/uploads\/2021\/02\/logo-2.png","contentUrl":"https:\/\/www.icip.cat\/wp-content\/uploads\/2021\/02\/logo-2.png","width":562,"height":391,"caption":"ICIP"},"image":{"@id":"https:\/\/www.icip.cat\/ca\/#\/schema\/logo\/image\/"}}]}},"_links":{"self":[{"href":"https:\/\/www.icip.cat\/es\/wp-json\/wp\/v2\/icip_event\/12709","targetHints":{"allow":["GET"]}}],"collection":[{"href":"https:\/\/www.icip.cat\/es\/wp-json\/wp\/v2\/icip_event"}],"about":[{"href":"https:\/\/www.icip.cat\/es\/wp-json\/wp\/v2\/types\/icip_event"}],"version-history":[{"count":10,"href":"https:\/\/www.icip.cat\/es\/wp-json\/wp\/v2\/icip_event\/12709\/revisions"}],"predecessor-version":[{"id":12719,"href":"https:\/\/www.icip.cat\/es\/wp-json\/wp\/v2\/icip_event\/12709\/revisions\/12719"}],"wp:attachment":[{"href":"https:\/\/www.icip.cat\/es\/wp-json\/wp\/v2\/media?parent=12709"}],"curies":[{"name":"wp","href":"https:\/\/api.w.org\/{rel}","templated":true}]}}

Presentación del libro «Rivalidad y venganza», de Laia Balcells

<div class="wp-block-media-text alignwide is-stacked-on-mobile" style="grid-template-columns:42% auto"><figure class="wp-block-media-text__media"><img decoding="async" src="http://icip.gencat.cat/web/.content/continguts/publicacions/llibres/paz_y_seguridad/balcells.jpg_1332375279.jpg" alt="Rivalidad y venganza"/></figure><div class="wp-block-media-text__content">
<p><strong>El lunes 25 de enero, a las 6 de la tarde</strong>, el ICIP presentará públicamente el nuevo libro <a href="http://icip.gencat.cat/ca/que-fem/publicacions/llibres/pazyseguridad15" target="_blank" rel="noreferrer noopener"><em>Rivalidad y venganza. La política de la violencia en las guerras civiles</em></a>, publicado en la colección «Paz y Seguridad» (ICIP y Bellaterra edicions). </p>



<p>El acto consistirá en un diálogo con la autora del libro, la politóloga Laia Balcells (Georgetown University) y la también politóloga María José Hierro (Yale University). La sesión estará moderada por el director del ICIP, Kristian Herbolzheimer. </p>



<p>Será un acto online que se podrá seguir en directo en través del canal de YouTube del ICIP <a href="https://youtu.be/nxLBNWP4bU0" target="_blank" rel="noreferrer noopener">en este enlace</a>. </p>
</div></div>



<p><strong>Fecha: 25.01.2021</strong></p>

<!-- This site is optimized with the Yoast SEO plugin v25.6 - https://yoast.com/wordpress/plugins/seo/ -->
<title>Presentación del libro &quot;Rivalidad y venganza&quot;, de Laia Balcells - ICIP</title>
<meta name="robots" content="index, follow, max-snippet:-1, max-image-preview:large, max-video-preview:-1" />
<link rel="canonical" href="https://www.icip.cat/es/event/presentacion-del-libro-rivalidad-y-venganza-de-laia-balcells/" />
<meta property="og:locale" content="es_ES" />
<meta property="og:type" content="article" />
<meta property="og:title" content="Presentación del libro &quot;Rivalidad y venganza&quot;, de Laia Balcells - ICIP" />
<meta property="og:description" content="El lunes 25 de enero, a las 6 de la tarde, el ICIP presentará públicamente el nuevo libro Rivalidad y venganza. La política de la violencia en las guerras civiles, publicado en la colección «Paz y Seguridad» (ICIP y Bellaterra edicions). El acto consistirá en un diálogo con la autora del libro, la politóloga Laia [&hellip;]" />
<meta property="og:url" content="https://www.icip.cat/es/event/presentacion-del-libro-rivalidad-y-venganza-de-laia-balcells/" />
<meta property="og:site_name" content="ICIP" />
<meta property="article:modified_time" content="2021-01-15T10:48:47+00:00" />
<meta property="og:image" content="http://icip.gencat.cat/web/.content/continguts/publicacions/llibres/paz_y_seguridad/balcells.jpg_1332375279.jpg" />
<meta name="twitter:card" content="summary_large_image" />
<meta name="twitter:label1" content="Tiempo de lectura" />
	<meta name="twitter:data1" content="1 minuto" />
<script type="application/ld+json" class="yoast-schema-graph">{"@context":"https://schema.org","@graph":[{"@type":"WebPage","@id":"https://www.icip.cat/es/event/presentacion-del-libro-rivalidad-y-venganza-de-laia-balcells/","url":"https://www.icip.cat/es/event/presentacion-del-libro-rivalidad-y-venganza-de-laia-balcells/","name":"Presentación del libro \"Rivalidad y venganza\", de Laia Balcells - ICIP","isPartOf":{"@id":"https://www.icip.cat/ca/#website"},"primaryImageOfPage":{"@id":"https://www.icip.cat/es/event/presentacion-del-libro-rivalidad-y-venganza-de-laia-balcells/#primaryimage"},"image":{"@id":"https://www.icip.cat/es/event/presentacion-del-libro-rivalidad-y-venganza-de-laia-balcells/#primaryimage"},"thumbnailUrl":"http://icip.gencat.cat/web/.content/continguts/publicacions/llibres/paz_y_seguridad/balcells.jpg_1332375279.jpg","datePublished":"2021-01-15T10:48:16+00:00","dateModified":"2021-01-15T10:48:47+00:00","inLanguage":"es","potentialAction":[{"@type":"ReadAction","target":["https://www.icip.cat/es/event/presentacion-del-libro-rivalidad-y-venganza-de-laia-balcells/"]}]},{"@type":"ImageObject","inLanguage":"es","@id":"https://www.icip.cat/es/event/presentacion-del-libro-rivalidad-y-venganza-de-laia-balcells/#primaryimage","url":"http://icip.gencat.cat/web/.content/continguts/publicacions/llibres/paz_y_seguridad/balcells.jpg_1332375279.jpg","contentUrl":"http://icip.gencat.cat/web/.content/continguts/publicacions/llibres/paz_y_seguridad/balcells.jpg_1332375279.jpg"},{"@type":"WebSite","@id":"https://www.icip.cat/ca/#website","url":"https://www.icip.cat/ca/","name":"ICIP","description":"","publisher":{"@id":"https://www.icip.cat/ca/#organization"},"potentialAction":[{"@type":"SearchAction","target":{"@type":"EntryPoint","urlTemplate":"https://www.icip.cat/ca/?s={search_term_string}"},"query-input":{"@type":"PropertyValueSpecification","valueRequired":true,"valueName":"search_term_string"}}],"inLanguage":"es"},{"@type":"Organization","@id":"https://www.icip.cat/ca/#organization","name":"ICIP","url":"https://www.icip.cat/ca/","logo":{"@type":"ImageObject","inLanguage":"es","@id":"https://www.icip.cat/ca/#/schema/logo/image/","url":"https://www.icip.cat/wp-content/uploads/2021/02/logo-2.png","contentUrl":"https://www.icip.cat/wp-content/uploads/2021/02/logo-2.png","width":562,"height":391,"caption":"ICIP"},"image":{"@id":"https://www.icip.cat/ca/#/schema/logo/image/"}}]}</script>
<!-- / Yoast SEO plugin. -->

Presentación del libro "Rivalidad y venganza", de Laia Balcells - ICIP

El lunes 25 de enero, a las 6 de la tarde, el ICIP presentará públicamente el nuevo libro Rivalidad y venganza. La política de la violencia en las guerras civiles, publicado en la colección «Paz y Seguridad» (ICIP y Bellaterra edicions). El acto consistirá en un diálogo con la autora del libro, la politóloga Laia [&hellip;]
