{"id":18065,"date":"2021-03-31T07:24:30","date_gmt":"2021-03-31T07:24:30","guid":{"rendered":"http:\/\/www.icip.cat\/event\/dialeg-negociacio-i-mediacio-amb-actors-violents\/"},"modified":"2021-04-22T07:27:07","modified_gmt":"2021-04-22T07:27:07","slug":"dialeg-negociacio-i-mediacio-amb-actors-violents","status":"publish","type":"icip_event","link":"https:\/\/www.icip.cat\/es\/event\/dialeg-negociacio-i-mediacio-amb-actors-violents\/","title":{"rendered":"Di\u00e1logo, negociaci\u00f3n y mediaci\u00f3n con actores violentos"},"content":{"rendered":"\n<p>En contextos violento con diferentes actores en juego, \u00bfqu\u00e9 partes deber\u00edan entablar un di\u00e1logo? \u00bfSon leg\u00edtimas, incluso \u00fatiles, las negociaciones con actores violentos como el crimen organizado o las Maras? \u00bfQui\u00e9n puede articular procesos de mediaci\u00f3n y con qu\u00e9 metodolog\u00eda? \u00bfHasta d\u00f3nde se puede llegar?<\/p>\n\n\n\n<p>Estas cuestiones centrar\u00e1n el debate entre <strong>Achim Wennmann<\/strong>, doctor en Relaciones Internacionales e investigador del Graduate Institute Geneva; <strong>Ang\u00e9lica Dur\u00e1n<\/strong>, profesora asociada de Ciencia Pol\u00edtica en la Universidad de Massachusetts-Lowell de Estados Unidos; y <strong>Falko Ernst<\/strong>, analista sobre M\u00e9xico para el International Crisis Group. <\/p>\n\n\n\n<p>La sesi\u00f3n tendr\u00e1 lugar el martes 27 de abril y forma parte del ciclo \u00ab<a href=\"http:\/\/www.icip.cat\/wp-content\/uploads\/2021\/03\/Programa_Cicle.pdf\">Am\u00e9rica Latina. Hacer frente a las violencias desde la construcci\u00f3n de paz<\/a>\u00ab, organizado por el ICIP.<\/p>\n\n\n\n<p>Todas las sesiones del ciclo tienen lugar de las 18h a las 19.30h (CET) en directo a trav\u00e9s del\u00a0<a href=\"https:\/\/www.youtube.com\/watch?v=tTHlSnuE-Bw\">canal ICIP de YouTube<\/a>.<\/p>\n\n\n\n<div class=\"wp-block-image\"><figure class=\"aligncenter size-large\"><img fetchpriority=\"high\" decoding=\"async\" width=\"1024\" height=\"576\" src=\"http:\/\/www.icip.cat\/wp-content\/uploads\/2021\/04\/ICIP_Tarjeton_27-04-1024x576.png\" alt=\"\" class=\"wp-image-18373\" srcset=\"https:\/\/www.icip.cat\/wp-content\/uploads\/2021\/04\/ICIP_Tarjeton_27-04-1024x576.png 1024w, https:\/\/www.icip.cat\/wp-content\/uploads\/2021\/04\/ICIP_Tarjeton_27-04-300x169.png 300w, https:\/\/www.icip.cat\/wp-content\/uploads\/2021\/04\/ICIP_Tarjeton_27-04-768x432.png 768w, https:\/\/www.icip.cat\/wp-content\/uploads\/2021\/04\/ICIP_Tarjeton_27-04-1536x864.png 1536w, https:\/\/www.icip.cat\/wp-content\/uploads\/2021\/04\/ICIP_Tarjeton_27-04-2048x1152.png 2048w\" sizes=\"(max-width: 1024px) 100vw, 1024px\" \/><\/figure><\/div>\n","protected":false},"featured_media":16928,"template":"","class_list":["post-18065","icip_event","type-icip_event","status-publish","has-post-thumbnail","hentry"],"acf":[],"yoast_head":"<!-- This site is optimized with the Yoast SEO plugin v25.6 - https:\/\/yoast.com\/wordpress\/plugins\/seo\/ -->\n<title>Di\u00e1logo, negociaci\u00f3n y mediaci\u00f3n con actores violentos - ICIP<\/title>\n<meta name=\"robots\" content=\"index, follow, max-snippet:-1, max-image-preview:large, max-video-preview:-1\" \/>\n<link rel=\"canonical\" href=\"https:\/\/www.icip.cat\/es\/event\/dialeg-negociacio-i-mediacio-amb-actors-violents\/\" \/>\n<meta property=\"og:locale\" content=\"es_ES\" \/>\n<meta property=\"og:type\" content=\"article\" \/>\n<meta property=\"og:title\" content=\"Di\u00e1logo, negociaci\u00f3n y mediaci\u00f3n con actores violentos - ICIP\" \/>\n<meta property=\"og:description\" content=\"En contextos violento con diferentes actores en juego, \u00bfqu\u00e9 partes deber\u00edan entablar un di\u00e1logo? \u00bfSon leg\u00edtimas, incluso \u00fatiles, las negociaciones con actores violentos como el crimen organizado o las Maras? \u00bfQui\u00e9n puede articular procesos de mediaci\u00f3n y con qu\u00e9 metodolog\u00eda? \u00bfHasta d\u00f3nde se puede llegar? Estas cuestiones centrar\u00e1n el debate entre Achim Wennmann, doctor en [&hellip;]\" \/>\n<meta property=\"og:url\" content=\"https:\/\/www.icip.cat\/es\/event\/dialeg-negociacio-i-mediacio-amb-actors-violents\/\" \/>\n<meta property=\"og:site_name\" content=\"ICIP\" \/>\n<meta property=\"article:modified_time\" content=\"2021-04-22T07:27:07+00:00\" \/>\n<meta property=\"og:image\" content=\"https:\/\/www.icip.cat\/wp-content\/uploads\/2021\/02\/thumbnail_renacimiento-12-495x400-1.jpg\" \/>\n\t<meta property=\"og:image:width\" content=\"495\" \/>\n\t<meta property=\"og:image:height\" content=\"400\" \/>\n\t<meta property=\"og:image:type\" content=\"image\/jpeg\" \/>\n<meta name=\"twitter:card\" content=\"summary_large_image\" \/>\n<meta name=\"twitter:label1\" content=\"Tiempo de lectura\" \/>\n\t<meta name=\"twitter:data1\" content=\"1 minuto\" \/>\n<script type=\"application\/ld+json\" class=\"yoast-schema-graph\">{\"@context\":\"https:\/\/schema.org\",\"@graph\":[{\"@type\":\"WebPage\",\"@id\":\"https:\/\/www.icip.cat\/es\/event\/dialeg-negociacio-i-mediacio-amb-actors-violents\/\",\"url\":\"https:\/\/www.icip.cat\/es\/event\/dialeg-negociacio-i-mediacio-amb-actors-violents\/\",\"name\":\"Di\u00e1logo, negociaci\u00f3n y mediaci\u00f3n con actores violentos - ICIP\",\"isPartOf\":{\"@id\":\"https:\/\/www.icip.cat\/ca\/#website\"},\"primaryImageOfPage\":{\"@id\":\"https:\/\/www.icip.cat\/es\/event\/dialeg-negociacio-i-mediacio-amb-actors-violents\/#primaryimage\"},\"image\":{\"@id\":\"https:\/\/www.icip.cat\/es\/event\/dialeg-negociacio-i-mediacio-amb-actors-violents\/#primaryimage\"},\"thumbnailUrl\":\"https:\/\/www.icip.cat\/wp-content\/uploads\/2021\/02\/thumbnail_renacimiento-12-495x400-1.jpg\",\"datePublished\":\"2021-03-31T07:24:30+00:00\",\"dateModified\":\"2021-04-22T07:27:07+00:00\",\"inLanguage\":\"es\",\"potentialAction\":[{\"@type\":\"ReadAction\",\"target\":[\"https:\/\/www.icip.cat\/es\/event\/dialeg-negociacio-i-mediacio-amb-actors-violents\/\"]}]},{\"@type\":\"ImageObject\",\"inLanguage\":\"es\",\"@id\":\"https:\/\/www.icip.cat\/es\/event\/dialeg-negociacio-i-mediacio-amb-actors-violents\/#primaryimage\",\"url\":\"https:\/\/www.icip.cat\/wp-content\/uploads\/2021\/02\/thumbnail_renacimiento-12-495x400-1.jpg\",\"contentUrl\":\"https:\/\/www.icip.cat\/wp-content\/uploads\/2021\/02\/thumbnail_renacimiento-12-495x400-1.jpg\",\"width\":495,\"height\":400},{\"@type\":\"WebSite\",\"@id\":\"https:\/\/www.icip.cat\/ca\/#website\",\"url\":\"https:\/\/www.icip.cat\/ca\/\",\"name\":\"ICIP\",\"description\":\"\",\"publisher\":{\"@id\":\"https:\/\/www.icip.cat\/ca\/#organization\"},\"potentialAction\":[{\"@type\":\"SearchAction\",\"target\":{\"@type\":\"EntryPoint\",\"urlTemplate\":\"https:\/\/www.icip.cat\/ca\/?s={search_term_string}\"},\"query-input\":{\"@type\":\"PropertyValueSpecification\",\"valueRequired\":true,\"valueName\":\"search_term_string\"}}],\"inLanguage\":\"es\"},{\"@type\":\"Organization\",\"@id\":\"https:\/\/www.icip.cat\/ca\/#organization\",\"name\":\"ICIP\",\"url\":\"https:\/\/www.icip.cat\/ca\/\",\"logo\":{\"@type\":\"ImageObject\",\"inLanguage\":\"es\",\"@id\":\"https:\/\/www.icip.cat\/ca\/#\/schema\/logo\/image\/\",\"url\":\"https:\/\/www.icip.cat\/wp-content\/uploads\/2021\/02\/logo-2.png\",\"contentUrl\":\"https:\/\/www.icip.cat\/wp-content\/uploads\/2021\/02\/logo-2.png\",\"width\":562,\"height\":391,\"caption\":\"ICIP\"},\"image\":{\"@id\":\"https:\/\/www.icip.cat\/ca\/#\/schema\/logo\/image\/\"}}]}<\/script>\n<!-- \/ Yoast SEO plugin. -->","yoast_head_json":{"title":"Di\u00e1logo, negociaci\u00f3n y mediaci\u00f3n con actores violentos - ICIP","robots":{"index":"index","follow":"follow","max-snippet":"max-snippet:-1","max-image-preview":"max-image-preview:large","max-video-preview":"max-video-preview:-1"},"canonical":"https:\/\/www.icip.cat\/es\/event\/dialeg-negociacio-i-mediacio-amb-actors-violents\/","og_locale":"es_ES","og_type":"article","og_title":"Di\u00e1logo, negociaci\u00f3n y mediaci\u00f3n con actores violentos - ICIP","og_description":"En contextos violento con diferentes actores en juego, \u00bfqu\u00e9 partes deber\u00edan entablar un di\u00e1logo? \u00bfSon leg\u00edtimas, incluso \u00fatiles, las negociaciones con actores violentos como el crimen organizado o las Maras? \u00bfQui\u00e9n puede articular procesos de mediaci\u00f3n y con qu\u00e9 metodolog\u00eda? \u00bfHasta d\u00f3nde se puede llegar? Estas cuestiones centrar\u00e1n el debate entre Achim Wennmann, doctor en [&hellip;]","og_url":"https:\/\/www.icip.cat\/es\/event\/dialeg-negociacio-i-mediacio-amb-actors-violents\/","og_site_name":"ICIP","article_modified_time":"2021-04-22T07:27:07+00:00","og_image":[{"width":495,"height":400,"url":"https:\/\/www.icip.cat\/wp-content\/uploads\/2021\/02\/thumbnail_renacimiento-12-495x400-1.jpg","type":"image\/jpeg"}],"twitter_card":"summary_large_image","twitter_misc":{"Tiempo de lectura":"1 minuto"},"schema":{"@context":"https:\/\/schema.org","@graph":[{"@type":"WebPage","@id":"https:\/\/www.icip.cat\/es\/event\/dialeg-negociacio-i-mediacio-amb-actors-violents\/","url":"https:\/\/www.icip.cat\/es\/event\/dialeg-negociacio-i-mediacio-amb-actors-violents\/","name":"Di\u00e1logo, negociaci\u00f3n y mediaci\u00f3n con actores violentos - ICIP","isPartOf":{"@id":"https:\/\/www.icip.cat\/ca\/#website"},"primaryImageOfPage":{"@id":"https:\/\/www.icip.cat\/es\/event\/dialeg-negociacio-i-mediacio-amb-actors-violents\/#primaryimage"},"image":{"@id":"https:\/\/www.icip.cat\/es\/event\/dialeg-negociacio-i-mediacio-amb-actors-violents\/#primaryimage"},"thumbnailUrl":"https:\/\/www.icip.cat\/wp-content\/uploads\/2021\/02\/thumbnail_renacimiento-12-495x400-1.jpg","datePublished":"2021-03-31T07:24:30+00:00","dateModified":"2021-04-22T07:27:07+00:00","inLanguage":"es","potentialAction":[{"@type":"ReadAction","target":["https:\/\/www.icip.cat\/es\/event\/dialeg-negociacio-i-mediacio-amb-actors-violents\/"]}]},{"@type":"ImageObject","inLanguage":"es","@id":"https:\/\/www.icip.cat\/es\/event\/dialeg-negociacio-i-mediacio-amb-actors-violents\/#primaryimage","url":"https:\/\/www.icip.cat\/wp-content\/uploads\/2021\/02\/thumbnail_renacimiento-12-495x400-1.jpg","contentUrl":"https:\/\/www.icip.cat\/wp-content\/uploads\/2021\/02\/thumbnail_renacimiento-12-495x400-1.jpg","width":495,"height":400},{"@type":"WebSite","@id":"https:\/\/www.icip.cat\/ca\/#website","url":"https:\/\/www.icip.cat\/ca\/","name":"ICIP","description":"","publisher":{"@id":"https:\/\/www.icip.cat\/ca\/#organization"},"potentialAction":[{"@type":"SearchAction","target":{"@type":"EntryPoint","urlTemplate":"https:\/\/www.icip.cat\/ca\/?s={search_term_string}"},"query-input":{"@type":"PropertyValueSpecification","valueRequired":true,"valueName":"search_term_string"}}],"inLanguage":"es"},{"@type":"Organization","@id":"https:\/\/www.icip.cat\/ca\/#organization","name":"ICIP","url":"https:\/\/www.icip.cat\/ca\/","logo":{"@type":"ImageObject","inLanguage":"es","@id":"https:\/\/www.icip.cat\/ca\/#\/schema\/logo\/image\/","url":"https:\/\/www.icip.cat\/wp-content\/uploads\/2021\/02\/logo-2.png","contentUrl":"https:\/\/www.icip.cat\/wp-content\/uploads\/2021\/02\/logo-2.png","width":562,"height":391,"caption":"ICIP"},"image":{"@id":"https:\/\/www.icip.cat\/ca\/#\/schema\/logo\/image\/"}}]}},"_links":{"self":[{"href":"https:\/\/www.icip.cat\/es\/wp-json\/wp\/v2\/icip_event\/18065","targetHints":{"allow":["GET"]}}],"collection":[{"href":"https:\/\/www.icip.cat\/es\/wp-json\/wp\/v2\/icip_event"}],"about":[{"href":"https:\/\/www.icip.cat\/es\/wp-json\/wp\/v2\/types\/icip_event"}],"version-history":[{"count":10,"href":"https:\/\/www.icip.cat\/es\/wp-json\/wp\/v2\/icip_event\/18065\/revisions"}],"predecessor-version":[{"id":18400,"href":"https:\/\/www.icip.cat\/es\/wp-json\/wp\/v2\/icip_event\/18065\/revisions\/18400"}],"wp:featuredmedia":[{"embeddable":true,"href":"https:\/\/www.icip.cat\/es\/wp-json\/wp\/v2\/media\/16928"}],"wp:attachment":[{"href":"https:\/\/www.icip.cat\/es\/wp-json\/wp\/v2\/media?parent=18065"}],"curies":[{"name":"wp","href":"https:\/\/api.w.org\/{rel}","templated":true}]}}

Diálogo, negociación y mediación con actores violentos

<p>En contextos violento con diferentes actores en juego, ¿qué partes deberían entablar un diálogo? ¿Son legítimas, incluso útiles, las negociaciones con actores violentos como el crimen organizado o las Maras? ¿Quién puede articular procesos de mediación y con qué metodología? ¿Hasta dónde se puede llegar?</p>



<p>Estas cuestiones centrarán el debate entre <strong>Achim Wennmann</strong>, doctor en Relaciones Internacionales e investigador del Graduate Institute Geneva; <strong>Angélica Durán</strong>, profesora asociada de Ciencia Política en la Universidad de Massachusetts-Lowell de Estados Unidos; y <strong>Falko Ernst</strong>, analista sobre México para el International Crisis Group. </p>



<p>La sesión tendrá lugar el martes 27 de abril y forma parte del ciclo «<a href="http://www.icip.cat/wp-content/uploads/2021/03/Programa_Cicle.pdf">América Latina. Hacer frente a las violencias desde la construcción de paz</a>«, organizado por el ICIP.</p>



<p>Todas las sesiones del ciclo tienen lugar de las 18h a las 19.30h (CET) en directo a través del <a href="https://www.youtube.com/watch?v=tTHlSnuE-Bw">canal ICIP de YouTube</a>.</p>



<div class="wp-block-image"><figure class="aligncenter size-large"><img fetchpriority="high" decoding="async" width="1024" height="576" src="http://www.icip.cat/wp-content/uploads/2021/04/ICIP_Tarjeton_27-04-1024x576.png" alt="" class="wp-image-18373" srcset="https://www.icip.cat/wp-content/uploads/2021/04/ICIP_Tarjeton_27-04-1024x576.png 1024w, https://www.icip.cat/wp-content/uploads/2021/04/ICIP_Tarjeton_27-04-300x169.png 300w, https://www.icip.cat/wp-content/uploads/2021/04/ICIP_Tarjeton_27-04-768x432.png 768w, https://www.icip.cat/wp-content/uploads/2021/04/ICIP_Tarjeton_27-04-1536x864.png 1536w, https://www.icip.cat/wp-content/uploads/2021/04/ICIP_Tarjeton_27-04-2048x1152.png 2048w" sizes="(max-width: 1024px) 100vw, 1024px" /></figure></div>

<!-- This site is optimized with the Yoast SEO plugin v25.6 - https://yoast.com/wordpress/plugins/seo/ -->
<title>Diálogo, negociación y mediación con actores violentos - ICIP</title>
<meta name="robots" content="index, follow, max-snippet:-1, max-image-preview:large, max-video-preview:-1" />
<link rel="canonical" href="https://www.icip.cat/es/event/dialeg-negociacio-i-mediacio-amb-actors-violents/" />
<meta property="og:locale" content="es_ES" />
<meta property="og:type" content="article" />
<meta property="og:title" content="Diálogo, negociación y mediación con actores violentos - ICIP" />
<meta property="og:description" content="En contextos violento con diferentes actores en juego, ¿qué partes deberían entablar un diálogo? ¿Son legítimas, incluso útiles, las negociaciones con actores violentos como el crimen organizado o las Maras? ¿Quién puede articular procesos de mediación y con qué metodología? ¿Hasta dónde se puede llegar? Estas cuestiones centrarán el debate entre Achim Wennmann, doctor en [&hellip;]" />
<meta property="og:url" content="https://www.icip.cat/es/event/dialeg-negociacio-i-mediacio-amb-actors-violents/" />
<meta property="og:site_name" content="ICIP" />
<meta property="article:modified_time" content="2021-04-22T07:27:07+00:00" />
<meta property="og:image" content="https://www.icip.cat/wp-content/uploads/2021/02/thumbnail_renacimiento-12-495x400-1.jpg" />
	<meta property="og:image:width" content="495" />
	<meta property="og:image:height" content="400" />
	<meta property="og:image:type" content="image/jpeg" />
<meta name="twitter:card" content="summary_large_image" />
<meta name="twitter:label1" content="Tiempo de lectura" />
	<meta name="twitter:data1" content="1 minuto" />
<script type="application/ld+json" class="yoast-schema-graph">{"@context":"https://schema.org","@graph":[{"@type":"WebPage","@id":"https://www.icip.cat/es/event/dialeg-negociacio-i-mediacio-amb-actors-violents/","url":"https://www.icip.cat/es/event/dialeg-negociacio-i-mediacio-amb-actors-violents/","name":"Diálogo, negociación y mediación con actores violentos - ICIP","isPartOf":{"@id":"https://www.icip.cat/ca/#website"},"primaryImageOfPage":{"@id":"https://www.icip.cat/es/event/dialeg-negociacio-i-mediacio-amb-actors-violents/#primaryimage"},"image":{"@id":"https://www.icip.cat/es/event/dialeg-negociacio-i-mediacio-amb-actors-violents/#primaryimage"},"thumbnailUrl":"https://www.icip.cat/wp-content/uploads/2021/02/thumbnail_renacimiento-12-495x400-1.jpg","datePublished":"2021-03-31T07:24:30+00:00","dateModified":"2021-04-22T07:27:07+00:00","inLanguage":"es","potentialAction":[{"@type":"ReadAction","target":["https://www.icip.cat/es/event/dialeg-negociacio-i-mediacio-amb-actors-violents/"]}]},{"@type":"ImageObject","inLanguage":"es","@id":"https://www.icip.cat/es/event/dialeg-negociacio-i-mediacio-amb-actors-violents/#primaryimage","url":"https://www.icip.cat/wp-content/uploads/2021/02/thumbnail_renacimiento-12-495x400-1.jpg","contentUrl":"https://www.icip.cat/wp-content/uploads/2021/02/thumbnail_renacimiento-12-495x400-1.jpg","width":495,"height":400},{"@type":"WebSite","@id":"https://www.icip.cat/ca/#website","url":"https://www.icip.cat/ca/","name":"ICIP","description":"","publisher":{"@id":"https://www.icip.cat/ca/#organization"},"potentialAction":[{"@type":"SearchAction","target":{"@type":"EntryPoint","urlTemplate":"https://www.icip.cat/ca/?s={search_term_string}"},"query-input":{"@type":"PropertyValueSpecification","valueRequired":true,"valueName":"search_term_string"}}],"inLanguage":"es"},{"@type":"Organization","@id":"https://www.icip.cat/ca/#organization","name":"ICIP","url":"https://www.icip.cat/ca/","logo":{"@type":"ImageObject","inLanguage":"es","@id":"https://www.icip.cat/ca/#/schema/logo/image/","url":"https://www.icip.cat/wp-content/uploads/2021/02/logo-2.png","contentUrl":"https://www.icip.cat/wp-content/uploads/2021/02/logo-2.png","width":562,"height":391,"caption":"ICIP"},"image":{"@id":"https://www.icip.cat/ca/#/schema/logo/image/"}}]}</script>
<!-- / Yoast SEO plugin. -->

Diálogo, negociación y mediación con actores violentos - ICIP

En contextos violento con diferentes actores en juego, ¿qué partes deberían entablar un diálogo? ¿Son legítimas, incluso útiles, las negociaciones con actores violentos como el crimen organizado o las Maras? ¿Quién puede articular procesos de mediación y con qué metodología? ¿Hasta dónde se puede llegar? Estas cuestiones centrarán el debate entre Achim Wennmann, doctor en [&hellip;]
