{"id":18578,"date":"2021-04-30T10:08:03","date_gmt":"2021-04-30T10:08:03","guid":{"rendered":"http:\/\/www.icip.cat\/event\/mecanismes-extraordinaris-per-a-violencies-extraordinaries\/"},"modified":"2021-05-05T08:57:51","modified_gmt":"2021-05-05T08:57:51","slug":"mecanismes-extraordinaris-per-a-violencies-extraordinaries","status":"publish","type":"icip_event","link":"https:\/\/www.icip.cat\/es\/event\/mecanismes-extraordinaris-per-a-violencies-extraordinaries\/","title":{"rendered":"Mecanismos extraordinarios para violencias extraordinarias"},"content":{"rendered":"\n<p>El volumen y sistematizaci\u00f3n de las violencias, las caracter\u00edsticas de los perpetradores y sus relaciones con las instituciones p\u00fablicas y la conexa impunidad son algunos de los factores que apuntan a la necesidad de medidas extraordinarias para garantizar justicia, verdad y reparaci\u00f3n. <\/p>\n\n\n\n<p>En estos contextos de violencias cr\u00f3nicas de alta intensidad, \u00bfser\u00eda conveniente poner en marcha procesos de justicia transicional como mecanismo de construcci\u00f3n de paz? \u00bfQu\u00e9 condiciones tendr\u00edan que darse para que estos procesos fueran viables y transformadores?<\/p>\n\n\n\n<p>Estas cuestiones centrar\u00e1n el di\u00e1logo entre <strong>Guillermo Trejo<\/strong>, profesor de Ciencia Pol\u00edtica y director del Laboratorio de Justicia Transicional en la Universidad de Notre Dame, Estados Unidos, y <strong>Mar\u00eda Camila Moreno<\/strong>, directora para Colombia del Centro Internacional de Justicia Transicional (ICTJ).<\/p>\n\n\n\n<p>La sesi\u00f3n tendr\u00e1 lugar el martes 11 de mayo y forma parte del ciclo \u00ab<a href=\"http:\/\/www.icip.cat\/wp-content\/uploads\/2021\/03\/Programa_Cicle.pdf\">Am\u00e9rica Latina. Hacer frente a las violencias desde la construcci\u00f3n de paz<\/a>\u00ab, organizado por el ICIP.<\/p>\n\n\n\n<p>Todas las sesiones del ciclo tienen lugar de las 18h a las 19.30h (CET) en directo a trav\u00e9s del<a href=\"https:\/\/youtu.be\/njL1T3TFQV4\">\u00a0canal ICIP de YouTube<\/a>.<\/p>\n\n\n\n<div class=\"wp-block-image\"><figure class=\"aligncenter size-large\"><img fetchpriority=\"high\" decoding=\"async\" width=\"1024\" height=\"576\" src=\"http:\/\/www.icip.cat\/wp-content\/uploads\/2021\/04\/ICIP_Tarjeton_11-05-1-1024x576.png\" alt=\"\" class=\"wp-image-18598\" srcset=\"https:\/\/www.icip.cat\/wp-content\/uploads\/2021\/04\/ICIP_Tarjeton_11-05-1-1024x576.png 1024w, https:\/\/www.icip.cat\/wp-content\/uploads\/2021\/04\/ICIP_Tarjeton_11-05-1-300x169.png 300w, https:\/\/www.icip.cat\/wp-content\/uploads\/2021\/04\/ICIP_Tarjeton_11-05-1-768x432.png 768w, https:\/\/www.icip.cat\/wp-content\/uploads\/2021\/04\/ICIP_Tarjeton_11-05-1-1536x864.png 1536w, https:\/\/www.icip.cat\/wp-content\/uploads\/2021\/04\/ICIP_Tarjeton_11-05-1-2048x1152.png 2048w\" sizes=\"(max-width: 1024px) 100vw, 1024px\" \/><\/figure><\/div>\n","protected":false},"featured_media":16934,"template":"","class_list":["post-18578","icip_event","type-icip_event","status-publish","has-post-thumbnail","hentry"],"acf":[],"yoast_head":"<!-- This site is optimized with the Yoast SEO plugin v25.6 - https:\/\/yoast.com\/wordpress\/plugins\/seo\/ -->\n<title>Mecanismos extraordinarios para violencias extraordinarias - ICIP<\/title>\n<meta name=\"robots\" content=\"index, follow, max-snippet:-1, max-image-preview:large, max-video-preview:-1\" \/>\n<link rel=\"canonical\" href=\"https:\/\/www.icip.cat\/es\/event\/mecanismes-extraordinaris-per-a-violencies-extraordinaries\/\" \/>\n<meta property=\"og:locale\" content=\"es_ES\" \/>\n<meta property=\"og:type\" content=\"article\" \/>\n<meta property=\"og:title\" content=\"Mecanismos extraordinarios para violencias extraordinarias - ICIP\" \/>\n<meta property=\"og:description\" content=\"El volumen y sistematizaci\u00f3n de las violencias, las caracter\u00edsticas de los perpetradores y sus relaciones con las instituciones p\u00fablicas y la conexa impunidad son algunos de los factores que apuntan a la necesidad de medidas extraordinarias para garantizar justicia, verdad y reparaci\u00f3n. En estos contextos de violencias cr\u00f3nicas de alta intensidad, \u00bfser\u00eda conveniente poner en [&hellip;]\" \/>\n<meta property=\"og:url\" content=\"https:\/\/www.icip.cat\/es\/event\/mecanismes-extraordinaris-per-a-violencies-extraordinaries\/\" \/>\n<meta property=\"og:site_name\" content=\"ICIP\" \/>\n<meta property=\"article:modified_time\" content=\"2021-05-05T08:57:51+00:00\" \/>\n<meta property=\"og:image\" content=\"https:\/\/www.icip.cat\/wp-content\/uploads\/2021\/02\/thumbnail_renacimiento-12-495x400-2.jpg\" \/>\n\t<meta property=\"og:image:width\" content=\"495\" \/>\n\t<meta property=\"og:image:height\" content=\"400\" \/>\n\t<meta property=\"og:image:type\" content=\"image\/jpeg\" \/>\n<meta name=\"twitter:card\" content=\"summary_large_image\" \/>\n<meta name=\"twitter:label1\" content=\"Tiempo de lectura\" \/>\n\t<meta name=\"twitter:data1\" content=\"1 minuto\" \/>\n<script type=\"application\/ld+json\" class=\"yoast-schema-graph\">{\"@context\":\"https:\/\/schema.org\",\"@graph\":[{\"@type\":\"WebPage\",\"@id\":\"https:\/\/www.icip.cat\/es\/event\/mecanismes-extraordinaris-per-a-violencies-extraordinaries\/\",\"url\":\"https:\/\/www.icip.cat\/es\/event\/mecanismes-extraordinaris-per-a-violencies-extraordinaries\/\",\"name\":\"Mecanismos extraordinarios para violencias extraordinarias - ICIP\",\"isPartOf\":{\"@id\":\"https:\/\/www.icip.cat\/ca\/#website\"},\"primaryImageOfPage\":{\"@id\":\"https:\/\/www.icip.cat\/es\/event\/mecanismes-extraordinaris-per-a-violencies-extraordinaries\/#primaryimage\"},\"image\":{\"@id\":\"https:\/\/www.icip.cat\/es\/event\/mecanismes-extraordinaris-per-a-violencies-extraordinaries\/#primaryimage\"},\"thumbnailUrl\":\"https:\/\/www.icip.cat\/wp-content\/uploads\/2021\/02\/thumbnail_renacimiento-12-495x400-2.jpg\",\"datePublished\":\"2021-04-30T10:08:03+00:00\",\"dateModified\":\"2021-05-05T08:57:51+00:00\",\"inLanguage\":\"es\",\"potentialAction\":[{\"@type\":\"ReadAction\",\"target\":[\"https:\/\/www.icip.cat\/es\/event\/mecanismes-extraordinaris-per-a-violencies-extraordinaries\/\"]}]},{\"@type\":\"ImageObject\",\"inLanguage\":\"es\",\"@id\":\"https:\/\/www.icip.cat\/es\/event\/mecanismes-extraordinaris-per-a-violencies-extraordinaries\/#primaryimage\",\"url\":\"https:\/\/www.icip.cat\/wp-content\/uploads\/2021\/02\/thumbnail_renacimiento-12-495x400-2.jpg\",\"contentUrl\":\"https:\/\/www.icip.cat\/wp-content\/uploads\/2021\/02\/thumbnail_renacimiento-12-495x400-2.jpg\",\"width\":495,\"height\":400},{\"@type\":\"WebSite\",\"@id\":\"https:\/\/www.icip.cat\/ca\/#website\",\"url\":\"https:\/\/www.icip.cat\/ca\/\",\"name\":\"ICIP\",\"description\":\"\",\"publisher\":{\"@id\":\"https:\/\/www.icip.cat\/ca\/#organization\"},\"potentialAction\":[{\"@type\":\"SearchAction\",\"target\":{\"@type\":\"EntryPoint\",\"urlTemplate\":\"https:\/\/www.icip.cat\/ca\/?s={search_term_string}\"},\"query-input\":{\"@type\":\"PropertyValueSpecification\",\"valueRequired\":true,\"valueName\":\"search_term_string\"}}],\"inLanguage\":\"es\"},{\"@type\":\"Organization\",\"@id\":\"https:\/\/www.icip.cat\/ca\/#organization\",\"name\":\"ICIP\",\"url\":\"https:\/\/www.icip.cat\/ca\/\",\"logo\":{\"@type\":\"ImageObject\",\"inLanguage\":\"es\",\"@id\":\"https:\/\/www.icip.cat\/ca\/#\/schema\/logo\/image\/\",\"url\":\"https:\/\/www.icip.cat\/wp-content\/uploads\/2021\/02\/logo-2.png\",\"contentUrl\":\"https:\/\/www.icip.cat\/wp-content\/uploads\/2021\/02\/logo-2.png\",\"width\":562,\"height\":391,\"caption\":\"ICIP\"},\"image\":{\"@id\":\"https:\/\/www.icip.cat\/ca\/#\/schema\/logo\/image\/\"}}]}<\/script>\n<!-- \/ Yoast SEO plugin. -->","yoast_head_json":{"title":"Mecanismos extraordinarios para violencias extraordinarias - ICIP","robots":{"index":"index","follow":"follow","max-snippet":"max-snippet:-1","max-image-preview":"max-image-preview:large","max-video-preview":"max-video-preview:-1"},"canonical":"https:\/\/www.icip.cat\/es\/event\/mecanismes-extraordinaris-per-a-violencies-extraordinaries\/","og_locale":"es_ES","og_type":"article","og_title":"Mecanismos extraordinarios para violencias extraordinarias - ICIP","og_description":"El volumen y sistematizaci\u00f3n de las violencias, las caracter\u00edsticas de los perpetradores y sus relaciones con las instituciones p\u00fablicas y la conexa impunidad son algunos de los factores que apuntan a la necesidad de medidas extraordinarias para garantizar justicia, verdad y reparaci\u00f3n. En estos contextos de violencias cr\u00f3nicas de alta intensidad, \u00bfser\u00eda conveniente poner en [&hellip;]","og_url":"https:\/\/www.icip.cat\/es\/event\/mecanismes-extraordinaris-per-a-violencies-extraordinaries\/","og_site_name":"ICIP","article_modified_time":"2021-05-05T08:57:51+00:00","og_image":[{"width":495,"height":400,"url":"https:\/\/www.icip.cat\/wp-content\/uploads\/2021\/02\/thumbnail_renacimiento-12-495x400-2.jpg","type":"image\/jpeg"}],"twitter_card":"summary_large_image","twitter_misc":{"Tiempo de lectura":"1 minuto"},"schema":{"@context":"https:\/\/schema.org","@graph":[{"@type":"WebPage","@id":"https:\/\/www.icip.cat\/es\/event\/mecanismes-extraordinaris-per-a-violencies-extraordinaries\/","url":"https:\/\/www.icip.cat\/es\/event\/mecanismes-extraordinaris-per-a-violencies-extraordinaries\/","name":"Mecanismos extraordinarios para violencias extraordinarias - ICIP","isPartOf":{"@id":"https:\/\/www.icip.cat\/ca\/#website"},"primaryImageOfPage":{"@id":"https:\/\/www.icip.cat\/es\/event\/mecanismes-extraordinaris-per-a-violencies-extraordinaries\/#primaryimage"},"image":{"@id":"https:\/\/www.icip.cat\/es\/event\/mecanismes-extraordinaris-per-a-violencies-extraordinaries\/#primaryimage"},"thumbnailUrl":"https:\/\/www.icip.cat\/wp-content\/uploads\/2021\/02\/thumbnail_renacimiento-12-495x400-2.jpg","datePublished":"2021-04-30T10:08:03+00:00","dateModified":"2021-05-05T08:57:51+00:00","inLanguage":"es","potentialAction":[{"@type":"ReadAction","target":["https:\/\/www.icip.cat\/es\/event\/mecanismes-extraordinaris-per-a-violencies-extraordinaries\/"]}]},{"@type":"ImageObject","inLanguage":"es","@id":"https:\/\/www.icip.cat\/es\/event\/mecanismes-extraordinaris-per-a-violencies-extraordinaries\/#primaryimage","url":"https:\/\/www.icip.cat\/wp-content\/uploads\/2021\/02\/thumbnail_renacimiento-12-495x400-2.jpg","contentUrl":"https:\/\/www.icip.cat\/wp-content\/uploads\/2021\/02\/thumbnail_renacimiento-12-495x400-2.jpg","width":495,"height":400},{"@type":"WebSite","@id":"https:\/\/www.icip.cat\/ca\/#website","url":"https:\/\/www.icip.cat\/ca\/","name":"ICIP","description":"","publisher":{"@id":"https:\/\/www.icip.cat\/ca\/#organization"},"potentialAction":[{"@type":"SearchAction","target":{"@type":"EntryPoint","urlTemplate":"https:\/\/www.icip.cat\/ca\/?s={search_term_string}"},"query-input":{"@type":"PropertyValueSpecification","valueRequired":true,"valueName":"search_term_string"}}],"inLanguage":"es"},{"@type":"Organization","@id":"https:\/\/www.icip.cat\/ca\/#organization","name":"ICIP","url":"https:\/\/www.icip.cat\/ca\/","logo":{"@type":"ImageObject","inLanguage":"es","@id":"https:\/\/www.icip.cat\/ca\/#\/schema\/logo\/image\/","url":"https:\/\/www.icip.cat\/wp-content\/uploads\/2021\/02\/logo-2.png","contentUrl":"https:\/\/www.icip.cat\/wp-content\/uploads\/2021\/02\/logo-2.png","width":562,"height":391,"caption":"ICIP"},"image":{"@id":"https:\/\/www.icip.cat\/ca\/#\/schema\/logo\/image\/"}}]}},"_links":{"self":[{"href":"https:\/\/www.icip.cat\/es\/wp-json\/wp\/v2\/icip_event\/18578","targetHints":{"allow":["GET"]}}],"collection":[{"href":"https:\/\/www.icip.cat\/es\/wp-json\/wp\/v2\/icip_event"}],"about":[{"href":"https:\/\/www.icip.cat\/es\/wp-json\/wp\/v2\/types\/icip_event"}],"version-history":[{"count":10,"href":"https:\/\/www.icip.cat\/es\/wp-json\/wp\/v2\/icip_event\/18578\/revisions"}],"predecessor-version":[{"id":18617,"href":"https:\/\/www.icip.cat\/es\/wp-json\/wp\/v2\/icip_event\/18578\/revisions\/18617"}],"wp:featuredmedia":[{"embeddable":true,"href":"https:\/\/www.icip.cat\/es\/wp-json\/wp\/v2\/media\/16934"}],"wp:attachment":[{"href":"https:\/\/www.icip.cat\/es\/wp-json\/wp\/v2\/media?parent=18578"}],"curies":[{"name":"wp","href":"https:\/\/api.w.org\/{rel}","templated":true}]}}

<p>El volumen y sistematización de las violencias, las características de los perpetradores y sus relaciones con las instituciones públicas y la conexa impunidad son algunos de los factores que apuntan a la necesidad de medidas extraordinarias para garantizar justicia, verdad y reparación. </p>



<p>En estos contextos de violencias crónicas de alta intensidad, ¿sería conveniente poner en marcha procesos de justicia transicional como mecanismo de construcción de paz? ¿Qué condiciones tendrían que darse para que estos procesos fueran viables y transformadores?</p>



<p>Estas cuestiones centrarán el diálogo entre <strong>Guillermo Trejo</strong>, profesor de Ciencia Política y director del Laboratorio de Justicia Transicional en la Universidad de Notre Dame, Estados Unidos, y <strong>María Camila Moreno</strong>, directora para Colombia del Centro Internacional de Justicia Transicional (ICTJ).</p>



<p>La sesión tendrá lugar el martes 11 de mayo y forma parte del ciclo «<a href="http://www.icip.cat/wp-content/uploads/2021/03/Programa_Cicle.pdf">América Latina. Hacer frente a las violencias desde la construcción de paz</a>«, organizado por el ICIP.</p>



<p>Todas las sesiones del ciclo tienen lugar de las 18h a las 19.30h (CET) en directo a través del<a href="https://youtu.be/njL1T3TFQV4"> canal ICIP de YouTube</a>.</p>



<div class="wp-block-image"><figure class="aligncenter size-large"><img fetchpriority="high" decoding="async" width="1024" height="576" src="http://www.icip.cat/wp-content/uploads/2021/04/ICIP_Tarjeton_11-05-1-1024x576.png" alt="" class="wp-image-18598" srcset="https://www.icip.cat/wp-content/uploads/2021/04/ICIP_Tarjeton_11-05-1-1024x576.png 1024w, https://www.icip.cat/wp-content/uploads/2021/04/ICIP_Tarjeton_11-05-1-300x169.png 300w, https://www.icip.cat/wp-content/uploads/2021/04/ICIP_Tarjeton_11-05-1-768x432.png 768w, https://www.icip.cat/wp-content/uploads/2021/04/ICIP_Tarjeton_11-05-1-1536x864.png 1536w, https://www.icip.cat/wp-content/uploads/2021/04/ICIP_Tarjeton_11-05-1-2048x1152.png 2048w" sizes="(max-width: 1024px) 100vw, 1024px" /></figure></div>

<!-- This site is optimized with the Yoast SEO plugin v25.6 - https://yoast.com/wordpress/plugins/seo/ -->
<title>Mecanismos extraordinarios para violencias extraordinarias - ICIP</title>
<meta name="robots" content="index, follow, max-snippet:-1, max-image-preview:large, max-video-preview:-1" />
<link rel="canonical" href="https://www.icip.cat/es/event/mecanismes-extraordinaris-per-a-violencies-extraordinaries/" />
<meta property="og:locale" content="es_ES" />
<meta property="og:type" content="article" />
<meta property="og:title" content="Mecanismos extraordinarios para violencias extraordinarias - ICIP" />
<meta property="og:description" content="El volumen y sistematización de las violencias, las características de los perpetradores y sus relaciones con las instituciones públicas y la conexa impunidad son algunos de los factores que apuntan a la necesidad de medidas extraordinarias para garantizar justicia, verdad y reparación. En estos contextos de violencias crónicas de alta intensidad, ¿sería conveniente poner en [&hellip;]" />
<meta property="og:url" content="https://www.icip.cat/es/event/mecanismes-extraordinaris-per-a-violencies-extraordinaries/" />
<meta property="og:site_name" content="ICIP" />
<meta property="article:modified_time" content="2021-05-05T08:57:51+00:00" />
<meta property="og:image" content="https://www.icip.cat/wp-content/uploads/2021/02/thumbnail_renacimiento-12-495x400-2.jpg" />
	<meta property="og:image:width" content="495" />
	<meta property="og:image:height" content="400" />
	<meta property="og:image:type" content="image/jpeg" />
<meta name="twitter:card" content="summary_large_image" />
<meta name="twitter:label1" content="Tiempo de lectura" />
	<meta name="twitter:data1" content="1 minuto" />
<script type="application/ld+json" class="yoast-schema-graph">{"@context":"https://schema.org","@graph":[{"@type":"WebPage","@id":"https://www.icip.cat/es/event/mecanismes-extraordinaris-per-a-violencies-extraordinaries/","url":"https://www.icip.cat/es/event/mecanismes-extraordinaris-per-a-violencies-extraordinaries/","name":"Mecanismos extraordinarios para violencias extraordinarias - ICIP","isPartOf":{"@id":"https://www.icip.cat/ca/#website"},"primaryImageOfPage":{"@id":"https://www.icip.cat/es/event/mecanismes-extraordinaris-per-a-violencies-extraordinaries/#primaryimage"},"image":{"@id":"https://www.icip.cat/es/event/mecanismes-extraordinaris-per-a-violencies-extraordinaries/#primaryimage"},"thumbnailUrl":"https://www.icip.cat/wp-content/uploads/2021/02/thumbnail_renacimiento-12-495x400-2.jpg","datePublished":"2021-04-30T10:08:03+00:00","dateModified":"2021-05-05T08:57:51+00:00","inLanguage":"es","potentialAction":[{"@type":"ReadAction","target":["https://www.icip.cat/es/event/mecanismes-extraordinaris-per-a-violencies-extraordinaries/"]}]},{"@type":"ImageObject","inLanguage":"es","@id":"https://www.icip.cat/es/event/mecanismes-extraordinaris-per-a-violencies-extraordinaries/#primaryimage","url":"https://www.icip.cat/wp-content/uploads/2021/02/thumbnail_renacimiento-12-495x400-2.jpg","contentUrl":"https://www.icip.cat/wp-content/uploads/2021/02/thumbnail_renacimiento-12-495x400-2.jpg","width":495,"height":400},{"@type":"WebSite","@id":"https://www.icip.cat/ca/#website","url":"https://www.icip.cat/ca/","name":"ICIP","description":"","publisher":{"@id":"https://www.icip.cat/ca/#organization"},"potentialAction":[{"@type":"SearchAction","target":{"@type":"EntryPoint","urlTemplate":"https://www.icip.cat/ca/?s={search_term_string}"},"query-input":{"@type":"PropertyValueSpecification","valueRequired":true,"valueName":"search_term_string"}}],"inLanguage":"es"},{"@type":"Organization","@id":"https://www.icip.cat/ca/#organization","name":"ICIP","url":"https://www.icip.cat/ca/","logo":{"@type":"ImageObject","inLanguage":"es","@id":"https://www.icip.cat/ca/#/schema/logo/image/","url":"https://www.icip.cat/wp-content/uploads/2021/02/logo-2.png","contentUrl":"https://www.icip.cat/wp-content/uploads/2021/02/logo-2.png","width":562,"height":391,"caption":"ICIP"},"image":{"@id":"https://www.icip.cat/ca/#/schema/logo/image/"}}]}</script>
<!-- / Yoast SEO plugin. -->

El volumen y sistematización de las violencias, las características de los perpetradores y sus relaciones con las instituciones públicas y la conexa impunidad son algunos de los factores que apuntan a la necesidad de medidas extraordinarias para garantizar justicia, verdad y reparación. En estos contextos de violencias crónicas de alta intensidad, ¿sería conveniente poner en [&hellip;]
