{"id":19307,"date":"2021-05-28T10:02:27","date_gmt":"2021-05-28T10:02:27","guid":{"rendered":"http:\/\/www.icip.cat\/event\/llancament-del-documental-reescribiendo-el-exilo\/"},"modified":"2021-05-28T10:09:36","modified_gmt":"2021-05-28T10:09:36","slug":"lanzamiento-del-documental-reescribiendo-el-exilo","status":"publish","type":"icip_event","link":"https:\/\/www.icip.cat\/es\/event\/lanzamiento-del-documental-reescribiendo-el-exilo\/","title":{"rendered":"Lanzamiento del documental: \u2018Reescribiendo el exilo\u2019"},"content":{"rendered":"\n<p>El ICIP y la Comisi\u00f3n de la Verdad presentar\u00e1n el pr\u00f3ximo s\u00e1bado 5 de junio el documental <em>Reescribiendo el exilio<\/em>, un film que entrecruza las historias de hijos e hijas de exilados colombianos que viven en diferentes pa\u00edses europeos y que, como consecuencia del conflicto armado colombiano, crecieron\u2013o nacieron- en otros territorios y culturas.<\/p>\n\n\n\n<p>El evento, que incluir\u00e1 la proyecci\u00f3n del documental y un di\u00e1logo posterior, empezar\u00e1 a las 17:00 pm CET\/10 am (Colombia).<\/p>\n\n\n\n<p>En el acto participaran la directora del documental, Monica Granda Restrepo, y varios integrantes del grupo de segundas generaciones en el exilio, para conversar, desde sus experiencias e historias de vida, sobre el pasado, el presente y el futuro de los hijos e hijas de aquellas personas que tuvieron que salir forzadamente de Colombia. El evento estar\u00e1 moderado por Silvia Plana, una de las responsables del \u00e1rea de trabajo <em><a href=\"http:\/\/www.icip.cat\/es\/memoria-convivencia-y-reconciliacion\/\" target=\"_blank\" rel=\"noreferrer noopener\">Memoria, convivencia y reconciliaci\u00f3n<\/a><\/em> del ICIP.<\/p>\n\n\n\n<p><em>Reescribiendo el exilio<\/em> recoge los testimonios de Nicol\u00e1s, Karim, Alejandra y Andrea y muestra im\u00e1genes registradas en el encuentro de segundas generaciones realizado en Bilbao en 2019, gracias al trabajo desplegado por la Comisi\u00f3n para el Esclarecimiento de la Verdad, la Convivencia y la No repetici\u00f3n. El documental busca contribuir a que el exilio colombiano salga del anonimato.<\/p>\n\n\n\n<p>El documental ha sido posible gracias a la colaboraci\u00f3n del ICIP (Instituto Catal\u00e1n Internacional para la Paz), la Agencia Catalana de Cooperaci\u00f3n al Desarrollo y la Comisi\u00f3n de la Verdad de Colombia.<\/p>\n\n\n\n<p>La presentaci\u00f3n se podr\u00e1 seguir a trav\u00e9s del canal de <a href=\"https:\/\/www.youtube.com\/channel\/UCCYEPSzpYaPqs3ajvn0yL5A\" target=\"_blank\" rel=\"noreferrer noopener\">YouTube<\/a> y la p\u00e1gina de <a href=\"https:\/\/www.facebook.com\/ComisionVerdadC\" target=\"_blank\" rel=\"noreferrer noopener\">Facebook<\/a> de la Comisi\u00f3n de la Verdad.<\/p>\n\n\n\n<figure class=\"wp-block-image size-large\"><img fetchpriority=\"high\" decoding=\"async\" width=\"1024\" height=\"576\" src=\"http:\/\/www.icip.cat\/wp-content\/uploads\/2021\/05\/redes-1024x576.jpg\" alt=\"\" class=\"wp-image-19284\" srcset=\"https:\/\/www.icip.cat\/wp-content\/uploads\/2021\/05\/redes-1024x576.jpg 1024w, https:\/\/www.icip.cat\/wp-content\/uploads\/2021\/05\/redes-300x169.jpg 300w, https:\/\/www.icip.cat\/wp-content\/uploads\/2021\/05\/redes-768x432.jpg 768w, https:\/\/www.icip.cat\/wp-content\/uploads\/2021\/05\/redes-1536x864.jpg 1536w, https:\/\/www.icip.cat\/wp-content\/uploads\/2021\/05\/redes-2048x1153.jpg 2048w\" sizes=\"(max-width: 1024px) 100vw, 1024px\" \/><\/figure>\n","protected":false},"featured_media":19289,"template":"","class_list":["post-19307","icip_event","type-icip_event","status-publish","has-post-thumbnail","hentry"],"acf":[],"yoast_head":"<!-- This site is optimized with the Yoast SEO plugin v25.6 - https:\/\/yoast.com\/wordpress\/plugins\/seo\/ -->\n<title>Lanzamiento del documental: \u2018Reescribiendo el exilo\u2019 - ICIP<\/title>\n<meta name=\"description\" content=\"El ICIP y la Comisi\u00f3n de la Verdad presentar\u00e1n el pr\u00f3ximo s\u00e1bado 5 de junio el documental Reescribiendo el exilio&#039;.\" \/>\n<meta name=\"robots\" content=\"index, follow, max-snippet:-1, max-image-preview:large, max-video-preview:-1\" \/>\n<link rel=\"canonical\" href=\"https:\/\/www.icip.cat\/es\/event\/lanzamiento-del-documental-reescribiendo-el-exilo\/\" \/>\n<meta property=\"og:locale\" content=\"es_ES\" \/>\n<meta property=\"og:type\" content=\"article\" \/>\n<meta property=\"og:title\" content=\"Lanzamiento del documental: \u2018Reescribiendo el exilo\u2019 - ICIP\" \/>\n<meta property=\"og:description\" content=\"El ICIP y la Comisi\u00f3n de la Verdad presentar\u00e1n el pr\u00f3ximo s\u00e1bado 5 de junio el documental Reescribiendo el exilio&#039;.\" \/>\n<meta property=\"og:url\" content=\"https:\/\/www.icip.cat\/es\/event\/lanzamiento-del-documental-reescribiendo-el-exilo\/\" \/>\n<meta property=\"og:site_name\" content=\"ICIP\" \/>\n<meta property=\"article:modified_time\" content=\"2021-05-28T10:09:36+00:00\" \/>\n<meta property=\"og:image\" content=\"https:\/\/www.icip.cat\/wp-content\/uploads\/2021\/05\/Captura-12.png\" \/>\n\t<meta property=\"og:image:width\" content=\"588\" \/>\n\t<meta property=\"og:image:height\" content=\"381\" \/>\n\t<meta property=\"og:image:type\" content=\"image\/png\" \/>\n<meta name=\"twitter:card\" content=\"summary_large_image\" \/>\n<meta name=\"twitter:label1\" content=\"Tiempo de lectura\" \/>\n\t<meta name=\"twitter:data1\" content=\"2 minutos\" \/>\n<script type=\"application\/ld+json\" class=\"yoast-schema-graph\">{\"@context\":\"https:\/\/schema.org\",\"@graph\":[{\"@type\":\"WebPage\",\"@id\":\"https:\/\/www.icip.cat\/es\/event\/lanzamiento-del-documental-reescribiendo-el-exilo\/\",\"url\":\"https:\/\/www.icip.cat\/es\/event\/lanzamiento-del-documental-reescribiendo-el-exilo\/\",\"name\":\"Lanzamiento del documental: \u2018Reescribiendo el exilo\u2019 - ICIP\",\"isPartOf\":{\"@id\":\"https:\/\/www.icip.cat\/ca\/#website\"},\"primaryImageOfPage\":{\"@id\":\"https:\/\/www.icip.cat\/es\/event\/lanzamiento-del-documental-reescribiendo-el-exilo\/#primaryimage\"},\"image\":{\"@id\":\"https:\/\/www.icip.cat\/es\/event\/lanzamiento-del-documental-reescribiendo-el-exilo\/#primaryimage\"},\"thumbnailUrl\":\"https:\/\/www.icip.cat\/wp-content\/uploads\/2021\/05\/Captura-12.png\",\"datePublished\":\"2021-05-28T10:02:27+00:00\",\"dateModified\":\"2021-05-28T10:09:36+00:00\",\"description\":\"El ICIP y la Comisi\u00f3n de la Verdad presentar\u00e1n el pr\u00f3ximo s\u00e1bado 5 de junio el documental Reescribiendo el exilio'.\",\"inLanguage\":\"es\",\"potentialAction\":[{\"@type\":\"ReadAction\",\"target\":[\"https:\/\/www.icip.cat\/es\/event\/lanzamiento-del-documental-reescribiendo-el-exilo\/\"]}]},{\"@type\":\"ImageObject\",\"inLanguage\":\"es\",\"@id\":\"https:\/\/www.icip.cat\/es\/event\/lanzamiento-del-documental-reescribiendo-el-exilo\/#primaryimage\",\"url\":\"https:\/\/www.icip.cat\/wp-content\/uploads\/2021\/05\/Captura-12.png\",\"contentUrl\":\"https:\/\/www.icip.cat\/wp-content\/uploads\/2021\/05\/Captura-12.png\",\"width\":588,\"height\":381},{\"@type\":\"WebSite\",\"@id\":\"https:\/\/www.icip.cat\/ca\/#website\",\"url\":\"https:\/\/www.icip.cat\/ca\/\",\"name\":\"ICIP\",\"description\":\"\",\"publisher\":{\"@id\":\"https:\/\/www.icip.cat\/ca\/#organization\"},\"potentialAction\":[{\"@type\":\"SearchAction\",\"target\":{\"@type\":\"EntryPoint\",\"urlTemplate\":\"https:\/\/www.icip.cat\/ca\/?s={search_term_string}\"},\"query-input\":{\"@type\":\"PropertyValueSpecification\",\"valueRequired\":true,\"valueName\":\"search_term_string\"}}],\"inLanguage\":\"es\"},{\"@type\":\"Organization\",\"@id\":\"https:\/\/www.icip.cat\/ca\/#organization\",\"name\":\"ICIP\",\"url\":\"https:\/\/www.icip.cat\/ca\/\",\"logo\":{\"@type\":\"ImageObject\",\"inLanguage\":\"es\",\"@id\":\"https:\/\/www.icip.cat\/ca\/#\/schema\/logo\/image\/\",\"url\":\"https:\/\/www.icip.cat\/wp-content\/uploads\/2021\/02\/logo-2.png\",\"contentUrl\":\"https:\/\/www.icip.cat\/wp-content\/uploads\/2021\/02\/logo-2.png\",\"width\":562,\"height\":391,\"caption\":\"ICIP\"},\"image\":{\"@id\":\"https:\/\/www.icip.cat\/ca\/#\/schema\/logo\/image\/\"}}]}<\/script>\n<!-- \/ Yoast SEO plugin. -->","yoast_head_json":{"title":"Lanzamiento del documental: \u2018Reescribiendo el exilo\u2019 - ICIP","description":"El ICIP y la Comisi\u00f3n de la Verdad presentar\u00e1n el pr\u00f3ximo s\u00e1bado 5 de junio el documental Reescribiendo el exilio'.","robots":{"index":"index","follow":"follow","max-snippet":"max-snippet:-1","max-image-preview":"max-image-preview:large","max-video-preview":"max-video-preview:-1"},"canonical":"https:\/\/www.icip.cat\/es\/event\/lanzamiento-del-documental-reescribiendo-el-exilo\/","og_locale":"es_ES","og_type":"article","og_title":"Lanzamiento del documental: \u2018Reescribiendo el exilo\u2019 - ICIP","og_description":"El ICIP y la Comisi\u00f3n de la Verdad presentar\u00e1n el pr\u00f3ximo s\u00e1bado 5 de junio el documental Reescribiendo el exilio'.","og_url":"https:\/\/www.icip.cat\/es\/event\/lanzamiento-del-documental-reescribiendo-el-exilo\/","og_site_name":"ICIP","article_modified_time":"2021-05-28T10:09:36+00:00","og_image":[{"width":588,"height":381,"url":"https:\/\/www.icip.cat\/wp-content\/uploads\/2021\/05\/Captura-12.png","type":"image\/png"}],"twitter_card":"summary_large_image","twitter_misc":{"Tiempo de lectura":"2 minutos"},"schema":{"@context":"https:\/\/schema.org","@graph":[{"@type":"WebPage","@id":"https:\/\/www.icip.cat\/es\/event\/lanzamiento-del-documental-reescribiendo-el-exilo\/","url":"https:\/\/www.icip.cat\/es\/event\/lanzamiento-del-documental-reescribiendo-el-exilo\/","name":"Lanzamiento del documental: \u2018Reescribiendo el exilo\u2019 - ICIP","isPartOf":{"@id":"https:\/\/www.icip.cat\/ca\/#website"},"primaryImageOfPage":{"@id":"https:\/\/www.icip.cat\/es\/event\/lanzamiento-del-documental-reescribiendo-el-exilo\/#primaryimage"},"image":{"@id":"https:\/\/www.icip.cat\/es\/event\/lanzamiento-del-documental-reescribiendo-el-exilo\/#primaryimage"},"thumbnailUrl":"https:\/\/www.icip.cat\/wp-content\/uploads\/2021\/05\/Captura-12.png","datePublished":"2021-05-28T10:02:27+00:00","dateModified":"2021-05-28T10:09:36+00:00","description":"El ICIP y la Comisi\u00f3n de la Verdad presentar\u00e1n el pr\u00f3ximo s\u00e1bado 5 de junio el documental Reescribiendo el exilio'.","inLanguage":"es","potentialAction":[{"@type":"ReadAction","target":["https:\/\/www.icip.cat\/es\/event\/lanzamiento-del-documental-reescribiendo-el-exilo\/"]}]},{"@type":"ImageObject","inLanguage":"es","@id":"https:\/\/www.icip.cat\/es\/event\/lanzamiento-del-documental-reescribiendo-el-exilo\/#primaryimage","url":"https:\/\/www.icip.cat\/wp-content\/uploads\/2021\/05\/Captura-12.png","contentUrl":"https:\/\/www.icip.cat\/wp-content\/uploads\/2021\/05\/Captura-12.png","width":588,"height":381},{"@type":"WebSite","@id":"https:\/\/www.icip.cat\/ca\/#website","url":"https:\/\/www.icip.cat\/ca\/","name":"ICIP","description":"","publisher":{"@id":"https:\/\/www.icip.cat\/ca\/#organization"},"potentialAction":[{"@type":"SearchAction","target":{"@type":"EntryPoint","urlTemplate":"https:\/\/www.icip.cat\/ca\/?s={search_term_string}"},"query-input":{"@type":"PropertyValueSpecification","valueRequired":true,"valueName":"search_term_string"}}],"inLanguage":"es"},{"@type":"Organization","@id":"https:\/\/www.icip.cat\/ca\/#organization","name":"ICIP","url":"https:\/\/www.icip.cat\/ca\/","logo":{"@type":"ImageObject","inLanguage":"es","@id":"https:\/\/www.icip.cat\/ca\/#\/schema\/logo\/image\/","url":"https:\/\/www.icip.cat\/wp-content\/uploads\/2021\/02\/logo-2.png","contentUrl":"https:\/\/www.icip.cat\/wp-content\/uploads\/2021\/02\/logo-2.png","width":562,"height":391,"caption":"ICIP"},"image":{"@id":"https:\/\/www.icip.cat\/ca\/#\/schema\/logo\/image\/"}}]}},"_links":{"self":[{"href":"https:\/\/www.icip.cat\/es\/wp-json\/wp\/v2\/icip_event\/19307","targetHints":{"allow":["GET"]}}],"collection":[{"href":"https:\/\/www.icip.cat\/es\/wp-json\/wp\/v2\/icip_event"}],"about":[{"href":"https:\/\/www.icip.cat\/es\/wp-json\/wp\/v2\/types\/icip_event"}],"version-history":[{"count":4,"href":"https:\/\/www.icip.cat\/es\/wp-json\/wp\/v2\/icip_event\/19307\/revisions"}],"predecessor-version":[{"id":19313,"href":"https:\/\/www.icip.cat\/es\/wp-json\/wp\/v2\/icip_event\/19307\/revisions\/19313"}],"wp:featuredmedia":[{"embeddable":true,"href":"https:\/\/www.icip.cat\/es\/wp-json\/wp\/v2\/media\/19289"}],"wp:attachment":[{"href":"https:\/\/www.icip.cat\/es\/wp-json\/wp\/v2\/media?parent=19307"}],"curies":[{"name":"wp","href":"https:\/\/api.w.org\/{rel}","templated":true}]}}

<p>El ICIP y la Comisión de la Verdad presentarán el próximo sábado 5 de junio el documental <em>Reescribiendo el exilio</em>, un film que entrecruza las historias de hijos e hijas de exilados colombianos que viven en diferentes países europeos y que, como consecuencia del conflicto armado colombiano, crecieron–o nacieron- en otros territorios y culturas.</p>



<p>El evento, que incluirá la proyección del documental y un diálogo posterior, empezará a las 17:00 pm CET/10 am (Colombia).</p>



<p>En el acto participaran la directora del documental, Monica Granda Restrepo, y varios integrantes del grupo de segundas generaciones en el exilio, para conversar, desde sus experiencias e historias de vida, sobre el pasado, el presente y el futuro de los hijos e hijas de aquellas personas que tuvieron que salir forzadamente de Colombia. El evento estará moderado por Silvia Plana, una de las responsables del área de trabajo <em><a href="http://www.icip.cat/es/memoria-convivencia-y-reconciliacion/" target="_blank" rel="noreferrer noopener">Memoria, convivencia y reconciliación</a></em> del ICIP.</p>



<p><em>Reescribiendo el exilio</em> recoge los testimonios de Nicolás, Karim, Alejandra y Andrea y muestra imágenes registradas en el encuentro de segundas generaciones realizado en Bilbao en 2019, gracias al trabajo desplegado por la Comisión para el Esclarecimiento de la Verdad, la Convivencia y la No repetición. El documental busca contribuir a que el exilio colombiano salga del anonimato.</p>



<p>El documental ha sido posible gracias a la colaboración del ICIP (Instituto Catalán Internacional para la Paz), la Agencia Catalana de Cooperación al Desarrollo y la Comisión de la Verdad de Colombia.</p>



<p>La presentación se podrá seguir a través del canal de <a href="https://www.youtube.com/channel/UCCYEPSzpYaPqs3ajvn0yL5A" target="_blank" rel="noreferrer noopener">YouTube</a> y la página de <a href="https://www.facebook.com/ComisionVerdadC" target="_blank" rel="noreferrer noopener">Facebook</a> de la Comisión de la Verdad.</p>



<figure class="wp-block-image size-large"><img fetchpriority="high" decoding="async" width="1024" height="576" src="http://www.icip.cat/wp-content/uploads/2021/05/redes-1024x576.jpg" alt="" class="wp-image-19284" srcset="https://www.icip.cat/wp-content/uploads/2021/05/redes-1024x576.jpg 1024w, https://www.icip.cat/wp-content/uploads/2021/05/redes-300x169.jpg 300w, https://www.icip.cat/wp-content/uploads/2021/05/redes-768x432.jpg 768w, https://www.icip.cat/wp-content/uploads/2021/05/redes-1536x864.jpg 1536w, https://www.icip.cat/wp-content/uploads/2021/05/redes-2048x1153.jpg 2048w" sizes="(max-width: 1024px) 100vw, 1024px" /></figure>

<!-- This site is optimized with the Yoast SEO plugin v25.6 - https://yoast.com/wordpress/plugins/seo/ -->
<title>Lanzamiento del documental: ‘Reescribiendo el exilo’ - ICIP</title>
<meta name="description" content="El ICIP y la Comisión de la Verdad presentarán el próximo sábado 5 de junio el documental Reescribiendo el exilio&#039;." />
<meta name="robots" content="index, follow, max-snippet:-1, max-image-preview:large, max-video-preview:-1" />
<link rel="canonical" href="https://www.icip.cat/es/event/lanzamiento-del-documental-reescribiendo-el-exilo/" />
<meta property="og:locale" content="es_ES" />
<meta property="og:type" content="article" />
<meta property="og:title" content="Lanzamiento del documental: ‘Reescribiendo el exilo’ - ICIP" />
<meta property="og:description" content="El ICIP y la Comisión de la Verdad presentarán el próximo sábado 5 de junio el documental Reescribiendo el exilio&#039;." />
<meta property="og:url" content="https://www.icip.cat/es/event/lanzamiento-del-documental-reescribiendo-el-exilo/" />
<meta property="og:site_name" content="ICIP" />
<meta property="article:modified_time" content="2021-05-28T10:09:36+00:00" />
<meta property="og:image" content="https://www.icip.cat/wp-content/uploads/2021/05/Captura-12.png" />
	<meta property="og:image:width" content="588" />
	<meta property="og:image:height" content="381" />
	<meta property="og:image:type" content="image/png" />
<meta name="twitter:card" content="summary_large_image" />
<meta name="twitter:label1" content="Tiempo de lectura" />
	<meta name="twitter:data1" content="2 minutos" />
<script type="application/ld+json" class="yoast-schema-graph">{"@context":"https://schema.org","@graph":[{"@type":"WebPage","@id":"https://www.icip.cat/es/event/lanzamiento-del-documental-reescribiendo-el-exilo/","url":"https://www.icip.cat/es/event/lanzamiento-del-documental-reescribiendo-el-exilo/","name":"Lanzamiento del documental: ‘Reescribiendo el exilo’ - ICIP","isPartOf":{"@id":"https://www.icip.cat/ca/#website"},"primaryImageOfPage":{"@id":"https://www.icip.cat/es/event/lanzamiento-del-documental-reescribiendo-el-exilo/#primaryimage"},"image":{"@id":"https://www.icip.cat/es/event/lanzamiento-del-documental-reescribiendo-el-exilo/#primaryimage"},"thumbnailUrl":"https://www.icip.cat/wp-content/uploads/2021/05/Captura-12.png","datePublished":"2021-05-28T10:02:27+00:00","dateModified":"2021-05-28T10:09:36+00:00","description":"El ICIP y la Comisión de la Verdad presentarán el próximo sábado 5 de junio el documental Reescribiendo el exilio'.","inLanguage":"es","potentialAction":[{"@type":"ReadAction","target":["https://www.icip.cat/es/event/lanzamiento-del-documental-reescribiendo-el-exilo/"]}]},{"@type":"ImageObject","inLanguage":"es","@id":"https://www.icip.cat/es/event/lanzamiento-del-documental-reescribiendo-el-exilo/#primaryimage","url":"https://www.icip.cat/wp-content/uploads/2021/05/Captura-12.png","contentUrl":"https://www.icip.cat/wp-content/uploads/2021/05/Captura-12.png","width":588,"height":381},{"@type":"WebSite","@id":"https://www.icip.cat/ca/#website","url":"https://www.icip.cat/ca/","name":"ICIP","description":"","publisher":{"@id":"https://www.icip.cat/ca/#organization"},"potentialAction":[{"@type":"SearchAction","target":{"@type":"EntryPoint","urlTemplate":"https://www.icip.cat/ca/?s={search_term_string}"},"query-input":{"@type":"PropertyValueSpecification","valueRequired":true,"valueName":"search_term_string"}}],"inLanguage":"es"},{"@type":"Organization","@id":"https://www.icip.cat/ca/#organization","name":"ICIP","url":"https://www.icip.cat/ca/","logo":{"@type":"ImageObject","inLanguage":"es","@id":"https://www.icip.cat/ca/#/schema/logo/image/","url":"https://www.icip.cat/wp-content/uploads/2021/02/logo-2.png","contentUrl":"https://www.icip.cat/wp-content/uploads/2021/02/logo-2.png","width":562,"height":391,"caption":"ICIP"},"image":{"@id":"https://www.icip.cat/ca/#/schema/logo/image/"}}]}</script>
<!-- / Yoast SEO plugin. -->

El ICIP y la Comisión de la Verdad presentarán el próximo sábado 5 de junio el documental Reescribiendo el exilio'.
