{"id":21844,"date":"2021-09-03T08:00:20","date_gmt":"2021-09-03T08:00:20","guid":{"rendered":"http:\/\/www.icip.cat\/?post_type=icip_event&#038;p=21844"},"modified":"2021-09-03T08:11:07","modified_gmt":"2021-09-03T08:11:07","slug":"canciones-de-ida-y-vuelta","status":"publish","type":"icip_event","link":"https:\/\/www.icip.cat\/es\/event\/canciones-de-ida-y-vuelta\/","title":{"rendered":"Canciones de ida y vuelta"},"content":{"rendered":"\n<p>El pr\u00f3ximo viernes 17 de septiembre, el ICIP estrenar\u00e1 dos canciones compuestas por 120 v\u00edctimas que salieron de Colombia por causa del conflicto armado y la cantautora colombiana residente en Barcelona, <a href=\"https:\/\/martagomez.com\/\" target=\"_blank\" rel=\"noreferrer noopener\">Marta G\u00f3mez<\/a>. Se trata de una iniciativa innovadora de participaci\u00f3n ciudadana favorecida por la <a href=\"https:\/\/comisiondelaverdad.co\/\" target=\"_blank\" rel=\"noreferrer noopener\">Comisi\u00f3n de la Verdad<\/a> de Colombia.<\/p>\n\n\n\n<p>Durante el acto se presentar\u00e1n las dos canciones, &#8216;Surcos de amor&#8217; y &#8216;Vuelve&#8217;, que forman parte de un EP titulado &#8216;Canciones de ida y vuelta&#8217;. Tambi\u00e9n se presentar\u00e1 el documental &#8216;Tejiendo canciones&#8217; y el videoclip de animaci\u00f3n de &#8216;Vuelve&#8217; elaborado por la productora <a href=\"https:\/\/www.micufilm.com\/\">MicuFilm<\/a>.<\/p>\n\n\n\n<p>En el acto participar\u00e1n:<\/p>\n\n\n\n<p>&#8211;<strong>Marta G\u00f3mez<\/strong>, cantautora<\/p>\n\n\n\n<p>&#8211;<strong>Iv\u00e1n Guarnizo<\/strong>, realizador<\/p>\n\n\n\n<p>&#8211;<strong>Karolina Villarraga<\/strong>, directora audiovisual<\/p>\n\n\n\n<p>&#8211;<strong>Helga Flamtermesky<\/strong>, Nido Catalunya<\/p>\n\n\n\n<p>&#8211;<strong>Ana Isabel Barrera<\/strong>, ICIP<\/p>\n\n\n\n<p>El acto se emitir\u00e1 en director a trav\u00e9s del <a rel=\"noreferrer noopener\" href=\"https:\/\/www.youtube.com\/watch?v=UzcAHTbBKvM\" target=\"_blank\">canal de YouTube del ICIP<\/a> y la p\u00e1gina de <a rel=\"noreferrer noopener\" href=\"https:\/\/www.facebook.com\/martagomezmusic\" target=\"_blank\">Facebook de Marta G\u00f3mez<\/a>. Ser\u00e1 el viernes 17 de septiembre a las 8 pm (1 pm en Colombia).<\/p>\n\n\n\n<div class=\"wp-block-image\"><figure class=\"aligncenter size-large\"><img fetchpriority=\"high\" decoding=\"async\" width=\"1024\" height=\"576\" src=\"http:\/\/www.icip.cat\/wp-content\/uploads\/2021\/09\/Canciones-de-ida-y-vuelta-flyer-1024x576.jpg\" alt=\"\" class=\"wp-image-21853\" srcset=\"https:\/\/www.icip.cat\/wp-content\/uploads\/2021\/09\/Canciones-de-ida-y-vuelta-flyer-1024x576.jpg 1024w, https:\/\/www.icip.cat\/wp-content\/uploads\/2021\/09\/Canciones-de-ida-y-vuelta-flyer-300x169.jpg 300w, https:\/\/www.icip.cat\/wp-content\/uploads\/2021\/09\/Canciones-de-ida-y-vuelta-flyer-768x432.jpg 768w, https:\/\/www.icip.cat\/wp-content\/uploads\/2021\/09\/Canciones-de-ida-y-vuelta-flyer-1536x864.jpg 1536w, https:\/\/www.icip.cat\/wp-content\/uploads\/2021\/09\/Canciones-de-ida-y-vuelta-flyer.jpg 1920w\" sizes=\"(max-width: 1024px) 100vw, 1024px\" \/><\/figure><\/div>\n","protected":false},"featured_media":21850,"template":"","class_list":["post-21844","icip_event","type-icip_event","status-publish","has-post-thumbnail","hentry"],"acf":[],"yoast_head":"<!-- This site is optimized with the Yoast SEO plugin v25.6 - https:\/\/yoast.com\/wordpress\/plugins\/seo\/ -->\n<title>Canciones de ida y vuelta - ICIP<\/title>\n<meta name=\"description\" content=\"El viernes 17 de septiembre, el ICIP estrenar\u00e1 en un acto online dos canciones compuestas por Marta G\u00f3mez y v\u00edctimas del conflicto colombiano.\" \/>\n<meta name=\"robots\" content=\"index, follow, max-snippet:-1, max-image-preview:large, max-video-preview:-1\" \/>\n<link rel=\"canonical\" href=\"https:\/\/www.icip.cat\/es\/event\/canciones-de-ida-y-vuelta\/\" \/>\n<meta property=\"og:locale\" content=\"es_ES\" \/>\n<meta property=\"og:type\" content=\"article\" \/>\n<meta property=\"og:title\" content=\"Canciones de ida y vuelta - ICIP\" \/>\n<meta property=\"og:description\" content=\"El viernes 17 de septiembre, el ICIP estrenar\u00e1 en un acto online dos canciones compuestas por Marta G\u00f3mez y v\u00edctimas del conflicto colombiano.\" \/>\n<meta property=\"og:url\" content=\"https:\/\/www.icip.cat\/es\/event\/canciones-de-ida-y-vuelta\/\" \/>\n<meta property=\"og:site_name\" content=\"ICIP\" \/>\n<meta property=\"article:modified_time\" content=\"2021-09-03T08:11:07+00:00\" \/>\n<meta property=\"og:image\" content=\"https:\/\/www.icip.cat\/wp-content\/uploads\/2021\/09\/Canciones-de-ida-y-vuelta-2.jpg\" \/>\n\t<meta property=\"og:image:width\" content=\"2375\" \/>\n\t<meta property=\"og:image:height\" content=\"2218\" \/>\n\t<meta property=\"og:image:type\" content=\"image\/jpeg\" \/>\n<meta name=\"twitter:card\" content=\"summary_large_image\" \/>\n<meta name=\"twitter:label1\" content=\"Tiempo de lectura\" \/>\n\t<meta name=\"twitter:data1\" content=\"1 minuto\" \/>\n<script type=\"application\/ld+json\" class=\"yoast-schema-graph\">{\"@context\":\"https:\/\/schema.org\",\"@graph\":[{\"@type\":\"WebPage\",\"@id\":\"https:\/\/www.icip.cat\/es\/event\/canciones-de-ida-y-vuelta\/\",\"url\":\"https:\/\/www.icip.cat\/es\/event\/canciones-de-ida-y-vuelta\/\",\"name\":\"Canciones de ida y vuelta - ICIP\",\"isPartOf\":{\"@id\":\"https:\/\/www.icip.cat\/ca\/#website\"},\"primaryImageOfPage\":{\"@id\":\"https:\/\/www.icip.cat\/es\/event\/canciones-de-ida-y-vuelta\/#primaryimage\"},\"image\":{\"@id\":\"https:\/\/www.icip.cat\/es\/event\/canciones-de-ida-y-vuelta\/#primaryimage\"},\"thumbnailUrl\":\"https:\/\/www.icip.cat\/wp-content\/uploads\/2021\/09\/Canciones-de-ida-y-vuelta-2.jpg\",\"datePublished\":\"2021-09-03T08:00:20+00:00\",\"dateModified\":\"2021-09-03T08:11:07+00:00\",\"description\":\"El viernes 17 de septiembre, el ICIP estrenar\u00e1 en un acto online dos canciones compuestas por Marta G\u00f3mez y v\u00edctimas del conflicto colombiano.\",\"inLanguage\":\"es\",\"potentialAction\":[{\"@type\":\"ReadAction\",\"target\":[\"https:\/\/www.icip.cat\/es\/event\/canciones-de-ida-y-vuelta\/\"]}]},{\"@type\":\"ImageObject\",\"inLanguage\":\"es\",\"@id\":\"https:\/\/www.icip.cat\/es\/event\/canciones-de-ida-y-vuelta\/#primaryimage\",\"url\":\"https:\/\/www.icip.cat\/wp-content\/uploads\/2021\/09\/Canciones-de-ida-y-vuelta-2.jpg\",\"contentUrl\":\"https:\/\/www.icip.cat\/wp-content\/uploads\/2021\/09\/Canciones-de-ida-y-vuelta-2.jpg\",\"width\":2375,\"height\":2218},{\"@type\":\"WebSite\",\"@id\":\"https:\/\/www.icip.cat\/ca\/#website\",\"url\":\"https:\/\/www.icip.cat\/ca\/\",\"name\":\"ICIP\",\"description\":\"\",\"publisher\":{\"@id\":\"https:\/\/www.icip.cat\/ca\/#organization\"},\"potentialAction\":[{\"@type\":\"SearchAction\",\"target\":{\"@type\":\"EntryPoint\",\"urlTemplate\":\"https:\/\/www.icip.cat\/ca\/?s={search_term_string}\"},\"query-input\":{\"@type\":\"PropertyValueSpecification\",\"valueRequired\":true,\"valueName\":\"search_term_string\"}}],\"inLanguage\":\"es\"},{\"@type\":\"Organization\",\"@id\":\"https:\/\/www.icip.cat\/ca\/#organization\",\"name\":\"ICIP\",\"url\":\"https:\/\/www.icip.cat\/ca\/\",\"logo\":{\"@type\":\"ImageObject\",\"inLanguage\":\"es\",\"@id\":\"https:\/\/www.icip.cat\/ca\/#\/schema\/logo\/image\/\",\"url\":\"https:\/\/www.icip.cat\/wp-content\/uploads\/2021\/02\/logo-2.png\",\"contentUrl\":\"https:\/\/www.icip.cat\/wp-content\/uploads\/2021\/02\/logo-2.png\",\"width\":562,\"height\":391,\"caption\":\"ICIP\"},\"image\":{\"@id\":\"https:\/\/www.icip.cat\/ca\/#\/schema\/logo\/image\/\"}}]}<\/script>\n<!-- \/ Yoast SEO plugin. -->","yoast_head_json":{"title":"Canciones de ida y vuelta - ICIP","description":"El viernes 17 de septiembre, el ICIP estrenar\u00e1 en un acto online dos canciones compuestas por Marta G\u00f3mez y v\u00edctimas del conflicto colombiano.","robots":{"index":"index","follow":"follow","max-snippet":"max-snippet:-1","max-image-preview":"max-image-preview:large","max-video-preview":"max-video-preview:-1"},"canonical":"https:\/\/www.icip.cat\/es\/event\/canciones-de-ida-y-vuelta\/","og_locale":"es_ES","og_type":"article","og_title":"Canciones de ida y vuelta - ICIP","og_description":"El viernes 17 de septiembre, el ICIP estrenar\u00e1 en un acto online dos canciones compuestas por Marta G\u00f3mez y v\u00edctimas del conflicto colombiano.","og_url":"https:\/\/www.icip.cat\/es\/event\/canciones-de-ida-y-vuelta\/","og_site_name":"ICIP","article_modified_time":"2021-09-03T08:11:07+00:00","og_image":[{"width":2375,"height":2218,"url":"https:\/\/www.icip.cat\/wp-content\/uploads\/2021\/09\/Canciones-de-ida-y-vuelta-2.jpg","type":"image\/jpeg"}],"twitter_card":"summary_large_image","twitter_misc":{"Tiempo de lectura":"1 minuto"},"schema":{"@context":"https:\/\/schema.org","@graph":[{"@type":"WebPage","@id":"https:\/\/www.icip.cat\/es\/event\/canciones-de-ida-y-vuelta\/","url":"https:\/\/www.icip.cat\/es\/event\/canciones-de-ida-y-vuelta\/","name":"Canciones de ida y vuelta - ICIP","isPartOf":{"@id":"https:\/\/www.icip.cat\/ca\/#website"},"primaryImageOfPage":{"@id":"https:\/\/www.icip.cat\/es\/event\/canciones-de-ida-y-vuelta\/#primaryimage"},"image":{"@id":"https:\/\/www.icip.cat\/es\/event\/canciones-de-ida-y-vuelta\/#primaryimage"},"thumbnailUrl":"https:\/\/www.icip.cat\/wp-content\/uploads\/2021\/09\/Canciones-de-ida-y-vuelta-2.jpg","datePublished":"2021-09-03T08:00:20+00:00","dateModified":"2021-09-03T08:11:07+00:00","description":"El viernes 17 de septiembre, el ICIP estrenar\u00e1 en un acto online dos canciones compuestas por Marta G\u00f3mez y v\u00edctimas del conflicto colombiano.","inLanguage":"es","potentialAction":[{"@type":"ReadAction","target":["https:\/\/www.icip.cat\/es\/event\/canciones-de-ida-y-vuelta\/"]}]},{"@type":"ImageObject","inLanguage":"es","@id":"https:\/\/www.icip.cat\/es\/event\/canciones-de-ida-y-vuelta\/#primaryimage","url":"https:\/\/www.icip.cat\/wp-content\/uploads\/2021\/09\/Canciones-de-ida-y-vuelta-2.jpg","contentUrl":"https:\/\/www.icip.cat\/wp-content\/uploads\/2021\/09\/Canciones-de-ida-y-vuelta-2.jpg","width":2375,"height":2218},{"@type":"WebSite","@id":"https:\/\/www.icip.cat\/ca\/#website","url":"https:\/\/www.icip.cat\/ca\/","name":"ICIP","description":"","publisher":{"@id":"https:\/\/www.icip.cat\/ca\/#organization"},"potentialAction":[{"@type":"SearchAction","target":{"@type":"EntryPoint","urlTemplate":"https:\/\/www.icip.cat\/ca\/?s={search_term_string}"},"query-input":{"@type":"PropertyValueSpecification","valueRequired":true,"valueName":"search_term_string"}}],"inLanguage":"es"},{"@type":"Organization","@id":"https:\/\/www.icip.cat\/ca\/#organization","name":"ICIP","url":"https:\/\/www.icip.cat\/ca\/","logo":{"@type":"ImageObject","inLanguage":"es","@id":"https:\/\/www.icip.cat\/ca\/#\/schema\/logo\/image\/","url":"https:\/\/www.icip.cat\/wp-content\/uploads\/2021\/02\/logo-2.png","contentUrl":"https:\/\/www.icip.cat\/wp-content\/uploads\/2021\/02\/logo-2.png","width":562,"height":391,"caption":"ICIP"},"image":{"@id":"https:\/\/www.icip.cat\/ca\/#\/schema\/logo\/image\/"}}]}},"_links":{"self":[{"href":"https:\/\/www.icip.cat\/es\/wp-json\/wp\/v2\/icip_event\/21844","targetHints":{"allow":["GET"]}}],"collection":[{"href":"https:\/\/www.icip.cat\/es\/wp-json\/wp\/v2\/icip_event"}],"about":[{"href":"https:\/\/www.icip.cat\/es\/wp-json\/wp\/v2\/types\/icip_event"}],"version-history":[{"count":3,"href":"https:\/\/www.icip.cat\/es\/wp-json\/wp\/v2\/icip_event\/21844\/revisions"}],"predecessor-version":[{"id":21855,"href":"https:\/\/www.icip.cat\/es\/wp-json\/wp\/v2\/icip_event\/21844\/revisions\/21855"}],"wp:featuredmedia":[{"embeddable":true,"href":"https:\/\/www.icip.cat\/es\/wp-json\/wp\/v2\/media\/21850"}],"wp:attachment":[{"href":"https:\/\/www.icip.cat\/es\/wp-json\/wp\/v2\/media?parent=21844"}],"curies":[{"name":"wp","href":"https:\/\/api.w.org\/{rel}","templated":true}]}}

<p>El próximo viernes 17 de septiembre, el ICIP estrenará dos canciones compuestas por 120 víctimas que salieron de Colombia por causa del conflicto armado y la cantautora colombiana residente en Barcelona, <a href="https://martagomez.com/" target="_blank" rel="noreferrer noopener">Marta Gómez</a>. Se trata de una iniciativa innovadora de participación ciudadana favorecida por la <a href="https://comisiondelaverdad.co/" target="_blank" rel="noreferrer noopener">Comisión de la Verdad</a> de Colombia.</p>



<p>Durante el acto se presentarán las dos canciones, &#8216;Surcos de amor&#8217; y &#8216;Vuelve&#8217;, que forman parte de un EP titulado &#8216;Canciones de ida y vuelta&#8217;. También se presentará el documental &#8216;Tejiendo canciones&#8217; y el videoclip de animación de &#8216;Vuelve&#8217; elaborado por la productora <a href="https://www.micufilm.com/">MicuFilm</a>.</p>



<p>En el acto participarán:</p>



<p>&#8211;<strong>Marta Gómez</strong>, cantautora</p>



<p>&#8211;<strong>Iván Guarnizo</strong>, realizador</p>



<p>&#8211;<strong>Karolina Villarraga</strong>, directora audiovisual</p>



<p>&#8211;<strong>Helga Flamtermesky</strong>, Nido Catalunya</p>



<p>&#8211;<strong>Ana Isabel Barrera</strong>, ICIP</p>



<p>El acto se emitirá en director a través del <a rel="noreferrer noopener" href="https://www.youtube.com/watch?v=UzcAHTbBKvM" target="_blank">canal de YouTube del ICIP</a> y la página de <a rel="noreferrer noopener" href="https://www.facebook.com/martagomezmusic" target="_blank">Facebook de Marta Gómez</a>. Será el viernes 17 de septiembre a las 8 pm (1 pm en Colombia).</p>



<div class="wp-block-image"><figure class="aligncenter size-large"><img fetchpriority="high" decoding="async" width="1024" height="576" src="http://www.icip.cat/wp-content/uploads/2021/09/Canciones-de-ida-y-vuelta-flyer-1024x576.jpg" alt="" class="wp-image-21853" srcset="https://www.icip.cat/wp-content/uploads/2021/09/Canciones-de-ida-y-vuelta-flyer-1024x576.jpg 1024w, https://www.icip.cat/wp-content/uploads/2021/09/Canciones-de-ida-y-vuelta-flyer-300x169.jpg 300w, https://www.icip.cat/wp-content/uploads/2021/09/Canciones-de-ida-y-vuelta-flyer-768x432.jpg 768w, https://www.icip.cat/wp-content/uploads/2021/09/Canciones-de-ida-y-vuelta-flyer-1536x864.jpg 1536w, https://www.icip.cat/wp-content/uploads/2021/09/Canciones-de-ida-y-vuelta-flyer.jpg 1920w" sizes="(max-width: 1024px) 100vw, 1024px" /></figure></div>

<!-- This site is optimized with the Yoast SEO plugin v25.6 - https://yoast.com/wordpress/plugins/seo/ -->
<title>Canciones de ida y vuelta - ICIP</title>
<meta name="description" content="El viernes 17 de septiembre, el ICIP estrenará en un acto online dos canciones compuestas por Marta Gómez y víctimas del conflicto colombiano." />
<meta name="robots" content="index, follow, max-snippet:-1, max-image-preview:large, max-video-preview:-1" />
<link rel="canonical" href="https://www.icip.cat/es/event/canciones-de-ida-y-vuelta/" />
<meta property="og:locale" content="es_ES" />
<meta property="og:type" content="article" />
<meta property="og:title" content="Canciones de ida y vuelta - ICIP" />
<meta property="og:description" content="El viernes 17 de septiembre, el ICIP estrenará en un acto online dos canciones compuestas por Marta Gómez y víctimas del conflicto colombiano." />
<meta property="og:url" content="https://www.icip.cat/es/event/canciones-de-ida-y-vuelta/" />
<meta property="og:site_name" content="ICIP" />
<meta property="article:modified_time" content="2021-09-03T08:11:07+00:00" />
<meta property="og:image" content="https://www.icip.cat/wp-content/uploads/2021/09/Canciones-de-ida-y-vuelta-2.jpg" />
	<meta property="og:image:width" content="2375" />
	<meta property="og:image:height" content="2218" />
	<meta property="og:image:type" content="image/jpeg" />
<meta name="twitter:card" content="summary_large_image" />
<meta name="twitter:label1" content="Tiempo de lectura" />
	<meta name="twitter:data1" content="1 minuto" />
<script type="application/ld+json" class="yoast-schema-graph">{"@context":"https://schema.org","@graph":[{"@type":"WebPage","@id":"https://www.icip.cat/es/event/canciones-de-ida-y-vuelta/","url":"https://www.icip.cat/es/event/canciones-de-ida-y-vuelta/","name":"Canciones de ida y vuelta - ICIP","isPartOf":{"@id":"https://www.icip.cat/ca/#website"},"primaryImageOfPage":{"@id":"https://www.icip.cat/es/event/canciones-de-ida-y-vuelta/#primaryimage"},"image":{"@id":"https://www.icip.cat/es/event/canciones-de-ida-y-vuelta/#primaryimage"},"thumbnailUrl":"https://www.icip.cat/wp-content/uploads/2021/09/Canciones-de-ida-y-vuelta-2.jpg","datePublished":"2021-09-03T08:00:20+00:00","dateModified":"2021-09-03T08:11:07+00:00","description":"El viernes 17 de septiembre, el ICIP estrenará en un acto online dos canciones compuestas por Marta Gómez y víctimas del conflicto colombiano.","inLanguage":"es","potentialAction":[{"@type":"ReadAction","target":["https://www.icip.cat/es/event/canciones-de-ida-y-vuelta/"]}]},{"@type":"ImageObject","inLanguage":"es","@id":"https://www.icip.cat/es/event/canciones-de-ida-y-vuelta/#primaryimage","url":"https://www.icip.cat/wp-content/uploads/2021/09/Canciones-de-ida-y-vuelta-2.jpg","contentUrl":"https://www.icip.cat/wp-content/uploads/2021/09/Canciones-de-ida-y-vuelta-2.jpg","width":2375,"height":2218},{"@type":"WebSite","@id":"https://www.icip.cat/ca/#website","url":"https://www.icip.cat/ca/","name":"ICIP","description":"","publisher":{"@id":"https://www.icip.cat/ca/#organization"},"potentialAction":[{"@type":"SearchAction","target":{"@type":"EntryPoint","urlTemplate":"https://www.icip.cat/ca/?s={search_term_string}"},"query-input":{"@type":"PropertyValueSpecification","valueRequired":true,"valueName":"search_term_string"}}],"inLanguage":"es"},{"@type":"Organization","@id":"https://www.icip.cat/ca/#organization","name":"ICIP","url":"https://www.icip.cat/ca/","logo":{"@type":"ImageObject","inLanguage":"es","@id":"https://www.icip.cat/ca/#/schema/logo/image/","url":"https://www.icip.cat/wp-content/uploads/2021/02/logo-2.png","contentUrl":"https://www.icip.cat/wp-content/uploads/2021/02/logo-2.png","width":562,"height":391,"caption":"ICIP"},"image":{"@id":"https://www.icip.cat/ca/#/schema/logo/image/"}}]}</script>
<!-- / Yoast SEO plugin. -->

El viernes 17 de septiembre, el ICIP estrenará en un acto online dos canciones compuestas por Marta Gómez y víctimas del conflicto colombiano.
