{"id":22199,"date":"2021-09-17T09:21:43","date_gmt":"2021-09-17T09:21:43","guid":{"rendered":"http:\/\/www.icip.cat\/event\/presentacio-del-projecte-berracas\/"},"modified":"2021-09-17T09:55:21","modified_gmt":"2021-09-17T09:55:21","slug":"presentacion-del-proyecto-berracas","status":"publish","type":"icip_event","link":"https:\/\/www.icip.cat\/es\/event\/presentacion-del-proyecto-berracas\/","title":{"rendered":"Presentaci\u00f3n del proyecto &#8216;Berracas&#8217;"},"content":{"rendered":"\n<p>El pr\u00f3ximo jueves 7 de octubre, la <a href=\"https:\/\/www.filmoteca.cat\/web\/es\">Filmoteca de Catalu\u00f1a<\/a> acoger\u00e1 la presentaci\u00f3n y una mesa redonda sobre el documental y el proyecto &#8216;<a href=\"https:\/\/www.proyectoberracas.com\/\" target=\"_blank\" rel=\"noreferrer noopener\">Berracas<\/a>&#8216;, que recoge el testigo de diferentes mujeres supervivientes del conflicto armado en Colombia.<\/p>\n\n\n\n<p>Producido en colaboraci\u00f3n con el ICIP, el proyecto recoge el relato de diez mujeres del departamento de Tolima que, a trav\u00e9s de la narraci\u00f3n, buscan superar el dolor, reivindicar una memoria hist\u00f3rica plural y feminista y reconstruir el tejido social en la sociedad colombiana.<\/p>\n\n\n\n<p>Durante dos a\u00f1os, un equipo de periodistas de Barcelona y Colombia ha investigado sobre el conflicto armado del pa\u00eds, su memoria y la labor de las mujeres en la construcci\u00f3n de paz. <\/p>\n\n\n\n<p>El resultado es un documental, una exposici\u00f3n multimedia itinerante, un reportaje y diez perfiles de mujeres l\u00edderes sociales de diferentes partes de la sociedad colombiana.<\/p>\n\n\n\n<figure class=\"wp-block-embed-youtube aligncenter wp-block-embed is-type-video is-provider-youtube wp-embed-aspect-16-9 wp-has-aspect-ratio\"><div class=\"wp-block-embed__wrapper\">\n<iframe title=\"#TRAILER | Berracas: sobrevivir al conflicto para construir paz\" width=\"640\" height=\"360\" src=\"https:\/\/www.youtube.com\/embed\/93PukQXJzjQ?feature=oembed\" frameborder=\"0\" allow=\"accelerometer; autoplay; clipboard-write; encrypted-media; gyroscope; picture-in-picture; web-share\" referrerpolicy=\"strict-origin-when-cross-origin\" allowfullscreen><\/iframe>\n<\/div><\/figure>\n\n\n\n<p>El evento que se har\u00e1 en la Filmoteca comenzar\u00e1 con una presentaci\u00f3n general del proyecto y del documental y un breve contexto de la situaci\u00f3n en que se encuentra actualmente Colombia y, en concreto, el departamento de Tolima, en la actualidad, cinco a\u00f1o despu\u00e9s del acuerdo de paz. <\/p>\n\n\n\n<p>Participar\u00e1n Laura Casamitjana, miembro del proyecto &#8216;Berracas&#8217;, Manuela Rota, miembro de la Mesa Catalana por la Paz y los Derechos Humanos en Colombia y Silvia Plana, miembro del \u00e1rea de Memoria, Convivencia y Reconciliaci\u00f3n del ICIP. Despu\u00e9s se proyectar\u00e1 el documental de 50 minutos.<\/p>\n\n\n\n<p>Una vez finalice el film, tendr\u00e1 lugar una mesa redonda centrada en el papel de las mujeres en la construcci\u00f3n de paz en Colombia, tanto desde el pa\u00eds como desde el exilio, con la participaci\u00f3n de lideresas colombianas exiliadas. Entre otras, participar\u00e1n Bibiana Lopera Pineda, artista colombiana integrante del Nodo Catalu\u00f1a de apoyo a la Comisi\u00f3n de la Verdad; y Estebana Ortiz, lideresa social colombiana exiliada.<\/p>\n\n\n\n<figure class=\"wp-block-image size-large\"><img fetchpriority=\"high\" decoding=\"async\" width=\"1024\" height=\"576\" src=\"http:\/\/www.icip.cat\/wp-content\/uploads\/2021\/09\/TWITTER-Presentacio-docu-1024x576.png\" alt=\"\" class=\"wp-image-22184\" srcset=\"https:\/\/www.icip.cat\/wp-content\/uploads\/2021\/09\/TWITTER-Presentacio-docu-1024x576.png 1024w, https:\/\/www.icip.cat\/wp-content\/uploads\/2021\/09\/TWITTER-Presentacio-docu-300x169.png 300w, https:\/\/www.icip.cat\/wp-content\/uploads\/2021\/09\/TWITTER-Presentacio-docu-768x432.png 768w, https:\/\/www.icip.cat\/wp-content\/uploads\/2021\/09\/TWITTER-Presentacio-docu-1536x864.png 1536w, https:\/\/www.icip.cat\/wp-content\/uploads\/2021\/09\/TWITTER-Presentacio-docu.png 1600w\" sizes=\"(max-width: 1024px) 100vw, 1024px\" \/><\/figure>\n","protected":false},"featured_media":22187,"template":"","class_list":["post-22199","icip_event","type-icip_event","status-publish","has-post-thumbnail","hentry"],"acf":[],"yoast_head":"<!-- This site is optimized with the Yoast SEO plugin v25.6 - https:\/\/yoast.com\/wordpress\/plugins\/seo\/ -->\n<title>Presentaci\u00f3n del proyecto &#039;Berracas&#039; - ICIP<\/title>\n<meta name=\"description\" content=\"El 7 de octubre, la Filmoteca de Catalu\u00f1a acoger\u00e1 la presentaci\u00f3n y una mesa redonda sobre el documental y el proyecto &#039;Berracas&#039;.\" \/>\n<meta name=\"robots\" content=\"index, follow, max-snippet:-1, max-image-preview:large, max-video-preview:-1\" \/>\n<link rel=\"canonical\" href=\"https:\/\/www.icip.cat\/es\/event\/presentacion-del-proyecto-berracas\/\" \/>\n<meta property=\"og:locale\" content=\"es_ES\" \/>\n<meta property=\"og:type\" content=\"article\" \/>\n<meta property=\"og:title\" content=\"Presentaci\u00f3n del proyecto &#039;Berracas&#039; - ICIP\" \/>\n<meta property=\"og:description\" content=\"El 7 de octubre, la Filmoteca de Catalu\u00f1a acoger\u00e1 la presentaci\u00f3n y una mesa redonda sobre el documental y el proyecto &#039;Berracas&#039;.\" \/>\n<meta property=\"og:url\" content=\"https:\/\/www.icip.cat\/es\/event\/presentacion-del-proyecto-berracas\/\" \/>\n<meta property=\"og:site_name\" content=\"ICIP\" \/>\n<meta property=\"article:modified_time\" content=\"2021-09-17T09:55:21+00:00\" \/>\n<meta property=\"og:image\" content=\"https:\/\/www.icip.cat\/wp-content\/uploads\/2021\/09\/@helenarogo_28022020_Leodef-11-scaled.jpg\" \/>\n\t<meta property=\"og:image:width\" content=\"2560\" \/>\n\t<meta property=\"og:image:height\" content=\"1707\" \/>\n\t<meta property=\"og:image:type\" content=\"image\/jpeg\" \/>\n<meta name=\"twitter:card\" content=\"summary_large_image\" \/>\n<meta name=\"twitter:label1\" content=\"Tiempo de lectura\" \/>\n\t<meta name=\"twitter:data1\" content=\"2 minutos\" \/>\n<script type=\"application\/ld+json\" class=\"yoast-schema-graph\">{\"@context\":\"https:\/\/schema.org\",\"@graph\":[{\"@type\":\"WebPage\",\"@id\":\"https:\/\/www.icip.cat\/es\/event\/presentacion-del-proyecto-berracas\/\",\"url\":\"https:\/\/www.icip.cat\/es\/event\/presentacion-del-proyecto-berracas\/\",\"name\":\"Presentaci\u00f3n del proyecto 'Berracas' - ICIP\",\"isPartOf\":{\"@id\":\"https:\/\/www.icip.cat\/ca\/#website\"},\"primaryImageOfPage\":{\"@id\":\"https:\/\/www.icip.cat\/es\/event\/presentacion-del-proyecto-berracas\/#primaryimage\"},\"image\":{\"@id\":\"https:\/\/www.icip.cat\/es\/event\/presentacion-del-proyecto-berracas\/#primaryimage\"},\"thumbnailUrl\":\"https:\/\/www.icip.cat\/wp-content\/uploads\/2021\/09\/@helenarogo_28022020_Leodef-11-scaled.jpg\",\"datePublished\":\"2021-09-17T09:21:43+00:00\",\"dateModified\":\"2021-09-17T09:55:21+00:00\",\"description\":\"El 7 de octubre, la Filmoteca de Catalu\u00f1a acoger\u00e1 la presentaci\u00f3n y una mesa redonda sobre el documental y el proyecto 'Berracas'.\",\"inLanguage\":\"es\",\"potentialAction\":[{\"@type\":\"ReadAction\",\"target\":[\"https:\/\/www.icip.cat\/es\/event\/presentacion-del-proyecto-berracas\/\"]}]},{\"@type\":\"ImageObject\",\"inLanguage\":\"es\",\"@id\":\"https:\/\/www.icip.cat\/es\/event\/presentacion-del-proyecto-berracas\/#primaryimage\",\"url\":\"https:\/\/www.icip.cat\/wp-content\/uploads\/2021\/09\/@helenarogo_28022020_Leodef-11-scaled.jpg\",\"contentUrl\":\"https:\/\/www.icip.cat\/wp-content\/uploads\/2021\/09\/@helenarogo_28022020_Leodef-11-scaled.jpg\",\"width\":2560,\"height\":1707},{\"@type\":\"WebSite\",\"@id\":\"https:\/\/www.icip.cat\/ca\/#website\",\"url\":\"https:\/\/www.icip.cat\/ca\/\",\"name\":\"ICIP\",\"description\":\"\",\"publisher\":{\"@id\":\"https:\/\/www.icip.cat\/ca\/#organization\"},\"potentialAction\":[{\"@type\":\"SearchAction\",\"target\":{\"@type\":\"EntryPoint\",\"urlTemplate\":\"https:\/\/www.icip.cat\/ca\/?s={search_term_string}\"},\"query-input\":{\"@type\":\"PropertyValueSpecification\",\"valueRequired\":true,\"valueName\":\"search_term_string\"}}],\"inLanguage\":\"es\"},{\"@type\":\"Organization\",\"@id\":\"https:\/\/www.icip.cat\/ca\/#organization\",\"name\":\"ICIP\",\"url\":\"https:\/\/www.icip.cat\/ca\/\",\"logo\":{\"@type\":\"ImageObject\",\"inLanguage\":\"es\",\"@id\":\"https:\/\/www.icip.cat\/ca\/#\/schema\/logo\/image\/\",\"url\":\"https:\/\/www.icip.cat\/wp-content\/uploads\/2021\/02\/logo-2.png\",\"contentUrl\":\"https:\/\/www.icip.cat\/wp-content\/uploads\/2021\/02\/logo-2.png\",\"width\":562,\"height\":391,\"caption\":\"ICIP\"},\"image\":{\"@id\":\"https:\/\/www.icip.cat\/ca\/#\/schema\/logo\/image\/\"}}]}<\/script>\n<!-- \/ Yoast SEO plugin. -->","yoast_head_json":{"title":"Presentaci\u00f3n del proyecto 'Berracas' - ICIP","description":"El 7 de octubre, la Filmoteca de Catalu\u00f1a acoger\u00e1 la presentaci\u00f3n y una mesa redonda sobre el documental y el proyecto 'Berracas'.","robots":{"index":"index","follow":"follow","max-snippet":"max-snippet:-1","max-image-preview":"max-image-preview:large","max-video-preview":"max-video-preview:-1"},"canonical":"https:\/\/www.icip.cat\/es\/event\/presentacion-del-proyecto-berracas\/","og_locale":"es_ES","og_type":"article","og_title":"Presentaci\u00f3n del proyecto 'Berracas' - ICIP","og_description":"El 7 de octubre, la Filmoteca de Catalu\u00f1a acoger\u00e1 la presentaci\u00f3n y una mesa redonda sobre el documental y el proyecto 'Berracas'.","og_url":"https:\/\/www.icip.cat\/es\/event\/presentacion-del-proyecto-berracas\/","og_site_name":"ICIP","article_modified_time":"2021-09-17T09:55:21+00:00","og_image":[{"width":2560,"height":1707,"url":"https:\/\/www.icip.cat\/wp-content\/uploads\/2021\/09\/@helenarogo_28022020_Leodef-11-scaled.jpg","type":"image\/jpeg"}],"twitter_card":"summary_large_image","twitter_misc":{"Tiempo de lectura":"2 minutos"},"schema":{"@context":"https:\/\/schema.org","@graph":[{"@type":"WebPage","@id":"https:\/\/www.icip.cat\/es\/event\/presentacion-del-proyecto-berracas\/","url":"https:\/\/www.icip.cat\/es\/event\/presentacion-del-proyecto-berracas\/","name":"Presentaci\u00f3n del proyecto 'Berracas' - ICIP","isPartOf":{"@id":"https:\/\/www.icip.cat\/ca\/#website"},"primaryImageOfPage":{"@id":"https:\/\/www.icip.cat\/es\/event\/presentacion-del-proyecto-berracas\/#primaryimage"},"image":{"@id":"https:\/\/www.icip.cat\/es\/event\/presentacion-del-proyecto-berracas\/#primaryimage"},"thumbnailUrl":"https:\/\/www.icip.cat\/wp-content\/uploads\/2021\/09\/@helenarogo_28022020_Leodef-11-scaled.jpg","datePublished":"2021-09-17T09:21:43+00:00","dateModified":"2021-09-17T09:55:21+00:00","description":"El 7 de octubre, la Filmoteca de Catalu\u00f1a acoger\u00e1 la presentaci\u00f3n y una mesa redonda sobre el documental y el proyecto 'Berracas'.","inLanguage":"es","potentialAction":[{"@type":"ReadAction","target":["https:\/\/www.icip.cat\/es\/event\/presentacion-del-proyecto-berracas\/"]}]},{"@type":"ImageObject","inLanguage":"es","@id":"https:\/\/www.icip.cat\/es\/event\/presentacion-del-proyecto-berracas\/#primaryimage","url":"https:\/\/www.icip.cat\/wp-content\/uploads\/2021\/09\/@helenarogo_28022020_Leodef-11-scaled.jpg","contentUrl":"https:\/\/www.icip.cat\/wp-content\/uploads\/2021\/09\/@helenarogo_28022020_Leodef-11-scaled.jpg","width":2560,"height":1707},{"@type":"WebSite","@id":"https:\/\/www.icip.cat\/ca\/#website","url":"https:\/\/www.icip.cat\/ca\/","name":"ICIP","description":"","publisher":{"@id":"https:\/\/www.icip.cat\/ca\/#organization"},"potentialAction":[{"@type":"SearchAction","target":{"@type":"EntryPoint","urlTemplate":"https:\/\/www.icip.cat\/ca\/?s={search_term_string}"},"query-input":{"@type":"PropertyValueSpecification","valueRequired":true,"valueName":"search_term_string"}}],"inLanguage":"es"},{"@type":"Organization","@id":"https:\/\/www.icip.cat\/ca\/#organization","name":"ICIP","url":"https:\/\/www.icip.cat\/ca\/","logo":{"@type":"ImageObject","inLanguage":"es","@id":"https:\/\/www.icip.cat\/ca\/#\/schema\/logo\/image\/","url":"https:\/\/www.icip.cat\/wp-content\/uploads\/2021\/02\/logo-2.png","contentUrl":"https:\/\/www.icip.cat\/wp-content\/uploads\/2021\/02\/logo-2.png","width":562,"height":391,"caption":"ICIP"},"image":{"@id":"https:\/\/www.icip.cat\/ca\/#\/schema\/logo\/image\/"}}]}},"_links":{"self":[{"href":"https:\/\/www.icip.cat\/es\/wp-json\/wp\/v2\/icip_event\/22199","targetHints":{"allow":["GET"]}}],"collection":[{"href":"https:\/\/www.icip.cat\/es\/wp-json\/wp\/v2\/icip_event"}],"about":[{"href":"https:\/\/www.icip.cat\/es\/wp-json\/wp\/v2\/types\/icip_event"}],"version-history":[{"count":5,"href":"https:\/\/www.icip.cat\/es\/wp-json\/wp\/v2\/icip_event\/22199\/revisions"}],"predecessor-version":[{"id":22211,"href":"https:\/\/www.icip.cat\/es\/wp-json\/wp\/v2\/icip_event\/22199\/revisions\/22211"}],"wp:featuredmedia":[{"embeddable":true,"href":"https:\/\/www.icip.cat\/es\/wp-json\/wp\/v2\/media\/22187"}],"wp:attachment":[{"href":"https:\/\/www.icip.cat\/es\/wp-json\/wp\/v2\/media?parent=22199"}],"curies":[{"name":"wp","href":"https:\/\/api.w.org\/{rel}","templated":true}]}}

Presentación del proyecto &#8216;Berracas&#8217;

<p>El próximo jueves 7 de octubre, la <a href="https://www.filmoteca.cat/web/es">Filmoteca de Cataluña</a> acogerá la presentación y una mesa redonda sobre el documental y el proyecto &#8216;<a href="https://www.proyectoberracas.com/" target="_blank" rel="noreferrer noopener">Berracas</a>&#8216;, que recoge el testigo de diferentes mujeres supervivientes del conflicto armado en Colombia.</p>



<p>Producido en colaboración con el ICIP, el proyecto recoge el relato de diez mujeres del departamento de Tolima que, a través de la narración, buscan superar el dolor, reivindicar una memoria histórica plural y feminista y reconstruir el tejido social en la sociedad colombiana.</p>



<p>Durante dos años, un equipo de periodistas de Barcelona y Colombia ha investigado sobre el conflicto armado del país, su memoria y la labor de las mujeres en la construcción de paz. </p>



<p>El resultado es un documental, una exposición multimedia itinerante, un reportaje y diez perfiles de mujeres líderes sociales de diferentes partes de la sociedad colombiana.</p>



<figure class="wp-block-embed-youtube aligncenter wp-block-embed is-type-video is-provider-youtube wp-embed-aspect-16-9 wp-has-aspect-ratio"><div class="wp-block-embed__wrapper">
<iframe title="#TRAILER | Berracas: sobrevivir al conflicto para construir paz" width="640" height="360" src="https://www.youtube.com/embed/93PukQXJzjQ?feature=oembed" frameborder="0" allow="accelerometer; autoplay; clipboard-write; encrypted-media; gyroscope; picture-in-picture; web-share" referrerpolicy="strict-origin-when-cross-origin" allowfullscreen></iframe>
</div></figure>



<p>El evento que se hará en la Filmoteca comenzará con una presentación general del proyecto y del documental y un breve contexto de la situación en que se encuentra actualmente Colombia y, en concreto, el departamento de Tolima, en la actualidad, cinco año después del acuerdo de paz. </p>



<p>Participarán Laura Casamitjana, miembro del proyecto &#8216;Berracas&#8217;, Manuela Rota, miembro de la Mesa Catalana por la Paz y los Derechos Humanos en Colombia y Silvia Plana, miembro del área de Memoria, Convivencia y Reconciliación del ICIP. Después se proyectará el documental de 50 minutos.</p>



<p>Una vez finalice el film, tendrá lugar una mesa redonda centrada en el papel de las mujeres en la construcción de paz en Colombia, tanto desde el país como desde el exilio, con la participación de lideresas colombianas exiliadas. Entre otras, participarán Bibiana Lopera Pineda, artista colombiana integrante del Nodo Cataluña de apoyo a la Comisión de la Verdad; y Estebana Ortiz, lideresa social colombiana exiliada.</p>



<figure class="wp-block-image size-large"><img fetchpriority="high" decoding="async" width="1024" height="576" src="http://www.icip.cat/wp-content/uploads/2021/09/TWITTER-Presentacio-docu-1024x576.png" alt="" class="wp-image-22184" srcset="https://www.icip.cat/wp-content/uploads/2021/09/TWITTER-Presentacio-docu-1024x576.png 1024w, https://www.icip.cat/wp-content/uploads/2021/09/TWITTER-Presentacio-docu-300x169.png 300w, https://www.icip.cat/wp-content/uploads/2021/09/TWITTER-Presentacio-docu-768x432.png 768w, https://www.icip.cat/wp-content/uploads/2021/09/TWITTER-Presentacio-docu-1536x864.png 1536w, https://www.icip.cat/wp-content/uploads/2021/09/TWITTER-Presentacio-docu.png 1600w" sizes="(max-width: 1024px) 100vw, 1024px" /></figure>

<!-- This site is optimized with the Yoast SEO plugin v25.6 - https://yoast.com/wordpress/plugins/seo/ -->
<title>Presentación del proyecto &#039;Berracas&#039; - ICIP</title>
<meta name="description" content="El 7 de octubre, la Filmoteca de Cataluña acogerá la presentación y una mesa redonda sobre el documental y el proyecto &#039;Berracas&#039;." />
<meta name="robots" content="index, follow, max-snippet:-1, max-image-preview:large, max-video-preview:-1" />
<link rel="canonical" href="https://www.icip.cat/es/event/presentacion-del-proyecto-berracas/" />
<meta property="og:locale" content="es_ES" />
<meta property="og:type" content="article" />
<meta property="og:title" content="Presentación del proyecto &#039;Berracas&#039; - ICIP" />
<meta property="og:description" content="El 7 de octubre, la Filmoteca de Cataluña acogerá la presentación y una mesa redonda sobre el documental y el proyecto &#039;Berracas&#039;." />
<meta property="og:url" content="https://www.icip.cat/es/event/presentacion-del-proyecto-berracas/" />
<meta property="og:site_name" content="ICIP" />
<meta property="article:modified_time" content="2021-09-17T09:55:21+00:00" />
<meta property="og:image" content="https://www.icip.cat/wp-content/uploads/2021/09/@helenarogo_28022020_Leodef-11-scaled.jpg" />
	<meta property="og:image:width" content="2560" />
	<meta property="og:image:height" content="1707" />
	<meta property="og:image:type" content="image/jpeg" />
<meta name="twitter:card" content="summary_large_image" />
<meta name="twitter:label1" content="Tiempo de lectura" />
	<meta name="twitter:data1" content="2 minutos" />
<script type="application/ld+json" class="yoast-schema-graph">{"@context":"https://schema.org","@graph":[{"@type":"WebPage","@id":"https://www.icip.cat/es/event/presentacion-del-proyecto-berracas/","url":"https://www.icip.cat/es/event/presentacion-del-proyecto-berracas/","name":"Presentación del proyecto 'Berracas' - ICIP","isPartOf":{"@id":"https://www.icip.cat/ca/#website"},"primaryImageOfPage":{"@id":"https://www.icip.cat/es/event/presentacion-del-proyecto-berracas/#primaryimage"},"image":{"@id":"https://www.icip.cat/es/event/presentacion-del-proyecto-berracas/#primaryimage"},"thumbnailUrl":"https://www.icip.cat/wp-content/uploads/2021/09/@helenarogo_28022020_Leodef-11-scaled.jpg","datePublished":"2021-09-17T09:21:43+00:00","dateModified":"2021-09-17T09:55:21+00:00","description":"El 7 de octubre, la Filmoteca de Cataluña acogerá la presentación y una mesa redonda sobre el documental y el proyecto 'Berracas'.","inLanguage":"es","potentialAction":[{"@type":"ReadAction","target":["https://www.icip.cat/es/event/presentacion-del-proyecto-berracas/"]}]},{"@type":"ImageObject","inLanguage":"es","@id":"https://www.icip.cat/es/event/presentacion-del-proyecto-berracas/#primaryimage","url":"https://www.icip.cat/wp-content/uploads/2021/09/@helenarogo_28022020_Leodef-11-scaled.jpg","contentUrl":"https://www.icip.cat/wp-content/uploads/2021/09/@helenarogo_28022020_Leodef-11-scaled.jpg","width":2560,"height":1707},{"@type":"WebSite","@id":"https://www.icip.cat/ca/#website","url":"https://www.icip.cat/ca/","name":"ICIP","description":"","publisher":{"@id":"https://www.icip.cat/ca/#organization"},"potentialAction":[{"@type":"SearchAction","target":{"@type":"EntryPoint","urlTemplate":"https://www.icip.cat/ca/?s={search_term_string}"},"query-input":{"@type":"PropertyValueSpecification","valueRequired":true,"valueName":"search_term_string"}}],"inLanguage":"es"},{"@type":"Organization","@id":"https://www.icip.cat/ca/#organization","name":"ICIP","url":"https://www.icip.cat/ca/","logo":{"@type":"ImageObject","inLanguage":"es","@id":"https://www.icip.cat/ca/#/schema/logo/image/","url":"https://www.icip.cat/wp-content/uploads/2021/02/logo-2.png","contentUrl":"https://www.icip.cat/wp-content/uploads/2021/02/logo-2.png","width":562,"height":391,"caption":"ICIP"},"image":{"@id":"https://www.icip.cat/ca/#/schema/logo/image/"}}]}</script>
<!-- / Yoast SEO plugin. -->

Presentación del proyecto 'Berracas' - ICIP

El 7 de octubre, la Filmoteca de Cataluña acogerá la presentación y una mesa redonda sobre el documental y el proyecto 'Berracas'.
