{"id":25876,"date":"2022-03-09T12:12:21","date_gmt":"2022-03-09T12:12:21","guid":{"rendered":"https:\/\/www.icip.cat\/event\/licip-organitza-un-taller-per-al-reconeixement-a-les-victimes-del-conflicte-colombia-exiliades-a-sabadell\/"},"modified":"2022-03-09T12:17:15","modified_gmt":"2022-03-09T12:17:15","slug":"el-icip-organiza-un-taller-para-el-reconocimiento-a-las-victimas-del-conflicto-colombiano-exiliadas-en-sabadell","status":"publish","type":"icip_event","link":"https:\/\/www.icip.cat\/es\/event\/el-icip-organiza-un-taller-para-el-reconocimiento-a-las-victimas-del-conflicto-colombiano-exiliadas-en-sabadell\/","title":{"rendered":"El ICIP organiza un taller para el reconocimiento a las v\u00edctimas del conflicto colombiano exiliadas en Sabadell"},"content":{"rendered":"\n<p>El ICIP, en colaboraci\u00f3n con el Nodo Catalu\u00f1a de apoyo a la <a href=\"https:\/\/comisiondelaverdad.co\/\" target=\"_blank\" rel=\"noreferrer noopener\">Comisi\u00f3n de la Verdad de Colombia<\/a>, organiza en Sabadell, con el apoyo del Ayuntamiento, un taller para promover el reconocimiento a las v\u00edctimas del conflicto colombiano exiliadas en Catalu\u00f1a. <\/p>\n\n\n\n<p>Este tipo de talleres ya se realiz\u00f3 en Lleida el a\u00f1o pasado y se realizar\u00e1n pr\u00f3ximamente en Barcelona y forman parte del componente de incidencia local dentro de la labor del ICIP como secretar\u00eda de la Comisi\u00f3n de la Verdad en Europa.<\/p>\n\n\n\n<p>\u201cLas sesiones buscan generar y fortalecer espacios de participaci\u00f3n, di\u00e1logo y escucha entre la poblaci\u00f3n exiliada y di\u00e1spora colombiana, organizaciones sociales y gobiernos locales que contribuyan a acciones de reconocimiento a las v\u00edctimas del conflicto armado colombiano\u201d, explica Ana Isabel Osorio, t\u00e9cnica del \u00e1rea de <a href=\"https:\/\/www.icip.cat\/es\/memoria-convivencia-y-reconciliacion\/\" target=\"_blank\" rel=\"noreferrer noopener\">Memoria, convivencia y reconciliaci\u00f3n<\/a> del ICIP.<\/p>\n\n\n\n<p>El taller de Sabadell tendr\u00e1 lugar el s\u00e1bado 19 de marzo en el Casal Pere Quart (Rambla, 69) de 10 a 14 h. Para participar, es necesario enviar un correo electr\u00f3nico a icip@icip.cat.<\/p>\n","protected":false},"featured_media":19658,"template":"","class_list":["post-25876","icip_event","type-icip_event","status-publish","has-post-thumbnail","hentry"],"acf":[],"yoast_head":"<!-- This site is optimized with the Yoast SEO plugin v25.6 - https:\/\/yoast.com\/wordpress\/plugins\/seo\/ -->\n<title>El ICIP organiza un taller para el reconocimiento a las v\u00edctimas del conflicto colombiano exiliadas en Sabadell - ICIP<\/title>\n<meta name=\"description\" content=\"Los talleres se realizan para promover el reconocimiento a las v\u00edctimas del conflicto colombiano exiliadas en Catalu\u00f1a.\" \/>\n<meta name=\"robots\" content=\"index, follow, max-snippet:-1, max-image-preview:large, max-video-preview:-1\" \/>\n<link rel=\"canonical\" href=\"https:\/\/www.icip.cat\/es\/event\/el-icip-organiza-un-taller-para-el-reconocimiento-a-las-victimas-del-conflicto-colombiano-exiliadas-en-sabadell\/\" \/>\n<meta property=\"og:locale\" content=\"es_ES\" \/>\n<meta property=\"og:type\" content=\"article\" \/>\n<meta property=\"og:title\" content=\"El ICIP organiza un taller para el reconocimiento a las v\u00edctimas del conflicto colombiano exiliadas en Sabadell - ICIP\" \/>\n<meta property=\"og:description\" content=\"Los talleres se realizan para promover el reconocimiento a las v\u00edctimas del conflicto colombiano exiliadas en Catalu\u00f1a.\" \/>\n<meta property=\"og:url\" content=\"https:\/\/www.icip.cat\/es\/event\/el-icip-organiza-un-taller-para-el-reconocimiento-a-las-victimas-del-conflicto-colombiano-exiliadas-en-sabadell\/\" \/>\n<meta property=\"og:site_name\" content=\"ICIP\" \/>\n<meta property=\"article:modified_time\" content=\"2022-03-09T12:17:15+00:00\" \/>\n<meta property=\"og:image\" content=\"https:\/\/www.icip.cat\/wp-content\/uploads\/2021\/06\/agendadiaspora.png\" \/>\n\t<meta property=\"og:image:width\" content=\"560\" \/>\n\t<meta property=\"og:image:height\" content=\"371\" \/>\n\t<meta property=\"og:image:type\" content=\"image\/png\" \/>\n<meta name=\"twitter:card\" content=\"summary_large_image\" \/>\n<meta name=\"twitter:label1\" content=\"Tiempo de lectura\" \/>\n\t<meta name=\"twitter:data1\" content=\"1 minuto\" \/>\n<script type=\"application\/ld+json\" class=\"yoast-schema-graph\">{\"@context\":\"https:\/\/schema.org\",\"@graph\":[{\"@type\":\"WebPage\",\"@id\":\"https:\/\/www.icip.cat\/es\/event\/el-icip-organiza-un-taller-para-el-reconocimiento-a-las-victimas-del-conflicto-colombiano-exiliadas-en-sabadell\/\",\"url\":\"https:\/\/www.icip.cat\/es\/event\/el-icip-organiza-un-taller-para-el-reconocimiento-a-las-victimas-del-conflicto-colombiano-exiliadas-en-sabadell\/\",\"name\":\"El ICIP organiza un taller para el reconocimiento a las v\u00edctimas del conflicto colombiano exiliadas en Sabadell - ICIP\",\"isPartOf\":{\"@id\":\"https:\/\/www.icip.cat\/ca\/#website\"},\"primaryImageOfPage\":{\"@id\":\"https:\/\/www.icip.cat\/es\/event\/el-icip-organiza-un-taller-para-el-reconocimiento-a-las-victimas-del-conflicto-colombiano-exiliadas-en-sabadell\/#primaryimage\"},\"image\":{\"@id\":\"https:\/\/www.icip.cat\/es\/event\/el-icip-organiza-un-taller-para-el-reconocimiento-a-las-victimas-del-conflicto-colombiano-exiliadas-en-sabadell\/#primaryimage\"},\"thumbnailUrl\":\"https:\/\/www.icip.cat\/wp-content\/uploads\/2021\/06\/agendadiaspora.png\",\"datePublished\":\"2022-03-09T12:12:21+00:00\",\"dateModified\":\"2022-03-09T12:17:15+00:00\",\"description\":\"Los talleres se realizan para promover el reconocimiento a las v\u00edctimas del conflicto colombiano exiliadas en Catalu\u00f1a.\",\"inLanguage\":\"es\",\"potentialAction\":[{\"@type\":\"ReadAction\",\"target\":[\"https:\/\/www.icip.cat\/es\/event\/el-icip-organiza-un-taller-para-el-reconocimiento-a-las-victimas-del-conflicto-colombiano-exiliadas-en-sabadell\/\"]}]},{\"@type\":\"ImageObject\",\"inLanguage\":\"es\",\"@id\":\"https:\/\/www.icip.cat\/es\/event\/el-icip-organiza-un-taller-para-el-reconocimiento-a-las-victimas-del-conflicto-colombiano-exiliadas-en-sabadell\/#primaryimage\",\"url\":\"https:\/\/www.icip.cat\/wp-content\/uploads\/2021\/06\/agendadiaspora.png\",\"contentUrl\":\"https:\/\/www.icip.cat\/wp-content\/uploads\/2021\/06\/agendadiaspora.png\",\"width\":560,\"height\":371},{\"@type\":\"WebSite\",\"@id\":\"https:\/\/www.icip.cat\/ca\/#website\",\"url\":\"https:\/\/www.icip.cat\/ca\/\",\"name\":\"ICIP\",\"description\":\"\",\"publisher\":{\"@id\":\"https:\/\/www.icip.cat\/ca\/#organization\"},\"potentialAction\":[{\"@type\":\"SearchAction\",\"target\":{\"@type\":\"EntryPoint\",\"urlTemplate\":\"https:\/\/www.icip.cat\/ca\/?s={search_term_string}\"},\"query-input\":{\"@type\":\"PropertyValueSpecification\",\"valueRequired\":true,\"valueName\":\"search_term_string\"}}],\"inLanguage\":\"es\"},{\"@type\":\"Organization\",\"@id\":\"https:\/\/www.icip.cat\/ca\/#organization\",\"name\":\"ICIP\",\"url\":\"https:\/\/www.icip.cat\/ca\/\",\"logo\":{\"@type\":\"ImageObject\",\"inLanguage\":\"es\",\"@id\":\"https:\/\/www.icip.cat\/ca\/#\/schema\/logo\/image\/\",\"url\":\"https:\/\/www.icip.cat\/wp-content\/uploads\/2021\/02\/logo-2.png\",\"contentUrl\":\"https:\/\/www.icip.cat\/wp-content\/uploads\/2021\/02\/logo-2.png\",\"width\":562,\"height\":391,\"caption\":\"ICIP\"},\"image\":{\"@id\":\"https:\/\/www.icip.cat\/ca\/#\/schema\/logo\/image\/\"}}]}<\/script>\n<!-- \/ Yoast SEO plugin. -->","yoast_head_json":{"title":"El ICIP organiza un taller para el reconocimiento a las v\u00edctimas del conflicto colombiano exiliadas en Sabadell - ICIP","description":"Los talleres se realizan para promover el reconocimiento a las v\u00edctimas del conflicto colombiano exiliadas en Catalu\u00f1a.","robots":{"index":"index","follow":"follow","max-snippet":"max-snippet:-1","max-image-preview":"max-image-preview:large","max-video-preview":"max-video-preview:-1"},"canonical":"https:\/\/www.icip.cat\/es\/event\/el-icip-organiza-un-taller-para-el-reconocimiento-a-las-victimas-del-conflicto-colombiano-exiliadas-en-sabadell\/","og_locale":"es_ES","og_type":"article","og_title":"El ICIP organiza un taller para el reconocimiento a las v\u00edctimas del conflicto colombiano exiliadas en Sabadell - ICIP","og_description":"Los talleres se realizan para promover el reconocimiento a las v\u00edctimas del conflicto colombiano exiliadas en Catalu\u00f1a.","og_url":"https:\/\/www.icip.cat\/es\/event\/el-icip-organiza-un-taller-para-el-reconocimiento-a-las-victimas-del-conflicto-colombiano-exiliadas-en-sabadell\/","og_site_name":"ICIP","article_modified_time":"2022-03-09T12:17:15+00:00","og_image":[{"width":560,"height":371,"url":"https:\/\/www.icip.cat\/wp-content\/uploads\/2021\/06\/agendadiaspora.png","type":"image\/png"}],"twitter_card":"summary_large_image","twitter_misc":{"Tiempo de lectura":"1 minuto"},"schema":{"@context":"https:\/\/schema.org","@graph":[{"@type":"WebPage","@id":"https:\/\/www.icip.cat\/es\/event\/el-icip-organiza-un-taller-para-el-reconocimiento-a-las-victimas-del-conflicto-colombiano-exiliadas-en-sabadell\/","url":"https:\/\/www.icip.cat\/es\/event\/el-icip-organiza-un-taller-para-el-reconocimiento-a-las-victimas-del-conflicto-colombiano-exiliadas-en-sabadell\/","name":"El ICIP organiza un taller para el reconocimiento a las v\u00edctimas del conflicto colombiano exiliadas en Sabadell - ICIP","isPartOf":{"@id":"https:\/\/www.icip.cat\/ca\/#website"},"primaryImageOfPage":{"@id":"https:\/\/www.icip.cat\/es\/event\/el-icip-organiza-un-taller-para-el-reconocimiento-a-las-victimas-del-conflicto-colombiano-exiliadas-en-sabadell\/#primaryimage"},"image":{"@id":"https:\/\/www.icip.cat\/es\/event\/el-icip-organiza-un-taller-para-el-reconocimiento-a-las-victimas-del-conflicto-colombiano-exiliadas-en-sabadell\/#primaryimage"},"thumbnailUrl":"https:\/\/www.icip.cat\/wp-content\/uploads\/2021\/06\/agendadiaspora.png","datePublished":"2022-03-09T12:12:21+00:00","dateModified":"2022-03-09T12:17:15+00:00","description":"Los talleres se realizan para promover el reconocimiento a las v\u00edctimas del conflicto colombiano exiliadas en Catalu\u00f1a.","inLanguage":"es","potentialAction":[{"@type":"ReadAction","target":["https:\/\/www.icip.cat\/es\/event\/el-icip-organiza-un-taller-para-el-reconocimiento-a-las-victimas-del-conflicto-colombiano-exiliadas-en-sabadell\/"]}]},{"@type":"ImageObject","inLanguage":"es","@id":"https:\/\/www.icip.cat\/es\/event\/el-icip-organiza-un-taller-para-el-reconocimiento-a-las-victimas-del-conflicto-colombiano-exiliadas-en-sabadell\/#primaryimage","url":"https:\/\/www.icip.cat\/wp-content\/uploads\/2021\/06\/agendadiaspora.png","contentUrl":"https:\/\/www.icip.cat\/wp-content\/uploads\/2021\/06\/agendadiaspora.png","width":560,"height":371},{"@type":"WebSite","@id":"https:\/\/www.icip.cat\/ca\/#website","url":"https:\/\/www.icip.cat\/ca\/","name":"ICIP","description":"","publisher":{"@id":"https:\/\/www.icip.cat\/ca\/#organization"},"potentialAction":[{"@type":"SearchAction","target":{"@type":"EntryPoint","urlTemplate":"https:\/\/www.icip.cat\/ca\/?s={search_term_string}"},"query-input":{"@type":"PropertyValueSpecification","valueRequired":true,"valueName":"search_term_string"}}],"inLanguage":"es"},{"@type":"Organization","@id":"https:\/\/www.icip.cat\/ca\/#organization","name":"ICIP","url":"https:\/\/www.icip.cat\/ca\/","logo":{"@type":"ImageObject","inLanguage":"es","@id":"https:\/\/www.icip.cat\/ca\/#\/schema\/logo\/image\/","url":"https:\/\/www.icip.cat\/wp-content\/uploads\/2021\/02\/logo-2.png","contentUrl":"https:\/\/www.icip.cat\/wp-content\/uploads\/2021\/02\/logo-2.png","width":562,"height":391,"caption":"ICIP"},"image":{"@id":"https:\/\/www.icip.cat\/ca\/#\/schema\/logo\/image\/"}}]}},"_links":{"self":[{"href":"https:\/\/www.icip.cat\/es\/wp-json\/wp\/v2\/icip_event\/25876","targetHints":{"allow":["GET"]}}],"collection":[{"href":"https:\/\/www.icip.cat\/es\/wp-json\/wp\/v2\/icip_event"}],"about":[{"href":"https:\/\/www.icip.cat\/es\/wp-json\/wp\/v2\/types\/icip_event"}],"version-history":[{"count":3,"href":"https:\/\/www.icip.cat\/es\/wp-json\/wp\/v2\/icip_event\/25876\/revisions"}],"predecessor-version":[{"id":25879,"href":"https:\/\/www.icip.cat\/es\/wp-json\/wp\/v2\/icip_event\/25876\/revisions\/25879"}],"wp:featuredmedia":[{"embeddable":true,"href":"https:\/\/www.icip.cat\/es\/wp-json\/wp\/v2\/media\/19658"}],"wp:attachment":[{"href":"https:\/\/www.icip.cat\/es\/wp-json\/wp\/v2\/media?parent=25876"}],"curies":[{"name":"wp","href":"https:\/\/api.w.org\/{rel}","templated":true}]}}

El ICIP organiza un taller para el reconocimiento a las víctimas del conflicto colombiano exiliadas en Sabadell

<p>El ICIP, en colaboración con el Nodo Cataluña de apoyo a la <a href="https://comisiondelaverdad.co/" target="_blank" rel="noreferrer noopener">Comisión de la Verdad de Colombia</a>, organiza en Sabadell, con el apoyo del Ayuntamiento, un taller para promover el reconocimiento a las víctimas del conflicto colombiano exiliadas en Cataluña. </p>



<p>Este tipo de talleres ya se realizó en Lleida el año pasado y se realizarán próximamente en Barcelona y forman parte del componente de incidencia local dentro de la labor del ICIP como secretaría de la Comisión de la Verdad en Europa.</p>



<p>“Las sesiones buscan generar y fortalecer espacios de participación, diálogo y escucha entre la población exiliada y diáspora colombiana, organizaciones sociales y gobiernos locales que contribuyan a acciones de reconocimiento a las víctimas del conflicto armado colombiano”, explica Ana Isabel Osorio, técnica del área de <a href="https://www.icip.cat/es/memoria-convivencia-y-reconciliacion/" target="_blank" rel="noreferrer noopener">Memoria, convivencia y reconciliación</a> del ICIP.</p>



<p>El taller de Sabadell tendrá lugar el sábado 19 de marzo en el Casal Pere Quart (Rambla, 69) de 10 a 14 h. Para participar, es necesario enviar un correo electrónico a icip@icip.cat.</p>

<!-- This site is optimized with the Yoast SEO plugin v25.6 - https://yoast.com/wordpress/plugins/seo/ -->
<title>El ICIP organiza un taller para el reconocimiento a las víctimas del conflicto colombiano exiliadas en Sabadell - ICIP</title>
<meta name="description" content="Los talleres se realizan para promover el reconocimiento a las víctimas del conflicto colombiano exiliadas en Cataluña." />
<meta name="robots" content="index, follow, max-snippet:-1, max-image-preview:large, max-video-preview:-1" />
<link rel="canonical" href="https://www.icip.cat/es/event/el-icip-organiza-un-taller-para-el-reconocimiento-a-las-victimas-del-conflicto-colombiano-exiliadas-en-sabadell/" />
<meta property="og:locale" content="es_ES" />
<meta property="og:type" content="article" />
<meta property="og:title" content="El ICIP organiza un taller para el reconocimiento a las víctimas del conflicto colombiano exiliadas en Sabadell - ICIP" />
<meta property="og:description" content="Los talleres se realizan para promover el reconocimiento a las víctimas del conflicto colombiano exiliadas en Cataluña." />
<meta property="og:url" content="https://www.icip.cat/es/event/el-icip-organiza-un-taller-para-el-reconocimiento-a-las-victimas-del-conflicto-colombiano-exiliadas-en-sabadell/" />
<meta property="og:site_name" content="ICIP" />
<meta property="article:modified_time" content="2022-03-09T12:17:15+00:00" />
<meta property="og:image" content="https://www.icip.cat/wp-content/uploads/2021/06/agendadiaspora.png" />
	<meta property="og:image:width" content="560" />
	<meta property="og:image:height" content="371" />
	<meta property="og:image:type" content="image/png" />
<meta name="twitter:card" content="summary_large_image" />
<meta name="twitter:label1" content="Tiempo de lectura" />
	<meta name="twitter:data1" content="1 minuto" />
<script type="application/ld+json" class="yoast-schema-graph">{"@context":"https://schema.org","@graph":[{"@type":"WebPage","@id":"https://www.icip.cat/es/event/el-icip-organiza-un-taller-para-el-reconocimiento-a-las-victimas-del-conflicto-colombiano-exiliadas-en-sabadell/","url":"https://www.icip.cat/es/event/el-icip-organiza-un-taller-para-el-reconocimiento-a-las-victimas-del-conflicto-colombiano-exiliadas-en-sabadell/","name":"El ICIP organiza un taller para el reconocimiento a las víctimas del conflicto colombiano exiliadas en Sabadell - ICIP","isPartOf":{"@id":"https://www.icip.cat/ca/#website"},"primaryImageOfPage":{"@id":"https://www.icip.cat/es/event/el-icip-organiza-un-taller-para-el-reconocimiento-a-las-victimas-del-conflicto-colombiano-exiliadas-en-sabadell/#primaryimage"},"image":{"@id":"https://www.icip.cat/es/event/el-icip-organiza-un-taller-para-el-reconocimiento-a-las-victimas-del-conflicto-colombiano-exiliadas-en-sabadell/#primaryimage"},"thumbnailUrl":"https://www.icip.cat/wp-content/uploads/2021/06/agendadiaspora.png","datePublished":"2022-03-09T12:12:21+00:00","dateModified":"2022-03-09T12:17:15+00:00","description":"Los talleres se realizan para promover el reconocimiento a las víctimas del conflicto colombiano exiliadas en Cataluña.","inLanguage":"es","potentialAction":[{"@type":"ReadAction","target":["https://www.icip.cat/es/event/el-icip-organiza-un-taller-para-el-reconocimiento-a-las-victimas-del-conflicto-colombiano-exiliadas-en-sabadell/"]}]},{"@type":"ImageObject","inLanguage":"es","@id":"https://www.icip.cat/es/event/el-icip-organiza-un-taller-para-el-reconocimiento-a-las-victimas-del-conflicto-colombiano-exiliadas-en-sabadell/#primaryimage","url":"https://www.icip.cat/wp-content/uploads/2021/06/agendadiaspora.png","contentUrl":"https://www.icip.cat/wp-content/uploads/2021/06/agendadiaspora.png","width":560,"height":371},{"@type":"WebSite","@id":"https://www.icip.cat/ca/#website","url":"https://www.icip.cat/ca/","name":"ICIP","description":"","publisher":{"@id":"https://www.icip.cat/ca/#organization"},"potentialAction":[{"@type":"SearchAction","target":{"@type":"EntryPoint","urlTemplate":"https://www.icip.cat/ca/?s={search_term_string}"},"query-input":{"@type":"PropertyValueSpecification","valueRequired":true,"valueName":"search_term_string"}}],"inLanguage":"es"},{"@type":"Organization","@id":"https://www.icip.cat/ca/#organization","name":"ICIP","url":"https://www.icip.cat/ca/","logo":{"@type":"ImageObject","inLanguage":"es","@id":"https://www.icip.cat/ca/#/schema/logo/image/","url":"https://www.icip.cat/wp-content/uploads/2021/02/logo-2.png","contentUrl":"https://www.icip.cat/wp-content/uploads/2021/02/logo-2.png","width":562,"height":391,"caption":"ICIP"},"image":{"@id":"https://www.icip.cat/ca/#/schema/logo/image/"}}]}</script>
<!-- / Yoast SEO plugin. -->

El ICIP organiza un taller para el reconocimiento a las víctimas del conflicto colombiano exiliadas en Sabadell - ICIP

Los talleres se realizan para promover el reconocimiento a las víctimas del conflicto colombiano exiliadas en Cataluña.
