{"id":33518,"date":"2022-11-08T15:09:06","date_gmt":"2022-11-08T15:09:06","guid":{"rendered":"https:\/\/www.icip.cat\/event\/presentacio-del-llibre-papers-de-pau\/"},"modified":"2022-11-09T09:09:46","modified_gmt":"2022-11-09T09:09:46","slug":"presentacio-del-llibre-papers-de-pau","status":"publish","type":"icip_event","link":"https:\/\/www.icip.cat\/es\/event\/presentacio-del-llibre-papers-de-pau\/","title":{"rendered":"Presentaci\u00f3n del libro \u00abPapers de Pau\u00bb"},"content":{"rendered":"\n<p>El ICIP organiza un acto de presentaci\u00f3n del libro <em><a href=\"https:\/\/www.icip.cat\/es\/publication\/papers-de-pau\/\" target=\"_blank\" rel=\"noreferrer noopener\">Papers de Pau<\/a><\/em>, publicado este oto\u00f1o en la colecci\u00f3n \u201cCl\u00e1sicos de la Paz y la Noviolencia\u201d (ICIP y Angle Editorial).<\/p>\n\n\n\n<p>Se trata de una recopilaci\u00f3n de textos del economista y activista Arcadi Oliveres que evocan su pensamiento pacifista y su ingente labor divulgadora de la cultura de paz y la justicia social. La obra ha sido editada por <strong>Jordi Algu\u00e9<\/strong> y <strong>Mar Valldeoriola<\/strong> y contiene 41 textos, algunos in\u00e9ditos, del fondo personal de Oliveres y del Archivo Nacional de Catalu\u00f1a.<\/p>\n\n\n\n<p>La selecci\u00f3n de los escritos traza un camino que va de la denuncia de la guerra hasta la necesaria cultura de paz, pasando por todas las posibilidades de desarme, referentes y entidades de paz que trabajan por la justicia global.<\/p>\n\n\n\n<p>El acto de presentaci\u00f3n tendr\u00e1 lugar en el edificio de La Modelo de Barcelona, \u200b\u200ben una de las galer\u00edas, el <strong>martes 29 de noviembre a las 18:30h<\/strong>, y contar\u00e1 con las intervenciones de los editores del libro y la actuaci\u00f3n musical de <strong>Albert Oliveres<\/strong>.<\/p>\n\n\n\n<p>En el acto tambi\u00e9n participar\u00e1n las entidades en las que particip\u00f3 activamente Arcadi a lo largo de sus a\u00f1os de activismo: Just\u00edcia i Pau, la Universitat Internacional per la Pau, FundiPau y el Centre Del\u00e0s.<\/p>\n\n\n\n<div class=\"wp-block-image\"><figure class=\"aligncenter size-large\"><img fetchpriority=\"high\" decoding=\"async\" width=\"1024\" height=\"576\" src=\"http:\/\/www.icip.cat\/wp-content\/uploads\/2022\/11\/Targeto_Acte-29-11-1024x576.png\" alt=\"\" class=\"wp-image-33530\" srcset=\"https:\/\/www.icip.cat\/wp-content\/uploads\/2022\/11\/Targeto_Acte-29-11-1024x576.png 1024w, https:\/\/www.icip.cat\/wp-content\/uploads\/2022\/11\/Targeto_Acte-29-11-300x169.png 300w, https:\/\/www.icip.cat\/wp-content\/uploads\/2022\/11\/Targeto_Acte-29-11-768x432.png 768w, https:\/\/www.icip.cat\/wp-content\/uploads\/2022\/11\/Targeto_Acte-29-11-1536x864.png 1536w, https:\/\/www.icip.cat\/wp-content\/uploads\/2022\/11\/Targeto_Acte-29-11-2048x1152.png 2048w\" sizes=\"(max-width: 1024px) 100vw, 1024px\" \/><\/figure><\/div>\n","protected":false},"featured_media":33554,"template":"","class_list":["post-33518","icip_event","type-icip_event","status-publish","has-post-thumbnail","hentry"],"acf":[],"yoast_head":"<!-- This site is optimized with the Yoast SEO plugin v25.6 - https:\/\/yoast.com\/wordpress\/plugins\/seo\/ -->\n<title>Presentaci\u00f3n del libro &quot;Papers de Pau&quot; - ICIP<\/title>\n<meta name=\"description\" content=\"El acto tendr\u00e1 lugar el martes 29 de noviembre en el edificio de La Modelo de Barcelona y contar\u00e1 con la participaci\u00f3n de los editores del libro\" \/>\n<meta name=\"robots\" content=\"index, follow, max-snippet:-1, max-image-preview:large, max-video-preview:-1\" \/>\n<link rel=\"canonical\" href=\"https:\/\/www.icip.cat\/es\/event\/presentacio-del-llibre-papers-de-pau\/\" \/>\n<meta property=\"og:locale\" content=\"es_ES\" \/>\n<meta property=\"og:type\" content=\"article\" \/>\n<meta property=\"og:title\" content=\"Presentaci\u00f3n del libro &quot;Papers de Pau&quot; - ICIP\" \/>\n<meta property=\"og:description\" content=\"El acto tendr\u00e1 lugar el martes 29 de noviembre en el edificio de La Modelo de Barcelona y contar\u00e1 con la participaci\u00f3n de los editores del libro\" \/>\n<meta property=\"og:url\" content=\"https:\/\/www.icip.cat\/es\/event\/presentacio-del-llibre-papers-de-pau\/\" \/>\n<meta property=\"og:site_name\" content=\"ICIP\" \/>\n<meta property=\"article:modified_time\" content=\"2022-11-09T09:09:46+00:00\" \/>\n<meta property=\"og:image\" content=\"https:\/\/www.icip.cat\/wp-content\/uploads\/2022\/11\/Papers-de-Pau-web.png\" \/>\n\t<meta property=\"og:image:width\" content=\"460\" \/>\n\t<meta property=\"og:image:height\" content=\"591\" \/>\n\t<meta property=\"og:image:type\" content=\"image\/png\" \/>\n<meta name=\"twitter:card\" content=\"summary_large_image\" \/>\n<meta name=\"twitter:label1\" content=\"Tiempo de lectura\" \/>\n\t<meta name=\"twitter:data1\" content=\"2 minutos\" \/>\n<script type=\"application\/ld+json\" class=\"yoast-schema-graph\">{\"@context\":\"https:\/\/schema.org\",\"@graph\":[{\"@type\":\"WebPage\",\"@id\":\"https:\/\/www.icip.cat\/es\/event\/presentacio-del-llibre-papers-de-pau\/\",\"url\":\"https:\/\/www.icip.cat\/es\/event\/presentacio-del-llibre-papers-de-pau\/\",\"name\":\"Presentaci\u00f3n del libro \\\"Papers de Pau\\\" - ICIP\",\"isPartOf\":{\"@id\":\"https:\/\/www.icip.cat\/ca\/#website\"},\"primaryImageOfPage\":{\"@id\":\"https:\/\/www.icip.cat\/es\/event\/presentacio-del-llibre-papers-de-pau\/#primaryimage\"},\"image\":{\"@id\":\"https:\/\/www.icip.cat\/es\/event\/presentacio-del-llibre-papers-de-pau\/#primaryimage\"},\"thumbnailUrl\":\"https:\/\/www.icip.cat\/wp-content\/uploads\/2022\/11\/Papers-de-Pau-web.png\",\"datePublished\":\"2022-11-08T15:09:06+00:00\",\"dateModified\":\"2022-11-09T09:09:46+00:00\",\"description\":\"El acto tendr\u00e1 lugar el martes 29 de noviembre en el edificio de La Modelo de Barcelona y contar\u00e1 con la participaci\u00f3n de los editores del libro\",\"inLanguage\":\"es\",\"potentialAction\":[{\"@type\":\"ReadAction\",\"target\":[\"https:\/\/www.icip.cat\/es\/event\/presentacio-del-llibre-papers-de-pau\/\"]}]},{\"@type\":\"ImageObject\",\"inLanguage\":\"es\",\"@id\":\"https:\/\/www.icip.cat\/es\/event\/presentacio-del-llibre-papers-de-pau\/#primaryimage\",\"url\":\"https:\/\/www.icip.cat\/wp-content\/uploads\/2022\/11\/Papers-de-Pau-web.png\",\"contentUrl\":\"https:\/\/www.icip.cat\/wp-content\/uploads\/2022\/11\/Papers-de-Pau-web.png\",\"width\":460,\"height\":591},{\"@type\":\"WebSite\",\"@id\":\"https:\/\/www.icip.cat\/ca\/#website\",\"url\":\"https:\/\/www.icip.cat\/ca\/\",\"name\":\"ICIP\",\"description\":\"\",\"publisher\":{\"@id\":\"https:\/\/www.icip.cat\/ca\/#organization\"},\"potentialAction\":[{\"@type\":\"SearchAction\",\"target\":{\"@type\":\"EntryPoint\",\"urlTemplate\":\"https:\/\/www.icip.cat\/ca\/?s={search_term_string}\"},\"query-input\":{\"@type\":\"PropertyValueSpecification\",\"valueRequired\":true,\"valueName\":\"search_term_string\"}}],\"inLanguage\":\"es\"},{\"@type\":\"Organization\",\"@id\":\"https:\/\/www.icip.cat\/ca\/#organization\",\"name\":\"ICIP\",\"url\":\"https:\/\/www.icip.cat\/ca\/\",\"logo\":{\"@type\":\"ImageObject\",\"inLanguage\":\"es\",\"@id\":\"https:\/\/www.icip.cat\/ca\/#\/schema\/logo\/image\/\",\"url\":\"https:\/\/www.icip.cat\/wp-content\/uploads\/2021\/02\/logo-2.png\",\"contentUrl\":\"https:\/\/www.icip.cat\/wp-content\/uploads\/2021\/02\/logo-2.png\",\"width\":562,\"height\":391,\"caption\":\"ICIP\"},\"image\":{\"@id\":\"https:\/\/www.icip.cat\/ca\/#\/schema\/logo\/image\/\"}}]}<\/script>\n<!-- \/ Yoast SEO plugin. -->","yoast_head_json":{"title":"Presentaci\u00f3n del libro \"Papers de Pau\" - ICIP","description":"El acto tendr\u00e1 lugar el martes 29 de noviembre en el edificio de La Modelo de Barcelona y contar\u00e1 con la participaci\u00f3n de los editores del libro","robots":{"index":"index","follow":"follow","max-snippet":"max-snippet:-1","max-image-preview":"max-image-preview:large","max-video-preview":"max-video-preview:-1"},"canonical":"https:\/\/www.icip.cat\/es\/event\/presentacio-del-llibre-papers-de-pau\/","og_locale":"es_ES","og_type":"article","og_title":"Presentaci\u00f3n del libro \"Papers de Pau\" - ICIP","og_description":"El acto tendr\u00e1 lugar el martes 29 de noviembre en el edificio de La Modelo de Barcelona y contar\u00e1 con la participaci\u00f3n de los editores del libro","og_url":"https:\/\/www.icip.cat\/es\/event\/presentacio-del-llibre-papers-de-pau\/","og_site_name":"ICIP","article_modified_time":"2022-11-09T09:09:46+00:00","og_image":[{"width":460,"height":591,"url":"https:\/\/www.icip.cat\/wp-content\/uploads\/2022\/11\/Papers-de-Pau-web.png","type":"image\/png"}],"twitter_card":"summary_large_image","twitter_misc":{"Tiempo de lectura":"2 minutos"},"schema":{"@context":"https:\/\/schema.org","@graph":[{"@type":"WebPage","@id":"https:\/\/www.icip.cat\/es\/event\/presentacio-del-llibre-papers-de-pau\/","url":"https:\/\/www.icip.cat\/es\/event\/presentacio-del-llibre-papers-de-pau\/","name":"Presentaci\u00f3n del libro \"Papers de Pau\" - ICIP","isPartOf":{"@id":"https:\/\/www.icip.cat\/ca\/#website"},"primaryImageOfPage":{"@id":"https:\/\/www.icip.cat\/es\/event\/presentacio-del-llibre-papers-de-pau\/#primaryimage"},"image":{"@id":"https:\/\/www.icip.cat\/es\/event\/presentacio-del-llibre-papers-de-pau\/#primaryimage"},"thumbnailUrl":"https:\/\/www.icip.cat\/wp-content\/uploads\/2022\/11\/Papers-de-Pau-web.png","datePublished":"2022-11-08T15:09:06+00:00","dateModified":"2022-11-09T09:09:46+00:00","description":"El acto tendr\u00e1 lugar el martes 29 de noviembre en el edificio de La Modelo de Barcelona y contar\u00e1 con la participaci\u00f3n de los editores del libro","inLanguage":"es","potentialAction":[{"@type":"ReadAction","target":["https:\/\/www.icip.cat\/es\/event\/presentacio-del-llibre-papers-de-pau\/"]}]},{"@type":"ImageObject","inLanguage":"es","@id":"https:\/\/www.icip.cat\/es\/event\/presentacio-del-llibre-papers-de-pau\/#primaryimage","url":"https:\/\/www.icip.cat\/wp-content\/uploads\/2022\/11\/Papers-de-Pau-web.png","contentUrl":"https:\/\/www.icip.cat\/wp-content\/uploads\/2022\/11\/Papers-de-Pau-web.png","width":460,"height":591},{"@type":"WebSite","@id":"https:\/\/www.icip.cat\/ca\/#website","url":"https:\/\/www.icip.cat\/ca\/","name":"ICIP","description":"","publisher":{"@id":"https:\/\/www.icip.cat\/ca\/#organization"},"potentialAction":[{"@type":"SearchAction","target":{"@type":"EntryPoint","urlTemplate":"https:\/\/www.icip.cat\/ca\/?s={search_term_string}"},"query-input":{"@type":"PropertyValueSpecification","valueRequired":true,"valueName":"search_term_string"}}],"inLanguage":"es"},{"@type":"Organization","@id":"https:\/\/www.icip.cat\/ca\/#organization","name":"ICIP","url":"https:\/\/www.icip.cat\/ca\/","logo":{"@type":"ImageObject","inLanguage":"es","@id":"https:\/\/www.icip.cat\/ca\/#\/schema\/logo\/image\/","url":"https:\/\/www.icip.cat\/wp-content\/uploads\/2021\/02\/logo-2.png","contentUrl":"https:\/\/www.icip.cat\/wp-content\/uploads\/2021\/02\/logo-2.png","width":562,"height":391,"caption":"ICIP"},"image":{"@id":"https:\/\/www.icip.cat\/ca\/#\/schema\/logo\/image\/"}}]}},"_links":{"self":[{"href":"https:\/\/www.icip.cat\/es\/wp-json\/wp\/v2\/icip_event\/33518","targetHints":{"allow":["GET"]}}],"collection":[{"href":"https:\/\/www.icip.cat\/es\/wp-json\/wp\/v2\/icip_event"}],"about":[{"href":"https:\/\/www.icip.cat\/es\/wp-json\/wp\/v2\/types\/icip_event"}],"version-history":[{"count":7,"href":"https:\/\/www.icip.cat\/es\/wp-json\/wp\/v2\/icip_event\/33518\/revisions"}],"predecessor-version":[{"id":33532,"href":"https:\/\/www.icip.cat\/es\/wp-json\/wp\/v2\/icip_event\/33518\/revisions\/33532"}],"wp:featuredmedia":[{"embeddable":true,"href":"https:\/\/www.icip.cat\/es\/wp-json\/wp\/v2\/media\/33554"}],"wp:attachment":[{"href":"https:\/\/www.icip.cat\/es\/wp-json\/wp\/v2\/media?parent=33518"}],"curies":[{"name":"wp","href":"https:\/\/api.w.org\/{rel}","templated":true}]}}

Presentación del libro «Papers de Pau»

<p>El ICIP organiza un acto de presentación del libro <em><a href="https://www.icip.cat/es/publication/papers-de-pau/" target="_blank" rel="noreferrer noopener">Papers de Pau</a></em>, publicado este otoño en la colección “Clásicos de la Paz y la Noviolencia” (ICIP y Angle Editorial).</p>



<p>Se trata de una recopilación de textos del economista y activista Arcadi Oliveres que evocan su pensamiento pacifista y su ingente labor divulgadora de la cultura de paz y la justicia social. La obra ha sido editada por <strong>Jordi Algué</strong> y <strong>Mar Valldeoriola</strong> y contiene 41 textos, algunos inéditos, del fondo personal de Oliveres y del Archivo Nacional de Cataluña.</p>



<p>La selección de los escritos traza un camino que va de la denuncia de la guerra hasta la necesaria cultura de paz, pasando por todas las posibilidades de desarme, referentes y entidades de paz que trabajan por la justicia global.</p>



<p>El acto de presentación tendrá lugar en el edificio de La Modelo de Barcelona, ​​en una de las galerías, el <strong>martes 29 de noviembre a las 18:30h</strong>, y contará con las intervenciones de los editores del libro y la actuación musical de <strong>Albert Oliveres</strong>.</p>



<p>En el acto también participarán las entidades en las que participó activamente Arcadi a lo largo de sus años de activismo: Justícia i Pau, la Universitat Internacional per la Pau, FundiPau y el Centre Delàs.</p>



<div class="wp-block-image"><figure class="aligncenter size-large"><img fetchpriority="high" decoding="async" width="1024" height="576" src="http://www.icip.cat/wp-content/uploads/2022/11/Targeto_Acte-29-11-1024x576.png" alt="" class="wp-image-33530" srcset="https://www.icip.cat/wp-content/uploads/2022/11/Targeto_Acte-29-11-1024x576.png 1024w, https://www.icip.cat/wp-content/uploads/2022/11/Targeto_Acte-29-11-300x169.png 300w, https://www.icip.cat/wp-content/uploads/2022/11/Targeto_Acte-29-11-768x432.png 768w, https://www.icip.cat/wp-content/uploads/2022/11/Targeto_Acte-29-11-1536x864.png 1536w, https://www.icip.cat/wp-content/uploads/2022/11/Targeto_Acte-29-11-2048x1152.png 2048w" sizes="(max-width: 1024px) 100vw, 1024px" /></figure></div>

<!-- This site is optimized with the Yoast SEO plugin v25.6 - https://yoast.com/wordpress/plugins/seo/ -->
<title>Presentación del libro &quot;Papers de Pau&quot; - ICIP</title>
<meta name="description" content="El acto tendrá lugar el martes 29 de noviembre en el edificio de La Modelo de Barcelona y contará con la participación de los editores del libro" />
<meta name="robots" content="index, follow, max-snippet:-1, max-image-preview:large, max-video-preview:-1" />
<link rel="canonical" href="https://www.icip.cat/es/event/presentacio-del-llibre-papers-de-pau/" />
<meta property="og:locale" content="es_ES" />
<meta property="og:type" content="article" />
<meta property="og:title" content="Presentación del libro &quot;Papers de Pau&quot; - ICIP" />
<meta property="og:description" content="El acto tendrá lugar el martes 29 de noviembre en el edificio de La Modelo de Barcelona y contará con la participación de los editores del libro" />
<meta property="og:url" content="https://www.icip.cat/es/event/presentacio-del-llibre-papers-de-pau/" />
<meta property="og:site_name" content="ICIP" />
<meta property="article:modified_time" content="2022-11-09T09:09:46+00:00" />
<meta property="og:image" content="https://www.icip.cat/wp-content/uploads/2022/11/Papers-de-Pau-web.png" />
	<meta property="og:image:width" content="460" />
	<meta property="og:image:height" content="591" />
	<meta property="og:image:type" content="image/png" />
<meta name="twitter:card" content="summary_large_image" />
<meta name="twitter:label1" content="Tiempo de lectura" />
	<meta name="twitter:data1" content="2 minutos" />
<script type="application/ld+json" class="yoast-schema-graph">{"@context":"https://schema.org","@graph":[{"@type":"WebPage","@id":"https://www.icip.cat/es/event/presentacio-del-llibre-papers-de-pau/","url":"https://www.icip.cat/es/event/presentacio-del-llibre-papers-de-pau/","name":"Presentación del libro \"Papers de Pau\" - ICIP","isPartOf":{"@id":"https://www.icip.cat/ca/#website"},"primaryImageOfPage":{"@id":"https://www.icip.cat/es/event/presentacio-del-llibre-papers-de-pau/#primaryimage"},"image":{"@id":"https://www.icip.cat/es/event/presentacio-del-llibre-papers-de-pau/#primaryimage"},"thumbnailUrl":"https://www.icip.cat/wp-content/uploads/2022/11/Papers-de-Pau-web.png","datePublished":"2022-11-08T15:09:06+00:00","dateModified":"2022-11-09T09:09:46+00:00","description":"El acto tendrá lugar el martes 29 de noviembre en el edificio de La Modelo de Barcelona y contará con la participación de los editores del libro","inLanguage":"es","potentialAction":[{"@type":"ReadAction","target":["https://www.icip.cat/es/event/presentacio-del-llibre-papers-de-pau/"]}]},{"@type":"ImageObject","inLanguage":"es","@id":"https://www.icip.cat/es/event/presentacio-del-llibre-papers-de-pau/#primaryimage","url":"https://www.icip.cat/wp-content/uploads/2022/11/Papers-de-Pau-web.png","contentUrl":"https://www.icip.cat/wp-content/uploads/2022/11/Papers-de-Pau-web.png","width":460,"height":591},{"@type":"WebSite","@id":"https://www.icip.cat/ca/#website","url":"https://www.icip.cat/ca/","name":"ICIP","description":"","publisher":{"@id":"https://www.icip.cat/ca/#organization"},"potentialAction":[{"@type":"SearchAction","target":{"@type":"EntryPoint","urlTemplate":"https://www.icip.cat/ca/?s={search_term_string}"},"query-input":{"@type":"PropertyValueSpecification","valueRequired":true,"valueName":"search_term_string"}}],"inLanguage":"es"},{"@type":"Organization","@id":"https://www.icip.cat/ca/#organization","name":"ICIP","url":"https://www.icip.cat/ca/","logo":{"@type":"ImageObject","inLanguage":"es","@id":"https://www.icip.cat/ca/#/schema/logo/image/","url":"https://www.icip.cat/wp-content/uploads/2021/02/logo-2.png","contentUrl":"https://www.icip.cat/wp-content/uploads/2021/02/logo-2.png","width":562,"height":391,"caption":"ICIP"},"image":{"@id":"https://www.icip.cat/ca/#/schema/logo/image/"}}]}</script>
<!-- / Yoast SEO plugin. -->

Presentación del libro "Papers de Pau" - ICIP

El acto tendrá lugar el martes 29 de noviembre en el edificio de La Modelo de Barcelona y contará con la participación de los editores del libro
