{"id":35589,"date":"2023-03-06T12:18:00","date_gmt":"2023-03-06T12:18:00","guid":{"rendered":"https:\/\/www.icip.cat\/event\/exits-del-foro-social-permanente-i-reptes-pendents-en-la-construccio-de-pau-al-pais-basc\/"},"modified":"2023-03-07T09:38:12","modified_gmt":"2023-03-07T09:38:12","slug":"exits-del-foro-social-permanente-i-reptes-pendents-en-la-construccio-de-pau-al-pais-basc","status":"publish","type":"icip_event","link":"https:\/\/www.icip.cat\/es\/event\/exits-del-foro-social-permanente-i-reptes-pendents-en-la-construccio-de-pau-al-pais-basc\/","title":{"rendered":"\u00c9xitos del Foro Social Permanente y retos pendientes en la construcci\u00f3n de paz en el Pa\u00eds Vasco"},"content":{"rendered":"\n<p>El pr\u00f3ximo mi\u00e9rcoles 15 de marzo, el ICIP organiza un acto para hacer balance de la trayectoria del <a href=\"http:\/\/forosoziala.eus\/es\" target=\"_blank\" rel=\"noreferrer noopener\">Foro Social Permanente<\/a> y del contexto actual en el Pa\u00eds Vasco, a partir del anuncio de disoluci\u00f3n de la organizaci\u00f3n.<\/p>\n\n\n\n<p>El acto contar\u00e1 con la participaci\u00f3n del portavoz del Foro Social, <strong>Agus Hernan<\/strong>, que conversar\u00e1 con el director del ICIP, <strong>Kristian Herbolzheimer<\/strong>.<\/p>\n\n\n\n<p>El Foro Social se puso en marcha en 2016 para asentar el proceso de paz en Euskadi con la pretensi\u00f3n de gestar una aproximaci\u00f3n a los discursos de las distintas sensibilidades sociales y pol\u00edticas.<\/p>\n\n\n\n<p>El pasado mes de enero, las 17 entidades y personas que a t\u00edtulo individual forman parte del movimiento anunciaron que, tras los avances que se han logrado en todos los \u00e1mbitos, hab\u00eda que abrir las puertas a \u00abuna nueva fase del proceso de resoluci\u00f3n que tendr\u00e1 que tener nuevos retos y nuevos instrumentos\u00bb.<\/p>\n\n\n\n<p>Desde el momento de la creaci\u00f3n hasta el final de su trayectoria, el Foro Social Permanente ha liderado decenas de iniciativa para consolidar el fin de la lucha armada de ETA. <\/p>\n\n\n\n<p>De todo esto se hablar\u00e1 en el acto que tendr\u00e1 lugar en el <a href=\"https:\/\/fundaciobofill.cat\/\" target=\"_blank\" rel=\"noreferrer noopener\">Hub Social<\/a> de la Fundaci\u00f3n Bofill (Girona 34, Barcelona) de las 13.30h a las 15.00h. Las personas interesadas en asistir deben enviar un correo a <a href=\"mailto:activitats@icip.cat\">activitats@icip.cat<\/a> para confirmar asistencia.<\/p>\n\n\n\n<figure class=\"wp-block-image size-large\"><img fetchpriority=\"high\" decoding=\"async\" width=\"1024\" height=\"576\" src=\"http:\/\/www.icip.cat\/wp-content\/uploads\/2023\/03\/Foro-social-ES-1024x576.jpg\" alt=\"\" class=\"wp-image-35598\" srcset=\"https:\/\/www.icip.cat\/wp-content\/uploads\/2023\/03\/Foro-social-ES-1024x576.jpg 1024w, https:\/\/www.icip.cat\/wp-content\/uploads\/2023\/03\/Foro-social-ES-300x169.jpg 300w, https:\/\/www.icip.cat\/wp-content\/uploads\/2023\/03\/Foro-social-ES-768x432.jpg 768w, https:\/\/www.icip.cat\/wp-content\/uploads\/2023\/03\/Foro-social-ES-1536x864.jpg 1536w, https:\/\/www.icip.cat\/wp-content\/uploads\/2023\/03\/Foro-social-ES.jpg 1920w\" sizes=\"(max-width: 1024px) 100vw, 1024px\" \/><\/figure>\n","protected":false},"featured_media":35585,"template":"","class_list":["post-35589","icip_event","type-icip_event","status-publish","has-post-thumbnail","hentry"],"acf":[],"yoast_head":"<!-- This site is optimized with the Yoast SEO plugin v25.6 - https:\/\/yoast.com\/wordpress\/plugins\/seo\/ -->\n<title>\u00c9xitos del Foro Social Permanente y retos pendientes en la construcci\u00f3n de paz en el Pa\u00eds Vasco - ICIP<\/title>\n<meta name=\"description\" content=\"El mi\u00e9rcoles 15 de marzo, el ICIP organiza un acto para hacer balance de la trayectoria del Foro Social y del contexto actual en el Pa\u00eds Vasco.\" \/>\n<meta name=\"robots\" content=\"index, follow, max-snippet:-1, max-image-preview:large, max-video-preview:-1\" \/>\n<link rel=\"canonical\" href=\"https:\/\/www.icip.cat\/es\/event\/exits-del-foro-social-permanente-i-reptes-pendents-en-la-construccio-de-pau-al-pais-basc\/\" \/>\n<meta property=\"og:locale\" content=\"es_ES\" \/>\n<meta property=\"og:type\" content=\"article\" \/>\n<meta property=\"og:title\" content=\"\u00c9xitos del Foro Social Permanente y retos pendientes en la construcci\u00f3n de paz en el Pa\u00eds Vasco - ICIP\" \/>\n<meta property=\"og:description\" content=\"El mi\u00e9rcoles 15 de marzo, el ICIP organiza un acto para hacer balance de la trayectoria del Foro Social y del contexto actual en el Pa\u00eds Vasco.\" \/>\n<meta property=\"og:url\" content=\"https:\/\/www.icip.cat\/es\/event\/exits-del-foro-social-permanente-i-reptes-pendents-en-la-construccio-de-pau-al-pais-basc\/\" \/>\n<meta property=\"og:site_name\" content=\"ICIP\" \/>\n<meta property=\"article:modified_time\" content=\"2023-03-07T09:38:12+00:00\" \/>\n<meta property=\"og:image\" content=\"https:\/\/www.icip.cat\/wp-content\/uploads\/2023\/03\/Foro-Social-logo.jpg\" \/>\n\t<meta property=\"og:image:width\" content=\"192\" \/>\n\t<meta property=\"og:image:height\" content=\"192\" \/>\n\t<meta property=\"og:image:type\" content=\"image\/jpeg\" \/>\n<meta name=\"twitter:card\" content=\"summary_large_image\" \/>\n<meta name=\"twitter:label1\" content=\"Tiempo de lectura\" \/>\n\t<meta name=\"twitter:data1\" content=\"2 minutos\" \/>\n<script type=\"application\/ld+json\" class=\"yoast-schema-graph\">{\"@context\":\"https:\/\/schema.org\",\"@graph\":[{\"@type\":\"WebPage\",\"@id\":\"https:\/\/www.icip.cat\/es\/event\/exits-del-foro-social-permanente-i-reptes-pendents-en-la-construccio-de-pau-al-pais-basc\/\",\"url\":\"https:\/\/www.icip.cat\/es\/event\/exits-del-foro-social-permanente-i-reptes-pendents-en-la-construccio-de-pau-al-pais-basc\/\",\"name\":\"\u00c9xitos del Foro Social Permanente y retos pendientes en la construcci\u00f3n de paz en el Pa\u00eds Vasco - ICIP\",\"isPartOf\":{\"@id\":\"https:\/\/www.icip.cat\/ca\/#website\"},\"primaryImageOfPage\":{\"@id\":\"https:\/\/www.icip.cat\/es\/event\/exits-del-foro-social-permanente-i-reptes-pendents-en-la-construccio-de-pau-al-pais-basc\/#primaryimage\"},\"image\":{\"@id\":\"https:\/\/www.icip.cat\/es\/event\/exits-del-foro-social-permanente-i-reptes-pendents-en-la-construccio-de-pau-al-pais-basc\/#primaryimage\"},\"thumbnailUrl\":\"https:\/\/www.icip.cat\/wp-content\/uploads\/2023\/03\/Foro-Social-logo.jpg\",\"datePublished\":\"2023-03-06T12:18:00+00:00\",\"dateModified\":\"2023-03-07T09:38:12+00:00\",\"description\":\"El mi\u00e9rcoles 15 de marzo, el ICIP organiza un acto para hacer balance de la trayectoria del Foro Social y del contexto actual en el Pa\u00eds Vasco.\",\"inLanguage\":\"es\",\"potentialAction\":[{\"@type\":\"ReadAction\",\"target\":[\"https:\/\/www.icip.cat\/es\/event\/exits-del-foro-social-permanente-i-reptes-pendents-en-la-construccio-de-pau-al-pais-basc\/\"]}]},{\"@type\":\"ImageObject\",\"inLanguage\":\"es\",\"@id\":\"https:\/\/www.icip.cat\/es\/event\/exits-del-foro-social-permanente-i-reptes-pendents-en-la-construccio-de-pau-al-pais-basc\/#primaryimage\",\"url\":\"https:\/\/www.icip.cat\/wp-content\/uploads\/2023\/03\/Foro-Social-logo.jpg\",\"contentUrl\":\"https:\/\/www.icip.cat\/wp-content\/uploads\/2023\/03\/Foro-Social-logo.jpg\",\"width\":192,\"height\":192},{\"@type\":\"WebSite\",\"@id\":\"https:\/\/www.icip.cat\/ca\/#website\",\"url\":\"https:\/\/www.icip.cat\/ca\/\",\"name\":\"ICIP\",\"description\":\"\",\"publisher\":{\"@id\":\"https:\/\/www.icip.cat\/ca\/#organization\"},\"potentialAction\":[{\"@type\":\"SearchAction\",\"target\":{\"@type\":\"EntryPoint\",\"urlTemplate\":\"https:\/\/www.icip.cat\/ca\/?s={search_term_string}\"},\"query-input\":{\"@type\":\"PropertyValueSpecification\",\"valueRequired\":true,\"valueName\":\"search_term_string\"}}],\"inLanguage\":\"es\"},{\"@type\":\"Organization\",\"@id\":\"https:\/\/www.icip.cat\/ca\/#organization\",\"name\":\"ICIP\",\"url\":\"https:\/\/www.icip.cat\/ca\/\",\"logo\":{\"@type\":\"ImageObject\",\"inLanguage\":\"es\",\"@id\":\"https:\/\/www.icip.cat\/ca\/#\/schema\/logo\/image\/\",\"url\":\"https:\/\/www.icip.cat\/wp-content\/uploads\/2021\/02\/logo-2.png\",\"contentUrl\":\"https:\/\/www.icip.cat\/wp-content\/uploads\/2021\/02\/logo-2.png\",\"width\":562,\"height\":391,\"caption\":\"ICIP\"},\"image\":{\"@id\":\"https:\/\/www.icip.cat\/ca\/#\/schema\/logo\/image\/\"}}]}<\/script>\n<!-- \/ Yoast SEO plugin. -->","yoast_head_json":{"title":"\u00c9xitos del Foro Social Permanente y retos pendientes en la construcci\u00f3n de paz en el Pa\u00eds Vasco - ICIP","description":"El mi\u00e9rcoles 15 de marzo, el ICIP organiza un acto para hacer balance de la trayectoria del Foro Social y del contexto actual en el Pa\u00eds Vasco.","robots":{"index":"index","follow":"follow","max-snippet":"max-snippet:-1","max-image-preview":"max-image-preview:large","max-video-preview":"max-video-preview:-1"},"canonical":"https:\/\/www.icip.cat\/es\/event\/exits-del-foro-social-permanente-i-reptes-pendents-en-la-construccio-de-pau-al-pais-basc\/","og_locale":"es_ES","og_type":"article","og_title":"\u00c9xitos del Foro Social Permanente y retos pendientes en la construcci\u00f3n de paz en el Pa\u00eds Vasco - ICIP","og_description":"El mi\u00e9rcoles 15 de marzo, el ICIP organiza un acto para hacer balance de la trayectoria del Foro Social y del contexto actual en el Pa\u00eds Vasco.","og_url":"https:\/\/www.icip.cat\/es\/event\/exits-del-foro-social-permanente-i-reptes-pendents-en-la-construccio-de-pau-al-pais-basc\/","og_site_name":"ICIP","article_modified_time":"2023-03-07T09:38:12+00:00","og_image":[{"width":192,"height":192,"url":"https:\/\/www.icip.cat\/wp-content\/uploads\/2023\/03\/Foro-Social-logo.jpg","type":"image\/jpeg"}],"twitter_card":"summary_large_image","twitter_misc":{"Tiempo de lectura":"2 minutos"},"schema":{"@context":"https:\/\/schema.org","@graph":[{"@type":"WebPage","@id":"https:\/\/www.icip.cat\/es\/event\/exits-del-foro-social-permanente-i-reptes-pendents-en-la-construccio-de-pau-al-pais-basc\/","url":"https:\/\/www.icip.cat\/es\/event\/exits-del-foro-social-permanente-i-reptes-pendents-en-la-construccio-de-pau-al-pais-basc\/","name":"\u00c9xitos del Foro Social Permanente y retos pendientes en la construcci\u00f3n de paz en el Pa\u00eds Vasco - ICIP","isPartOf":{"@id":"https:\/\/www.icip.cat\/ca\/#website"},"primaryImageOfPage":{"@id":"https:\/\/www.icip.cat\/es\/event\/exits-del-foro-social-permanente-i-reptes-pendents-en-la-construccio-de-pau-al-pais-basc\/#primaryimage"},"image":{"@id":"https:\/\/www.icip.cat\/es\/event\/exits-del-foro-social-permanente-i-reptes-pendents-en-la-construccio-de-pau-al-pais-basc\/#primaryimage"},"thumbnailUrl":"https:\/\/www.icip.cat\/wp-content\/uploads\/2023\/03\/Foro-Social-logo.jpg","datePublished":"2023-03-06T12:18:00+00:00","dateModified":"2023-03-07T09:38:12+00:00","description":"El mi\u00e9rcoles 15 de marzo, el ICIP organiza un acto para hacer balance de la trayectoria del Foro Social y del contexto actual en el Pa\u00eds Vasco.","inLanguage":"es","potentialAction":[{"@type":"ReadAction","target":["https:\/\/www.icip.cat\/es\/event\/exits-del-foro-social-permanente-i-reptes-pendents-en-la-construccio-de-pau-al-pais-basc\/"]}]},{"@type":"ImageObject","inLanguage":"es","@id":"https:\/\/www.icip.cat\/es\/event\/exits-del-foro-social-permanente-i-reptes-pendents-en-la-construccio-de-pau-al-pais-basc\/#primaryimage","url":"https:\/\/www.icip.cat\/wp-content\/uploads\/2023\/03\/Foro-Social-logo.jpg","contentUrl":"https:\/\/www.icip.cat\/wp-content\/uploads\/2023\/03\/Foro-Social-logo.jpg","width":192,"height":192},{"@type":"WebSite","@id":"https:\/\/www.icip.cat\/ca\/#website","url":"https:\/\/www.icip.cat\/ca\/","name":"ICIP","description":"","publisher":{"@id":"https:\/\/www.icip.cat\/ca\/#organization"},"potentialAction":[{"@type":"SearchAction","target":{"@type":"EntryPoint","urlTemplate":"https:\/\/www.icip.cat\/ca\/?s={search_term_string}"},"query-input":{"@type":"PropertyValueSpecification","valueRequired":true,"valueName":"search_term_string"}}],"inLanguage":"es"},{"@type":"Organization","@id":"https:\/\/www.icip.cat\/ca\/#organization","name":"ICIP","url":"https:\/\/www.icip.cat\/ca\/","logo":{"@type":"ImageObject","inLanguage":"es","@id":"https:\/\/www.icip.cat\/ca\/#\/schema\/logo\/image\/","url":"https:\/\/www.icip.cat\/wp-content\/uploads\/2021\/02\/logo-2.png","contentUrl":"https:\/\/www.icip.cat\/wp-content\/uploads\/2021\/02\/logo-2.png","width":562,"height":391,"caption":"ICIP"},"image":{"@id":"https:\/\/www.icip.cat\/ca\/#\/schema\/logo\/image\/"}}]}},"_links":{"self":[{"href":"https:\/\/www.icip.cat\/es\/wp-json\/wp\/v2\/icip_event\/35589","targetHints":{"allow":["GET"]}}],"collection":[{"href":"https:\/\/www.icip.cat\/es\/wp-json\/wp\/v2\/icip_event"}],"about":[{"href":"https:\/\/www.icip.cat\/es\/wp-json\/wp\/v2\/types\/icip_event"}],"version-history":[{"count":10,"href":"https:\/\/www.icip.cat\/es\/wp-json\/wp\/v2\/icip_event\/35589\/revisions"}],"predecessor-version":[{"id":35604,"href":"https:\/\/www.icip.cat\/es\/wp-json\/wp\/v2\/icip_event\/35589\/revisions\/35604"}],"wp:featuredmedia":[{"embeddable":true,"href":"https:\/\/www.icip.cat\/es\/wp-json\/wp\/v2\/media\/35585"}],"wp:attachment":[{"href":"https:\/\/www.icip.cat\/es\/wp-json\/wp\/v2\/media?parent=35589"}],"curies":[{"name":"wp","href":"https:\/\/api.w.org\/{rel}","templated":true}]}}

Éxitos del Foro Social Permanente y retos pendientes en la construcción de paz en el País Vasco

<p>El próximo miércoles 15 de marzo, el ICIP organiza un acto para hacer balance de la trayectoria del <a href="http://forosoziala.eus/es" target="_blank" rel="noreferrer noopener">Foro Social Permanente</a> y del contexto actual en el País Vasco, a partir del anuncio de disolución de la organización.</p>



<p>El acto contará con la participación del portavoz del Foro Social, <strong>Agus Hernan</strong>, que conversará con el director del ICIP, <strong>Kristian Herbolzheimer</strong>.</p>



<p>El Foro Social se puso en marcha en 2016 para asentar el proceso de paz en Euskadi con la pretensión de gestar una aproximación a los discursos de las distintas sensibilidades sociales y políticas.</p>



<p>El pasado mes de enero, las 17 entidades y personas que a título individual forman parte del movimiento anunciaron que, tras los avances que se han logrado en todos los ámbitos, había que abrir las puertas a «una nueva fase del proceso de resolución que tendrá que tener nuevos retos y nuevos instrumentos».</p>



<p>Desde el momento de la creación hasta el final de su trayectoria, el Foro Social Permanente ha liderado decenas de iniciativa para consolidar el fin de la lucha armada de ETA. </p>



<p>De todo esto se hablará en el acto que tendrá lugar en el <a href="https://fundaciobofill.cat/" target="_blank" rel="noreferrer noopener">Hub Social</a> de la Fundación Bofill (Girona 34, Barcelona) de las 13.30h a las 15.00h. Las personas interesadas en asistir deben enviar un correo a <a href="mailto:activitats@icip.cat">activitats@icip.cat</a> para confirmar asistencia.</p>



<figure class="wp-block-image size-large"><img fetchpriority="high" decoding="async" width="1024" height="576" src="http://www.icip.cat/wp-content/uploads/2023/03/Foro-social-ES-1024x576.jpg" alt="" class="wp-image-35598" srcset="https://www.icip.cat/wp-content/uploads/2023/03/Foro-social-ES-1024x576.jpg 1024w, https://www.icip.cat/wp-content/uploads/2023/03/Foro-social-ES-300x169.jpg 300w, https://www.icip.cat/wp-content/uploads/2023/03/Foro-social-ES-768x432.jpg 768w, https://www.icip.cat/wp-content/uploads/2023/03/Foro-social-ES-1536x864.jpg 1536w, https://www.icip.cat/wp-content/uploads/2023/03/Foro-social-ES.jpg 1920w" sizes="(max-width: 1024px) 100vw, 1024px" /></figure>

<!-- This site is optimized with the Yoast SEO plugin v25.6 - https://yoast.com/wordpress/plugins/seo/ -->
<title>Éxitos del Foro Social Permanente y retos pendientes en la construcción de paz en el País Vasco - ICIP</title>
<meta name="description" content="El miércoles 15 de marzo, el ICIP organiza un acto para hacer balance de la trayectoria del Foro Social y del contexto actual en el País Vasco." />
<meta name="robots" content="index, follow, max-snippet:-1, max-image-preview:large, max-video-preview:-1" />
<link rel="canonical" href="https://www.icip.cat/es/event/exits-del-foro-social-permanente-i-reptes-pendents-en-la-construccio-de-pau-al-pais-basc/" />
<meta property="og:locale" content="es_ES" />
<meta property="og:type" content="article" />
<meta property="og:title" content="Éxitos del Foro Social Permanente y retos pendientes en la construcción de paz en el País Vasco - ICIP" />
<meta property="og:description" content="El miércoles 15 de marzo, el ICIP organiza un acto para hacer balance de la trayectoria del Foro Social y del contexto actual en el País Vasco." />
<meta property="og:url" content="https://www.icip.cat/es/event/exits-del-foro-social-permanente-i-reptes-pendents-en-la-construccio-de-pau-al-pais-basc/" />
<meta property="og:site_name" content="ICIP" />
<meta property="article:modified_time" content="2023-03-07T09:38:12+00:00" />
<meta property="og:image" content="https://www.icip.cat/wp-content/uploads/2023/03/Foro-Social-logo.jpg" />
	<meta property="og:image:width" content="192" />
	<meta property="og:image:height" content="192" />
	<meta property="og:image:type" content="image/jpeg" />
<meta name="twitter:card" content="summary_large_image" />
<meta name="twitter:label1" content="Tiempo de lectura" />
	<meta name="twitter:data1" content="2 minutos" />
<script type="application/ld+json" class="yoast-schema-graph">{"@context":"https://schema.org","@graph":[{"@type":"WebPage","@id":"https://www.icip.cat/es/event/exits-del-foro-social-permanente-i-reptes-pendents-en-la-construccio-de-pau-al-pais-basc/","url":"https://www.icip.cat/es/event/exits-del-foro-social-permanente-i-reptes-pendents-en-la-construccio-de-pau-al-pais-basc/","name":"Éxitos del Foro Social Permanente y retos pendientes en la construcción de paz en el País Vasco - ICIP","isPartOf":{"@id":"https://www.icip.cat/ca/#website"},"primaryImageOfPage":{"@id":"https://www.icip.cat/es/event/exits-del-foro-social-permanente-i-reptes-pendents-en-la-construccio-de-pau-al-pais-basc/#primaryimage"},"image":{"@id":"https://www.icip.cat/es/event/exits-del-foro-social-permanente-i-reptes-pendents-en-la-construccio-de-pau-al-pais-basc/#primaryimage"},"thumbnailUrl":"https://www.icip.cat/wp-content/uploads/2023/03/Foro-Social-logo.jpg","datePublished":"2023-03-06T12:18:00+00:00","dateModified":"2023-03-07T09:38:12+00:00","description":"El miércoles 15 de marzo, el ICIP organiza un acto para hacer balance de la trayectoria del Foro Social y del contexto actual en el País Vasco.","inLanguage":"es","potentialAction":[{"@type":"ReadAction","target":["https://www.icip.cat/es/event/exits-del-foro-social-permanente-i-reptes-pendents-en-la-construccio-de-pau-al-pais-basc/"]}]},{"@type":"ImageObject","inLanguage":"es","@id":"https://www.icip.cat/es/event/exits-del-foro-social-permanente-i-reptes-pendents-en-la-construccio-de-pau-al-pais-basc/#primaryimage","url":"https://www.icip.cat/wp-content/uploads/2023/03/Foro-Social-logo.jpg","contentUrl":"https://www.icip.cat/wp-content/uploads/2023/03/Foro-Social-logo.jpg","width":192,"height":192},{"@type":"WebSite","@id":"https://www.icip.cat/ca/#website","url":"https://www.icip.cat/ca/","name":"ICIP","description":"","publisher":{"@id":"https://www.icip.cat/ca/#organization"},"potentialAction":[{"@type":"SearchAction","target":{"@type":"EntryPoint","urlTemplate":"https://www.icip.cat/ca/?s={search_term_string}"},"query-input":{"@type":"PropertyValueSpecification","valueRequired":true,"valueName":"search_term_string"}}],"inLanguage":"es"},{"@type":"Organization","@id":"https://www.icip.cat/ca/#organization","name":"ICIP","url":"https://www.icip.cat/ca/","logo":{"@type":"ImageObject","inLanguage":"es","@id":"https://www.icip.cat/ca/#/schema/logo/image/","url":"https://www.icip.cat/wp-content/uploads/2021/02/logo-2.png","contentUrl":"https://www.icip.cat/wp-content/uploads/2021/02/logo-2.png","width":562,"height":391,"caption":"ICIP"},"image":{"@id":"https://www.icip.cat/ca/#/schema/logo/image/"}}]}</script>
<!-- / Yoast SEO plugin. -->

Éxitos del Foro Social Permanente y retos pendientes en la construcción de paz en el País Vasco - ICIP

El miércoles 15 de marzo, el ICIP organiza un acto para hacer balance de la trayectoria del Foro Social y del contexto actual en el País Vasco.
