{"id":41411,"date":"2023-11-30T11:39:08","date_gmt":"2023-11-30T11:39:08","guid":{"rendered":"https:\/\/www.icip.cat\/event\/licip-participa-a-la-build-peace-conference-2023\/"},"modified":"2023-11-30T11:51:48","modified_gmt":"2023-11-30T11:51:48","slug":"licip-participa-a-la-build-peace-conference-2023","status":"publish","type":"icip_event","link":"https:\/\/www.icip.cat\/es\/event\/licip-participa-a-la-build-peace-conference-2023\/","title":{"rendered":"El ICIP participa en la Build Peace Conference 2023"},"content":{"rendered":"\n<p>Del 1 al 3 de diciembre, una representaci\u00f3n del ICIP participa en la conferencia anual de la organizaci\u00f3n <a href=\"https:\/\/howtobuildup.org\/\" target=\"_blank\" rel=\"noreferrer noopener\">Build Up<\/a>, que este a\u00f1o tiene lugar en Nairobi, Kenia.<\/p>\n\n\n\n<p>Build Up es una entidad que promueve la investigaci\u00f3n y la reflexi\u00f3n sobre la intersecci\u00f3n entre la tecnolog\u00eda y la construcci\u00f3n de paz y la <a href=\"https:\/\/howtobuildpeace.org\/\" target=\"_blank\" rel=\"noreferrer noopener\">Build Peace Conference 2023<\/a> tiene por objetivo debatir sobre los retos para la paz y la transformaci\u00f3n de conflictos en la era digital .<\/p>\n\n\n\n<p>Se trata de un foro internacional que en esta d\u00e9cima edici\u00f3n est\u00e1 centrado en el rol que juega la tecnolog\u00eda y el arte en la creaci\u00f3n de identidades, y c\u00f3mo \u00e9stas son relevantes para la transformaci\u00f3n y la din\u00e1mica de los conflictos, a nivel mundial pero concretamente en la regi\u00f3n de \u00c1frica oriental. Durante tres d\u00edas, personas expertas de todo el mundo reflexionar\u00e1n a partir de experiencias concretas que se est\u00e1n llevando a cabo en diferentes lugares del planeta.<\/p>\n\n\n\n<p>Por ejemplo, experiencias en las que las redes sociales fomentan la cohesi\u00f3n, programas de detecci\u00f3n de los discursos de odio, radios basadas en la difusi\u00f3n de la cultura de paz como la Radio Master Peace de M\u00e9xico o experiencias art\u00edsticas creadas en el marco de la Comisi\u00f3n de la Verdad de Colombia para promover la reconciliaci\u00f3n.<\/p>\n\n\n\n<p><em><a href=\"https:\/\/docs.google.com\/document\/d\/1G0A4gJqlwZYLCqfAQNXA2bck_wZu-k4nlDWLaLwKZuY\/edit?mc_cid=4fc82d6ec6&amp;mc_eid=73c8f2cfe1\" target=\"_blank\" rel=\"noreferrer noopener\">Programa completo<\/a><\/em> de la Build Peace Conference 2023.<\/p>\n","protected":false},"featured_media":41376,"template":"","class_list":["post-41411","icip_event","type-icip_event","status-publish","has-post-thumbnail","hentry"],"acf":[],"yoast_head":"<!-- This site is optimized with the Yoast SEO plugin v25.6 - https:\/\/yoast.com\/wordpress\/plugins\/seo\/ -->\n<title>El ICIP participa en la Build Peace Conference 2023 - ICIP<\/title>\n<meta name=\"description\" content=\"El foro internacional analiza el potencial del arte y la tecnolog\u00eda en la construcci\u00f3n de paz.\" \/>\n<meta name=\"robots\" content=\"index, follow, max-snippet:-1, max-image-preview:large, max-video-preview:-1\" \/>\n<link rel=\"canonical\" href=\"https:\/\/www.icip.cat\/es\/event\/licip-participa-a-la-build-peace-conference-2023\/\" \/>\n<meta property=\"og:locale\" content=\"es_ES\" \/>\n<meta property=\"og:type\" content=\"article\" \/>\n<meta property=\"og:title\" content=\"El ICIP participa en la Build Peace Conference 2023 - ICIP\" \/>\n<meta property=\"og:description\" content=\"El foro internacional analiza el potencial del arte y la tecnolog\u00eda en la construcci\u00f3n de paz.\" \/>\n<meta property=\"og:url\" content=\"https:\/\/www.icip.cat\/es\/event\/licip-participa-a-la-build-peace-conference-2023\/\" \/>\n<meta property=\"og:site_name\" content=\"ICIP\" \/>\n<meta property=\"article:modified_time\" content=\"2023-11-30T11:51:48+00:00\" \/>\n<meta property=\"og:image\" content=\"https:\/\/www.icip.cat\/wp-content\/uploads\/2023\/11\/build-up.png\" \/>\n\t<meta property=\"og:image:width\" content=\"1731\" \/>\n\t<meta property=\"og:image:height\" content=\"1440\" \/>\n\t<meta property=\"og:image:type\" content=\"image\/png\" \/>\n<meta name=\"twitter:card\" content=\"summary_large_image\" \/>\n<meta name=\"twitter:label1\" content=\"Tiempo de lectura\" \/>\n\t<meta name=\"twitter:data1\" content=\"2 minutos\" \/>\n<script type=\"application\/ld+json\" class=\"yoast-schema-graph\">{\"@context\":\"https:\/\/schema.org\",\"@graph\":[{\"@type\":\"WebPage\",\"@id\":\"https:\/\/www.icip.cat\/es\/event\/licip-participa-a-la-build-peace-conference-2023\/\",\"url\":\"https:\/\/www.icip.cat\/es\/event\/licip-participa-a-la-build-peace-conference-2023\/\",\"name\":\"El ICIP participa en la Build Peace Conference 2023 - ICIP\",\"isPartOf\":{\"@id\":\"https:\/\/www.icip.cat\/ca\/#website\"},\"primaryImageOfPage\":{\"@id\":\"https:\/\/www.icip.cat\/es\/event\/licip-participa-a-la-build-peace-conference-2023\/#primaryimage\"},\"image\":{\"@id\":\"https:\/\/www.icip.cat\/es\/event\/licip-participa-a-la-build-peace-conference-2023\/#primaryimage\"},\"thumbnailUrl\":\"https:\/\/www.icip.cat\/wp-content\/uploads\/2023\/11\/build-up.png\",\"datePublished\":\"2023-11-30T11:39:08+00:00\",\"dateModified\":\"2023-11-30T11:51:48+00:00\",\"description\":\"El foro internacional analiza el potencial del arte y la tecnolog\u00eda en la construcci\u00f3n de paz.\",\"inLanguage\":\"es\",\"potentialAction\":[{\"@type\":\"ReadAction\",\"target\":[\"https:\/\/www.icip.cat\/es\/event\/licip-participa-a-la-build-peace-conference-2023\/\"]}]},{\"@type\":\"ImageObject\",\"inLanguage\":\"es\",\"@id\":\"https:\/\/www.icip.cat\/es\/event\/licip-participa-a-la-build-peace-conference-2023\/#primaryimage\",\"url\":\"https:\/\/www.icip.cat\/wp-content\/uploads\/2023\/11\/build-up.png\",\"contentUrl\":\"https:\/\/www.icip.cat\/wp-content\/uploads\/2023\/11\/build-up.png\",\"width\":1731,\"height\":1440},{\"@type\":\"WebSite\",\"@id\":\"https:\/\/www.icip.cat\/ca\/#website\",\"url\":\"https:\/\/www.icip.cat\/ca\/\",\"name\":\"ICIP\",\"description\":\"\",\"publisher\":{\"@id\":\"https:\/\/www.icip.cat\/ca\/#organization\"},\"potentialAction\":[{\"@type\":\"SearchAction\",\"target\":{\"@type\":\"EntryPoint\",\"urlTemplate\":\"https:\/\/www.icip.cat\/ca\/?s={search_term_string}\"},\"query-input\":{\"@type\":\"PropertyValueSpecification\",\"valueRequired\":true,\"valueName\":\"search_term_string\"}}],\"inLanguage\":\"es\"},{\"@type\":\"Organization\",\"@id\":\"https:\/\/www.icip.cat\/ca\/#organization\",\"name\":\"ICIP\",\"url\":\"https:\/\/www.icip.cat\/ca\/\",\"logo\":{\"@type\":\"ImageObject\",\"inLanguage\":\"es\",\"@id\":\"https:\/\/www.icip.cat\/ca\/#\/schema\/logo\/image\/\",\"url\":\"https:\/\/www.icip.cat\/wp-content\/uploads\/2021\/02\/logo-2.png\",\"contentUrl\":\"https:\/\/www.icip.cat\/wp-content\/uploads\/2021\/02\/logo-2.png\",\"width\":562,\"height\":391,\"caption\":\"ICIP\"},\"image\":{\"@id\":\"https:\/\/www.icip.cat\/ca\/#\/schema\/logo\/image\/\"}}]}<\/script>\n<!-- \/ Yoast SEO plugin. -->","yoast_head_json":{"title":"El ICIP participa en la Build Peace Conference 2023 - ICIP","description":"El foro internacional analiza el potencial del arte y la tecnolog\u00eda en la construcci\u00f3n de paz.","robots":{"index":"index","follow":"follow","max-snippet":"max-snippet:-1","max-image-preview":"max-image-preview:large","max-video-preview":"max-video-preview:-1"},"canonical":"https:\/\/www.icip.cat\/es\/event\/licip-participa-a-la-build-peace-conference-2023\/","og_locale":"es_ES","og_type":"article","og_title":"El ICIP participa en la Build Peace Conference 2023 - ICIP","og_description":"El foro internacional analiza el potencial del arte y la tecnolog\u00eda en la construcci\u00f3n de paz.","og_url":"https:\/\/www.icip.cat\/es\/event\/licip-participa-a-la-build-peace-conference-2023\/","og_site_name":"ICIP","article_modified_time":"2023-11-30T11:51:48+00:00","og_image":[{"width":1731,"height":1440,"url":"https:\/\/www.icip.cat\/wp-content\/uploads\/2023\/11\/build-up.png","type":"image\/png"}],"twitter_card":"summary_large_image","twitter_misc":{"Tiempo de lectura":"2 minutos"},"schema":{"@context":"https:\/\/schema.org","@graph":[{"@type":"WebPage","@id":"https:\/\/www.icip.cat\/es\/event\/licip-participa-a-la-build-peace-conference-2023\/","url":"https:\/\/www.icip.cat\/es\/event\/licip-participa-a-la-build-peace-conference-2023\/","name":"El ICIP participa en la Build Peace Conference 2023 - ICIP","isPartOf":{"@id":"https:\/\/www.icip.cat\/ca\/#website"},"primaryImageOfPage":{"@id":"https:\/\/www.icip.cat\/es\/event\/licip-participa-a-la-build-peace-conference-2023\/#primaryimage"},"image":{"@id":"https:\/\/www.icip.cat\/es\/event\/licip-participa-a-la-build-peace-conference-2023\/#primaryimage"},"thumbnailUrl":"https:\/\/www.icip.cat\/wp-content\/uploads\/2023\/11\/build-up.png","datePublished":"2023-11-30T11:39:08+00:00","dateModified":"2023-11-30T11:51:48+00:00","description":"El foro internacional analiza el potencial del arte y la tecnolog\u00eda en la construcci\u00f3n de paz.","inLanguage":"es","potentialAction":[{"@type":"ReadAction","target":["https:\/\/www.icip.cat\/es\/event\/licip-participa-a-la-build-peace-conference-2023\/"]}]},{"@type":"ImageObject","inLanguage":"es","@id":"https:\/\/www.icip.cat\/es\/event\/licip-participa-a-la-build-peace-conference-2023\/#primaryimage","url":"https:\/\/www.icip.cat\/wp-content\/uploads\/2023\/11\/build-up.png","contentUrl":"https:\/\/www.icip.cat\/wp-content\/uploads\/2023\/11\/build-up.png","width":1731,"height":1440},{"@type":"WebSite","@id":"https:\/\/www.icip.cat\/ca\/#website","url":"https:\/\/www.icip.cat\/ca\/","name":"ICIP","description":"","publisher":{"@id":"https:\/\/www.icip.cat\/ca\/#organization"},"potentialAction":[{"@type":"SearchAction","target":{"@type":"EntryPoint","urlTemplate":"https:\/\/www.icip.cat\/ca\/?s={search_term_string}"},"query-input":{"@type":"PropertyValueSpecification","valueRequired":true,"valueName":"search_term_string"}}],"inLanguage":"es"},{"@type":"Organization","@id":"https:\/\/www.icip.cat\/ca\/#organization","name":"ICIP","url":"https:\/\/www.icip.cat\/ca\/","logo":{"@type":"ImageObject","inLanguage":"es","@id":"https:\/\/www.icip.cat\/ca\/#\/schema\/logo\/image\/","url":"https:\/\/www.icip.cat\/wp-content\/uploads\/2021\/02\/logo-2.png","contentUrl":"https:\/\/www.icip.cat\/wp-content\/uploads\/2021\/02\/logo-2.png","width":562,"height":391,"caption":"ICIP"},"image":{"@id":"https:\/\/www.icip.cat\/ca\/#\/schema\/logo\/image\/"}}]}},"_links":{"self":[{"href":"https:\/\/www.icip.cat\/es\/wp-json\/wp\/v2\/icip_event\/41411","targetHints":{"allow":["GET"]}}],"collection":[{"href":"https:\/\/www.icip.cat\/es\/wp-json\/wp\/v2\/icip_event"}],"about":[{"href":"https:\/\/www.icip.cat\/es\/wp-json\/wp\/v2\/types\/icip_event"}],"version-history":[{"count":4,"href":"https:\/\/www.icip.cat\/es\/wp-json\/wp\/v2\/icip_event\/41411\/revisions"}],"predecessor-version":[{"id":41419,"href":"https:\/\/www.icip.cat\/es\/wp-json\/wp\/v2\/icip_event\/41411\/revisions\/41419"}],"wp:featuredmedia":[{"embeddable":true,"href":"https:\/\/www.icip.cat\/es\/wp-json\/wp\/v2\/media\/41376"}],"wp:attachment":[{"href":"https:\/\/www.icip.cat\/es\/wp-json\/wp\/v2\/media?parent=41411"}],"curies":[{"name":"wp","href":"https:\/\/api.w.org\/{rel}","templated":true}]}}

<p>Del 1 al 3 de diciembre, una representación del ICIP participa en la conferencia anual de la organización <a href="https://howtobuildup.org/" target="_blank" rel="noreferrer noopener">Build Up</a>, que este año tiene lugar en Nairobi, Kenia.</p>



<p>Build Up es una entidad que promueve la investigación y la reflexión sobre la intersección entre la tecnología y la construcción de paz y la <a href="https://howtobuildpeace.org/" target="_blank" rel="noreferrer noopener">Build Peace Conference 2023</a> tiene por objetivo debatir sobre los retos para la paz y la transformación de conflictos en la era digital .</p>



<p>Se trata de un foro internacional que en esta décima edición está centrado en el rol que juega la tecnología y el arte en la creación de identidades, y cómo éstas son relevantes para la transformación y la dinámica de los conflictos, a nivel mundial pero concretamente en la región de África oriental. Durante tres días, personas expertas de todo el mundo reflexionarán a partir de experiencias concretas que se están llevando a cabo en diferentes lugares del planeta.</p>



<p>Por ejemplo, experiencias en las que las redes sociales fomentan la cohesión, programas de detección de los discursos de odio, radios basadas en la difusión de la cultura de paz como la Radio Master Peace de México o experiencias artísticas creadas en el marco de la Comisión de la Verdad de Colombia para promover la reconciliación.</p>



<p><em><a href="https://docs.google.com/document/d/1G0A4gJqlwZYLCqfAQNXA2bck_wZu-k4nlDWLaLwKZuY/edit?mc_cid=4fc82d6ec6&amp;mc_eid=73c8f2cfe1" target="_blank" rel="noreferrer noopener">Programa completo</a></em> de la Build Peace Conference 2023.</p>

<!-- This site is optimized with the Yoast SEO plugin v25.6 - https://yoast.com/wordpress/plugins/seo/ -->
<title>El ICIP participa en la Build Peace Conference 2023 - ICIP</title>
<meta name="description" content="El foro internacional analiza el potencial del arte y la tecnología en la construcción de paz." />
<meta name="robots" content="index, follow, max-snippet:-1, max-image-preview:large, max-video-preview:-1" />
<link rel="canonical" href="https://www.icip.cat/es/event/licip-participa-a-la-build-peace-conference-2023/" />
<meta property="og:locale" content="es_ES" />
<meta property="og:type" content="article" />
<meta property="og:title" content="El ICIP participa en la Build Peace Conference 2023 - ICIP" />
<meta property="og:description" content="El foro internacional analiza el potencial del arte y la tecnología en la construcción de paz." />
<meta property="og:url" content="https://www.icip.cat/es/event/licip-participa-a-la-build-peace-conference-2023/" />
<meta property="og:site_name" content="ICIP" />
<meta property="article:modified_time" content="2023-11-30T11:51:48+00:00" />
<meta property="og:image" content="https://www.icip.cat/wp-content/uploads/2023/11/build-up.png" />
	<meta property="og:image:width" content="1731" />
	<meta property="og:image:height" content="1440" />
	<meta property="og:image:type" content="image/png" />
<meta name="twitter:card" content="summary_large_image" />
<meta name="twitter:label1" content="Tiempo de lectura" />
	<meta name="twitter:data1" content="2 minutos" />
<script type="application/ld+json" class="yoast-schema-graph">{"@context":"https://schema.org","@graph":[{"@type":"WebPage","@id":"https://www.icip.cat/es/event/licip-participa-a-la-build-peace-conference-2023/","url":"https://www.icip.cat/es/event/licip-participa-a-la-build-peace-conference-2023/","name":"El ICIP participa en la Build Peace Conference 2023 - ICIP","isPartOf":{"@id":"https://www.icip.cat/ca/#website"},"primaryImageOfPage":{"@id":"https://www.icip.cat/es/event/licip-participa-a-la-build-peace-conference-2023/#primaryimage"},"image":{"@id":"https://www.icip.cat/es/event/licip-participa-a-la-build-peace-conference-2023/#primaryimage"},"thumbnailUrl":"https://www.icip.cat/wp-content/uploads/2023/11/build-up.png","datePublished":"2023-11-30T11:39:08+00:00","dateModified":"2023-11-30T11:51:48+00:00","description":"El foro internacional analiza el potencial del arte y la tecnología en la construcción de paz.","inLanguage":"es","potentialAction":[{"@type":"ReadAction","target":["https://www.icip.cat/es/event/licip-participa-a-la-build-peace-conference-2023/"]}]},{"@type":"ImageObject","inLanguage":"es","@id":"https://www.icip.cat/es/event/licip-participa-a-la-build-peace-conference-2023/#primaryimage","url":"https://www.icip.cat/wp-content/uploads/2023/11/build-up.png","contentUrl":"https://www.icip.cat/wp-content/uploads/2023/11/build-up.png","width":1731,"height":1440},{"@type":"WebSite","@id":"https://www.icip.cat/ca/#website","url":"https://www.icip.cat/ca/","name":"ICIP","description":"","publisher":{"@id":"https://www.icip.cat/ca/#organization"},"potentialAction":[{"@type":"SearchAction","target":{"@type":"EntryPoint","urlTemplate":"https://www.icip.cat/ca/?s={search_term_string}"},"query-input":{"@type":"PropertyValueSpecification","valueRequired":true,"valueName":"search_term_string"}}],"inLanguage":"es"},{"@type":"Organization","@id":"https://www.icip.cat/ca/#organization","name":"ICIP","url":"https://www.icip.cat/ca/","logo":{"@type":"ImageObject","inLanguage":"es","@id":"https://www.icip.cat/ca/#/schema/logo/image/","url":"https://www.icip.cat/wp-content/uploads/2021/02/logo-2.png","contentUrl":"https://www.icip.cat/wp-content/uploads/2021/02/logo-2.png","width":562,"height":391,"caption":"ICIP"},"image":{"@id":"https://www.icip.cat/ca/#/schema/logo/image/"}}]}</script>
<!-- / Yoast SEO plugin. -->

El foro internacional analiza el potencial del arte y la tecnología en la construcción de paz.
