{"id":49615,"date":"2024-09-26T07:44:11","date_gmt":"2024-09-26T07:44:11","guid":{"rendered":"https:\/\/www.icip.cat\/?post_type=icip_event&#038;p=49615"},"modified":"2024-09-26T07:44:11","modified_gmt":"2024-09-26T07:44:11","slug":"sesion-de-analisis-ayotzinapa-una-decada-sin-los-43","status":"publish","type":"icip_event","link":"https:\/\/www.icip.cat\/es\/event\/sesion-de-analisis-ayotzinapa-una-decada-sin-los-43\/","title":{"rendered":"Sesi\u00f3n de an\u00e1lisis: \u00abAyotzinapa, una d\u00e9cada sin los 43\u00bb"},"content":{"rendered":"\n<p>El 26 de septiembre de 2024 se cumplen diez a\u00f1os de la desaparici\u00f3n de 43 estudiantes de la Escuela Normal Rural de Ayotnizapa, en M\u00e9xico, un caso emblem\u00e1tico de la impunidad que existe en el pa\u00eds en relaci\u00f3n a las desapariciones forzadas. Una d\u00e9cada despu\u00e9s a\u00fan no se ha esclarecido la verdad de lo que pas\u00f3 ni se ha hecho justicia. Se calcula que m\u00e1s de 100.000 personas est\u00e1n actualmente desaparecidas en M\u00e9xico.<\/p>\n\n\n\n<p>Aquella noche de septiembre, el grupo de estudiantes se desplaz\u00f3 hasta Iguala, en el estado de Guerrero, con el objetivo de coger autobuses para ir a Ciudad de M\u00e9xico y participar en los actos de conmemoraci\u00f3n de la matanza de Tlatelolco. Seg\u00fan las investigaciones, la polic\u00eda y miembros del grupo criminal Guerreros Unidos abrieron fuego contra los j\u00f3venes para impedirles salir de Iguala pero a partir de ah\u00ed no se ha sabido su desenlace. Diez a\u00f1os despu\u00e9s, las investigaciones son todav\u00eda fragmentadas sobre las causas y los autores de las desapariciones, y s\u00f3lo se han localizado algunos huesos de tres estudiantes en distintas ubicaciones.<\/p>\n\n\n\n<p>Con motivo del d\u00e9cimo aniversario de los hechos, el ICIP y la Taula per M\u00e8xic organizan el acto conmemorativo \u00ab<strong>Ayotzinapa: una d\u00e9cada sin los 43<\/strong>\u00ab, con el prop\u00f3sito de hacer estado de la cuesti\u00f3n sobre el caso y poner en valor la lucha de las familias que, a pesar de las dificultades, siguen buscando a los j\u00f3venes desaparecidos para obtener verdad, justicia, reparaci\u00f3n y garant\u00edas de no repetici\u00f3n.<\/p>\n\n\n\n<p>El acto tendr\u00e1 lugar el lunes 7 de octubre, a las 18:30h, en la sede del Colegio de Periodistas de Catalu\u00f1a y contar\u00e1 con las intervenciones de <strong>Carlos Martin Beristain<\/strong>, miembro del Grupo Interdisciplinario de Expertos Independientes (GIEI) , organismo creado para investigar el caso a partir de un acuerdo de la Corte Interamericana de Derechos Humanos, las familias de los desaparecidos y el gobierno mexicano; y <strong>Cristina Bautista<\/strong>, madre de Benjam\u00edn Bautista, uno de los 43 estudiantes desaparecidos, quien intervendr\u00e1 por videoconferencia. La sesi\u00f3n ser\u00e1 presentada por <strong>Ver\u00f3nica Mart\u00ednez Jacobo<\/strong>, periodista de \u00abLa Verdad Ju\u00e1rez\u00bb que actualmente reside en Catalu\u00f1a como parte del programa \u00abBarcelona protege a periodistas de M\u00e9xico\u00bb.<\/p>\n\n\n\n<p>Para asistir al acto es necesario registrarse en el siguiente formulario:<\/p>\n\n\n","protected":false},"featured_media":49639,"template":"","class_list":["post-49615","icip_event","type-icip_event","status-publish","has-post-thumbnail","hentry"],"acf":[],"yoast_head":"<!-- This site is optimized with the Yoast SEO plugin v25.6 - https:\/\/yoast.com\/wordpress\/plugins\/seo\/ -->\n<title>Sesi\u00f3n de an\u00e1lisis: &quot;Ayotzinapa, una d\u00e9cada sin los 43&quot; - ICIP<\/title>\n<meta name=\"description\" content=\"Acto commemorativo que quiere poner en valor la lucha de los familiares por la verdad y la justicia\" \/>\n<meta name=\"robots\" content=\"index, follow, max-snippet:-1, max-image-preview:large, max-video-preview:-1\" \/>\n<link rel=\"canonical\" href=\"https:\/\/www.icip.cat\/es\/event\/sesion-de-analisis-ayotzinapa-una-decada-sin-los-43\/\" \/>\n<meta property=\"og:locale\" content=\"es_ES\" \/>\n<meta property=\"og:type\" content=\"article\" \/>\n<meta property=\"og:title\" content=\"Sesi\u00f3n de an\u00e1lisis: &quot;Ayotzinapa, una d\u00e9cada sin los 43&quot; - ICIP\" \/>\n<meta property=\"og:description\" content=\"Acto commemorativo que quiere poner en valor la lucha de los familiares por la verdad y la justicia\" \/>\n<meta property=\"og:url\" content=\"https:\/\/www.icip.cat\/es\/event\/sesion-de-analisis-ayotzinapa-una-decada-sin-los-43\/\" \/>\n<meta property=\"og:site_name\" content=\"ICIP\" \/>\n<meta property=\"og:image\" content=\"https:\/\/www.icip.cat\/wp-content\/uploads\/2024\/09\/ayotzinapa-scaled.jpg\" \/>\n\t<meta property=\"og:image:width\" content=\"2560\" \/>\n\t<meta property=\"og:image:height\" content=\"1707\" \/>\n\t<meta property=\"og:image:type\" content=\"image\/jpeg\" \/>\n<meta name=\"twitter:card\" content=\"summary_large_image\" \/>\n<meta name=\"twitter:label1\" content=\"Tiempo de lectura\" \/>\n\t<meta name=\"twitter:data1\" content=\"2 minutos\" \/>\n<script type=\"application\/ld+json\" class=\"yoast-schema-graph\">{\"@context\":\"https:\/\/schema.org\",\"@graph\":[{\"@type\":\"WebPage\",\"@id\":\"https:\/\/www.icip.cat\/es\/event\/sesion-de-analisis-ayotzinapa-una-decada-sin-los-43\/\",\"url\":\"https:\/\/www.icip.cat\/es\/event\/sesion-de-analisis-ayotzinapa-una-decada-sin-los-43\/\",\"name\":\"Sesi\u00f3n de an\u00e1lisis: \\\"Ayotzinapa, una d\u00e9cada sin los 43\\\" - ICIP\",\"isPartOf\":{\"@id\":\"https:\/\/www.icip.cat\/ca\/#website\"},\"primaryImageOfPage\":{\"@id\":\"https:\/\/www.icip.cat\/es\/event\/sesion-de-analisis-ayotzinapa-una-decada-sin-los-43\/#primaryimage\"},\"image\":{\"@id\":\"https:\/\/www.icip.cat\/es\/event\/sesion-de-analisis-ayotzinapa-una-decada-sin-los-43\/#primaryimage\"},\"thumbnailUrl\":\"https:\/\/www.icip.cat\/wp-content\/uploads\/2024\/09\/ayotzinapa-scaled.jpg\",\"datePublished\":\"2024-09-26T07:44:11+00:00\",\"description\":\"Acto commemorativo que quiere poner en valor la lucha de los familiares por la verdad y la justicia\",\"inLanguage\":\"es\",\"potentialAction\":[{\"@type\":\"ReadAction\",\"target\":[\"https:\/\/www.icip.cat\/es\/event\/sesion-de-analisis-ayotzinapa-una-decada-sin-los-43\/\"]}]},{\"@type\":\"ImageObject\",\"inLanguage\":\"es\",\"@id\":\"https:\/\/www.icip.cat\/es\/event\/sesion-de-analisis-ayotzinapa-una-decada-sin-los-43\/#primaryimage\",\"url\":\"https:\/\/www.icip.cat\/wp-content\/uploads\/2024\/09\/ayotzinapa-scaled.jpg\",\"contentUrl\":\"https:\/\/www.icip.cat\/wp-content\/uploads\/2024\/09\/ayotzinapa-scaled.jpg\",\"width\":2560,\"height\":1707,\"caption\":\"Una madre de uno de los 43 estudiantes desaparecidos con el carte de su hijo desaparecido durante una visita de la Comisi\u00f3n Interamericana de Derechos Humanos (CIDH) a la Escuela Normal Rural Ra\u00fal Isidro Burgos de Ayotzinapa, Tixtla, Estado de Guerrero, M\u00e9xico, Agosto 28, 2017. La Comisi\u00f3n Interamericana de Derechos Humanos (CIDH) realiza su tercera visita a M\u00e9xico para dar seguimiento al Caso de los 43 estudiantes desaparecidos en septiembre 26 de 2014. (Ginnette Riquelme para CIDH)\"},{\"@type\":\"WebSite\",\"@id\":\"https:\/\/www.icip.cat\/ca\/#website\",\"url\":\"https:\/\/www.icip.cat\/ca\/\",\"name\":\"ICIP\",\"description\":\"\",\"publisher\":{\"@id\":\"https:\/\/www.icip.cat\/ca\/#organization\"},\"potentialAction\":[{\"@type\":\"SearchAction\",\"target\":{\"@type\":\"EntryPoint\",\"urlTemplate\":\"https:\/\/www.icip.cat\/ca\/?s={search_term_string}\"},\"query-input\":{\"@type\":\"PropertyValueSpecification\",\"valueRequired\":true,\"valueName\":\"search_term_string\"}}],\"inLanguage\":\"es\"},{\"@type\":\"Organization\",\"@id\":\"https:\/\/www.icip.cat\/ca\/#organization\",\"name\":\"ICIP\",\"url\":\"https:\/\/www.icip.cat\/ca\/\",\"logo\":{\"@type\":\"ImageObject\",\"inLanguage\":\"es\",\"@id\":\"https:\/\/www.icip.cat\/ca\/#\/schema\/logo\/image\/\",\"url\":\"https:\/\/www.icip.cat\/wp-content\/uploads\/2021\/02\/logo-2.png\",\"contentUrl\":\"https:\/\/www.icip.cat\/wp-content\/uploads\/2021\/02\/logo-2.png\",\"width\":562,\"height\":391,\"caption\":\"ICIP\"},\"image\":{\"@id\":\"https:\/\/www.icip.cat\/ca\/#\/schema\/logo\/image\/\"}}]}<\/script>\n<!-- \/ Yoast SEO plugin. -->","yoast_head_json":{"title":"Sesi\u00f3n de an\u00e1lisis: \"Ayotzinapa, una d\u00e9cada sin los 43\" - ICIP","description":"Acto commemorativo que quiere poner en valor la lucha de los familiares por la verdad y la justicia","robots":{"index":"index","follow":"follow","max-snippet":"max-snippet:-1","max-image-preview":"max-image-preview:large","max-video-preview":"max-video-preview:-1"},"canonical":"https:\/\/www.icip.cat\/es\/event\/sesion-de-analisis-ayotzinapa-una-decada-sin-los-43\/","og_locale":"es_ES","og_type":"article","og_title":"Sesi\u00f3n de an\u00e1lisis: \"Ayotzinapa, una d\u00e9cada sin los 43\" - ICIP","og_description":"Acto commemorativo que quiere poner en valor la lucha de los familiares por la verdad y la justicia","og_url":"https:\/\/www.icip.cat\/es\/event\/sesion-de-analisis-ayotzinapa-una-decada-sin-los-43\/","og_site_name":"ICIP","og_image":[{"width":2560,"height":1707,"url":"https:\/\/www.icip.cat\/wp-content\/uploads\/2024\/09\/ayotzinapa-scaled.jpg","type":"image\/jpeg"}],"twitter_card":"summary_large_image","twitter_misc":{"Tiempo de lectura":"2 minutos"},"schema":{"@context":"https:\/\/schema.org","@graph":[{"@type":"WebPage","@id":"https:\/\/www.icip.cat\/es\/event\/sesion-de-analisis-ayotzinapa-una-decada-sin-los-43\/","url":"https:\/\/www.icip.cat\/es\/event\/sesion-de-analisis-ayotzinapa-una-decada-sin-los-43\/","name":"Sesi\u00f3n de an\u00e1lisis: \"Ayotzinapa, una d\u00e9cada sin los 43\" - ICIP","isPartOf":{"@id":"https:\/\/www.icip.cat\/ca\/#website"},"primaryImageOfPage":{"@id":"https:\/\/www.icip.cat\/es\/event\/sesion-de-analisis-ayotzinapa-una-decada-sin-los-43\/#primaryimage"},"image":{"@id":"https:\/\/www.icip.cat\/es\/event\/sesion-de-analisis-ayotzinapa-una-decada-sin-los-43\/#primaryimage"},"thumbnailUrl":"https:\/\/www.icip.cat\/wp-content\/uploads\/2024\/09\/ayotzinapa-scaled.jpg","datePublished":"2024-09-26T07:44:11+00:00","description":"Acto commemorativo que quiere poner en valor la lucha de los familiares por la verdad y la justicia","inLanguage":"es","potentialAction":[{"@type":"ReadAction","target":["https:\/\/www.icip.cat\/es\/event\/sesion-de-analisis-ayotzinapa-una-decada-sin-los-43\/"]}]},{"@type":"ImageObject","inLanguage":"es","@id":"https:\/\/www.icip.cat\/es\/event\/sesion-de-analisis-ayotzinapa-una-decada-sin-los-43\/#primaryimage","url":"https:\/\/www.icip.cat\/wp-content\/uploads\/2024\/09\/ayotzinapa-scaled.jpg","contentUrl":"https:\/\/www.icip.cat\/wp-content\/uploads\/2024\/09\/ayotzinapa-scaled.jpg","width":2560,"height":1707,"caption":"Una madre de uno de los 43 estudiantes desaparecidos con el carte de su hijo desaparecido durante una visita de la Comisi\u00f3n Interamericana de Derechos Humanos (CIDH) a la Escuela Normal Rural Ra\u00fal Isidro Burgos de Ayotzinapa, Tixtla, Estado de Guerrero, M\u00e9xico, Agosto 28, 2017. La Comisi\u00f3n Interamericana de Derechos Humanos (CIDH) realiza su tercera visita a M\u00e9xico para dar seguimiento al Caso de los 43 estudiantes desaparecidos en septiembre 26 de 2014. (Ginnette Riquelme para CIDH)"},{"@type":"WebSite","@id":"https:\/\/www.icip.cat\/ca\/#website","url":"https:\/\/www.icip.cat\/ca\/","name":"ICIP","description":"","publisher":{"@id":"https:\/\/www.icip.cat\/ca\/#organization"},"potentialAction":[{"@type":"SearchAction","target":{"@type":"EntryPoint","urlTemplate":"https:\/\/www.icip.cat\/ca\/?s={search_term_string}"},"query-input":{"@type":"PropertyValueSpecification","valueRequired":true,"valueName":"search_term_string"}}],"inLanguage":"es"},{"@type":"Organization","@id":"https:\/\/www.icip.cat\/ca\/#organization","name":"ICIP","url":"https:\/\/www.icip.cat\/ca\/","logo":{"@type":"ImageObject","inLanguage":"es","@id":"https:\/\/www.icip.cat\/ca\/#\/schema\/logo\/image\/","url":"https:\/\/www.icip.cat\/wp-content\/uploads\/2021\/02\/logo-2.png","contentUrl":"https:\/\/www.icip.cat\/wp-content\/uploads\/2021\/02\/logo-2.png","width":562,"height":391,"caption":"ICIP"},"image":{"@id":"https:\/\/www.icip.cat\/ca\/#\/schema\/logo\/image\/"}}]}},"_links":{"self":[{"href":"https:\/\/www.icip.cat\/es\/wp-json\/wp\/v2\/icip_event\/49615","targetHints":{"allow":["GET"]}}],"collection":[{"href":"https:\/\/www.icip.cat\/es\/wp-json\/wp\/v2\/icip_event"}],"about":[{"href":"https:\/\/www.icip.cat\/es\/wp-json\/wp\/v2\/types\/icip_event"}],"version-history":[{"count":7,"href":"https:\/\/www.icip.cat\/es\/wp-json\/wp\/v2\/icip_event\/49615\/revisions"}],"predecessor-version":[{"id":49642,"href":"https:\/\/www.icip.cat\/es\/wp-json\/wp\/v2\/icip_event\/49615\/revisions\/49642"}],"wp:featuredmedia":[{"embeddable":true,"href":"https:\/\/www.icip.cat\/es\/wp-json\/wp\/v2\/media\/49639"}],"wp:attachment":[{"href":"https:\/\/www.icip.cat\/es\/wp-json\/wp\/v2\/media?parent=49615"}],"curies":[{"name":"wp","href":"https:\/\/api.w.org\/{rel}","templated":true}]}}

Sesión de análisis: «Ayotzinapa, una década sin los 43»

<p>El 26 de septiembre de 2024 se cumplen diez años de la desaparición de 43 estudiantes de la Escuela Normal Rural de Ayotnizapa, en México, un caso emblemático de la impunidad que existe en el país en relación a las desapariciones forzadas. Una década después aún no se ha esclarecido la verdad de lo que pasó ni se ha hecho justicia. Se calcula que más de 100.000 personas están actualmente desaparecidas en México.</p>



<p>Aquella noche de septiembre, el grupo de estudiantes se desplazó hasta Iguala, en el estado de Guerrero, con el objetivo de coger autobuses para ir a Ciudad de México y participar en los actos de conmemoración de la matanza de Tlatelolco. Según las investigaciones, la policía y miembros del grupo criminal Guerreros Unidos abrieron fuego contra los jóvenes para impedirles salir de Iguala pero a partir de ahí no se ha sabido su desenlace. Diez años después, las investigaciones son todavía fragmentadas sobre las causas y los autores de las desapariciones, y sólo se han localizado algunos huesos de tres estudiantes en distintas ubicaciones.</p>



<p>Con motivo del décimo aniversario de los hechos, el ICIP y la Taula per Mèxic organizan el acto conmemorativo «<strong>Ayotzinapa: una década sin los 43</strong>«, con el propósito de hacer estado de la cuestión sobre el caso y poner en valor la lucha de las familias que, a pesar de las dificultades, siguen buscando a los jóvenes desaparecidos para obtener verdad, justicia, reparación y garantías de no repetición.</p>



<p>El acto tendrá lugar el lunes 7 de octubre, a las 18:30h, en la sede del Colegio de Periodistas de Cataluña y contará con las intervenciones de <strong>Carlos Martin Beristain</strong>, miembro del Grupo Interdisciplinario de Expertos Independientes (GIEI) , organismo creado para investigar el caso a partir de un acuerdo de la Corte Interamericana de Derechos Humanos, las familias de los desaparecidos y el gobierno mexicano; y <strong>Cristina Bautista</strong>, madre de Benjamín Bautista, uno de los 43 estudiantes desaparecidos, quien intervendrá por videoconferencia. La sesión será presentada por <strong>Verónica Martínez Jacobo</strong>, periodista de «La Verdad Juárez» que actualmente reside en Cataluña como parte del programa «Barcelona protege a periodistas de México».</p>



<p>Para asistir al acto es necesario registrarse en el siguiente formulario:</p>

<!-- This site is optimized with the Yoast SEO plugin v25.6 - https://yoast.com/wordpress/plugins/seo/ -->
<title>Sesión de análisis: &quot;Ayotzinapa, una década sin los 43&quot; - ICIP</title>
<meta name="description" content="Acto commemorativo que quiere poner en valor la lucha de los familiares por la verdad y la justicia" />
<meta name="robots" content="index, follow, max-snippet:-1, max-image-preview:large, max-video-preview:-1" />
<link rel="canonical" href="https://www.icip.cat/es/event/sesion-de-analisis-ayotzinapa-una-decada-sin-los-43/" />
<meta property="og:locale" content="es_ES" />
<meta property="og:type" content="article" />
<meta property="og:title" content="Sesión de análisis: &quot;Ayotzinapa, una década sin los 43&quot; - ICIP" />
<meta property="og:description" content="Acto commemorativo que quiere poner en valor la lucha de los familiares por la verdad y la justicia" />
<meta property="og:url" content="https://www.icip.cat/es/event/sesion-de-analisis-ayotzinapa-una-decada-sin-los-43/" />
<meta property="og:site_name" content="ICIP" />
<meta property="og:image" content="https://www.icip.cat/wp-content/uploads/2024/09/ayotzinapa-scaled.jpg" />
	<meta property="og:image:width" content="2560" />
	<meta property="og:image:height" content="1707" />
	<meta property="og:image:type" content="image/jpeg" />
<meta name="twitter:card" content="summary_large_image" />
<meta name="twitter:label1" content="Tiempo de lectura" />
	<meta name="twitter:data1" content="2 minutos" />
<script type="application/ld+json" class="yoast-schema-graph">{"@context":"https://schema.org","@graph":[{"@type":"WebPage","@id":"https://www.icip.cat/es/event/sesion-de-analisis-ayotzinapa-una-decada-sin-los-43/","url":"https://www.icip.cat/es/event/sesion-de-analisis-ayotzinapa-una-decada-sin-los-43/","name":"Sesión de análisis: \"Ayotzinapa, una década sin los 43\" - ICIP","isPartOf":{"@id":"https://www.icip.cat/ca/#website"},"primaryImageOfPage":{"@id":"https://www.icip.cat/es/event/sesion-de-analisis-ayotzinapa-una-decada-sin-los-43/#primaryimage"},"image":{"@id":"https://www.icip.cat/es/event/sesion-de-analisis-ayotzinapa-una-decada-sin-los-43/#primaryimage"},"thumbnailUrl":"https://www.icip.cat/wp-content/uploads/2024/09/ayotzinapa-scaled.jpg","datePublished":"2024-09-26T07:44:11+00:00","description":"Acto commemorativo que quiere poner en valor la lucha de los familiares por la verdad y la justicia","inLanguage":"es","potentialAction":[{"@type":"ReadAction","target":["https://www.icip.cat/es/event/sesion-de-analisis-ayotzinapa-una-decada-sin-los-43/"]}]},{"@type":"ImageObject","inLanguage":"es","@id":"https://www.icip.cat/es/event/sesion-de-analisis-ayotzinapa-una-decada-sin-los-43/#primaryimage","url":"https://www.icip.cat/wp-content/uploads/2024/09/ayotzinapa-scaled.jpg","contentUrl":"https://www.icip.cat/wp-content/uploads/2024/09/ayotzinapa-scaled.jpg","width":2560,"height":1707,"caption":"Una madre de uno de los 43 estudiantes desaparecidos con el carte de su hijo desaparecido durante una visita de la Comisión Interamericana de Derechos Humanos (CIDH) a la Escuela Normal Rural Raúl Isidro Burgos de Ayotzinapa, Tixtla, Estado de Guerrero, México, Agosto 28, 2017. La Comisión Interamericana de Derechos Humanos (CIDH) realiza su tercera visita a México para dar seguimiento al Caso de los 43 estudiantes desaparecidos en septiembre 26 de 2014. (Ginnette Riquelme para CIDH)"},{"@type":"WebSite","@id":"https://www.icip.cat/ca/#website","url":"https://www.icip.cat/ca/","name":"ICIP","description":"","publisher":{"@id":"https://www.icip.cat/ca/#organization"},"potentialAction":[{"@type":"SearchAction","target":{"@type":"EntryPoint","urlTemplate":"https://www.icip.cat/ca/?s={search_term_string}"},"query-input":{"@type":"PropertyValueSpecification","valueRequired":true,"valueName":"search_term_string"}}],"inLanguage":"es"},{"@type":"Organization","@id":"https://www.icip.cat/ca/#organization","name":"ICIP","url":"https://www.icip.cat/ca/","logo":{"@type":"ImageObject","inLanguage":"es","@id":"https://www.icip.cat/ca/#/schema/logo/image/","url":"https://www.icip.cat/wp-content/uploads/2021/02/logo-2.png","contentUrl":"https://www.icip.cat/wp-content/uploads/2021/02/logo-2.png","width":562,"height":391,"caption":"ICIP"},"image":{"@id":"https://www.icip.cat/ca/#/schema/logo/image/"}}]}</script>
<!-- / Yoast SEO plugin. -->

Sesión de análisis: "Ayotzinapa, una década sin los 43" - ICIP

Una madre de uno de los 43 estudiantes desaparecidos con el carte de su hijo desaparecido durante una visita de la Comisión Interamericana de Derechos Humanos (CIDH) a la Escuela Normal Rural Raúl Isidro Burgos de Ayotzinapa, Tixtla, Estado de Guerrero, México, Agosto 28, 2017. La Comisión Interamericana de Derechos Humanos (CIDH) realiza su tercera visita a México para dar seguimiento al Caso de los 43 estudiantes desaparecidos en septiembre 26 de 2014. (Ginnette Riquelme para CIDH)
