{"id":49787,"date":"2024-10-07T09:48:20","date_gmt":"2024-10-07T09:48:20","guid":{"rendered":"https:\/\/www.icip.cat\/event\/dialegs-amb-musica-art-i-pau\/"},"modified":"2024-10-07T10:09:19","modified_gmt":"2024-10-07T10:09:19","slug":"dialegs-amb-musica-art-i-pau","status":"publish","type":"icip_event","link":"https:\/\/www.icip.cat\/es\/event\/dialegs-amb-musica-art-i-pau\/","title":{"rendered":"Di\u00e1logos con m\u00fasica: Arte y Paz"},"content":{"rendered":"\n<p>La Fundaci\u00f3n Pau Casals con la colaboraci\u00f3n del ICIP y el CCCB organizan de forma conjunta la actividad &#8216;Di\u00e1logos con m\u00fasica: Arte y Paz&#8217;, que tendr\u00e1 lugar el mi\u00e9rcoles 30 de octubre a las 19h en el Auditorio del Centro de Cultura Contempor\u00e1nea.<\/p>\n\n\n\n<p>D<em>i\u00e1logos con M\u00fasica<\/em> es un proyecto de la <a href=\"https:\/\/www.paucasals.org\/fundacio\/\" target=\"_blank\" rel=\"noreferrer noopener\">Fundaci\u00f3n Pau Casals<\/a> que combina m\u00fasica y palabra y que tiene como objetivo difundir el legado de <a href=\"https:\/\/www.paucasals.org\/biografia\/\" target=\"_blank\" rel=\"noreferrer noopener\">Pau Casals<\/a> y profundizar en ellos. Desde el a\u00f1o 2015, la Fundaci\u00f3n programa de forma regular estos debates donde se tratan temas de actualidad vinculados a la figura y a los valores de Pau Casals y su legado musical y humano.<\/p>\n\n\n\n<p>Los <em>Di\u00e1logos con M\u00fasica<\/em> son sesiones divulgativas que cuentan con la participaci\u00f3n de m\u00fasicos, intelectuales y expertos en Pau Casals y con la actuaci\u00f3n de j\u00f3venes violonchelistas que colaboran habitualmente con la Fundaci\u00f3n Pau Casals.<\/p>\n\n\n\n<p>En este caso, el di\u00e1logo contar\u00e1 con la participaci\u00f3n del director del ICIP, <strong>Kristian Herbolzheimer<\/strong>; la soprano y fundadora de Unlock Art, <strong>Anna Slizinova<\/strong>; y el dramaturgo, editor, traductor y periodista <strong>Mohamad Bitari<\/strong>. El concierto ir\u00e1 a cargo de <strong>Stanislas Kim<\/strong> en el violonchelo y <strong>Marie Rosa G\u00fcnter<\/strong> en el piano. El acto ser\u00e1 conducido por <strong>Anna Carn\u00e9<\/strong>, violonchelista licenciada especializada en pedagog\u00eda del instrumento.<\/p>\n\n\n\n<p>Puede reservar la entrada de forma gratuita en <a href=\"https:\/\/www.paucasals.org\/activitat\/dialegs-amb-musica-art-i-pau\/\" target=\"_blank\" rel=\"noreferrer noopener\">este enlace<\/a>.<\/p>\n\n\n\n<figure class=\"wp-block-image size-large\"><img fetchpriority=\"high\" decoding=\"async\" width=\"1024\" height=\"576\" src=\"https:\/\/www.icip.cat\/wp-content\/uploads\/2024\/10\/Careta-1-1024x576.jpg\" alt=\"\" class=\"wp-image-49776\" srcset=\"https:\/\/www.icip.cat\/wp-content\/uploads\/2024\/10\/Careta-1-1024x576.jpg 1024w, https:\/\/www.icip.cat\/wp-content\/uploads\/2024\/10\/Careta-1-300x169.jpg 300w, https:\/\/www.icip.cat\/wp-content\/uploads\/2024\/10\/Careta-1-768x432.jpg 768w, https:\/\/www.icip.cat\/wp-content\/uploads\/2024\/10\/Careta-1-1536x864.jpg 1536w, https:\/\/www.icip.cat\/wp-content\/uploads\/2024\/10\/Careta-1-2048x1152.jpg 2048w\" sizes=\"(max-width: 1024px) 100vw, 1024px\" \/><\/figure>\n","protected":false},"featured_media":49801,"template":"","class_list":["post-49787","icip_event","type-icip_event","status-publish","has-post-thumbnail","hentry"],"acf":[],"yoast_head":"<!-- This site is optimized with the Yoast SEO plugin v25.6 - https:\/\/yoast.com\/wordpress\/plugins\/seo\/ -->\n<title>Di\u00e1logos con m\u00fasica: Arte y Paz - ICIP<\/title>\n<meta name=\"description\" content=\"El acto tendr\u00e1 lugar el mi\u00e9rcoles 30 de octubre a las 19h en el Auditorio del CCCB y cuenta con la participaci\u00f3n del director del ICIP.\" \/>\n<meta name=\"robots\" content=\"index, follow, max-snippet:-1, max-image-preview:large, max-video-preview:-1\" \/>\n<link rel=\"canonical\" href=\"https:\/\/www.icip.cat\/es\/event\/dialegs-amb-musica-art-i-pau\/\" \/>\n<meta property=\"og:locale\" content=\"es_ES\" \/>\n<meta property=\"og:type\" content=\"article\" \/>\n<meta property=\"og:title\" content=\"Di\u00e1logos con m\u00fasica: Arte y Paz - ICIP\" \/>\n<meta property=\"og:description\" content=\"El acto tendr\u00e1 lugar el mi\u00e9rcoles 30 de octubre a las 19h en el Auditorio del CCCB y cuenta con la participaci\u00f3n del director del ICIP.\" \/>\n<meta property=\"og:url\" content=\"https:\/\/www.icip.cat\/es\/event\/dialegs-amb-musica-art-i-pau\/\" \/>\n<meta property=\"og:site_name\" content=\"ICIP\" \/>\n<meta property=\"article:modified_time\" content=\"2024-10-07T10:09:19+00:00\" \/>\n<meta property=\"og:image\" content=\"https:\/\/www.icip.cat\/wp-content\/uploads\/2024\/10\/dialegs_2024_2_ig_post_1080x1080-1.jpg\" \/>\n\t<meta property=\"og:image:width\" content=\"1080\" \/>\n\t<meta property=\"og:image:height\" content=\"811\" \/>\n\t<meta property=\"og:image:type\" content=\"image\/jpeg\" \/>\n<meta name=\"twitter:card\" content=\"summary_large_image\" \/>\n<meta name=\"twitter:label1\" content=\"Tiempo de lectura\" \/>\n\t<meta name=\"twitter:data1\" content=\"2 minutos\" \/>\n<script type=\"application\/ld+json\" class=\"yoast-schema-graph\">{\"@context\":\"https:\/\/schema.org\",\"@graph\":[{\"@type\":\"WebPage\",\"@id\":\"https:\/\/www.icip.cat\/es\/event\/dialegs-amb-musica-art-i-pau\/\",\"url\":\"https:\/\/www.icip.cat\/es\/event\/dialegs-amb-musica-art-i-pau\/\",\"name\":\"Di\u00e1logos con m\u00fasica: Arte y Paz - ICIP\",\"isPartOf\":{\"@id\":\"https:\/\/www.icip.cat\/ca\/#website\"},\"primaryImageOfPage\":{\"@id\":\"https:\/\/www.icip.cat\/es\/event\/dialegs-amb-musica-art-i-pau\/#primaryimage\"},\"image\":{\"@id\":\"https:\/\/www.icip.cat\/es\/event\/dialegs-amb-musica-art-i-pau\/#primaryimage\"},\"thumbnailUrl\":\"https:\/\/www.icip.cat\/wp-content\/uploads\/2024\/10\/dialegs_2024_2_ig_post_1080x1080-1.jpg\",\"datePublished\":\"2024-10-07T09:48:20+00:00\",\"dateModified\":\"2024-10-07T10:09:19+00:00\",\"description\":\"El acto tendr\u00e1 lugar el mi\u00e9rcoles 30 de octubre a las 19h en el Auditorio del CCCB y cuenta con la participaci\u00f3n del director del ICIP.\",\"inLanguage\":\"es\",\"potentialAction\":[{\"@type\":\"ReadAction\",\"target\":[\"https:\/\/www.icip.cat\/es\/event\/dialegs-amb-musica-art-i-pau\/\"]}]},{\"@type\":\"ImageObject\",\"inLanguage\":\"es\",\"@id\":\"https:\/\/www.icip.cat\/es\/event\/dialegs-amb-musica-art-i-pau\/#primaryimage\",\"url\":\"https:\/\/www.icip.cat\/wp-content\/uploads\/2024\/10\/dialegs_2024_2_ig_post_1080x1080-1.jpg\",\"contentUrl\":\"https:\/\/www.icip.cat\/wp-content\/uploads\/2024\/10\/dialegs_2024_2_ig_post_1080x1080-1.jpg\",\"width\":1080,\"height\":811},{\"@type\":\"WebSite\",\"@id\":\"https:\/\/www.icip.cat\/ca\/#website\",\"url\":\"https:\/\/www.icip.cat\/ca\/\",\"name\":\"ICIP\",\"description\":\"\",\"publisher\":{\"@id\":\"https:\/\/www.icip.cat\/ca\/#organization\"},\"potentialAction\":[{\"@type\":\"SearchAction\",\"target\":{\"@type\":\"EntryPoint\",\"urlTemplate\":\"https:\/\/www.icip.cat\/ca\/?s={search_term_string}\"},\"query-input\":{\"@type\":\"PropertyValueSpecification\",\"valueRequired\":true,\"valueName\":\"search_term_string\"}}],\"inLanguage\":\"es\"},{\"@type\":\"Organization\",\"@id\":\"https:\/\/www.icip.cat\/ca\/#organization\",\"name\":\"ICIP\",\"url\":\"https:\/\/www.icip.cat\/ca\/\",\"logo\":{\"@type\":\"ImageObject\",\"inLanguage\":\"es\",\"@id\":\"https:\/\/www.icip.cat\/ca\/#\/schema\/logo\/image\/\",\"url\":\"https:\/\/www.icip.cat\/wp-content\/uploads\/2021\/02\/logo-2.png\",\"contentUrl\":\"https:\/\/www.icip.cat\/wp-content\/uploads\/2021\/02\/logo-2.png\",\"width\":562,\"height\":391,\"caption\":\"ICIP\"},\"image\":{\"@id\":\"https:\/\/www.icip.cat\/ca\/#\/schema\/logo\/image\/\"}}]}<\/script>\n<!-- \/ Yoast SEO plugin. -->","yoast_head_json":{"title":"Di\u00e1logos con m\u00fasica: Arte y Paz - ICIP","description":"El acto tendr\u00e1 lugar el mi\u00e9rcoles 30 de octubre a las 19h en el Auditorio del CCCB y cuenta con la participaci\u00f3n del director del ICIP.","robots":{"index":"index","follow":"follow","max-snippet":"max-snippet:-1","max-image-preview":"max-image-preview:large","max-video-preview":"max-video-preview:-1"},"canonical":"https:\/\/www.icip.cat\/es\/event\/dialegs-amb-musica-art-i-pau\/","og_locale":"es_ES","og_type":"article","og_title":"Di\u00e1logos con m\u00fasica: Arte y Paz - ICIP","og_description":"El acto tendr\u00e1 lugar el mi\u00e9rcoles 30 de octubre a las 19h en el Auditorio del CCCB y cuenta con la participaci\u00f3n del director del ICIP.","og_url":"https:\/\/www.icip.cat\/es\/event\/dialegs-amb-musica-art-i-pau\/","og_site_name":"ICIP","article_modified_time":"2024-10-07T10:09:19+00:00","og_image":[{"width":1080,"height":811,"url":"https:\/\/www.icip.cat\/wp-content\/uploads\/2024\/10\/dialegs_2024_2_ig_post_1080x1080-1.jpg","type":"image\/jpeg"}],"twitter_card":"summary_large_image","twitter_misc":{"Tiempo de lectura":"2 minutos"},"schema":{"@context":"https:\/\/schema.org","@graph":[{"@type":"WebPage","@id":"https:\/\/www.icip.cat\/es\/event\/dialegs-amb-musica-art-i-pau\/","url":"https:\/\/www.icip.cat\/es\/event\/dialegs-amb-musica-art-i-pau\/","name":"Di\u00e1logos con m\u00fasica: Arte y Paz - ICIP","isPartOf":{"@id":"https:\/\/www.icip.cat\/ca\/#website"},"primaryImageOfPage":{"@id":"https:\/\/www.icip.cat\/es\/event\/dialegs-amb-musica-art-i-pau\/#primaryimage"},"image":{"@id":"https:\/\/www.icip.cat\/es\/event\/dialegs-amb-musica-art-i-pau\/#primaryimage"},"thumbnailUrl":"https:\/\/www.icip.cat\/wp-content\/uploads\/2024\/10\/dialegs_2024_2_ig_post_1080x1080-1.jpg","datePublished":"2024-10-07T09:48:20+00:00","dateModified":"2024-10-07T10:09:19+00:00","description":"El acto tendr\u00e1 lugar el mi\u00e9rcoles 30 de octubre a las 19h en el Auditorio del CCCB y cuenta con la participaci\u00f3n del director del ICIP.","inLanguage":"es","potentialAction":[{"@type":"ReadAction","target":["https:\/\/www.icip.cat\/es\/event\/dialegs-amb-musica-art-i-pau\/"]}]},{"@type":"ImageObject","inLanguage":"es","@id":"https:\/\/www.icip.cat\/es\/event\/dialegs-amb-musica-art-i-pau\/#primaryimage","url":"https:\/\/www.icip.cat\/wp-content\/uploads\/2024\/10\/dialegs_2024_2_ig_post_1080x1080-1.jpg","contentUrl":"https:\/\/www.icip.cat\/wp-content\/uploads\/2024\/10\/dialegs_2024_2_ig_post_1080x1080-1.jpg","width":1080,"height":811},{"@type":"WebSite","@id":"https:\/\/www.icip.cat\/ca\/#website","url":"https:\/\/www.icip.cat\/ca\/","name":"ICIP","description":"","publisher":{"@id":"https:\/\/www.icip.cat\/ca\/#organization"},"potentialAction":[{"@type":"SearchAction","target":{"@type":"EntryPoint","urlTemplate":"https:\/\/www.icip.cat\/ca\/?s={search_term_string}"},"query-input":{"@type":"PropertyValueSpecification","valueRequired":true,"valueName":"search_term_string"}}],"inLanguage":"es"},{"@type":"Organization","@id":"https:\/\/www.icip.cat\/ca\/#organization","name":"ICIP","url":"https:\/\/www.icip.cat\/ca\/","logo":{"@type":"ImageObject","inLanguage":"es","@id":"https:\/\/www.icip.cat\/ca\/#\/schema\/logo\/image\/","url":"https:\/\/www.icip.cat\/wp-content\/uploads\/2021\/02\/logo-2.png","contentUrl":"https:\/\/www.icip.cat\/wp-content\/uploads\/2021\/02\/logo-2.png","width":562,"height":391,"caption":"ICIP"},"image":{"@id":"https:\/\/www.icip.cat\/ca\/#\/schema\/logo\/image\/"}}]}},"_links":{"self":[{"href":"https:\/\/www.icip.cat\/es\/wp-json\/wp\/v2\/icip_event\/49787","targetHints":{"allow":["GET"]}}],"collection":[{"href":"https:\/\/www.icip.cat\/es\/wp-json\/wp\/v2\/icip_event"}],"about":[{"href":"https:\/\/www.icip.cat\/es\/wp-json\/wp\/v2\/types\/icip_event"}],"version-history":[{"count":5,"href":"https:\/\/www.icip.cat\/es\/wp-json\/wp\/v2\/icip_event\/49787\/revisions"}],"predecessor-version":[{"id":49805,"href":"https:\/\/www.icip.cat\/es\/wp-json\/wp\/v2\/icip_event\/49787\/revisions\/49805"}],"wp:featuredmedia":[{"embeddable":true,"href":"https:\/\/www.icip.cat\/es\/wp-json\/wp\/v2\/media\/49801"}],"wp:attachment":[{"href":"https:\/\/www.icip.cat\/es\/wp-json\/wp\/v2\/media?parent=49787"}],"curies":[{"name":"wp","href":"https:\/\/api.w.org\/{rel}","templated":true}]}}

Diálogos con música: Arte y Paz

<p>La Fundación Pau Casals con la colaboración del ICIP y el CCCB organizan de forma conjunta la actividad &#8216;Diálogos con música: Arte y Paz&#8217;, que tendrá lugar el miércoles 30 de octubre a las 19h en el Auditorio del Centro de Cultura Contemporánea.</p>



<p>D<em>iálogos con Música</em> es un proyecto de la <a href="https://www.paucasals.org/fundacio/" target="_blank" rel="noreferrer noopener">Fundación Pau Casals</a> que combina música y palabra y que tiene como objetivo difundir el legado de <a href="https://www.paucasals.org/biografia/" target="_blank" rel="noreferrer noopener">Pau Casals</a> y profundizar en ellos. Desde el año 2015, la Fundación programa de forma regular estos debates donde se tratan temas de actualidad vinculados a la figura y a los valores de Pau Casals y su legado musical y humano.</p>



<p>Los <em>Diálogos con Música</em> son sesiones divulgativas que cuentan con la participación de músicos, intelectuales y expertos en Pau Casals y con la actuación de jóvenes violonchelistas que colaboran habitualmente con la Fundación Pau Casals.</p>



<p>En este caso, el diálogo contará con la participación del director del ICIP, <strong>Kristian Herbolzheimer</strong>; la soprano y fundadora de Unlock Art, <strong>Anna Slizinova</strong>; y el dramaturgo, editor, traductor y periodista <strong>Mohamad Bitari</strong>. El concierto irá a cargo de <strong>Stanislas Kim</strong> en el violonchelo y <strong>Marie Rosa Günter</strong> en el piano. El acto será conducido por <strong>Anna Carné</strong>, violonchelista licenciada especializada en pedagogía del instrumento.</p>



<p>Puede reservar la entrada de forma gratuita en <a href="https://www.paucasals.org/activitat/dialegs-amb-musica-art-i-pau/" target="_blank" rel="noreferrer noopener">este enlace</a>.</p>



<figure class="wp-block-image size-large"><img fetchpriority="high" decoding="async" width="1024" height="576" src="https://www.icip.cat/wp-content/uploads/2024/10/Careta-1-1024x576.jpg" alt="" class="wp-image-49776" srcset="https://www.icip.cat/wp-content/uploads/2024/10/Careta-1-1024x576.jpg 1024w, https://www.icip.cat/wp-content/uploads/2024/10/Careta-1-300x169.jpg 300w, https://www.icip.cat/wp-content/uploads/2024/10/Careta-1-768x432.jpg 768w, https://www.icip.cat/wp-content/uploads/2024/10/Careta-1-1536x864.jpg 1536w, https://www.icip.cat/wp-content/uploads/2024/10/Careta-1-2048x1152.jpg 2048w" sizes="(max-width: 1024px) 100vw, 1024px" /></figure>

<!-- This site is optimized with the Yoast SEO plugin v25.6 - https://yoast.com/wordpress/plugins/seo/ -->
<title>Diálogos con música: Arte y Paz - ICIP</title>
<meta name="description" content="El acto tendrá lugar el miércoles 30 de octubre a las 19h en el Auditorio del CCCB y cuenta con la participación del director del ICIP." />
<meta name="robots" content="index, follow, max-snippet:-1, max-image-preview:large, max-video-preview:-1" />
<link rel="canonical" href="https://www.icip.cat/es/event/dialegs-amb-musica-art-i-pau/" />
<meta property="og:locale" content="es_ES" />
<meta property="og:type" content="article" />
<meta property="og:title" content="Diálogos con música: Arte y Paz - ICIP" />
<meta property="og:description" content="El acto tendrá lugar el miércoles 30 de octubre a las 19h en el Auditorio del CCCB y cuenta con la participación del director del ICIP." />
<meta property="og:url" content="https://www.icip.cat/es/event/dialegs-amb-musica-art-i-pau/" />
<meta property="og:site_name" content="ICIP" />
<meta property="article:modified_time" content="2024-10-07T10:09:19+00:00" />
<meta property="og:image" content="https://www.icip.cat/wp-content/uploads/2024/10/dialegs_2024_2_ig_post_1080x1080-1.jpg" />
	<meta property="og:image:width" content="1080" />
	<meta property="og:image:height" content="811" />
	<meta property="og:image:type" content="image/jpeg" />
<meta name="twitter:card" content="summary_large_image" />
<meta name="twitter:label1" content="Tiempo de lectura" />
	<meta name="twitter:data1" content="2 minutos" />
<script type="application/ld+json" class="yoast-schema-graph">{"@context":"https://schema.org","@graph":[{"@type":"WebPage","@id":"https://www.icip.cat/es/event/dialegs-amb-musica-art-i-pau/","url":"https://www.icip.cat/es/event/dialegs-amb-musica-art-i-pau/","name":"Diálogos con música: Arte y Paz - ICIP","isPartOf":{"@id":"https://www.icip.cat/ca/#website"},"primaryImageOfPage":{"@id":"https://www.icip.cat/es/event/dialegs-amb-musica-art-i-pau/#primaryimage"},"image":{"@id":"https://www.icip.cat/es/event/dialegs-amb-musica-art-i-pau/#primaryimage"},"thumbnailUrl":"https://www.icip.cat/wp-content/uploads/2024/10/dialegs_2024_2_ig_post_1080x1080-1.jpg","datePublished":"2024-10-07T09:48:20+00:00","dateModified":"2024-10-07T10:09:19+00:00","description":"El acto tendrá lugar el miércoles 30 de octubre a las 19h en el Auditorio del CCCB y cuenta con la participación del director del ICIP.","inLanguage":"es","potentialAction":[{"@type":"ReadAction","target":["https://www.icip.cat/es/event/dialegs-amb-musica-art-i-pau/"]}]},{"@type":"ImageObject","inLanguage":"es","@id":"https://www.icip.cat/es/event/dialegs-amb-musica-art-i-pau/#primaryimage","url":"https://www.icip.cat/wp-content/uploads/2024/10/dialegs_2024_2_ig_post_1080x1080-1.jpg","contentUrl":"https://www.icip.cat/wp-content/uploads/2024/10/dialegs_2024_2_ig_post_1080x1080-1.jpg","width":1080,"height":811},{"@type":"WebSite","@id":"https://www.icip.cat/ca/#website","url":"https://www.icip.cat/ca/","name":"ICIP","description":"","publisher":{"@id":"https://www.icip.cat/ca/#organization"},"potentialAction":[{"@type":"SearchAction","target":{"@type":"EntryPoint","urlTemplate":"https://www.icip.cat/ca/?s={search_term_string}"},"query-input":{"@type":"PropertyValueSpecification","valueRequired":true,"valueName":"search_term_string"}}],"inLanguage":"es"},{"@type":"Organization","@id":"https://www.icip.cat/ca/#organization","name":"ICIP","url":"https://www.icip.cat/ca/","logo":{"@type":"ImageObject","inLanguage":"es","@id":"https://www.icip.cat/ca/#/schema/logo/image/","url":"https://www.icip.cat/wp-content/uploads/2021/02/logo-2.png","contentUrl":"https://www.icip.cat/wp-content/uploads/2021/02/logo-2.png","width":562,"height":391,"caption":"ICIP"},"image":{"@id":"https://www.icip.cat/ca/#/schema/logo/image/"}}]}</script>
<!-- / Yoast SEO plugin. -->

Diálogos con música: Arte y Paz - ICIP

El acto tendrá lugar el miércoles 30 de octubre a las 19h en el Auditorio del CCCB y cuenta con la participación del director del ICIP.
