{"id":50311,"date":"2024-11-07T09:41:54","date_gmt":"2024-11-07T09:41:54","guid":{"rendered":"https:\/\/www.icip.cat\/event\/xxii-jornadas-sobre-colombia-los-retos-transversales\/"},"modified":"2024-11-07T11:46:13","modified_gmt":"2024-11-07T11:46:13","slug":"xxii-jornadas-sobre-colombia-los-retos-transversales","status":"publish","type":"icip_event","link":"https:\/\/www.icip.cat\/es\/event\/xxii-jornadas-sobre-colombia-los-retos-transversales\/","title":{"rendered":"XXII Jornadas sobre Colombia: los retos transversales"},"content":{"rendered":"\n<p>\u00abPaz en construcci\u00f3n. Los retos transversales para Colombia\u00bb es el t\u00edtulo de las XXII Jornadas sobre Colombia que se celebrar\u00e1n el 13 y el 14 de noviembre en Barcelona de las 18 a las 21h en la sede del Centro Internacional Escarr\u00e9 para las Minor\u00edas \u00c9ticas y las Naciones (<a href=\"https:\/\/www.ciemen.cat\" target=\"_blank\" rel=\"noreferrer noopener\">CIEMEN<\/a>) y el 15 de noviembre por la tarde en el <a href=\"https:\/\/morera.paeria.cat\" target=\"_blank\" rel=\"noreferrer noopener\">Museo Morera de Lleida<\/a>. La cita analiza la evoluci\u00f3n de la pol\u00edtica de Paz Total del gobierno de Colombia, con atenci\u00f3n a tres ejes: la justicia y la impunidad, el rol del exilio y la justicia ambiental. Cada uno de estos asuntos tendr\u00e1 dedicada una mesa redonda, adem\u00e1s de una cuarta conversaci\u00f3n sobre la corresponsabilidad de las administraciones catalanas. Las ponentes son personas del mundo acad\u00e9mico y militantes de organizaciones colombianas.   <\/p>\n\n\n\n<p>Las jornadas las organiza la <a href=\"https:\/\/www.taulacolombia.org\/es\/programa-de-las-jornadas-retos-transversales-para-colombia\/\" target=\"_blank\" rel=\"noreferrer noopener\">Taula Catalana per la Pau i els<\/a> Drets Humans a Col\u00f2mbia, con la colaboraci\u00f3n del ICIP, instituci\u00f3n miembro de la Taula.<\/p>\n\n\n\n<p>Pod\u00e9is consultar el programa <a href=\"https:\/\/www.icip.cat\/wp-content\/uploads\/2024\/11\/PROGRAMA-XXII-jornades.pdf\" target=\"_blank\" rel=\"noreferrer noopener\">aqu\u00ed<\/a>.<\/p>\n\n\n\n<figure class=\"wp-block-image size-large\"><img fetchpriority=\"high\" decoding=\"async\" width=\"1024\" height=\"724\" src=\"https:\/\/www.icip.cat\/wp-content\/uploads\/2024\/11\/A2-XXII-jornades-v3-1-1024x724.jpg\" alt=\"\" class=\"wp-image-50303\" srcset=\"https:\/\/www.icip.cat\/wp-content\/uploads\/2024\/11\/A2-XXII-jornades-v3-1-1024x724.jpg 1024w, https:\/\/www.icip.cat\/wp-content\/uploads\/2024\/11\/A2-XXII-jornades-v3-1-300x212.jpg 300w, https:\/\/www.icip.cat\/wp-content\/uploads\/2024\/11\/A2-XXII-jornades-v3-1-768x543.jpg 768w, https:\/\/www.icip.cat\/wp-content\/uploads\/2024\/11\/A2-XXII-jornades-v3-1-1536x1086.jpg 1536w, https:\/\/www.icip.cat\/wp-content\/uploads\/2024\/11\/A2-XXII-jornades-v3-1.jpg 1684w\" sizes=\"(max-width: 1024px) 100vw, 1024px\" \/><\/figure>\n","protected":false},"featured_media":50305,"template":"","class_list":["post-50311","icip_event","type-icip_event","status-publish","has-post-thumbnail","hentry"],"acf":[],"yoast_head":"<!-- This site is optimized with the Yoast SEO plugin v25.6 - https:\/\/yoast.com\/wordpress\/plugins\/seo\/ -->\n<title>XXII Jornadas sobre Colombia: los retos transversales - ICIP<\/title>\n<meta name=\"description\" content=\"&quot;Paz en construcci\u00f3n. Los retos transversales para Colombia&quot; es el t\u00edtulo de las XXII Jornadas sobre Colombia que se celebran en Barcelona y Lleida.\" \/>\n<meta name=\"robots\" content=\"index, follow, max-snippet:-1, max-image-preview:large, max-video-preview:-1\" \/>\n<link rel=\"canonical\" href=\"https:\/\/www.icip.cat\/es\/event\/xxii-jornadas-sobre-colombia-los-retos-transversales\/\" \/>\n<meta property=\"og:locale\" content=\"es_ES\" \/>\n<meta property=\"og:type\" content=\"article\" \/>\n<meta property=\"og:title\" content=\"XXII Jornadas sobre Colombia: los retos transversales - ICIP\" \/>\n<meta property=\"og:description\" content=\"&quot;Paz en construcci\u00f3n. Los retos transversales para Colombia&quot; es el t\u00edtulo de las XXII Jornadas sobre Colombia que se celebran en Barcelona y Lleida.\" \/>\n<meta property=\"og:url\" content=\"https:\/\/www.icip.cat\/es\/event\/xxii-jornadas-sobre-colombia-los-retos-transversales\/\" \/>\n<meta property=\"og:site_name\" content=\"ICIP\" \/>\n<meta property=\"article:modified_time\" content=\"2024-11-07T11:46:13+00:00\" \/>\n<meta property=\"og:image\" content=\"https:\/\/www.icip.cat\/wp-content\/uploads\/2024\/11\/A2-XXII-jornades-v3-1.jpg\" \/>\n\t<meta property=\"og:image:width\" content=\"1684\" \/>\n\t<meta property=\"og:image:height\" content=\"1191\" \/>\n\t<meta property=\"og:image:type\" content=\"image\/jpeg\" \/>\n<meta name=\"twitter:card\" content=\"summary_large_image\" \/>\n<meta name=\"twitter:label1\" content=\"Tiempo de lectura\" \/>\n\t<meta name=\"twitter:data1\" content=\"2 minutos\" \/>\n<script type=\"application\/ld+json\" class=\"yoast-schema-graph\">{\"@context\":\"https:\/\/schema.org\",\"@graph\":[{\"@type\":\"WebPage\",\"@id\":\"https:\/\/www.icip.cat\/es\/event\/xxii-jornadas-sobre-colombia-los-retos-transversales\/\",\"url\":\"https:\/\/www.icip.cat\/es\/event\/xxii-jornadas-sobre-colombia-los-retos-transversales\/\",\"name\":\"XXII Jornadas sobre Colombia: los retos transversales - ICIP\",\"isPartOf\":{\"@id\":\"https:\/\/www.icip.cat\/ca\/#website\"},\"primaryImageOfPage\":{\"@id\":\"https:\/\/www.icip.cat\/es\/event\/xxii-jornadas-sobre-colombia-los-retos-transversales\/#primaryimage\"},\"image\":{\"@id\":\"https:\/\/www.icip.cat\/es\/event\/xxii-jornadas-sobre-colombia-los-retos-transversales\/#primaryimage\"},\"thumbnailUrl\":\"https:\/\/www.icip.cat\/wp-content\/uploads\/2024\/11\/A2-XXII-jornades-v3-1.jpg\",\"datePublished\":\"2024-11-07T09:41:54+00:00\",\"dateModified\":\"2024-11-07T11:46:13+00:00\",\"description\":\"\\\"Paz en construcci\u00f3n. Los retos transversales para Colombia\\\" es el t\u00edtulo de las XXII Jornadas sobre Colombia que se celebran en Barcelona y Lleida.\",\"inLanguage\":\"es\",\"potentialAction\":[{\"@type\":\"ReadAction\",\"target\":[\"https:\/\/www.icip.cat\/es\/event\/xxii-jornadas-sobre-colombia-los-retos-transversales\/\"]}]},{\"@type\":\"ImageObject\",\"inLanguage\":\"es\",\"@id\":\"https:\/\/www.icip.cat\/es\/event\/xxii-jornadas-sobre-colombia-los-retos-transversales\/#primaryimage\",\"url\":\"https:\/\/www.icip.cat\/wp-content\/uploads\/2024\/11\/A2-XXII-jornades-v3-1.jpg\",\"contentUrl\":\"https:\/\/www.icip.cat\/wp-content\/uploads\/2024\/11\/A2-XXII-jornades-v3-1.jpg\",\"width\":1684,\"height\":1191},{\"@type\":\"WebSite\",\"@id\":\"https:\/\/www.icip.cat\/ca\/#website\",\"url\":\"https:\/\/www.icip.cat\/ca\/\",\"name\":\"ICIP\",\"description\":\"\",\"publisher\":{\"@id\":\"https:\/\/www.icip.cat\/ca\/#organization\"},\"potentialAction\":[{\"@type\":\"SearchAction\",\"target\":{\"@type\":\"EntryPoint\",\"urlTemplate\":\"https:\/\/www.icip.cat\/ca\/?s={search_term_string}\"},\"query-input\":{\"@type\":\"PropertyValueSpecification\",\"valueRequired\":true,\"valueName\":\"search_term_string\"}}],\"inLanguage\":\"es\"},{\"@type\":\"Organization\",\"@id\":\"https:\/\/www.icip.cat\/ca\/#organization\",\"name\":\"ICIP\",\"url\":\"https:\/\/www.icip.cat\/ca\/\",\"logo\":{\"@type\":\"ImageObject\",\"inLanguage\":\"es\",\"@id\":\"https:\/\/www.icip.cat\/ca\/#\/schema\/logo\/image\/\",\"url\":\"https:\/\/www.icip.cat\/wp-content\/uploads\/2021\/02\/logo-2.png\",\"contentUrl\":\"https:\/\/www.icip.cat\/wp-content\/uploads\/2021\/02\/logo-2.png\",\"width\":562,\"height\":391,\"caption\":\"ICIP\"},\"image\":{\"@id\":\"https:\/\/www.icip.cat\/ca\/#\/schema\/logo\/image\/\"}}]}<\/script>\n<!-- \/ Yoast SEO plugin. -->","yoast_head_json":{"title":"XXII Jornadas sobre Colombia: los retos transversales - ICIP","description":"\"Paz en construcci\u00f3n. Los retos transversales para Colombia\" es el t\u00edtulo de las XXII Jornadas sobre Colombia que se celebran en Barcelona y Lleida.","robots":{"index":"index","follow":"follow","max-snippet":"max-snippet:-1","max-image-preview":"max-image-preview:large","max-video-preview":"max-video-preview:-1"},"canonical":"https:\/\/www.icip.cat\/es\/event\/xxii-jornadas-sobre-colombia-los-retos-transversales\/","og_locale":"es_ES","og_type":"article","og_title":"XXII Jornadas sobre Colombia: los retos transversales - ICIP","og_description":"\"Paz en construcci\u00f3n. Los retos transversales para Colombia\" es el t\u00edtulo de las XXII Jornadas sobre Colombia que se celebran en Barcelona y Lleida.","og_url":"https:\/\/www.icip.cat\/es\/event\/xxii-jornadas-sobre-colombia-los-retos-transversales\/","og_site_name":"ICIP","article_modified_time":"2024-11-07T11:46:13+00:00","og_image":[{"width":1684,"height":1191,"url":"https:\/\/www.icip.cat\/wp-content\/uploads\/2024\/11\/A2-XXII-jornades-v3-1.jpg","type":"image\/jpeg"}],"twitter_card":"summary_large_image","twitter_misc":{"Tiempo de lectura":"2 minutos"},"schema":{"@context":"https:\/\/schema.org","@graph":[{"@type":"WebPage","@id":"https:\/\/www.icip.cat\/es\/event\/xxii-jornadas-sobre-colombia-los-retos-transversales\/","url":"https:\/\/www.icip.cat\/es\/event\/xxii-jornadas-sobre-colombia-los-retos-transversales\/","name":"XXII Jornadas sobre Colombia: los retos transversales - ICIP","isPartOf":{"@id":"https:\/\/www.icip.cat\/ca\/#website"},"primaryImageOfPage":{"@id":"https:\/\/www.icip.cat\/es\/event\/xxii-jornadas-sobre-colombia-los-retos-transversales\/#primaryimage"},"image":{"@id":"https:\/\/www.icip.cat\/es\/event\/xxii-jornadas-sobre-colombia-los-retos-transversales\/#primaryimage"},"thumbnailUrl":"https:\/\/www.icip.cat\/wp-content\/uploads\/2024\/11\/A2-XXII-jornades-v3-1.jpg","datePublished":"2024-11-07T09:41:54+00:00","dateModified":"2024-11-07T11:46:13+00:00","description":"\"Paz en construcci\u00f3n. Los retos transversales para Colombia\" es el t\u00edtulo de las XXII Jornadas sobre Colombia que se celebran en Barcelona y Lleida.","inLanguage":"es","potentialAction":[{"@type":"ReadAction","target":["https:\/\/www.icip.cat\/es\/event\/xxii-jornadas-sobre-colombia-los-retos-transversales\/"]}]},{"@type":"ImageObject","inLanguage":"es","@id":"https:\/\/www.icip.cat\/es\/event\/xxii-jornadas-sobre-colombia-los-retos-transversales\/#primaryimage","url":"https:\/\/www.icip.cat\/wp-content\/uploads\/2024\/11\/A2-XXII-jornades-v3-1.jpg","contentUrl":"https:\/\/www.icip.cat\/wp-content\/uploads\/2024\/11\/A2-XXII-jornades-v3-1.jpg","width":1684,"height":1191},{"@type":"WebSite","@id":"https:\/\/www.icip.cat\/ca\/#website","url":"https:\/\/www.icip.cat\/ca\/","name":"ICIP","description":"","publisher":{"@id":"https:\/\/www.icip.cat\/ca\/#organization"},"potentialAction":[{"@type":"SearchAction","target":{"@type":"EntryPoint","urlTemplate":"https:\/\/www.icip.cat\/ca\/?s={search_term_string}"},"query-input":{"@type":"PropertyValueSpecification","valueRequired":true,"valueName":"search_term_string"}}],"inLanguage":"es"},{"@type":"Organization","@id":"https:\/\/www.icip.cat\/ca\/#organization","name":"ICIP","url":"https:\/\/www.icip.cat\/ca\/","logo":{"@type":"ImageObject","inLanguage":"es","@id":"https:\/\/www.icip.cat\/ca\/#\/schema\/logo\/image\/","url":"https:\/\/www.icip.cat\/wp-content\/uploads\/2021\/02\/logo-2.png","contentUrl":"https:\/\/www.icip.cat\/wp-content\/uploads\/2021\/02\/logo-2.png","width":562,"height":391,"caption":"ICIP"},"image":{"@id":"https:\/\/www.icip.cat\/ca\/#\/schema\/logo\/image\/"}}]}},"_links":{"self":[{"href":"https:\/\/www.icip.cat\/es\/wp-json\/wp\/v2\/icip_event\/50311","targetHints":{"allow":["GET"]}}],"collection":[{"href":"https:\/\/www.icip.cat\/es\/wp-json\/wp\/v2\/icip_event"}],"about":[{"href":"https:\/\/www.icip.cat\/es\/wp-json\/wp\/v2\/types\/icip_event"}],"version-history":[{"count":3,"href":"https:\/\/www.icip.cat\/es\/wp-json\/wp\/v2\/icip_event\/50311\/revisions"}],"predecessor-version":[{"id":50317,"href":"https:\/\/www.icip.cat\/es\/wp-json\/wp\/v2\/icip_event\/50311\/revisions\/50317"}],"wp:featuredmedia":[{"embeddable":true,"href":"https:\/\/www.icip.cat\/es\/wp-json\/wp\/v2\/media\/50305"}],"wp:attachment":[{"href":"https:\/\/www.icip.cat\/es\/wp-json\/wp\/v2\/media?parent=50311"}],"curies":[{"name":"wp","href":"https:\/\/api.w.org\/{rel}","templated":true}]}}

<p>«Paz en construcción. Los retos transversales para Colombia» es el título de las XXII Jornadas sobre Colombia que se celebrarán el 13 y el 14 de noviembre en Barcelona de las 18 a las 21h en la sede del Centro Internacional Escarré para las Minorías Éticas y las Naciones (<a href="https://www.ciemen.cat" target="_blank" rel="noreferrer noopener">CIEMEN</a>) y el 15 de noviembre por la tarde en el <a href="https://morera.paeria.cat" target="_blank" rel="noreferrer noopener">Museo Morera de Lleida</a>. La cita analiza la evolución de la política de Paz Total del gobierno de Colombia, con atención a tres ejes: la justicia y la impunidad, el rol del exilio y la justicia ambiental. Cada uno de estos asuntos tendrá dedicada una mesa redonda, además de una cuarta conversación sobre la corresponsabilidad de las administraciones catalanas. Las ponentes son personas del mundo académico y militantes de organizaciones colombianas.   </p>



<p>Las jornadas las organiza la <a href="https://www.taulacolombia.org/es/programa-de-las-jornadas-retos-transversales-para-colombia/" target="_blank" rel="noreferrer noopener">Taula Catalana per la Pau i els</a> Drets Humans a Colòmbia, con la colaboración del ICIP, institución miembro de la Taula.</p>



<p>Podéis consultar el programa <a href="https://www.icip.cat/wp-content/uploads/2024/11/PROGRAMA-XXII-jornades.pdf" target="_blank" rel="noreferrer noopener">aquí</a>.</p>



<figure class="wp-block-image size-large"><img fetchpriority="high" decoding="async" width="1024" height="724" src="https://www.icip.cat/wp-content/uploads/2024/11/A2-XXII-jornades-v3-1-1024x724.jpg" alt="" class="wp-image-50303" srcset="https://www.icip.cat/wp-content/uploads/2024/11/A2-XXII-jornades-v3-1-1024x724.jpg 1024w, https://www.icip.cat/wp-content/uploads/2024/11/A2-XXII-jornades-v3-1-300x212.jpg 300w, https://www.icip.cat/wp-content/uploads/2024/11/A2-XXII-jornades-v3-1-768x543.jpg 768w, https://www.icip.cat/wp-content/uploads/2024/11/A2-XXII-jornades-v3-1-1536x1086.jpg 1536w, https://www.icip.cat/wp-content/uploads/2024/11/A2-XXII-jornades-v3-1.jpg 1684w" sizes="(max-width: 1024px) 100vw, 1024px" /></figure>

<!-- This site is optimized with the Yoast SEO plugin v25.6 - https://yoast.com/wordpress/plugins/seo/ -->
<title>XXII Jornadas sobre Colombia: los retos transversales - ICIP</title>
<meta name="description" content="&quot;Paz en construcción. Los retos transversales para Colombia&quot; es el título de las XXII Jornadas sobre Colombia que se celebran en Barcelona y Lleida." />
<meta name="robots" content="index, follow, max-snippet:-1, max-image-preview:large, max-video-preview:-1" />
<link rel="canonical" href="https://www.icip.cat/es/event/xxii-jornadas-sobre-colombia-los-retos-transversales/" />
<meta property="og:locale" content="es_ES" />
<meta property="og:type" content="article" />
<meta property="og:title" content="XXII Jornadas sobre Colombia: los retos transversales - ICIP" />
<meta property="og:description" content="&quot;Paz en construcción. Los retos transversales para Colombia&quot; es el título de las XXII Jornadas sobre Colombia que se celebran en Barcelona y Lleida." />
<meta property="og:url" content="https://www.icip.cat/es/event/xxii-jornadas-sobre-colombia-los-retos-transversales/" />
<meta property="og:site_name" content="ICIP" />
<meta property="article:modified_time" content="2024-11-07T11:46:13+00:00" />
<meta property="og:image" content="https://www.icip.cat/wp-content/uploads/2024/11/A2-XXII-jornades-v3-1.jpg" />
	<meta property="og:image:width" content="1684" />
	<meta property="og:image:height" content="1191" />
	<meta property="og:image:type" content="image/jpeg" />
<meta name="twitter:card" content="summary_large_image" />
<meta name="twitter:label1" content="Tiempo de lectura" />
	<meta name="twitter:data1" content="2 minutos" />
<script type="application/ld+json" class="yoast-schema-graph">{"@context":"https://schema.org","@graph":[{"@type":"WebPage","@id":"https://www.icip.cat/es/event/xxii-jornadas-sobre-colombia-los-retos-transversales/","url":"https://www.icip.cat/es/event/xxii-jornadas-sobre-colombia-los-retos-transversales/","name":"XXII Jornadas sobre Colombia: los retos transversales - ICIP","isPartOf":{"@id":"https://www.icip.cat/ca/#website"},"primaryImageOfPage":{"@id":"https://www.icip.cat/es/event/xxii-jornadas-sobre-colombia-los-retos-transversales/#primaryimage"},"image":{"@id":"https://www.icip.cat/es/event/xxii-jornadas-sobre-colombia-los-retos-transversales/#primaryimage"},"thumbnailUrl":"https://www.icip.cat/wp-content/uploads/2024/11/A2-XXII-jornades-v3-1.jpg","datePublished":"2024-11-07T09:41:54+00:00","dateModified":"2024-11-07T11:46:13+00:00","description":"\"Paz en construcción. Los retos transversales para Colombia\" es el título de las XXII Jornadas sobre Colombia que se celebran en Barcelona y Lleida.","inLanguage":"es","potentialAction":[{"@type":"ReadAction","target":["https://www.icip.cat/es/event/xxii-jornadas-sobre-colombia-los-retos-transversales/"]}]},{"@type":"ImageObject","inLanguage":"es","@id":"https://www.icip.cat/es/event/xxii-jornadas-sobre-colombia-los-retos-transversales/#primaryimage","url":"https://www.icip.cat/wp-content/uploads/2024/11/A2-XXII-jornades-v3-1.jpg","contentUrl":"https://www.icip.cat/wp-content/uploads/2024/11/A2-XXII-jornades-v3-1.jpg","width":1684,"height":1191},{"@type":"WebSite","@id":"https://www.icip.cat/ca/#website","url":"https://www.icip.cat/ca/","name":"ICIP","description":"","publisher":{"@id":"https://www.icip.cat/ca/#organization"},"potentialAction":[{"@type":"SearchAction","target":{"@type":"EntryPoint","urlTemplate":"https://www.icip.cat/ca/?s={search_term_string}"},"query-input":{"@type":"PropertyValueSpecification","valueRequired":true,"valueName":"search_term_string"}}],"inLanguage":"es"},{"@type":"Organization","@id":"https://www.icip.cat/ca/#organization","name":"ICIP","url":"https://www.icip.cat/ca/","logo":{"@type":"ImageObject","inLanguage":"es","@id":"https://www.icip.cat/ca/#/schema/logo/image/","url":"https://www.icip.cat/wp-content/uploads/2021/02/logo-2.png","contentUrl":"https://www.icip.cat/wp-content/uploads/2021/02/logo-2.png","width":562,"height":391,"caption":"ICIP"},"image":{"@id":"https://www.icip.cat/ca/#/schema/logo/image/"}}]}</script>
<!-- / Yoast SEO plugin. -->

"Paz en construcción. Los retos transversales para Colombia" es el título de las XXII Jornadas sobre Colombia que se celebran en Barcelona y Lleida.
