{"id":52494,"date":"2025-03-03T17:55:43","date_gmt":"2025-03-03T17:55:43","guid":{"rendered":"https:\/\/www.icip.cat\/?post_type=icip_event&#038;p=52494"},"modified":"2025-03-03T18:13:48","modified_gmt":"2025-03-03T18:13:48","slug":"impactos-de-las-nuevas-medidas-antimigratorias-de-ee-uu-en-las-diasporas-centroamericanas","status":"publish","type":"icip_event","link":"https:\/\/www.icip.cat\/es\/event\/impactos-de-las-nuevas-medidas-antimigratorias-de-ee-uu-en-las-diasporas-centroamericanas\/","title":{"rendered":"Impactos de las nuevas medidas antimigratorias de EE.UU. en las di\u00e1sporas centroamericanas"},"content":{"rendered":"\n<p>La pol\u00edtica migratoria del nuevo gobierno de Estados Unidos est\u00e1 desencadenando una crisis de enormes proporciones. Miles de personas, muchas de ellas en situaciones de vulnerabilidad, se enfrentan a deportaciones que violan los derechos humanos. A esto se a\u00f1ade la amenaza de restricciones en el derecho de asilo y una narrativa gubernamental que alimenta la xenofobia y el miedo en las comunidades migrantes.<\/p>\n\n\n\n<p>Los efectos de las nuevas medidas migratorias no s\u00f3lo afectan a las personas que se encuentran en Estados Unidos, sino que tambi\u00e9n tienen un fuerte impacto en los pa\u00edses de tr\u00e1nsito y origen. En los pr\u00f3ximos meses, la reducci\u00f3n de las remesas podr\u00eda agravar a\u00fan m\u00e1s la precariedad en Centroam\u00e9rica mientras que el endurecimiento de fronteras y el auge de los discursos extremistas est\u00e1n configurando un nuevo escenario global de exclusi\u00f3n y represi\u00f3n.<\/p>\n\n\n\n<p>Para analizar esta realidad y sus efectos en las di\u00e1sporas centroamericanas, la Taula Catalana por los Derechos Humanos y la Paz en Centroam\u00e9rica y el ICIP organizan un espacio de debate con la participaci\u00f3n de <strong>Elvira Cuadra<\/strong>, soci\u00f3loga nicarag\u00fcense y directora del Centro de Estudios Transdisciplinarios de Centroam\u00e9rica (CETCAM). Con su amplio conocimiento y experiencia en la regi\u00f3n, nos ayudar\u00e1 a comprender las m\u00faltiples dimensiones de esta crisis y sus consecuencias a medio y largo plazo.<\/p>\n\n\n\n<p>\ud83d\udcc5<strong>D\u00eda: <\/strong>Martes 18 de marzo de 2025, a las 18:00 h<br>\ud83d\udccd <strong>Lugar:<\/strong> Hub Social (C. Girona 34, Barcelona)<\/p>\n\n\n\n<p>\ud83d\udd39 <strong>Aforo limitado.<\/strong> Confirma tu asistencia a trav\u00e9s del siguiente formulario:<\/p>\n\n\n","protected":false},"featured_media":52429,"template":"","class_list":["post-52494","icip_event","type-icip_event","status-publish","has-post-thumbnail","hentry"],"acf":[],"yoast_head":"<!-- This site is optimized with the Yoast SEO plugin v25.6 - https:\/\/yoast.com\/wordpress\/plugins\/seo\/ -->\n<title>Impactos de las nuevas medidas antimigratorias de EE.UU. en las di\u00e1sporas centroamericanas - ICIP<\/title>\n<meta name=\"robots\" content=\"index, follow, max-snippet:-1, max-image-preview:large, max-video-preview:-1\" \/>\n<link rel=\"canonical\" href=\"https:\/\/www.icip.cat\/es\/event\/impactos-de-las-nuevas-medidas-antimigratorias-de-ee-uu-en-las-diasporas-centroamericanas\/\" \/>\n<meta property=\"og:locale\" content=\"es_ES\" \/>\n<meta property=\"og:type\" content=\"article\" \/>\n<meta property=\"og:title\" content=\"Impactos de las nuevas medidas antimigratorias de EE.UU. en las di\u00e1sporas centroamericanas - ICIP\" \/>\n<meta property=\"og:description\" content=\"La pol\u00edtica migratoria del nuevo gobierno de Estados Unidos est\u00e1 desencadenando una crisis de enormes proporciones. Miles de personas, muchas de ellas en situaciones de vulnerabilidad, se enfrentan a deportaciones que violan los derechos humanos. A esto se a\u00f1ade la amenaza de restricciones en el derecho de asilo y una narrativa gubernamental que alimenta la [&hellip;]\" \/>\n<meta property=\"og:url\" content=\"https:\/\/www.icip.cat\/es\/event\/impactos-de-las-nuevas-medidas-antimigratorias-de-ee-uu-en-las-diasporas-centroamericanas\/\" \/>\n<meta property=\"og:site_name\" content=\"ICIP\" \/>\n<meta property=\"article:modified_time\" content=\"2025-03-03T18:13:48+00:00\" \/>\n<meta property=\"og:image\" content=\"https:\/\/www.icip.cat\/wp-content\/uploads\/2025\/02\/255cf13a-c586-4c5e-a15a-a78d282edd8c.jpg\" \/>\n\t<meta property=\"og:image:width\" content=\"1600\" \/>\n\t<meta property=\"og:image:height\" content=\"946\" \/>\n\t<meta property=\"og:image:type\" content=\"image\/jpeg\" \/>\n<meta name=\"twitter:card\" content=\"summary_large_image\" \/>\n<meta name=\"twitter:label1\" content=\"Tiempo de lectura\" \/>\n\t<meta name=\"twitter:data1\" content=\"2 minutos\" \/>\n<script type=\"application\/ld+json\" class=\"yoast-schema-graph\">{\"@context\":\"https:\/\/schema.org\",\"@graph\":[{\"@type\":\"WebPage\",\"@id\":\"https:\/\/www.icip.cat\/es\/event\/impactos-de-las-nuevas-medidas-antimigratorias-de-ee-uu-en-las-diasporas-centroamericanas\/\",\"url\":\"https:\/\/www.icip.cat\/es\/event\/impactos-de-las-nuevas-medidas-antimigratorias-de-ee-uu-en-las-diasporas-centroamericanas\/\",\"name\":\"Impactos de las nuevas medidas antimigratorias de EE.UU. en las di\u00e1sporas centroamericanas - ICIP\",\"isPartOf\":{\"@id\":\"https:\/\/www.icip.cat\/ca\/#website\"},\"primaryImageOfPage\":{\"@id\":\"https:\/\/www.icip.cat\/es\/event\/impactos-de-las-nuevas-medidas-antimigratorias-de-ee-uu-en-las-diasporas-centroamericanas\/#primaryimage\"},\"image\":{\"@id\":\"https:\/\/www.icip.cat\/es\/event\/impactos-de-las-nuevas-medidas-antimigratorias-de-ee-uu-en-las-diasporas-centroamericanas\/#primaryimage\"},\"thumbnailUrl\":\"https:\/\/www.icip.cat\/wp-content\/uploads\/2025\/02\/255cf13a-c586-4c5e-a15a-a78d282edd8c.jpg\",\"datePublished\":\"2025-03-03T17:55:43+00:00\",\"dateModified\":\"2025-03-03T18:13:48+00:00\",\"inLanguage\":\"es\",\"potentialAction\":[{\"@type\":\"ReadAction\",\"target\":[\"https:\/\/www.icip.cat\/es\/event\/impactos-de-las-nuevas-medidas-antimigratorias-de-ee-uu-en-las-diasporas-centroamericanas\/\"]}]},{\"@type\":\"ImageObject\",\"inLanguage\":\"es\",\"@id\":\"https:\/\/www.icip.cat\/es\/event\/impactos-de-las-nuevas-medidas-antimigratorias-de-ee-uu-en-las-diasporas-centroamericanas\/#primaryimage\",\"url\":\"https:\/\/www.icip.cat\/wp-content\/uploads\/2025\/02\/255cf13a-c586-4c5e-a15a-a78d282edd8c.jpg\",\"contentUrl\":\"https:\/\/www.icip.cat\/wp-content\/uploads\/2025\/02\/255cf13a-c586-4c5e-a15a-a78d282edd8c.jpg\",\"width\":1600,\"height\":946},{\"@type\":\"WebSite\",\"@id\":\"https:\/\/www.icip.cat\/ca\/#website\",\"url\":\"https:\/\/www.icip.cat\/ca\/\",\"name\":\"ICIP\",\"description\":\"\",\"publisher\":{\"@id\":\"https:\/\/www.icip.cat\/ca\/#organization\"},\"potentialAction\":[{\"@type\":\"SearchAction\",\"target\":{\"@type\":\"EntryPoint\",\"urlTemplate\":\"https:\/\/www.icip.cat\/ca\/?s={search_term_string}\"},\"query-input\":{\"@type\":\"PropertyValueSpecification\",\"valueRequired\":true,\"valueName\":\"search_term_string\"}}],\"inLanguage\":\"es\"},{\"@type\":\"Organization\",\"@id\":\"https:\/\/www.icip.cat\/ca\/#organization\",\"name\":\"ICIP\",\"url\":\"https:\/\/www.icip.cat\/ca\/\",\"logo\":{\"@type\":\"ImageObject\",\"inLanguage\":\"es\",\"@id\":\"https:\/\/www.icip.cat\/ca\/#\/schema\/logo\/image\/\",\"url\":\"https:\/\/www.icip.cat\/wp-content\/uploads\/2021\/02\/logo-2.png\",\"contentUrl\":\"https:\/\/www.icip.cat\/wp-content\/uploads\/2021\/02\/logo-2.png\",\"width\":562,\"height\":391,\"caption\":\"ICIP\"},\"image\":{\"@id\":\"https:\/\/www.icip.cat\/ca\/#\/schema\/logo\/image\/\"}}]}<\/script>\n<!-- \/ Yoast SEO plugin. -->","yoast_head_json":{"title":"Impactos de las nuevas medidas antimigratorias de EE.UU. en las di\u00e1sporas centroamericanas - ICIP","robots":{"index":"index","follow":"follow","max-snippet":"max-snippet:-1","max-image-preview":"max-image-preview:large","max-video-preview":"max-video-preview:-1"},"canonical":"https:\/\/www.icip.cat\/es\/event\/impactos-de-las-nuevas-medidas-antimigratorias-de-ee-uu-en-las-diasporas-centroamericanas\/","og_locale":"es_ES","og_type":"article","og_title":"Impactos de las nuevas medidas antimigratorias de EE.UU. en las di\u00e1sporas centroamericanas - ICIP","og_description":"La pol\u00edtica migratoria del nuevo gobierno de Estados Unidos est\u00e1 desencadenando una crisis de enormes proporciones. Miles de personas, muchas de ellas en situaciones de vulnerabilidad, se enfrentan a deportaciones que violan los derechos humanos. A esto se a\u00f1ade la amenaza de restricciones en el derecho de asilo y una narrativa gubernamental que alimenta la [&hellip;]","og_url":"https:\/\/www.icip.cat\/es\/event\/impactos-de-las-nuevas-medidas-antimigratorias-de-ee-uu-en-las-diasporas-centroamericanas\/","og_site_name":"ICIP","article_modified_time":"2025-03-03T18:13:48+00:00","og_image":[{"width":1600,"height":946,"url":"https:\/\/www.icip.cat\/wp-content\/uploads\/2025\/02\/255cf13a-c586-4c5e-a15a-a78d282edd8c.jpg","type":"image\/jpeg"}],"twitter_card":"summary_large_image","twitter_misc":{"Tiempo de lectura":"2 minutos"},"schema":{"@context":"https:\/\/schema.org","@graph":[{"@type":"WebPage","@id":"https:\/\/www.icip.cat\/es\/event\/impactos-de-las-nuevas-medidas-antimigratorias-de-ee-uu-en-las-diasporas-centroamericanas\/","url":"https:\/\/www.icip.cat\/es\/event\/impactos-de-las-nuevas-medidas-antimigratorias-de-ee-uu-en-las-diasporas-centroamericanas\/","name":"Impactos de las nuevas medidas antimigratorias de EE.UU. en las di\u00e1sporas centroamericanas - ICIP","isPartOf":{"@id":"https:\/\/www.icip.cat\/ca\/#website"},"primaryImageOfPage":{"@id":"https:\/\/www.icip.cat\/es\/event\/impactos-de-las-nuevas-medidas-antimigratorias-de-ee-uu-en-las-diasporas-centroamericanas\/#primaryimage"},"image":{"@id":"https:\/\/www.icip.cat\/es\/event\/impactos-de-las-nuevas-medidas-antimigratorias-de-ee-uu-en-las-diasporas-centroamericanas\/#primaryimage"},"thumbnailUrl":"https:\/\/www.icip.cat\/wp-content\/uploads\/2025\/02\/255cf13a-c586-4c5e-a15a-a78d282edd8c.jpg","datePublished":"2025-03-03T17:55:43+00:00","dateModified":"2025-03-03T18:13:48+00:00","inLanguage":"es","potentialAction":[{"@type":"ReadAction","target":["https:\/\/www.icip.cat\/es\/event\/impactos-de-las-nuevas-medidas-antimigratorias-de-ee-uu-en-las-diasporas-centroamericanas\/"]}]},{"@type":"ImageObject","inLanguage":"es","@id":"https:\/\/www.icip.cat\/es\/event\/impactos-de-las-nuevas-medidas-antimigratorias-de-ee-uu-en-las-diasporas-centroamericanas\/#primaryimage","url":"https:\/\/www.icip.cat\/wp-content\/uploads\/2025\/02\/255cf13a-c586-4c5e-a15a-a78d282edd8c.jpg","contentUrl":"https:\/\/www.icip.cat\/wp-content\/uploads\/2025\/02\/255cf13a-c586-4c5e-a15a-a78d282edd8c.jpg","width":1600,"height":946},{"@type":"WebSite","@id":"https:\/\/www.icip.cat\/ca\/#website","url":"https:\/\/www.icip.cat\/ca\/","name":"ICIP","description":"","publisher":{"@id":"https:\/\/www.icip.cat\/ca\/#organization"},"potentialAction":[{"@type":"SearchAction","target":{"@type":"EntryPoint","urlTemplate":"https:\/\/www.icip.cat\/ca\/?s={search_term_string}"},"query-input":{"@type":"PropertyValueSpecification","valueRequired":true,"valueName":"search_term_string"}}],"inLanguage":"es"},{"@type":"Organization","@id":"https:\/\/www.icip.cat\/ca\/#organization","name":"ICIP","url":"https:\/\/www.icip.cat\/ca\/","logo":{"@type":"ImageObject","inLanguage":"es","@id":"https:\/\/www.icip.cat\/ca\/#\/schema\/logo\/image\/","url":"https:\/\/www.icip.cat\/wp-content\/uploads\/2021\/02\/logo-2.png","contentUrl":"https:\/\/www.icip.cat\/wp-content\/uploads\/2021\/02\/logo-2.png","width":562,"height":391,"caption":"ICIP"},"image":{"@id":"https:\/\/www.icip.cat\/ca\/#\/schema\/logo\/image\/"}}]}},"_links":{"self":[{"href":"https:\/\/www.icip.cat\/es\/wp-json\/wp\/v2\/icip_event\/52494","targetHints":{"allow":["GET"]}}],"collection":[{"href":"https:\/\/www.icip.cat\/es\/wp-json\/wp\/v2\/icip_event"}],"about":[{"href":"https:\/\/www.icip.cat\/es\/wp-json\/wp\/v2\/types\/icip_event"}],"version-history":[{"count":1,"href":"https:\/\/www.icip.cat\/es\/wp-json\/wp\/v2\/icip_event\/52494\/revisions"}],"predecessor-version":[{"id":52498,"href":"https:\/\/www.icip.cat\/es\/wp-json\/wp\/v2\/icip_event\/52494\/revisions\/52498"}],"wp:featuredmedia":[{"embeddable":true,"href":"https:\/\/www.icip.cat\/es\/wp-json\/wp\/v2\/media\/52429"}],"wp:attachment":[{"href":"https:\/\/www.icip.cat\/es\/wp-json\/wp\/v2\/media?parent=52494"}],"curies":[{"name":"wp","href":"https:\/\/api.w.org\/{rel}","templated":true}]}}

Impactos de las nuevas medidas antimigratorias de EE.UU. en las diásporas centroamericanas

<p>La política migratoria del nuevo gobierno de Estados Unidos está desencadenando una crisis de enormes proporciones. Miles de personas, muchas de ellas en situaciones de vulnerabilidad, se enfrentan a deportaciones que violan los derechos humanos. A esto se añade la amenaza de restricciones en el derecho de asilo y una narrativa gubernamental que alimenta la xenofobia y el miedo en las comunidades migrantes.</p>



<p>Los efectos de las nuevas medidas migratorias no sólo afectan a las personas que se encuentran en Estados Unidos, sino que también tienen un fuerte impacto en los países de tránsito y origen. En los próximos meses, la reducción de las remesas podría agravar aún más la precariedad en Centroamérica mientras que el endurecimiento de fronteras y el auge de los discursos extremistas están configurando un nuevo escenario global de exclusión y represión.</p>



<p>Para analizar esta realidad y sus efectos en las diásporas centroamericanas, la Taula Catalana por los Derechos Humanos y la Paz en Centroamérica y el ICIP organizan un espacio de debate con la participación de <strong>Elvira Cuadra</strong>, socióloga nicaragüense y directora del Centro de Estudios Transdisciplinarios de Centroamérica (CETCAM). Con su amplio conocimiento y experiencia en la región, nos ayudará a comprender las múltiples dimensiones de esta crisis y sus consecuencias a medio y largo plazo.</p>



<p>📅<strong>Día: </strong>Martes 18 de marzo de 2025, a las 18:00 h<br>📍 <strong>Lugar:</strong> Hub Social (C. Girona 34, Barcelona)</p>



<p>🔹 <strong>Aforo limitado.</strong> Confirma tu asistencia a través del siguiente formulario:</p>

<!-- This site is optimized with the Yoast SEO plugin v25.6 - https://yoast.com/wordpress/plugins/seo/ -->
<title>Impactos de las nuevas medidas antimigratorias de EE.UU. en las diásporas centroamericanas - ICIP</title>
<meta name="robots" content="index, follow, max-snippet:-1, max-image-preview:large, max-video-preview:-1" />
<link rel="canonical" href="https://www.icip.cat/es/event/impactos-de-las-nuevas-medidas-antimigratorias-de-ee-uu-en-las-diasporas-centroamericanas/" />
<meta property="og:locale" content="es_ES" />
<meta property="og:type" content="article" />
<meta property="og:title" content="Impactos de las nuevas medidas antimigratorias de EE.UU. en las diásporas centroamericanas - ICIP" />
<meta property="og:description" content="La política migratoria del nuevo gobierno de Estados Unidos está desencadenando una crisis de enormes proporciones. Miles de personas, muchas de ellas en situaciones de vulnerabilidad, se enfrentan a deportaciones que violan los derechos humanos. A esto se añade la amenaza de restricciones en el derecho de asilo y una narrativa gubernamental que alimenta la [&hellip;]" />
<meta property="og:url" content="https://www.icip.cat/es/event/impactos-de-las-nuevas-medidas-antimigratorias-de-ee-uu-en-las-diasporas-centroamericanas/" />
<meta property="og:site_name" content="ICIP" />
<meta property="article:modified_time" content="2025-03-03T18:13:48+00:00" />
<meta property="og:image" content="https://www.icip.cat/wp-content/uploads/2025/02/255cf13a-c586-4c5e-a15a-a78d282edd8c.jpg" />
	<meta property="og:image:width" content="1600" />
	<meta property="og:image:height" content="946" />
	<meta property="og:image:type" content="image/jpeg" />
<meta name="twitter:card" content="summary_large_image" />
<meta name="twitter:label1" content="Tiempo de lectura" />
	<meta name="twitter:data1" content="2 minutos" />
<script type="application/ld+json" class="yoast-schema-graph">{"@context":"https://schema.org","@graph":[{"@type":"WebPage","@id":"https://www.icip.cat/es/event/impactos-de-las-nuevas-medidas-antimigratorias-de-ee-uu-en-las-diasporas-centroamericanas/","url":"https://www.icip.cat/es/event/impactos-de-las-nuevas-medidas-antimigratorias-de-ee-uu-en-las-diasporas-centroamericanas/","name":"Impactos de las nuevas medidas antimigratorias de EE.UU. en las diásporas centroamericanas - ICIP","isPartOf":{"@id":"https://www.icip.cat/ca/#website"},"primaryImageOfPage":{"@id":"https://www.icip.cat/es/event/impactos-de-las-nuevas-medidas-antimigratorias-de-ee-uu-en-las-diasporas-centroamericanas/#primaryimage"},"image":{"@id":"https://www.icip.cat/es/event/impactos-de-las-nuevas-medidas-antimigratorias-de-ee-uu-en-las-diasporas-centroamericanas/#primaryimage"},"thumbnailUrl":"https://www.icip.cat/wp-content/uploads/2025/02/255cf13a-c586-4c5e-a15a-a78d282edd8c.jpg","datePublished":"2025-03-03T17:55:43+00:00","dateModified":"2025-03-03T18:13:48+00:00","inLanguage":"es","potentialAction":[{"@type":"ReadAction","target":["https://www.icip.cat/es/event/impactos-de-las-nuevas-medidas-antimigratorias-de-ee-uu-en-las-diasporas-centroamericanas/"]}]},{"@type":"ImageObject","inLanguage":"es","@id":"https://www.icip.cat/es/event/impactos-de-las-nuevas-medidas-antimigratorias-de-ee-uu-en-las-diasporas-centroamericanas/#primaryimage","url":"https://www.icip.cat/wp-content/uploads/2025/02/255cf13a-c586-4c5e-a15a-a78d282edd8c.jpg","contentUrl":"https://www.icip.cat/wp-content/uploads/2025/02/255cf13a-c586-4c5e-a15a-a78d282edd8c.jpg","width":1600,"height":946},{"@type":"WebSite","@id":"https://www.icip.cat/ca/#website","url":"https://www.icip.cat/ca/","name":"ICIP","description":"","publisher":{"@id":"https://www.icip.cat/ca/#organization"},"potentialAction":[{"@type":"SearchAction","target":{"@type":"EntryPoint","urlTemplate":"https://www.icip.cat/ca/?s={search_term_string}"},"query-input":{"@type":"PropertyValueSpecification","valueRequired":true,"valueName":"search_term_string"}}],"inLanguage":"es"},{"@type":"Organization","@id":"https://www.icip.cat/ca/#organization","name":"ICIP","url":"https://www.icip.cat/ca/","logo":{"@type":"ImageObject","inLanguage":"es","@id":"https://www.icip.cat/ca/#/schema/logo/image/","url":"https://www.icip.cat/wp-content/uploads/2021/02/logo-2.png","contentUrl":"https://www.icip.cat/wp-content/uploads/2021/02/logo-2.png","width":562,"height":391,"caption":"ICIP"},"image":{"@id":"https://www.icip.cat/ca/#/schema/logo/image/"}}]}</script>
<!-- / Yoast SEO plugin. -->

Impactos de las nuevas medidas antimigratorias de EE.UU. en las diásporas centroamericanas - ICIP

La política migratoria del nuevo gobierno de Estados Unidos está desencadenando una crisis de enormes proporciones. Miles de personas, muchas de ellas en situaciones de vulnerabilidad, se enfrentan a deportaciones que violan los derechos humanos. A esto se añade la amenaza de restricciones en el derecho de asilo y una narrativa gubernamental que alimenta la [&hellip;]
