{"id":52952,"date":"2025-03-19T15:26:10","date_gmt":"2025-03-19T15:26:10","guid":{"rendered":"https:\/\/www.icip.cat\/?post_type=icip_event&#038;p=52952"},"modified":"2025-03-19T15:30:46","modified_gmt":"2025-03-19T15:30:46","slug":"gira-primavera-2025-ciutats-defensores-dels-drets-humans","status":"publish","type":"icip_event","link":"https:\/\/www.icip.cat\/es\/event\/gira-primavera-2025-ciutats-defensores-dels-drets-humans\/","title":{"rendered":"Gira Primavera 2025 \u2013 Ciudades Defensoras de los Derechos Humanos"},"content":{"rendered":"\n<p>Del 31 de marzo al 9 de abril, cinco defensores y defensoras de los derechos humanos visitar\u00e1n varios municipios catalanes con motivo de la <strong>gira de primavera<\/strong> del proyecto <strong>Ciudades Defensoras de los Derechos Humanos<\/strong>, que cuenta con la colaboraci\u00f3n del ICIP. Este proyecto se inici\u00f3 en 2013 por iniciativa del Ayuntamiento de Sant Boi y, a lo largo de m\u00e1s de una d\u00e9cada, ha involucrado a <strong>28 ayuntamientos y nueve instituciones y entidades<\/strong>.<\/p>\n\n\n\n<p>Durante su estancia en Catalu\u00f1a, las y los activistas invitados recorrer\u00e1n distintos municipios y participar\u00e1n en <strong>actividades de sensibilizaci\u00f3n<\/strong> en escuelas, encuentros con medios de comunicaci\u00f3n, charlas en centros c\u00edvicos abiertas a la ciudadan\u00eda y reuniones institucionales de incidencia pol\u00edtica. Ser\u00e1 una agenda din\u00e1mica con el objetivo de <strong>dar a conocer el trabajo de quienes defienden los derechos humanos en todo el mundo<\/strong>, sensibilizar a la ciudadan\u00eda y generar redes de apoyo.<\/p>\n\n\n\n<p>Procedentes de <strong>cinco pa\u00edses y contextos diferentes<\/strong> \u2013 desde Bolivia hasta Camer\u00fan \u2013 los testimonios de los invitados abordar\u00e1n una amplia variedad de <strong>tem\u00e1ticas y derechos<\/strong>, fomentando la reflexi\u00f3n ciudadana en distintos \u00e1mbitos y propiciando espacios de debate y escucha activa.<\/p>\n\n\n\n<p>Los defensores y defensoras invitados en esta gira de primavera son: <strong>Ana Mar\u00eda Hern\u00e1ndez<\/strong> (defensora mexicana de los derechos de las mujeres), <strong>Mar\u00eda Caal<\/strong> (activista maya Q&#8217;eqchi&#8217;, defensora del medioambiente y el territorio), <strong>Mar\u00eda Galindo<\/strong> (activista, escritora y cofundadora de &#8216;Mujeres Creando&#8217; en Bolivia), <strong>Nadine Feghaly<\/strong> (ilustradora libanesa) y <strong>Sani Ladan<\/strong> (activista camerun\u00e9s, especialista en migraciones y defensor de los derechos humanos).<\/p>\n\n\n\n<p>Pod\u00e9is encontrar m\u00e1s informaci\u00f3n sobre sus perfiles en <a href=\"https:\/\/www.icip.cat\/wp-content\/uploads\/2025\/03\/DOSSIER_PRIMAVERA_CDDH_2025.pdf\">este enlace<\/a>.<\/p>\n\n\n\n<figure class=\"wp-block-embed is-type-video is-provider-youtube wp-block-embed-youtube wp-embed-aspect-16-9 wp-has-aspect-ratio\"><div class=\"wp-block-embed__wrapper\">\n<iframe title=\"Gira de primavera 2025 del projecte Ciutats Defensores dels Drets Humans\" width=\"640\" height=\"360\" src=\"https:\/\/www.youtube.com\/embed\/1Vnnh3cDxQ0?feature=oembed\" frameborder=\"0\" allow=\"accelerometer; autoplay; clipboard-write; encrypted-media; gyroscope; picture-in-picture; web-share\" referrerpolicy=\"strict-origin-when-cross-origin\" allowfullscreen><\/iframe>\n<\/div><\/figure>\n","protected":false},"featured_media":52953,"template":"","class_list":["post-52952","icip_event","type-icip_event","status-publish","has-post-thumbnail","hentry"],"acf":[],"yoast_head":"<!-- This site is optimized with the Yoast SEO plugin v25.6 - https:\/\/yoast.com\/wordpress\/plugins\/seo\/ -->\n<title>Gira Primavera 2025 \u2013 Ciudades Defensoras de los Derechos Humanos - ICIP<\/title>\n<meta name=\"description\" content=\"Del 31 de marzo al 9 de abril, cinco defensores y defensoras de los derechos humanos visitar\u00e1n varios municipios catalanes.\" \/>\n<meta name=\"robots\" content=\"index, follow, max-snippet:-1, max-image-preview:large, max-video-preview:-1\" \/>\n<link rel=\"canonical\" href=\"https:\/\/www.icip.cat\/es\/event\/gira-primavera-2025-ciutats-defensores-dels-drets-humans\/\" \/>\n<meta property=\"og:locale\" content=\"es_ES\" \/>\n<meta property=\"og:type\" content=\"article\" \/>\n<meta property=\"og:title\" content=\"Gira Primavera 2025 \u2013 Ciudades Defensoras de los Derechos Humanos - ICIP\" \/>\n<meta property=\"og:description\" content=\"Del 31 de marzo al 9 de abril, cinco defensores y defensoras de los derechos humanos visitar\u00e1n varios municipios catalanes.\" \/>\n<meta property=\"og:url\" content=\"https:\/\/www.icip.cat\/es\/event\/gira-primavera-2025-ciutats-defensores-dels-drets-humans\/\" \/>\n<meta property=\"og:site_name\" content=\"ICIP\" \/>\n<meta property=\"article:modified_time\" content=\"2025-03-19T15:30:46+00:00\" \/>\n<meta property=\"og:image\" content=\"https:\/\/www.icip.cat\/wp-content\/uploads\/2025\/03\/Captura-de-pantalla-2025-03-19-a-las-16.25.52.png\" \/>\n\t<meta property=\"og:image:width\" content=\"1198\" \/>\n\t<meta property=\"og:image:height\" content=\"964\" \/>\n\t<meta property=\"og:image:type\" content=\"image\/png\" \/>\n<meta name=\"twitter:card\" content=\"summary_large_image\" \/>\n<meta name=\"twitter:label1\" content=\"Tiempo de lectura\" \/>\n\t<meta name=\"twitter:data1\" content=\"2 minutos\" \/>\n<script type=\"application\/ld+json\" class=\"yoast-schema-graph\">{\"@context\":\"https:\/\/schema.org\",\"@graph\":[{\"@type\":\"WebPage\",\"@id\":\"https:\/\/www.icip.cat\/es\/event\/gira-primavera-2025-ciutats-defensores-dels-drets-humans\/\",\"url\":\"https:\/\/www.icip.cat\/es\/event\/gira-primavera-2025-ciutats-defensores-dels-drets-humans\/\",\"name\":\"Gira Primavera 2025 \u2013 Ciudades Defensoras de los Derechos Humanos - ICIP\",\"isPartOf\":{\"@id\":\"https:\/\/www.icip.cat\/ca\/#website\"},\"primaryImageOfPage\":{\"@id\":\"https:\/\/www.icip.cat\/es\/event\/gira-primavera-2025-ciutats-defensores-dels-drets-humans\/#primaryimage\"},\"image\":{\"@id\":\"https:\/\/www.icip.cat\/es\/event\/gira-primavera-2025-ciutats-defensores-dels-drets-humans\/#primaryimage\"},\"thumbnailUrl\":\"https:\/\/www.icip.cat\/wp-content\/uploads\/2025\/03\/Captura-de-pantalla-2025-03-19-a-las-16.25.52.png\",\"datePublished\":\"2025-03-19T15:26:10+00:00\",\"dateModified\":\"2025-03-19T15:30:46+00:00\",\"description\":\"Del 31 de marzo al 9 de abril, cinco defensores y defensoras de los derechos humanos visitar\u00e1n varios municipios catalanes.\",\"inLanguage\":\"es\",\"potentialAction\":[{\"@type\":\"ReadAction\",\"target\":[\"https:\/\/www.icip.cat\/es\/event\/gira-primavera-2025-ciutats-defensores-dels-drets-humans\/\"]}]},{\"@type\":\"ImageObject\",\"inLanguage\":\"es\",\"@id\":\"https:\/\/www.icip.cat\/es\/event\/gira-primavera-2025-ciutats-defensores-dels-drets-humans\/#primaryimage\",\"url\":\"https:\/\/www.icip.cat\/wp-content\/uploads\/2025\/03\/Captura-de-pantalla-2025-03-19-a-las-16.25.52.png\",\"contentUrl\":\"https:\/\/www.icip.cat\/wp-content\/uploads\/2025\/03\/Captura-de-pantalla-2025-03-19-a-las-16.25.52.png\",\"width\":1198,\"height\":964},{\"@type\":\"WebSite\",\"@id\":\"https:\/\/www.icip.cat\/ca\/#website\",\"url\":\"https:\/\/www.icip.cat\/ca\/\",\"name\":\"ICIP\",\"description\":\"\",\"publisher\":{\"@id\":\"https:\/\/www.icip.cat\/ca\/#organization\"},\"potentialAction\":[{\"@type\":\"SearchAction\",\"target\":{\"@type\":\"EntryPoint\",\"urlTemplate\":\"https:\/\/www.icip.cat\/ca\/?s={search_term_string}\"},\"query-input\":{\"@type\":\"PropertyValueSpecification\",\"valueRequired\":true,\"valueName\":\"search_term_string\"}}],\"inLanguage\":\"es\"},{\"@type\":\"Organization\",\"@id\":\"https:\/\/www.icip.cat\/ca\/#organization\",\"name\":\"ICIP\",\"url\":\"https:\/\/www.icip.cat\/ca\/\",\"logo\":{\"@type\":\"ImageObject\",\"inLanguage\":\"es\",\"@id\":\"https:\/\/www.icip.cat\/ca\/#\/schema\/logo\/image\/\",\"url\":\"https:\/\/www.icip.cat\/wp-content\/uploads\/2021\/02\/logo-2.png\",\"contentUrl\":\"https:\/\/www.icip.cat\/wp-content\/uploads\/2021\/02\/logo-2.png\",\"width\":562,\"height\":391,\"caption\":\"ICIP\"},\"image\":{\"@id\":\"https:\/\/www.icip.cat\/ca\/#\/schema\/logo\/image\/\"}}]}<\/script>\n<!-- \/ Yoast SEO plugin. -->","yoast_head_json":{"title":"Gira Primavera 2025 \u2013 Ciudades Defensoras de los Derechos Humanos - ICIP","description":"Del 31 de marzo al 9 de abril, cinco defensores y defensoras de los derechos humanos visitar\u00e1n varios municipios catalanes.","robots":{"index":"index","follow":"follow","max-snippet":"max-snippet:-1","max-image-preview":"max-image-preview:large","max-video-preview":"max-video-preview:-1"},"canonical":"https:\/\/www.icip.cat\/es\/event\/gira-primavera-2025-ciutats-defensores-dels-drets-humans\/","og_locale":"es_ES","og_type":"article","og_title":"Gira Primavera 2025 \u2013 Ciudades Defensoras de los Derechos Humanos - ICIP","og_description":"Del 31 de marzo al 9 de abril, cinco defensores y defensoras de los derechos humanos visitar\u00e1n varios municipios catalanes.","og_url":"https:\/\/www.icip.cat\/es\/event\/gira-primavera-2025-ciutats-defensores-dels-drets-humans\/","og_site_name":"ICIP","article_modified_time":"2025-03-19T15:30:46+00:00","og_image":[{"width":1198,"height":964,"url":"https:\/\/www.icip.cat\/wp-content\/uploads\/2025\/03\/Captura-de-pantalla-2025-03-19-a-las-16.25.52.png","type":"image\/png"}],"twitter_card":"summary_large_image","twitter_misc":{"Tiempo de lectura":"2 minutos"},"schema":{"@context":"https:\/\/schema.org","@graph":[{"@type":"WebPage","@id":"https:\/\/www.icip.cat\/es\/event\/gira-primavera-2025-ciutats-defensores-dels-drets-humans\/","url":"https:\/\/www.icip.cat\/es\/event\/gira-primavera-2025-ciutats-defensores-dels-drets-humans\/","name":"Gira Primavera 2025 \u2013 Ciudades Defensoras de los Derechos Humanos - ICIP","isPartOf":{"@id":"https:\/\/www.icip.cat\/ca\/#website"},"primaryImageOfPage":{"@id":"https:\/\/www.icip.cat\/es\/event\/gira-primavera-2025-ciutats-defensores-dels-drets-humans\/#primaryimage"},"image":{"@id":"https:\/\/www.icip.cat\/es\/event\/gira-primavera-2025-ciutats-defensores-dels-drets-humans\/#primaryimage"},"thumbnailUrl":"https:\/\/www.icip.cat\/wp-content\/uploads\/2025\/03\/Captura-de-pantalla-2025-03-19-a-las-16.25.52.png","datePublished":"2025-03-19T15:26:10+00:00","dateModified":"2025-03-19T15:30:46+00:00","description":"Del 31 de marzo al 9 de abril, cinco defensores y defensoras de los derechos humanos visitar\u00e1n varios municipios catalanes.","inLanguage":"es","potentialAction":[{"@type":"ReadAction","target":["https:\/\/www.icip.cat\/es\/event\/gira-primavera-2025-ciutats-defensores-dels-drets-humans\/"]}]},{"@type":"ImageObject","inLanguage":"es","@id":"https:\/\/www.icip.cat\/es\/event\/gira-primavera-2025-ciutats-defensores-dels-drets-humans\/#primaryimage","url":"https:\/\/www.icip.cat\/wp-content\/uploads\/2025\/03\/Captura-de-pantalla-2025-03-19-a-las-16.25.52.png","contentUrl":"https:\/\/www.icip.cat\/wp-content\/uploads\/2025\/03\/Captura-de-pantalla-2025-03-19-a-las-16.25.52.png","width":1198,"height":964},{"@type":"WebSite","@id":"https:\/\/www.icip.cat\/ca\/#website","url":"https:\/\/www.icip.cat\/ca\/","name":"ICIP","description":"","publisher":{"@id":"https:\/\/www.icip.cat\/ca\/#organization"},"potentialAction":[{"@type":"SearchAction","target":{"@type":"EntryPoint","urlTemplate":"https:\/\/www.icip.cat\/ca\/?s={search_term_string}"},"query-input":{"@type":"PropertyValueSpecification","valueRequired":true,"valueName":"search_term_string"}}],"inLanguage":"es"},{"@type":"Organization","@id":"https:\/\/www.icip.cat\/ca\/#organization","name":"ICIP","url":"https:\/\/www.icip.cat\/ca\/","logo":{"@type":"ImageObject","inLanguage":"es","@id":"https:\/\/www.icip.cat\/ca\/#\/schema\/logo\/image\/","url":"https:\/\/www.icip.cat\/wp-content\/uploads\/2021\/02\/logo-2.png","contentUrl":"https:\/\/www.icip.cat\/wp-content\/uploads\/2021\/02\/logo-2.png","width":562,"height":391,"caption":"ICIP"},"image":{"@id":"https:\/\/www.icip.cat\/ca\/#\/schema\/logo\/image\/"}}]}},"_links":{"self":[{"href":"https:\/\/www.icip.cat\/es\/wp-json\/wp\/v2\/icip_event\/52952","targetHints":{"allow":["GET"]}}],"collection":[{"href":"https:\/\/www.icip.cat\/es\/wp-json\/wp\/v2\/icip_event"}],"about":[{"href":"https:\/\/www.icip.cat\/es\/wp-json\/wp\/v2\/types\/icip_event"}],"version-history":[{"count":4,"href":"https:\/\/www.icip.cat\/es\/wp-json\/wp\/v2\/icip_event\/52952\/revisions"}],"predecessor-version":[{"id":52963,"href":"https:\/\/www.icip.cat\/es\/wp-json\/wp\/v2\/icip_event\/52952\/revisions\/52963"}],"wp:featuredmedia":[{"embeddable":true,"href":"https:\/\/www.icip.cat\/es\/wp-json\/wp\/v2\/media\/52953"}],"wp:attachment":[{"href":"https:\/\/www.icip.cat\/es\/wp-json\/wp\/v2\/media?parent=52952"}],"curies":[{"name":"wp","href":"https:\/\/api.w.org\/{rel}","templated":true}]}}

<p>Del 31 de marzo al 9 de abril, cinco defensores y defensoras de los derechos humanos visitarán varios municipios catalanes con motivo de la <strong>gira de primavera</strong> del proyecto <strong>Ciudades Defensoras de los Derechos Humanos</strong>, que cuenta con la colaboración del ICIP. Este proyecto se inició en 2013 por iniciativa del Ayuntamiento de Sant Boi y, a lo largo de más de una década, ha involucrado a <strong>28 ayuntamientos y nueve instituciones y entidades</strong>.</p>



<p>Durante su estancia en Cataluña, las y los activistas invitados recorrerán distintos municipios y participarán en <strong>actividades de sensibilización</strong> en escuelas, encuentros con medios de comunicación, charlas en centros cívicos abiertas a la ciudadanía y reuniones institucionales de incidencia política. Será una agenda dinámica con el objetivo de <strong>dar a conocer el trabajo de quienes defienden los derechos humanos en todo el mundo</strong>, sensibilizar a la ciudadanía y generar redes de apoyo.</p>



<p>Procedentes de <strong>cinco países y contextos diferentes</strong> – desde Bolivia hasta Camerún – los testimonios de los invitados abordarán una amplia variedad de <strong>temáticas y derechos</strong>, fomentando la reflexión ciudadana en distintos ámbitos y propiciando espacios de debate y escucha activa.</p>



<p>Los defensores y defensoras invitados en esta gira de primavera son: <strong>Ana María Hernández</strong> (defensora mexicana de los derechos de las mujeres), <strong>María Caal</strong> (activista maya Q&#8217;eqchi&#8217;, defensora del medioambiente y el territorio), <strong>María Galindo</strong> (activista, escritora y cofundadora de &#8216;Mujeres Creando&#8217; en Bolivia), <strong>Nadine Feghaly</strong> (ilustradora libanesa) y <strong>Sani Ladan</strong> (activista camerunés, especialista en migraciones y defensor de los derechos humanos).</p>



<p>Podéis encontrar más información sobre sus perfiles en <a href="https://www.icip.cat/wp-content/uploads/2025/03/DOSSIER_PRIMAVERA_CDDH_2025.pdf">este enlace</a>.</p>



<figure class="wp-block-embed is-type-video is-provider-youtube wp-block-embed-youtube wp-embed-aspect-16-9 wp-has-aspect-ratio"><div class="wp-block-embed__wrapper">
<iframe title="Gira de primavera 2025 del projecte Ciutats Defensores dels Drets Humans" width="640" height="360" src="https://www.youtube.com/embed/1Vnnh3cDxQ0?feature=oembed" frameborder="0" allow="accelerometer; autoplay; clipboard-write; encrypted-media; gyroscope; picture-in-picture; web-share" referrerpolicy="strict-origin-when-cross-origin" allowfullscreen></iframe>
</div></figure>

<!-- This site is optimized with the Yoast SEO plugin v25.6 - https://yoast.com/wordpress/plugins/seo/ -->
<title>Gira Primavera 2025 – Ciudades Defensoras de los Derechos Humanos - ICIP</title>
<meta name="description" content="Del 31 de marzo al 9 de abril, cinco defensores y defensoras de los derechos humanos visitarán varios municipios catalanes." />
<meta name="robots" content="index, follow, max-snippet:-1, max-image-preview:large, max-video-preview:-1" />
<link rel="canonical" href="https://www.icip.cat/es/event/gira-primavera-2025-ciutats-defensores-dels-drets-humans/" />
<meta property="og:locale" content="es_ES" />
<meta property="og:type" content="article" />
<meta property="og:title" content="Gira Primavera 2025 – Ciudades Defensoras de los Derechos Humanos - ICIP" />
<meta property="og:description" content="Del 31 de marzo al 9 de abril, cinco defensores y defensoras de los derechos humanos visitarán varios municipios catalanes." />
<meta property="og:url" content="https://www.icip.cat/es/event/gira-primavera-2025-ciutats-defensores-dels-drets-humans/" />
<meta property="og:site_name" content="ICIP" />
<meta property="article:modified_time" content="2025-03-19T15:30:46+00:00" />
<meta property="og:image" content="https://www.icip.cat/wp-content/uploads/2025/03/Captura-de-pantalla-2025-03-19-a-las-16.25.52.png" />
	<meta property="og:image:width" content="1198" />
	<meta property="og:image:height" content="964" />
	<meta property="og:image:type" content="image/png" />
<meta name="twitter:card" content="summary_large_image" />
<meta name="twitter:label1" content="Tiempo de lectura" />
	<meta name="twitter:data1" content="2 minutos" />
<script type="application/ld+json" class="yoast-schema-graph">{"@context":"https://schema.org","@graph":[{"@type":"WebPage","@id":"https://www.icip.cat/es/event/gira-primavera-2025-ciutats-defensores-dels-drets-humans/","url":"https://www.icip.cat/es/event/gira-primavera-2025-ciutats-defensores-dels-drets-humans/","name":"Gira Primavera 2025 – Ciudades Defensoras de los Derechos Humanos - ICIP","isPartOf":{"@id":"https://www.icip.cat/ca/#website"},"primaryImageOfPage":{"@id":"https://www.icip.cat/es/event/gira-primavera-2025-ciutats-defensores-dels-drets-humans/#primaryimage"},"image":{"@id":"https://www.icip.cat/es/event/gira-primavera-2025-ciutats-defensores-dels-drets-humans/#primaryimage"},"thumbnailUrl":"https://www.icip.cat/wp-content/uploads/2025/03/Captura-de-pantalla-2025-03-19-a-las-16.25.52.png","datePublished":"2025-03-19T15:26:10+00:00","dateModified":"2025-03-19T15:30:46+00:00","description":"Del 31 de marzo al 9 de abril, cinco defensores y defensoras de los derechos humanos visitarán varios municipios catalanes.","inLanguage":"es","potentialAction":[{"@type":"ReadAction","target":["https://www.icip.cat/es/event/gira-primavera-2025-ciutats-defensores-dels-drets-humans/"]}]},{"@type":"ImageObject","inLanguage":"es","@id":"https://www.icip.cat/es/event/gira-primavera-2025-ciutats-defensores-dels-drets-humans/#primaryimage","url":"https://www.icip.cat/wp-content/uploads/2025/03/Captura-de-pantalla-2025-03-19-a-las-16.25.52.png","contentUrl":"https://www.icip.cat/wp-content/uploads/2025/03/Captura-de-pantalla-2025-03-19-a-las-16.25.52.png","width":1198,"height":964},{"@type":"WebSite","@id":"https://www.icip.cat/ca/#website","url":"https://www.icip.cat/ca/","name":"ICIP","description":"","publisher":{"@id":"https://www.icip.cat/ca/#organization"},"potentialAction":[{"@type":"SearchAction","target":{"@type":"EntryPoint","urlTemplate":"https://www.icip.cat/ca/?s={search_term_string}"},"query-input":{"@type":"PropertyValueSpecification","valueRequired":true,"valueName":"search_term_string"}}],"inLanguage":"es"},{"@type":"Organization","@id":"https://www.icip.cat/ca/#organization","name":"ICIP","url":"https://www.icip.cat/ca/","logo":{"@type":"ImageObject","inLanguage":"es","@id":"https://www.icip.cat/ca/#/schema/logo/image/","url":"https://www.icip.cat/wp-content/uploads/2021/02/logo-2.png","contentUrl":"https://www.icip.cat/wp-content/uploads/2021/02/logo-2.png","width":562,"height":391,"caption":"ICIP"},"image":{"@id":"https://www.icip.cat/ca/#/schema/logo/image/"}}]}</script>
<!-- / Yoast SEO plugin. -->

Del 31 de marzo al 9 de abril, cinco defensores y defensoras de los derechos humanos visitarán varios municipios catalanes.
