{"id":53008,"date":"2025-03-21T09:22:17","date_gmt":"2025-03-21T09:22:17","guid":{"rendered":"https:\/\/www.icip.cat\/?post_type=icip_event&#038;p=53008"},"modified":"2025-03-24T12:08:53","modified_gmt":"2025-03-24T12:08:53","slug":"presentacion-de-memoria-activa-una-metodologia-feminista-para-la-construccion-de-paz","status":"publish","type":"icip_event","link":"https:\/\/www.icip.cat\/es\/event\/presentacion-de-memoria-activa-una-metodologia-feminista-para-la-construccion-de-paz\/","title":{"rendered":"Presentaci\u00f3n de \u2018Memoria Activa\u2019: una metodolog\u00eda feminista para la construcci\u00f3n de paz"},"content":{"rendered":"\n<p>El viernes 4 de abril tendr\u00e1 lugar la presentaci\u00f3n del libro<em> <a href=\"https:\/\/www.icip.cat\/wp-content\/uploads\/eines_31.pdf\">Memoria Activa. Metodolog\u00eda psicosocial para la construcci\u00f3n de paz con mujeres inmigrantes y refugiadas<\/a><\/em>, la \u00faltima publicaci\u00f3n de la colecci\u00f3n \u201cEines de pau, seguretat i just\u00edcia\u201c. Esta colecci\u00f3n quiere ser un recurso \u00fatil para aquellas personas que, con distintos grados de implicaci\u00f3n, se comprometen con la construcci\u00f3n de la paz.<\/p>\n\n\n\n<p>En un contexto de aumento de las migraciones forzadas y de los movimientos de personas refugiadas y exiliadas en todo el mundo, <em>Memoria Activa,<\/em> escrito por la organizaci\u00f3n <strong>Mujer Di\u00e1spora<\/strong>, ofrece estrategias innovadoras en los \u00e1mbitos de la construcci\u00f3n de paz y la memoria colectiva.<\/p>\n\n\n\n<p>El libro presenta una metodolog\u00eda psicosocial con perspectiva feminista, dise\u00f1ada para sanar y empoderar a mujeres migrantes y refugiadas, especialmente aquellas que provienen de pa\u00edses en guerra, han sufrido conflictos armados o han vivido situaciones de violencia cr\u00f3nica. Esta metodolog\u00eda pone en valor sus experiencias de violencia, desplazamiento y exclusi\u00f3n, transformando la memoria individual y colectiva en una herramienta de sanaci\u00f3n y empoderamiento. As\u00ed, se da voz a mujeres hist\u00f3ricamente silenciadas y se refuerza su papel como constructoras de paz.<\/p>\n\n\n\n<p>El librp expone los <strong>cinco ejes fundamentale<\/strong>s que gu\u00edan esta metodolog\u00eda: <strong>sensorialidad, sanaci\u00f3n, diversidad, espiritualidad y retorno simb\u00f3lico<\/strong>. Adem\u00e1s, describe t\u00e9cnicas concretas para implementar este proceso como el <strong>uso de la cocina como herramienta de trabajo<\/strong>.<\/p>\n\n\n\n<p>El acto contar\u00e1 con la participaci\u00f3n de personas de la di\u00e1spora colombiana y siria, entre ellas:<br>\ud83c\udfa4 Marta G\u00f3mez, cantautora.<br>\ud83c\udfac Iv\u00e1n Guarnizo, documentalista.<\/p>\n\n\n\n<p>\ud83d\udcf7 Ingrid Guyon, fot\u00f3grafa <br>\ud83d\udcdc Nour Salameh, doctora en historia.<\/p>\n\n\n\n<p>\ud83d\udcc5 <strong>Viernes 4 de abril<\/strong><br>\u23f0<strong> A las 17h<\/strong><br>\ud83d\udccd <strong>Amics per a la Unesco de Barcelona<\/strong> (Mallorca, 207, Barcelona)<\/p>\n\n\n<div class=\"wp-block-image\">\n<figure class=\"aligncenter size-large\"><img fetchpriority=\"high\" decoding=\"async\" width=\"1024\" height=\"576\" src=\"https:\/\/www.icip.cat\/wp-content\/uploads\/2025\/03\/MemoriaActiva-1-1024x576.png\" alt=\"\" class=\"wp-image-53013\" srcset=\"https:\/\/www.icip.cat\/wp-content\/uploads\/2025\/03\/MemoriaActiva-1-1024x576.png 1024w, https:\/\/www.icip.cat\/wp-content\/uploads\/2025\/03\/MemoriaActiva-1-300x169.png 300w, https:\/\/www.icip.cat\/wp-content\/uploads\/2025\/03\/MemoriaActiva-1-768x432.png 768w, https:\/\/www.icip.cat\/wp-content\/uploads\/2025\/03\/MemoriaActiva-1-1536x864.png 1536w, https:\/\/www.icip.cat\/wp-content\/uploads\/2025\/03\/MemoriaActiva-1.png 1920w\" sizes=\"(max-width: 1024px) 100vw, 1024px\" \/><\/figure><\/div>","protected":false},"featured_media":52967,"template":"","class_list":["post-53008","icip_event","type-icip_event","status-publish","has-post-thumbnail","hentry"],"acf":[],"yoast_head":"<!-- This site is optimized with the Yoast SEO plugin v25.6 - https:\/\/yoast.com\/wordpress\/plugins\/seo\/ -->\n<title>Presentaci\u00f3n de \u2018Memoria Activa\u2019: una metodolog\u00eda feminista para la construcci\u00f3n de paz - ICIP<\/title>\n<meta name=\"robots\" content=\"index, follow, max-snippet:-1, max-image-preview:large, max-video-preview:-1\" \/>\n<link rel=\"canonical\" href=\"https:\/\/www.icip.cat\/es\/event\/presentacion-de-memoria-activa-una-metodologia-feminista-para-la-construccion-de-paz\/\" \/>\n<meta property=\"og:locale\" content=\"es_ES\" \/>\n<meta property=\"og:type\" content=\"article\" \/>\n<meta property=\"og:title\" content=\"Presentaci\u00f3n de \u2018Memoria Activa\u2019: una metodolog\u00eda feminista para la construcci\u00f3n de paz - ICIP\" \/>\n<meta property=\"og:description\" content=\"El viernes 4 de abril tendr\u00e1 lugar la presentaci\u00f3n del libro Memoria Activa. Metodolog\u00eda psicosocial para la construcci\u00f3n de paz con mujeres inmigrantes y refugiadas, la \u00faltima publicaci\u00f3n de la colecci\u00f3n \u201cEines de pau, seguretat i just\u00edcia\u201c. Esta colecci\u00f3n quiere ser un recurso \u00fatil para aquellas personas que, con distintos grados de implicaci\u00f3n, se comprometen [&hellip;]\" \/>\n<meta property=\"og:url\" content=\"https:\/\/www.icip.cat\/es\/event\/presentacion-de-memoria-activa-una-metodologia-feminista-para-la-construccion-de-paz\/\" \/>\n<meta property=\"og:site_name\" content=\"ICIP\" \/>\n<meta property=\"article:modified_time\" content=\"2025-03-24T12:08:53+00:00\" \/>\n<meta property=\"og:image\" content=\"https:\/\/www.icip.cat\/wp-content\/uploads\/2025\/03\/Cor-Memoria-Activa.png\" \/>\n\t<meta property=\"og:image:width\" content=\"367\" \/>\n\t<meta property=\"og:image:height\" content=\"370\" \/>\n\t<meta property=\"og:image:type\" content=\"image\/png\" \/>\n<meta name=\"twitter:card\" content=\"summary_large_image\" \/>\n<meta name=\"twitter:label1\" content=\"Tiempo de lectura\" \/>\n\t<meta name=\"twitter:data1\" content=\"2 minutos\" \/>\n<script type=\"application\/ld+json\" class=\"yoast-schema-graph\">{\"@context\":\"https:\/\/schema.org\",\"@graph\":[{\"@type\":\"WebPage\",\"@id\":\"https:\/\/www.icip.cat\/es\/event\/presentacion-de-memoria-activa-una-metodologia-feminista-para-la-construccion-de-paz\/\",\"url\":\"https:\/\/www.icip.cat\/es\/event\/presentacion-de-memoria-activa-una-metodologia-feminista-para-la-construccion-de-paz\/\",\"name\":\"Presentaci\u00f3n de \u2018Memoria Activa\u2019: una metodolog\u00eda feminista para la construcci\u00f3n de paz - ICIP\",\"isPartOf\":{\"@id\":\"https:\/\/www.icip.cat\/ca\/#website\"},\"primaryImageOfPage\":{\"@id\":\"https:\/\/www.icip.cat\/es\/event\/presentacion-de-memoria-activa-una-metodologia-feminista-para-la-construccion-de-paz\/#primaryimage\"},\"image\":{\"@id\":\"https:\/\/www.icip.cat\/es\/event\/presentacion-de-memoria-activa-una-metodologia-feminista-para-la-construccion-de-paz\/#primaryimage\"},\"thumbnailUrl\":\"https:\/\/www.icip.cat\/wp-content\/uploads\/2025\/03\/Cor-Memoria-Activa.png\",\"datePublished\":\"2025-03-21T09:22:17+00:00\",\"dateModified\":\"2025-03-24T12:08:53+00:00\",\"inLanguage\":\"es\",\"potentialAction\":[{\"@type\":\"ReadAction\",\"target\":[\"https:\/\/www.icip.cat\/es\/event\/presentacion-de-memoria-activa-una-metodologia-feminista-para-la-construccion-de-paz\/\"]}]},{\"@type\":\"ImageObject\",\"inLanguage\":\"es\",\"@id\":\"https:\/\/www.icip.cat\/es\/event\/presentacion-de-memoria-activa-una-metodologia-feminista-para-la-construccion-de-paz\/#primaryimage\",\"url\":\"https:\/\/www.icip.cat\/wp-content\/uploads\/2025\/03\/Cor-Memoria-Activa.png\",\"contentUrl\":\"https:\/\/www.icip.cat\/wp-content\/uploads\/2025\/03\/Cor-Memoria-Activa.png\",\"width\":367,\"height\":370},{\"@type\":\"WebSite\",\"@id\":\"https:\/\/www.icip.cat\/ca\/#website\",\"url\":\"https:\/\/www.icip.cat\/ca\/\",\"name\":\"ICIP\",\"description\":\"\",\"publisher\":{\"@id\":\"https:\/\/www.icip.cat\/ca\/#organization\"},\"potentialAction\":[{\"@type\":\"SearchAction\",\"target\":{\"@type\":\"EntryPoint\",\"urlTemplate\":\"https:\/\/www.icip.cat\/ca\/?s={search_term_string}\"},\"query-input\":{\"@type\":\"PropertyValueSpecification\",\"valueRequired\":true,\"valueName\":\"search_term_string\"}}],\"inLanguage\":\"es\"},{\"@type\":\"Organization\",\"@id\":\"https:\/\/www.icip.cat\/ca\/#organization\",\"name\":\"ICIP\",\"url\":\"https:\/\/www.icip.cat\/ca\/\",\"logo\":{\"@type\":\"ImageObject\",\"inLanguage\":\"es\",\"@id\":\"https:\/\/www.icip.cat\/ca\/#\/schema\/logo\/image\/\",\"url\":\"https:\/\/www.icip.cat\/wp-content\/uploads\/2021\/02\/logo-2.png\",\"contentUrl\":\"https:\/\/www.icip.cat\/wp-content\/uploads\/2021\/02\/logo-2.png\",\"width\":562,\"height\":391,\"caption\":\"ICIP\"},\"image\":{\"@id\":\"https:\/\/www.icip.cat\/ca\/#\/schema\/logo\/image\/\"}}]}<\/script>\n<!-- \/ Yoast SEO plugin. -->","yoast_head_json":{"title":"Presentaci\u00f3n de \u2018Memoria Activa\u2019: una metodolog\u00eda feminista para la construcci\u00f3n de paz - ICIP","robots":{"index":"index","follow":"follow","max-snippet":"max-snippet:-1","max-image-preview":"max-image-preview:large","max-video-preview":"max-video-preview:-1"},"canonical":"https:\/\/www.icip.cat\/es\/event\/presentacion-de-memoria-activa-una-metodologia-feminista-para-la-construccion-de-paz\/","og_locale":"es_ES","og_type":"article","og_title":"Presentaci\u00f3n de \u2018Memoria Activa\u2019: una metodolog\u00eda feminista para la construcci\u00f3n de paz - ICIP","og_description":"El viernes 4 de abril tendr\u00e1 lugar la presentaci\u00f3n del libro Memoria Activa. Metodolog\u00eda psicosocial para la construcci\u00f3n de paz con mujeres inmigrantes y refugiadas, la \u00faltima publicaci\u00f3n de la colecci\u00f3n \u201cEines de pau, seguretat i just\u00edcia\u201c. Esta colecci\u00f3n quiere ser un recurso \u00fatil para aquellas personas que, con distintos grados de implicaci\u00f3n, se comprometen [&hellip;]","og_url":"https:\/\/www.icip.cat\/es\/event\/presentacion-de-memoria-activa-una-metodologia-feminista-para-la-construccion-de-paz\/","og_site_name":"ICIP","article_modified_time":"2025-03-24T12:08:53+00:00","og_image":[{"width":367,"height":370,"url":"https:\/\/www.icip.cat\/wp-content\/uploads\/2025\/03\/Cor-Memoria-Activa.png","type":"image\/png"}],"twitter_card":"summary_large_image","twitter_misc":{"Tiempo de lectura":"2 minutos"},"schema":{"@context":"https:\/\/schema.org","@graph":[{"@type":"WebPage","@id":"https:\/\/www.icip.cat\/es\/event\/presentacion-de-memoria-activa-una-metodologia-feminista-para-la-construccion-de-paz\/","url":"https:\/\/www.icip.cat\/es\/event\/presentacion-de-memoria-activa-una-metodologia-feminista-para-la-construccion-de-paz\/","name":"Presentaci\u00f3n de \u2018Memoria Activa\u2019: una metodolog\u00eda feminista para la construcci\u00f3n de paz - ICIP","isPartOf":{"@id":"https:\/\/www.icip.cat\/ca\/#website"},"primaryImageOfPage":{"@id":"https:\/\/www.icip.cat\/es\/event\/presentacion-de-memoria-activa-una-metodologia-feminista-para-la-construccion-de-paz\/#primaryimage"},"image":{"@id":"https:\/\/www.icip.cat\/es\/event\/presentacion-de-memoria-activa-una-metodologia-feminista-para-la-construccion-de-paz\/#primaryimage"},"thumbnailUrl":"https:\/\/www.icip.cat\/wp-content\/uploads\/2025\/03\/Cor-Memoria-Activa.png","datePublished":"2025-03-21T09:22:17+00:00","dateModified":"2025-03-24T12:08:53+00:00","inLanguage":"es","potentialAction":[{"@type":"ReadAction","target":["https:\/\/www.icip.cat\/es\/event\/presentacion-de-memoria-activa-una-metodologia-feminista-para-la-construccion-de-paz\/"]}]},{"@type":"ImageObject","inLanguage":"es","@id":"https:\/\/www.icip.cat\/es\/event\/presentacion-de-memoria-activa-una-metodologia-feminista-para-la-construccion-de-paz\/#primaryimage","url":"https:\/\/www.icip.cat\/wp-content\/uploads\/2025\/03\/Cor-Memoria-Activa.png","contentUrl":"https:\/\/www.icip.cat\/wp-content\/uploads\/2025\/03\/Cor-Memoria-Activa.png","width":367,"height":370},{"@type":"WebSite","@id":"https:\/\/www.icip.cat\/ca\/#website","url":"https:\/\/www.icip.cat\/ca\/","name":"ICIP","description":"","publisher":{"@id":"https:\/\/www.icip.cat\/ca\/#organization"},"potentialAction":[{"@type":"SearchAction","target":{"@type":"EntryPoint","urlTemplate":"https:\/\/www.icip.cat\/ca\/?s={search_term_string}"},"query-input":{"@type":"PropertyValueSpecification","valueRequired":true,"valueName":"search_term_string"}}],"inLanguage":"es"},{"@type":"Organization","@id":"https:\/\/www.icip.cat\/ca\/#organization","name":"ICIP","url":"https:\/\/www.icip.cat\/ca\/","logo":{"@type":"ImageObject","inLanguage":"es","@id":"https:\/\/www.icip.cat\/ca\/#\/schema\/logo\/image\/","url":"https:\/\/www.icip.cat\/wp-content\/uploads\/2021\/02\/logo-2.png","contentUrl":"https:\/\/www.icip.cat\/wp-content\/uploads\/2021\/02\/logo-2.png","width":562,"height":391,"caption":"ICIP"},"image":{"@id":"https:\/\/www.icip.cat\/ca\/#\/schema\/logo\/image\/"}}]}},"_links":{"self":[{"href":"https:\/\/www.icip.cat\/es\/wp-json\/wp\/v2\/icip_event\/53008","targetHints":{"allow":["GET"]}}],"collection":[{"href":"https:\/\/www.icip.cat\/es\/wp-json\/wp\/v2\/icip_event"}],"about":[{"href":"https:\/\/www.icip.cat\/es\/wp-json\/wp\/v2\/types\/icip_event"}],"version-history":[{"count":8,"href":"https:\/\/www.icip.cat\/es\/wp-json\/wp\/v2\/icip_event\/53008\/revisions"}],"predecessor-version":[{"id":53046,"href":"https:\/\/www.icip.cat\/es\/wp-json\/wp\/v2\/icip_event\/53008\/revisions\/53046"}],"wp:featuredmedia":[{"embeddable":true,"href":"https:\/\/www.icip.cat\/es\/wp-json\/wp\/v2\/media\/52967"}],"wp:attachment":[{"href":"https:\/\/www.icip.cat\/es\/wp-json\/wp\/v2\/media?parent=53008"}],"curies":[{"name":"wp","href":"https:\/\/api.w.org\/{rel}","templated":true}]}}

Presentación de ‘Memoria Activa’: una metodología feminista para la construcción de paz

<p>El viernes 4 de abril tendrá lugar la presentación del libro<em> <a href="https://www.icip.cat/wp-content/uploads/eines_31.pdf">Memoria Activa. Metodología psicosocial para la construcción de paz con mujeres inmigrantes y refugiadas</a></em>, la última publicación de la colección “Eines de pau, seguretat i justícia“. Esta colección quiere ser un recurso útil para aquellas personas que, con distintos grados de implicación, se comprometen con la construcción de la paz.</p>



<p>En un contexto de aumento de las migraciones forzadas y de los movimientos de personas refugiadas y exiliadas en todo el mundo, <em>Memoria Activa,</em> escrito por la organización <strong>Mujer Diáspora</strong>, ofrece estrategias innovadoras en los ámbitos de la construcción de paz y la memoria colectiva.</p>



<p>El libro presenta una metodología psicosocial con perspectiva feminista, diseñada para sanar y empoderar a mujeres migrantes y refugiadas, especialmente aquellas que provienen de países en guerra, han sufrido conflictos armados o han vivido situaciones de violencia crónica. Esta metodología pone en valor sus experiencias de violencia, desplazamiento y exclusión, transformando la memoria individual y colectiva en una herramienta de sanación y empoderamiento. Así, se da voz a mujeres históricamente silenciadas y se refuerza su papel como constructoras de paz.</p>



<p>El librp expone los <strong>cinco ejes fundamentale</strong>s que guían esta metodología: <strong>sensorialidad, sanación, diversidad, espiritualidad y retorno simbólico</strong>. Además, describe técnicas concretas para implementar este proceso como el <strong>uso de la cocina como herramienta de trabajo</strong>.</p>



<p>El acto contará con la participación de personas de la diáspora colombiana y siria, entre ellas:<br>🎤 Marta Gómez, cantautora.<br>🎬 Iván Guarnizo, documentalista.</p>



<p>📷 Ingrid Guyon, fotógrafa <br>📜 Nour Salameh, doctora en historia.</p>



<p>📅 <strong>Viernes 4 de abril</strong><br>⏰<strong> A las 17h</strong><br>📍 <strong>Amics per a la Unesco de Barcelona</strong> (Mallorca, 207, Barcelona)</p>


<div class="wp-block-image">
<figure class="aligncenter size-large"><img fetchpriority="high" decoding="async" width="1024" height="576" src="https://www.icip.cat/wp-content/uploads/2025/03/MemoriaActiva-1-1024x576.png" alt="" class="wp-image-53013" srcset="https://www.icip.cat/wp-content/uploads/2025/03/MemoriaActiva-1-1024x576.png 1024w, https://www.icip.cat/wp-content/uploads/2025/03/MemoriaActiva-1-300x169.png 300w, https://www.icip.cat/wp-content/uploads/2025/03/MemoriaActiva-1-768x432.png 768w, https://www.icip.cat/wp-content/uploads/2025/03/MemoriaActiva-1-1536x864.png 1536w, https://www.icip.cat/wp-content/uploads/2025/03/MemoriaActiva-1.png 1920w" sizes="(max-width: 1024px) 100vw, 1024px" /></figure></div>

<!-- This site is optimized with the Yoast SEO plugin v25.6 - https://yoast.com/wordpress/plugins/seo/ -->
<title>Presentación de ‘Memoria Activa’: una metodología feminista para la construcción de paz - ICIP</title>
<meta name="robots" content="index, follow, max-snippet:-1, max-image-preview:large, max-video-preview:-1" />
<link rel="canonical" href="https://www.icip.cat/es/event/presentacion-de-memoria-activa-una-metodologia-feminista-para-la-construccion-de-paz/" />
<meta property="og:locale" content="es_ES" />
<meta property="og:type" content="article" />
<meta property="og:title" content="Presentación de ‘Memoria Activa’: una metodología feminista para la construcción de paz - ICIP" />
<meta property="og:description" content="El viernes 4 de abril tendrá lugar la presentación del libro Memoria Activa. Metodología psicosocial para la construcción de paz con mujeres inmigrantes y refugiadas, la última publicación de la colección “Eines de pau, seguretat i justícia“. Esta colección quiere ser un recurso útil para aquellas personas que, con distintos grados de implicación, se comprometen [&hellip;]" />
<meta property="og:url" content="https://www.icip.cat/es/event/presentacion-de-memoria-activa-una-metodologia-feminista-para-la-construccion-de-paz/" />
<meta property="og:site_name" content="ICIP" />
<meta property="article:modified_time" content="2025-03-24T12:08:53+00:00" />
<meta property="og:image" content="https://www.icip.cat/wp-content/uploads/2025/03/Cor-Memoria-Activa.png" />
	<meta property="og:image:width" content="367" />
	<meta property="og:image:height" content="370" />
	<meta property="og:image:type" content="image/png" />
<meta name="twitter:card" content="summary_large_image" />
<meta name="twitter:label1" content="Tiempo de lectura" />
	<meta name="twitter:data1" content="2 minutos" />
<script type="application/ld+json" class="yoast-schema-graph">{"@context":"https://schema.org","@graph":[{"@type":"WebPage","@id":"https://www.icip.cat/es/event/presentacion-de-memoria-activa-una-metodologia-feminista-para-la-construccion-de-paz/","url":"https://www.icip.cat/es/event/presentacion-de-memoria-activa-una-metodologia-feminista-para-la-construccion-de-paz/","name":"Presentación de ‘Memoria Activa’: una metodología feminista para la construcción de paz - ICIP","isPartOf":{"@id":"https://www.icip.cat/ca/#website"},"primaryImageOfPage":{"@id":"https://www.icip.cat/es/event/presentacion-de-memoria-activa-una-metodologia-feminista-para-la-construccion-de-paz/#primaryimage"},"image":{"@id":"https://www.icip.cat/es/event/presentacion-de-memoria-activa-una-metodologia-feminista-para-la-construccion-de-paz/#primaryimage"},"thumbnailUrl":"https://www.icip.cat/wp-content/uploads/2025/03/Cor-Memoria-Activa.png","datePublished":"2025-03-21T09:22:17+00:00","dateModified":"2025-03-24T12:08:53+00:00","inLanguage":"es","potentialAction":[{"@type":"ReadAction","target":["https://www.icip.cat/es/event/presentacion-de-memoria-activa-una-metodologia-feminista-para-la-construccion-de-paz/"]}]},{"@type":"ImageObject","inLanguage":"es","@id":"https://www.icip.cat/es/event/presentacion-de-memoria-activa-una-metodologia-feminista-para-la-construccion-de-paz/#primaryimage","url":"https://www.icip.cat/wp-content/uploads/2025/03/Cor-Memoria-Activa.png","contentUrl":"https://www.icip.cat/wp-content/uploads/2025/03/Cor-Memoria-Activa.png","width":367,"height":370},{"@type":"WebSite","@id":"https://www.icip.cat/ca/#website","url":"https://www.icip.cat/ca/","name":"ICIP","description":"","publisher":{"@id":"https://www.icip.cat/ca/#organization"},"potentialAction":[{"@type":"SearchAction","target":{"@type":"EntryPoint","urlTemplate":"https://www.icip.cat/ca/?s={search_term_string}"},"query-input":{"@type":"PropertyValueSpecification","valueRequired":true,"valueName":"search_term_string"}}],"inLanguage":"es"},{"@type":"Organization","@id":"https://www.icip.cat/ca/#organization","name":"ICIP","url":"https://www.icip.cat/ca/","logo":{"@type":"ImageObject","inLanguage":"es","@id":"https://www.icip.cat/ca/#/schema/logo/image/","url":"https://www.icip.cat/wp-content/uploads/2021/02/logo-2.png","contentUrl":"https://www.icip.cat/wp-content/uploads/2021/02/logo-2.png","width":562,"height":391,"caption":"ICIP"},"image":{"@id":"https://www.icip.cat/ca/#/schema/logo/image/"}}]}</script>
<!-- / Yoast SEO plugin. -->

Presentación de ‘Memoria Activa’: una metodología feminista para la construcción de paz - ICIP

El viernes 4 de abril tendrá lugar la presentación del libro Memoria Activa. Metodología psicosocial para la construcción de paz con mujeres inmigrantes y refugiadas, la última publicación de la colección “Eines de pau, seguretat i justícia“. Esta colección quiere ser un recurso útil para aquellas personas que, con distintos grados de implicación, se comprometen [&hellip;]
