{"id":49373,"date":"2024-09-16T11:19:23","date_gmt":"2024-09-16T11:19:23","guid":{"rendered":"https:\/\/www.icip.cat\/opinion\/les-abuelas-del-cas-sepur-zarco-i-lindex-dacces-de-les-dones-a-la-justicia\/"},"modified":"2024-10-28T08:45:55","modified_gmt":"2024-10-28T08:45:55","slug":"las-abuelas-del-caso-sepur-zarco-y-el-indice-de-acceso-de-las-mujeres-a-la-justicia","status":"publish","type":"icip_opinion","link":"https:\/\/www.icip.cat\/es\/opinion\/las-abuelas-del-caso-sepur-zarco-y-el-indice-de-acceso-de-las-mujeres-a-la-justicia\/","title":{"rendered":"Las Abuelas del Caso Sepur Zarco y el \u00edndice de acceso de las mujeres a la justicia"},"content":{"rendered":"\n<p>El acceso de las mujeres a la justicia es un pilar fundamental para garantizar la igualdad de g\u00e9nero, el empoderamiento de las mujeres y los derechos humanos, especialmente en contextos de postconflicto donde las mujeres han sido v\u00edctimas y sobrevivientes de violaciones sistem\u00e1ticas de derechos humanos y discriminaci\u00f3n.<\/p>\n\n\n\n<p>Las Abuelas de Sepur Zarco, mujeres ind\u00edgenas q\u2019eqchi\u2019 del Valle del Polochic (Guatemala), rompieron 30 a\u00f1os de silencio al presentar ante un tribunal nacional el primer caso de esclavitud sexual y dom\u00e9stica relacionada con el conflicto armado interno que tuvo lugar en el pa\u00eds entre 1960 y 1996. La sentencia de Sepur Zarco constituy\u00f3 una de las primeras condenas a ex miembros del ej\u00e9rcito por actos de violencia sexual contra mujeres cometidos en el contexto del conflicto armado en Guatemala, as\u00ed como una de las primeras veces en las que un tribunal nacional en el mundo, aplicando leyes nacionales e internacionales, juzg\u00f3 un crimen de persecuci\u00f3n internacional como lo es la esclavitud sexual relacionada con el conflicto. El proceso judicial result\u00f3 en una sentencia hist\u00f3rica que incluy\u00f3 18 medidas de reparaci\u00f3n transformadoras, de las cuales 16 est\u00e1n orientadas a las comunidades de la Abuelas. <\/p>\n\n\n\n<p>Las \u201cAbuelas del Caso Sepur Zarco\u201d han impulsado un modelo para casos similares en el mundo,subrayando la importancia de combatir la impunidad por los casos de violencia sexual en el marco de los conflictos y garantizar el acceso de las mujeres a la justicia de g\u00e9nero y a reparaciones transformadoras.<\/p>\n\n\n\n<p>La propuesta del \u00cdndice de Acceso de las Mujeres a la Justicia nace en Guatemala a partir de los conocimientos generados por el caso Sepur Zarco. Para evaluar y mejorar este acceso, resulta crucial la creaci\u00f3n de una metodolog\u00eda para recoger los datos, monitorear y permitir la comparaci\u00f3n e intercambio de buenas pr\u00e1cticas y lecciones aprendidas entre diferentes realidades.<\/p>\n\n\n\n<p>El \u00edndice de medici\u00f3n permite identificar obst\u00e1culos y avances en la b\u00fasqueda de justicia y la reparaci\u00f3n transformadora de las violaciones de los derechos humanos de las mujeres, as\u00ed como establecer una metodolog\u00eda de comparaci\u00f3n entre diversos pa\u00edses y sistemas en el mundo. Este \u00edndice no solo proporciona datos concretos sobre las barreras que enfrentan las mujeres, sino que tambi\u00e9n se convierte en una herramienta clave para el desarrollo de pol\u00edticas p\u00fablicas m\u00e1s inclusivas y eficaces que permiten acelerar el alcance de la igualdad de g\u00e9nero.<\/p>\n\n\n\n<p>Un aspecto para destacar en la creaci\u00f3n de este \u00edndice es la participaci\u00f3n significativa de las Abuelas de Sepur Zarco en la conceptualizaci\u00f3n del mismo. Las Abuelas han liderado y contribuido directamente a la construcci\u00f3n de herramientas para asegurar que otras mujeres puedan acceder a la justicia y construir la paz. Su experiencia y sus voces son fundamentales en el dise\u00f1o del \u00edndice, asegurando que refleje las realidades vividas por las mujeres y que las soluciones propuestas respondan a sus necesidades e intereses y a la concepci\u00f3n de la justicia y de la reparaci\u00f3n transformadora que han construido con todos sus logros.<\/p>\n\n\n\n<p><strong>Ana Cabrera, ONU Mujeres<\/strong><\/p>\n\n\n\n<p><\/p>\n","protected":false},"featured_media":50073,"template":"","class_list":["post-49373","icip_opinion","type-icip_opinion","status-publish","has-post-thumbnail","hentry"],"acf":[],"yoast_head":"<!-- This site is optimized with the Yoast SEO plugin v25.6 - https:\/\/yoast.com\/wordpress\/plugins\/seo\/ -->\n<title>Las Abuelas del Caso Sepur Zarco y el \u00edndice de acceso de las mujeres a la justicia - ICIP<\/title>\n<meta name=\"description\" content=\"La sentencia constituy\u00f3 una de las primeras condenas a ex miembros del ej\u00e9rcito por actos de violencia sexual contra mujeres.\" \/>\n<meta name=\"robots\" content=\"index, follow, max-snippet:-1, max-image-preview:large, max-video-preview:-1\" \/>\n<link rel=\"canonical\" href=\"https:\/\/www.icip.cat\/es\/opinion\/las-abuelas-del-caso-sepur-zarco-y-el-indice-de-acceso-de-las-mujeres-a-la-justicia\/\" \/>\n<meta property=\"og:locale\" content=\"es_ES\" \/>\n<meta property=\"og:type\" content=\"article\" \/>\n<meta property=\"og:title\" content=\"Las Abuelas del Caso Sepur Zarco y el \u00edndice de acceso de las mujeres a la justicia - ICIP\" \/>\n<meta property=\"og:description\" content=\"La sentencia constituy\u00f3 una de las primeras condenas a ex miembros del ej\u00e9rcito por actos de violencia sexual contra mujeres.\" \/>\n<meta property=\"og:url\" content=\"https:\/\/www.icip.cat\/es\/opinion\/las-abuelas-del-caso-sepur-zarco-y-el-indice-de-acceso-de-las-mujeres-a-la-justicia\/\" \/>\n<meta property=\"og:site_name\" content=\"ICIP\" \/>\n<meta property=\"article:modified_time\" content=\"2024-10-28T08:45:55+00:00\" \/>\n<meta property=\"og:image\" content=\"https:\/\/www.icip.cat\/wp-content\/uploads\/2024\/09\/ana-cabrera-1-697x1024.png\" \/>\n\t<meta property=\"og:image:width\" content=\"697\" \/>\n\t<meta property=\"og:image:height\" content=\"1024\" \/>\n\t<meta property=\"og:image:type\" content=\"image\/png\" \/>\n<meta name=\"twitter:card\" content=\"summary_large_image\" \/>\n<meta name=\"twitter:label1\" content=\"Tiempo de lectura\" \/>\n\t<meta name=\"twitter:data1\" content=\"3 minutos\" \/>\n<script type=\"application\/ld+json\" class=\"yoast-schema-graph\">{\"@context\":\"https:\/\/schema.org\",\"@graph\":[{\"@type\":\"WebPage\",\"@id\":\"https:\/\/www.icip.cat\/es\/opinion\/las-abuelas-del-caso-sepur-zarco-y-el-indice-de-acceso-de-las-mujeres-a-la-justicia\/\",\"url\":\"https:\/\/www.icip.cat\/es\/opinion\/las-abuelas-del-caso-sepur-zarco-y-el-indice-de-acceso-de-las-mujeres-a-la-justicia\/\",\"name\":\"Las Abuelas del Caso Sepur Zarco y el \u00edndice de acceso de las mujeres a la justicia - ICIP\",\"isPartOf\":{\"@id\":\"https:\/\/www.icip.cat\/ca\/#website\"},\"primaryImageOfPage\":{\"@id\":\"https:\/\/www.icip.cat\/es\/opinion\/las-abuelas-del-caso-sepur-zarco-y-el-indice-de-acceso-de-las-mujeres-a-la-justicia\/#primaryimage\"},\"image\":{\"@id\":\"https:\/\/www.icip.cat\/es\/opinion\/las-abuelas-del-caso-sepur-zarco-y-el-indice-de-acceso-de-las-mujeres-a-la-justicia\/#primaryimage\"},\"thumbnailUrl\":\"https:\/\/www.icip.cat\/wp-content\/uploads\/2024\/09\/ana-cabrera-1.png\",\"datePublished\":\"2024-09-16T11:19:23+00:00\",\"dateModified\":\"2024-10-28T08:45:55+00:00\",\"description\":\"La sentencia constituy\u00f3 una de las primeras condenas a ex miembros del ej\u00e9rcito por actos de violencia sexual contra mujeres.\",\"inLanguage\":\"es\",\"potentialAction\":[{\"@type\":\"ReadAction\",\"target\":[\"https:\/\/www.icip.cat\/es\/opinion\/las-abuelas-del-caso-sepur-zarco-y-el-indice-de-acceso-de-las-mujeres-a-la-justicia\/\"]}]},{\"@type\":\"ImageObject\",\"inLanguage\":\"es\",\"@id\":\"https:\/\/www.icip.cat\/es\/opinion\/las-abuelas-del-caso-sepur-zarco-y-el-indice-de-acceso-de-las-mujeres-a-la-justicia\/#primaryimage\",\"url\":\"https:\/\/www.icip.cat\/wp-content\/uploads\/2024\/09\/ana-cabrera-1.png\",\"contentUrl\":\"https:\/\/www.icip.cat\/wp-content\/uploads\/2024\/09\/ana-cabrera-1.png\",\"width\":1942,\"height\":2854},{\"@type\":\"WebSite\",\"@id\":\"https:\/\/www.icip.cat\/ca\/#website\",\"url\":\"https:\/\/www.icip.cat\/ca\/\",\"name\":\"ICIP\",\"description\":\"\",\"publisher\":{\"@id\":\"https:\/\/www.icip.cat\/ca\/#organization\"},\"potentialAction\":[{\"@type\":\"SearchAction\",\"target\":{\"@type\":\"EntryPoint\",\"urlTemplate\":\"https:\/\/www.icip.cat\/ca\/?s={search_term_string}\"},\"query-input\":{\"@type\":\"PropertyValueSpecification\",\"valueRequired\":true,\"valueName\":\"search_term_string\"}}],\"inLanguage\":\"es\"},{\"@type\":\"Organization\",\"@id\":\"https:\/\/www.icip.cat\/ca\/#organization\",\"name\":\"ICIP\",\"url\":\"https:\/\/www.icip.cat\/ca\/\",\"logo\":{\"@type\":\"ImageObject\",\"inLanguage\":\"es\",\"@id\":\"https:\/\/www.icip.cat\/ca\/#\/schema\/logo\/image\/\",\"url\":\"https:\/\/www.icip.cat\/wp-content\/uploads\/2021\/02\/logo-2.png\",\"contentUrl\":\"https:\/\/www.icip.cat\/wp-content\/uploads\/2021\/02\/logo-2.png\",\"width\":562,\"height\":391,\"caption\":\"ICIP\"},\"image\":{\"@id\":\"https:\/\/www.icip.cat\/ca\/#\/schema\/logo\/image\/\"}}]}<\/script>\n<!-- \/ Yoast SEO plugin. -->","yoast_head_json":{"title":"Las Abuelas del Caso Sepur Zarco y el \u00edndice de acceso de las mujeres a la justicia - ICIP","description":"La sentencia constituy\u00f3 una de las primeras condenas a ex miembros del ej\u00e9rcito por actos de violencia sexual contra mujeres.","robots":{"index":"index","follow":"follow","max-snippet":"max-snippet:-1","max-image-preview":"max-image-preview:large","max-video-preview":"max-video-preview:-1"},"canonical":"https:\/\/www.icip.cat\/es\/opinion\/las-abuelas-del-caso-sepur-zarco-y-el-indice-de-acceso-de-las-mujeres-a-la-justicia\/","og_locale":"es_ES","og_type":"article","og_title":"Las Abuelas del Caso Sepur Zarco y el \u00edndice de acceso de las mujeres a la justicia - ICIP","og_description":"La sentencia constituy\u00f3 una de las primeras condenas a ex miembros del ej\u00e9rcito por actos de violencia sexual contra mujeres.","og_url":"https:\/\/www.icip.cat\/es\/opinion\/las-abuelas-del-caso-sepur-zarco-y-el-indice-de-acceso-de-las-mujeres-a-la-justicia\/","og_site_name":"ICIP","article_modified_time":"2024-10-28T08:45:55+00:00","og_image":[{"width":697,"height":1024,"url":"https:\/\/www.icip.cat\/wp-content\/uploads\/2024\/09\/ana-cabrera-1-697x1024.png","type":"image\/png"}],"twitter_card":"summary_large_image","twitter_misc":{"Tiempo de lectura":"3 minutos"},"schema":{"@context":"https:\/\/schema.org","@graph":[{"@type":"WebPage","@id":"https:\/\/www.icip.cat\/es\/opinion\/las-abuelas-del-caso-sepur-zarco-y-el-indice-de-acceso-de-las-mujeres-a-la-justicia\/","url":"https:\/\/www.icip.cat\/es\/opinion\/las-abuelas-del-caso-sepur-zarco-y-el-indice-de-acceso-de-las-mujeres-a-la-justicia\/","name":"Las Abuelas del Caso Sepur Zarco y el \u00edndice de acceso de las mujeres a la justicia - ICIP","isPartOf":{"@id":"https:\/\/www.icip.cat\/ca\/#website"},"primaryImageOfPage":{"@id":"https:\/\/www.icip.cat\/es\/opinion\/las-abuelas-del-caso-sepur-zarco-y-el-indice-de-acceso-de-las-mujeres-a-la-justicia\/#primaryimage"},"image":{"@id":"https:\/\/www.icip.cat\/es\/opinion\/las-abuelas-del-caso-sepur-zarco-y-el-indice-de-acceso-de-las-mujeres-a-la-justicia\/#primaryimage"},"thumbnailUrl":"https:\/\/www.icip.cat\/wp-content\/uploads\/2024\/09\/ana-cabrera-1.png","datePublished":"2024-09-16T11:19:23+00:00","dateModified":"2024-10-28T08:45:55+00:00","description":"La sentencia constituy\u00f3 una de las primeras condenas a ex miembros del ej\u00e9rcito por actos de violencia sexual contra mujeres.","inLanguage":"es","potentialAction":[{"@type":"ReadAction","target":["https:\/\/www.icip.cat\/es\/opinion\/las-abuelas-del-caso-sepur-zarco-y-el-indice-de-acceso-de-las-mujeres-a-la-justicia\/"]}]},{"@type":"ImageObject","inLanguage":"es","@id":"https:\/\/www.icip.cat\/es\/opinion\/las-abuelas-del-caso-sepur-zarco-y-el-indice-de-acceso-de-las-mujeres-a-la-justicia\/#primaryimage","url":"https:\/\/www.icip.cat\/wp-content\/uploads\/2024\/09\/ana-cabrera-1.png","contentUrl":"https:\/\/www.icip.cat\/wp-content\/uploads\/2024\/09\/ana-cabrera-1.png","width":1942,"height":2854},{"@type":"WebSite","@id":"https:\/\/www.icip.cat\/ca\/#website","url":"https:\/\/www.icip.cat\/ca\/","name":"ICIP","description":"","publisher":{"@id":"https:\/\/www.icip.cat\/ca\/#organization"},"potentialAction":[{"@type":"SearchAction","target":{"@type":"EntryPoint","urlTemplate":"https:\/\/www.icip.cat\/ca\/?s={search_term_string}"},"query-input":{"@type":"PropertyValueSpecification","valueRequired":true,"valueName":"search_term_string"}}],"inLanguage":"es"},{"@type":"Organization","@id":"https:\/\/www.icip.cat\/ca\/#organization","name":"ICIP","url":"https:\/\/www.icip.cat\/ca\/","logo":{"@type":"ImageObject","inLanguage":"es","@id":"https:\/\/www.icip.cat\/ca\/#\/schema\/logo\/image\/","url":"https:\/\/www.icip.cat\/wp-content\/uploads\/2021\/02\/logo-2.png","contentUrl":"https:\/\/www.icip.cat\/wp-content\/uploads\/2021\/02\/logo-2.png","width":562,"height":391,"caption":"ICIP"},"image":{"@id":"https:\/\/www.icip.cat\/ca\/#\/schema\/logo\/image\/"}}]}},"_links":{"self":[{"href":"https:\/\/www.icip.cat\/es\/wp-json\/wp\/v2\/icip_opinion\/49373","targetHints":{"allow":["GET"]}}],"collection":[{"href":"https:\/\/www.icip.cat\/es\/wp-json\/wp\/v2\/icip_opinion"}],"about":[{"href":"https:\/\/www.icip.cat\/es\/wp-json\/wp\/v2\/types\/icip_opinion"}],"version-history":[{"count":11,"href":"https:\/\/www.icip.cat\/es\/wp-json\/wp\/v2\/icip_opinion\/49373\/revisions"}],"predecessor-version":[{"id":50077,"href":"https:\/\/www.icip.cat\/es\/wp-json\/wp\/v2\/icip_opinion\/49373\/revisions\/50077"}],"wp:featuredmedia":[{"embeddable":true,"href":"https:\/\/www.icip.cat\/es\/wp-json\/wp\/v2\/media\/50073"}],"wp:attachment":[{"href":"https:\/\/www.icip.cat\/es\/wp-json\/wp\/v2\/media?parent=49373"}],"curies":[{"name":"wp","href":"https:\/\/api.w.org\/{rel}","templated":true}]}}

Las Abuelas del Caso Sepur Zarco y el índice de acceso de las mujeres a la justicia

<p>El acceso de las mujeres a la justicia es un pilar fundamental para garantizar la igualdad de género, el empoderamiento de las mujeres y los derechos humanos, especialmente en contextos de postconflicto donde las mujeres han sido víctimas y sobrevivientes de violaciones sistemáticas de derechos humanos y discriminación.</p>



<p>Las Abuelas de Sepur Zarco, mujeres indígenas q’eqchi’ del Valle del Polochic (Guatemala), rompieron 30 años de silencio al presentar ante un tribunal nacional el primer caso de esclavitud sexual y doméstica relacionada con el conflicto armado interno que tuvo lugar en el país entre 1960 y 1996. La sentencia de Sepur Zarco constituyó una de las primeras condenas a ex miembros del ejército por actos de violencia sexual contra mujeres cometidos en el contexto del conflicto armado en Guatemala, así como una de las primeras veces en las que un tribunal nacional en el mundo, aplicando leyes nacionales e internacionales, juzgó un crimen de persecución internacional como lo es la esclavitud sexual relacionada con el conflicto. El proceso judicial resultó en una sentencia histórica que incluyó 18 medidas de reparación transformadoras, de las cuales 16 están orientadas a las comunidades de la Abuelas. </p>



<p>Las “Abuelas del Caso Sepur Zarco” han impulsado un modelo para casos similares en el mundo,subrayando la importancia de combatir la impunidad por los casos de violencia sexual en el marco de los conflictos y garantizar el acceso de las mujeres a la justicia de género y a reparaciones transformadoras.</p>



<p>La propuesta del Índice de Acceso de las Mujeres a la Justicia nace en Guatemala a partir de los conocimientos generados por el caso Sepur Zarco. Para evaluar y mejorar este acceso, resulta crucial la creación de una metodología para recoger los datos, monitorear y permitir la comparación e intercambio de buenas prácticas y lecciones aprendidas entre diferentes realidades.</p>



<p>El índice de medición permite identificar obstáculos y avances en la búsqueda de justicia y la reparación transformadora de las violaciones de los derechos humanos de las mujeres, así como establecer una metodología de comparación entre diversos países y sistemas en el mundo. Este índice no solo proporciona datos concretos sobre las barreras que enfrentan las mujeres, sino que también se convierte en una herramienta clave para el desarrollo de políticas públicas más inclusivas y eficaces que permiten acelerar el alcance de la igualdad de género.</p>



<p>Un aspecto para destacar en la creación de este índice es la participación significativa de las Abuelas de Sepur Zarco en la conceptualización del mismo. Las Abuelas han liderado y contribuido directamente a la construcción de herramientas para asegurar que otras mujeres puedan acceder a la justicia y construir la paz. Su experiencia y sus voces son fundamentales en el diseño del índice, asegurando que refleje las realidades vividas por las mujeres y que las soluciones propuestas respondan a sus necesidades e intereses y a la concepción de la justicia y de la reparación transformadora que han construido con todos sus logros.</p>



<p><strong>Ana Cabrera, ONU Mujeres</strong></p>



<p></p>

<!-- This site is optimized with the Yoast SEO plugin v25.6 - https://yoast.com/wordpress/plugins/seo/ -->
<title>Las Abuelas del Caso Sepur Zarco y el índice de acceso de las mujeres a la justicia - ICIP</title>
<meta name="description" content="La sentencia constituyó una de las primeras condenas a ex miembros del ejército por actos de violencia sexual contra mujeres." />
<meta name="robots" content="index, follow, max-snippet:-1, max-image-preview:large, max-video-preview:-1" />
<link rel="canonical" href="https://www.icip.cat/es/opinion/las-abuelas-del-caso-sepur-zarco-y-el-indice-de-acceso-de-las-mujeres-a-la-justicia/" />
<meta property="og:locale" content="es_ES" />
<meta property="og:type" content="article" />
<meta property="og:title" content="Las Abuelas del Caso Sepur Zarco y el índice de acceso de las mujeres a la justicia - ICIP" />
<meta property="og:description" content="La sentencia constituyó una de las primeras condenas a ex miembros del ejército por actos de violencia sexual contra mujeres." />
<meta property="og:url" content="https://www.icip.cat/es/opinion/las-abuelas-del-caso-sepur-zarco-y-el-indice-de-acceso-de-las-mujeres-a-la-justicia/" />
<meta property="og:site_name" content="ICIP" />
<meta property="article:modified_time" content="2024-10-28T08:45:55+00:00" />
<meta property="og:image" content="https://www.icip.cat/wp-content/uploads/2024/09/ana-cabrera-1-697x1024.png" />
	<meta property="og:image:width" content="697" />
	<meta property="og:image:height" content="1024" />
	<meta property="og:image:type" content="image/png" />
<meta name="twitter:card" content="summary_large_image" />
<meta name="twitter:label1" content="Tiempo de lectura" />
	<meta name="twitter:data1" content="3 minutos" />
<script type="application/ld+json" class="yoast-schema-graph">{"@context":"https://schema.org","@graph":[{"@type":"WebPage","@id":"https://www.icip.cat/es/opinion/las-abuelas-del-caso-sepur-zarco-y-el-indice-de-acceso-de-las-mujeres-a-la-justicia/","url":"https://www.icip.cat/es/opinion/las-abuelas-del-caso-sepur-zarco-y-el-indice-de-acceso-de-las-mujeres-a-la-justicia/","name":"Las Abuelas del Caso Sepur Zarco y el índice de acceso de las mujeres a la justicia - ICIP","isPartOf":{"@id":"https://www.icip.cat/ca/#website"},"primaryImageOfPage":{"@id":"https://www.icip.cat/es/opinion/las-abuelas-del-caso-sepur-zarco-y-el-indice-de-acceso-de-las-mujeres-a-la-justicia/#primaryimage"},"image":{"@id":"https://www.icip.cat/es/opinion/las-abuelas-del-caso-sepur-zarco-y-el-indice-de-acceso-de-las-mujeres-a-la-justicia/#primaryimage"},"thumbnailUrl":"https://www.icip.cat/wp-content/uploads/2024/09/ana-cabrera-1.png","datePublished":"2024-09-16T11:19:23+00:00","dateModified":"2024-10-28T08:45:55+00:00","description":"La sentencia constituyó una de las primeras condenas a ex miembros del ejército por actos de violencia sexual contra mujeres.","inLanguage":"es","potentialAction":[{"@type":"ReadAction","target":["https://www.icip.cat/es/opinion/las-abuelas-del-caso-sepur-zarco-y-el-indice-de-acceso-de-las-mujeres-a-la-justicia/"]}]},{"@type":"ImageObject","inLanguage":"es","@id":"https://www.icip.cat/es/opinion/las-abuelas-del-caso-sepur-zarco-y-el-indice-de-acceso-de-las-mujeres-a-la-justicia/#primaryimage","url":"https://www.icip.cat/wp-content/uploads/2024/09/ana-cabrera-1.png","contentUrl":"https://www.icip.cat/wp-content/uploads/2024/09/ana-cabrera-1.png","width":1942,"height":2854},{"@type":"WebSite","@id":"https://www.icip.cat/ca/#website","url":"https://www.icip.cat/ca/","name":"ICIP","description":"","publisher":{"@id":"https://www.icip.cat/ca/#organization"},"potentialAction":[{"@type":"SearchAction","target":{"@type":"EntryPoint","urlTemplate":"https://www.icip.cat/ca/?s={search_term_string}"},"query-input":{"@type":"PropertyValueSpecification","valueRequired":true,"valueName":"search_term_string"}}],"inLanguage":"es"},{"@type":"Organization","@id":"https://www.icip.cat/ca/#organization","name":"ICIP","url":"https://www.icip.cat/ca/","logo":{"@type":"ImageObject","inLanguage":"es","@id":"https://www.icip.cat/ca/#/schema/logo/image/","url":"https://www.icip.cat/wp-content/uploads/2021/02/logo-2.png","contentUrl":"https://www.icip.cat/wp-content/uploads/2021/02/logo-2.png","width":562,"height":391,"caption":"ICIP"},"image":{"@id":"https://www.icip.cat/ca/#/schema/logo/image/"}}]}</script>
<!-- / Yoast SEO plugin. -->

Las Abuelas del Caso Sepur Zarco y el índice de acceso de las mujeres a la justicia - ICIP

La sentencia constituyó una de las primeras condenas a ex miembros del ejército por actos de violencia sexual contra mujeres.
