{"id":9561,"date":"2020-12-29T09:30:48","date_gmt":"2020-12-29T09:30:48","guid":{"rendered":"http:\/\/www.icip.cat\/seminars\/jornada-30-anos-del-referendum-sobre-la-permanencia-en-la-otan\/"},"modified":"2021-02-01T08:50:30","modified_gmt":"2021-02-01T08:50:30","slug":"jornada-30-anos-del-referendum-sobre-la-permanencia-en-la-otan","status":"publish","type":"icip_seminar","link":"https:\/\/www.icip.cat\/es\/seminarios\/jornada-30-anos-del-referendum-sobre-la-permanencia-en-la-otan\/","title":{"rendered":"Jornada \u00ab30 a\u00f1os del refer\u00e9ndum sobre la permanencia en la OTAN\u00bb"},"content":{"rendered":"\n<p>Coincidiendo con los 30 a\u00f1os de aquel refer\u00e9ndum del 12 de marzo de 1986 sobre la permanencia de Espa\u00f1a en la OTAN, el ICIP organiz\u00f3 una jornada para recordar la campa\u00f1a catalana favorable a la salida y reflexionar sobre la evoluci\u00f3n que ha tenido la alianza atl\u00e1ntica a lo largo de estas tres d\u00e9cadas, coincidiendo tambi\u00e9n con la presentaci\u00f3n del libro <em><a href=\"http:\/\/icip.gencat.cat\/ca\/detalls\/Article\/Eines017\" target=\"_blank\" rel=\"noreferrer noopener\">Trenta preguntes sobre l\u2019OTAN. Trenta anys despr\u00e9s del refer\u00e8ndum,<\/a>,  <\/em>elaborado por el Centre Del\u00e0s d&#8217;Estudis per la Pau y publicado en la colecci\u00f3n &#8216;Eines de pau, seguretat i just\u00edcia&#8217; del ICIP. <\/p>\n\n\n\n<p>El acto de conmemoraci\u00f3n cont\u00f3 con la mesa redonda &#8216;Recordando la campa\u00f1a del refer\u00e9ndum de 1986&#8217;,<strong>,<\/strong>con Enric Prat, Gabriela Serra y Antoni Pigrau, activistas de la campa\u00f1a; y con el debate posterior &#8216;El papel de la OTAN en la actualidad&#8217;, con las intervenciones de Julio Rodr\u00edguez, exjefe del Estado Mayor de la Defensa; Jos\u00e9 Luis Gordillo, investigador del Centro Del\u00e0s; y Rafael Grasa, presidente del ICIP. <\/p>\n\n\n\n<figure class=\"wp-block-embed-youtube wp-block-embed is-type-video is-provider-youtube wp-embed-aspect-16-9 wp-has-aspect-ratio\"><div class=\"wp-block-embed__wrapper\">\n<iframe title=\"Jornada &quot;30 anys del refer\u00e8ndum sobre l&#039;OTAN&quot;\" width=\"640\" height=\"360\" src=\"https:\/\/www.youtube.com\/embed\/videoseries?list=PLnRJUy9WU-3A6Baa7VR-2x7vNSEEvXvbt\" frameborder=\"0\" allow=\"accelerometer; autoplay; clipboard-write; encrypted-media; gyroscope; picture-in-picture; web-share\" referrerpolicy=\"strict-origin-when-cross-origin\" allowfullscreen><\/iframe>\n<\/div><\/figure>\n\n\n\n<hr class=\"wp-block-separator\"\/>\n","protected":false},"featured_media":14354,"template":"","class_list":["post-9561","icip_seminar","type-icip_seminar","status-publish","has-post-thumbnail","hentry"],"acf":[],"yoast_head":"<!-- This site is optimized with the Yoast SEO plugin v25.6 - https:\/\/yoast.com\/wordpress\/plugins\/seo\/ -->\n<title>Jornada &quot;30 a\u00f1os del refer\u00e9ndum sobre la permanencia en la OTAN&quot; - ICIP<\/title>\n<meta name=\"robots\" content=\"index, follow, max-snippet:-1, max-image-preview:large, max-video-preview:-1\" \/>\n<link rel=\"canonical\" href=\"https:\/\/www.icip.cat\/es\/seminarios\/jornada-30-anos-del-referendum-sobre-la-permanencia-en-la-otan\/\" \/>\n<meta property=\"og:locale\" content=\"es_ES\" \/>\n<meta property=\"og:type\" content=\"article\" \/>\n<meta property=\"og:title\" content=\"Jornada &quot;30 a\u00f1os del refer\u00e9ndum sobre la permanencia en la OTAN&quot; - ICIP\" \/>\n<meta property=\"og:description\" content=\"Coincidiendo con los 30 a\u00f1os de aquel refer\u00e9ndum del 12 de marzo de 1986 sobre la permanencia de Espa\u00f1a en la OTAN, el ICIP organiz\u00f3 una jornada para recordar la campa\u00f1a catalana favorable a la salida y reflexionar sobre la evoluci\u00f3n que ha tenido la alianza atl\u00e1ntica a lo largo de estas tres d\u00e9cadas, coincidiendo [&hellip;]\" \/>\n<meta property=\"og:url\" content=\"https:\/\/www.icip.cat\/es\/seminarios\/jornada-30-anos-del-referendum-sobre-la-permanencia-en-la-otan\/\" \/>\n<meta property=\"og:site_name\" content=\"ICIP\" \/>\n<meta property=\"article:modified_time\" content=\"2021-02-01T08:50:30+00:00\" \/>\n<meta property=\"og:image\" content=\"https:\/\/www.icip.cat\/wp-content\/uploads\/2020\/11\/seminaris15.jpg\" \/>\n\t<meta property=\"og:image:width\" content=\"560\" \/>\n\t<meta property=\"og:image:height\" content=\"420\" \/>\n\t<meta property=\"og:image:type\" content=\"image\/jpeg\" \/>\n<meta name=\"twitter:card\" content=\"summary_large_image\" \/>\n<meta name=\"twitter:label1\" content=\"Tiempo de lectura\" \/>\n\t<meta name=\"twitter:data1\" content=\"1 minuto\" \/>\n<script type=\"application\/ld+json\" class=\"yoast-schema-graph\">{\"@context\":\"https:\/\/schema.org\",\"@graph\":[{\"@type\":\"WebPage\",\"@id\":\"https:\/\/www.icip.cat\/es\/seminarios\/jornada-30-anos-del-referendum-sobre-la-permanencia-en-la-otan\/\",\"url\":\"https:\/\/www.icip.cat\/es\/seminarios\/jornada-30-anos-del-referendum-sobre-la-permanencia-en-la-otan\/\",\"name\":\"Jornada \\\"30 a\u00f1os del refer\u00e9ndum sobre la permanencia en la OTAN\\\" - ICIP\",\"isPartOf\":{\"@id\":\"https:\/\/www.icip.cat\/ca\/#website\"},\"primaryImageOfPage\":{\"@id\":\"https:\/\/www.icip.cat\/es\/seminarios\/jornada-30-anos-del-referendum-sobre-la-permanencia-en-la-otan\/#primaryimage\"},\"image\":{\"@id\":\"https:\/\/www.icip.cat\/es\/seminarios\/jornada-30-anos-del-referendum-sobre-la-permanencia-en-la-otan\/#primaryimage\"},\"thumbnailUrl\":\"https:\/\/www.icip.cat\/wp-content\/uploads\/2020\/11\/seminaris15.jpg\",\"datePublished\":\"2020-12-29T09:30:48+00:00\",\"dateModified\":\"2021-02-01T08:50:30+00:00\",\"inLanguage\":\"es\",\"potentialAction\":[{\"@type\":\"ReadAction\",\"target\":[\"https:\/\/www.icip.cat\/es\/seminarios\/jornada-30-anos-del-referendum-sobre-la-permanencia-en-la-otan\/\"]}]},{\"@type\":\"ImageObject\",\"inLanguage\":\"es\",\"@id\":\"https:\/\/www.icip.cat\/es\/seminarios\/jornada-30-anos-del-referendum-sobre-la-permanencia-en-la-otan\/#primaryimage\",\"url\":\"https:\/\/www.icip.cat\/wp-content\/uploads\/2020\/11\/seminaris15.jpg\",\"contentUrl\":\"https:\/\/www.icip.cat\/wp-content\/uploads\/2020\/11\/seminaris15.jpg\",\"width\":560,\"height\":420},{\"@type\":\"WebSite\",\"@id\":\"https:\/\/www.icip.cat\/ca\/#website\",\"url\":\"https:\/\/www.icip.cat\/ca\/\",\"name\":\"ICIP\",\"description\":\"\",\"publisher\":{\"@id\":\"https:\/\/www.icip.cat\/ca\/#organization\"},\"potentialAction\":[{\"@type\":\"SearchAction\",\"target\":{\"@type\":\"EntryPoint\",\"urlTemplate\":\"https:\/\/www.icip.cat\/ca\/?s={search_term_string}\"},\"query-input\":{\"@type\":\"PropertyValueSpecification\",\"valueRequired\":true,\"valueName\":\"search_term_string\"}}],\"inLanguage\":\"es\"},{\"@type\":\"Organization\",\"@id\":\"https:\/\/www.icip.cat\/ca\/#organization\",\"name\":\"ICIP\",\"url\":\"https:\/\/www.icip.cat\/ca\/\",\"logo\":{\"@type\":\"ImageObject\",\"inLanguage\":\"es\",\"@id\":\"https:\/\/www.icip.cat\/ca\/#\/schema\/logo\/image\/\",\"url\":\"https:\/\/www.icip.cat\/wp-content\/uploads\/2021\/02\/logo-2.png\",\"contentUrl\":\"https:\/\/www.icip.cat\/wp-content\/uploads\/2021\/02\/logo-2.png\",\"width\":562,\"height\":391,\"caption\":\"ICIP\"},\"image\":{\"@id\":\"https:\/\/www.icip.cat\/ca\/#\/schema\/logo\/image\/\"}}]}<\/script>\n<!-- \/ Yoast SEO plugin. -->","yoast_head_json":{"title":"Jornada \"30 a\u00f1os del refer\u00e9ndum sobre la permanencia en la OTAN\" - ICIP","robots":{"index":"index","follow":"follow","max-snippet":"max-snippet:-1","max-image-preview":"max-image-preview:large","max-video-preview":"max-video-preview:-1"},"canonical":"https:\/\/www.icip.cat\/es\/seminarios\/jornada-30-anos-del-referendum-sobre-la-permanencia-en-la-otan\/","og_locale":"es_ES","og_type":"article","og_title":"Jornada \"30 a\u00f1os del refer\u00e9ndum sobre la permanencia en la OTAN\" - ICIP","og_description":"Coincidiendo con los 30 a\u00f1os de aquel refer\u00e9ndum del 12 de marzo de 1986 sobre la permanencia de Espa\u00f1a en la OTAN, el ICIP organiz\u00f3 una jornada para recordar la campa\u00f1a catalana favorable a la salida y reflexionar sobre la evoluci\u00f3n que ha tenido la alianza atl\u00e1ntica a lo largo de estas tres d\u00e9cadas, coincidiendo [&hellip;]","og_url":"https:\/\/www.icip.cat\/es\/seminarios\/jornada-30-anos-del-referendum-sobre-la-permanencia-en-la-otan\/","og_site_name":"ICIP","article_modified_time":"2021-02-01T08:50:30+00:00","og_image":[{"width":560,"height":420,"url":"https:\/\/www.icip.cat\/wp-content\/uploads\/2020\/11\/seminaris15.jpg","type":"image\/jpeg"}],"twitter_card":"summary_large_image","twitter_misc":{"Tiempo de lectura":"1 minuto"},"schema":{"@context":"https:\/\/schema.org","@graph":[{"@type":"WebPage","@id":"https:\/\/www.icip.cat\/es\/seminarios\/jornada-30-anos-del-referendum-sobre-la-permanencia-en-la-otan\/","url":"https:\/\/www.icip.cat\/es\/seminarios\/jornada-30-anos-del-referendum-sobre-la-permanencia-en-la-otan\/","name":"Jornada \"30 a\u00f1os del refer\u00e9ndum sobre la permanencia en la OTAN\" - ICIP","isPartOf":{"@id":"https:\/\/www.icip.cat\/ca\/#website"},"primaryImageOfPage":{"@id":"https:\/\/www.icip.cat\/es\/seminarios\/jornada-30-anos-del-referendum-sobre-la-permanencia-en-la-otan\/#primaryimage"},"image":{"@id":"https:\/\/www.icip.cat\/es\/seminarios\/jornada-30-anos-del-referendum-sobre-la-permanencia-en-la-otan\/#primaryimage"},"thumbnailUrl":"https:\/\/www.icip.cat\/wp-content\/uploads\/2020\/11\/seminaris15.jpg","datePublished":"2020-12-29T09:30:48+00:00","dateModified":"2021-02-01T08:50:30+00:00","inLanguage":"es","potentialAction":[{"@type":"ReadAction","target":["https:\/\/www.icip.cat\/es\/seminarios\/jornada-30-anos-del-referendum-sobre-la-permanencia-en-la-otan\/"]}]},{"@type":"ImageObject","inLanguage":"es","@id":"https:\/\/www.icip.cat\/es\/seminarios\/jornada-30-anos-del-referendum-sobre-la-permanencia-en-la-otan\/#primaryimage","url":"https:\/\/www.icip.cat\/wp-content\/uploads\/2020\/11\/seminaris15.jpg","contentUrl":"https:\/\/www.icip.cat\/wp-content\/uploads\/2020\/11\/seminaris15.jpg","width":560,"height":420},{"@type":"WebSite","@id":"https:\/\/www.icip.cat\/ca\/#website","url":"https:\/\/www.icip.cat\/ca\/","name":"ICIP","description":"","publisher":{"@id":"https:\/\/www.icip.cat\/ca\/#organization"},"potentialAction":[{"@type":"SearchAction","target":{"@type":"EntryPoint","urlTemplate":"https:\/\/www.icip.cat\/ca\/?s={search_term_string}"},"query-input":{"@type":"PropertyValueSpecification","valueRequired":true,"valueName":"search_term_string"}}],"inLanguage":"es"},{"@type":"Organization","@id":"https:\/\/www.icip.cat\/ca\/#organization","name":"ICIP","url":"https:\/\/www.icip.cat\/ca\/","logo":{"@type":"ImageObject","inLanguage":"es","@id":"https:\/\/www.icip.cat\/ca\/#\/schema\/logo\/image\/","url":"https:\/\/www.icip.cat\/wp-content\/uploads\/2021\/02\/logo-2.png","contentUrl":"https:\/\/www.icip.cat\/wp-content\/uploads\/2021\/02\/logo-2.png","width":562,"height":391,"caption":"ICIP"},"image":{"@id":"https:\/\/www.icip.cat\/ca\/#\/schema\/logo\/image\/"}}]}},"_links":{"self":[{"href":"https:\/\/www.icip.cat\/es\/wp-json\/wp\/v2\/icip_seminar\/9561","targetHints":{"allow":["GET"]}}],"collection":[{"href":"https:\/\/www.icip.cat\/es\/wp-json\/wp\/v2\/icip_seminar"}],"about":[{"href":"https:\/\/www.icip.cat\/es\/wp-json\/wp\/v2\/types\/icip_seminar"}],"version-history":[{"count":6,"href":"https:\/\/www.icip.cat\/es\/wp-json\/wp\/v2\/icip_seminar\/9561\/revisions"}],"predecessor-version":[{"id":15335,"href":"https:\/\/www.icip.cat\/es\/wp-json\/wp\/v2\/icip_seminar\/9561\/revisions\/15335"}],"wp:featuredmedia":[{"embeddable":true,"href":"https:\/\/www.icip.cat\/es\/wp-json\/wp\/v2\/media\/14354"}],"wp:attachment":[{"href":"https:\/\/www.icip.cat\/es\/wp-json\/wp\/v2\/media?parent=9561"}],"curies":[{"name":"wp","href":"https:\/\/api.w.org\/{rel}","templated":true}]}}

Jornada «30 años del referéndum sobre la permanencia en la OTAN»

<p>Coincidiendo con los 30 años de aquel referéndum del 12 de marzo de 1986 sobre la permanencia de España en la OTAN, el ICIP organizó una jornada para recordar la campaña catalana favorable a la salida y reflexionar sobre la evolución que ha tenido la alianza atlántica a lo largo de estas tres décadas, coincidiendo también con la presentación del libro <em><a href="http://icip.gencat.cat/ca/detalls/Article/Eines017" target="_blank" rel="noreferrer noopener">Trenta preguntes sobre l’OTAN. Trenta anys després del referèndum,</a>,  </em>elaborado por el Centre Delàs d&#8217;Estudis per la Pau y publicado en la colección &#8216;Eines de pau, seguretat i justícia&#8217; del ICIP. </p>



<p>El acto de conmemoración contó con la mesa redonda &#8216;Recordando la campaña del referéndum de 1986&#8217;,<strong>,</strong>con Enric Prat, Gabriela Serra y Antoni Pigrau, activistas de la campaña; y con el debate posterior &#8216;El papel de la OTAN en la actualidad&#8217;, con las intervenciones de Julio Rodríguez, exjefe del Estado Mayor de la Defensa; José Luis Gordillo, investigador del Centro Delàs; y Rafael Grasa, presidente del ICIP. </p>



<figure class="wp-block-embed-youtube wp-block-embed is-type-video is-provider-youtube wp-embed-aspect-16-9 wp-has-aspect-ratio"><div class="wp-block-embed__wrapper">
<iframe title="Jornada &quot;30 anys del referèndum sobre l&#039;OTAN&quot;" width="640" height="360" src="https://www.youtube.com/embed/videoseries?list=PLnRJUy9WU-3A6Baa7VR-2x7vNSEEvXvbt" frameborder="0" allow="accelerometer; autoplay; clipboard-write; encrypted-media; gyroscope; picture-in-picture; web-share" referrerpolicy="strict-origin-when-cross-origin" allowfullscreen></iframe>
</div></figure>



<hr class="wp-block-separator"/>

<!-- This site is optimized with the Yoast SEO plugin v25.6 - https://yoast.com/wordpress/plugins/seo/ -->
<title>Jornada &quot;30 años del referéndum sobre la permanencia en la OTAN&quot; - ICIP</title>
<meta name="robots" content="index, follow, max-snippet:-1, max-image-preview:large, max-video-preview:-1" />
<link rel="canonical" href="https://www.icip.cat/es/seminarios/jornada-30-anos-del-referendum-sobre-la-permanencia-en-la-otan/" />
<meta property="og:locale" content="es_ES" />
<meta property="og:type" content="article" />
<meta property="og:title" content="Jornada &quot;30 años del referéndum sobre la permanencia en la OTAN&quot; - ICIP" />
<meta property="og:description" content="Coincidiendo con los 30 años de aquel referéndum del 12 de marzo de 1986 sobre la permanencia de España en la OTAN, el ICIP organizó una jornada para recordar la campaña catalana favorable a la salida y reflexionar sobre la evolución que ha tenido la alianza atlántica a lo largo de estas tres décadas, coincidiendo [&hellip;]" />
<meta property="og:url" content="https://www.icip.cat/es/seminarios/jornada-30-anos-del-referendum-sobre-la-permanencia-en-la-otan/" />
<meta property="og:site_name" content="ICIP" />
<meta property="article:modified_time" content="2021-02-01T08:50:30+00:00" />
<meta property="og:image" content="https://www.icip.cat/wp-content/uploads/2020/11/seminaris15.jpg" />
	<meta property="og:image:width" content="560" />
	<meta property="og:image:height" content="420" />
	<meta property="og:image:type" content="image/jpeg" />
<meta name="twitter:card" content="summary_large_image" />
<meta name="twitter:label1" content="Tiempo de lectura" />
	<meta name="twitter:data1" content="1 minuto" />
<script type="application/ld+json" class="yoast-schema-graph">{"@context":"https://schema.org","@graph":[{"@type":"WebPage","@id":"https://www.icip.cat/es/seminarios/jornada-30-anos-del-referendum-sobre-la-permanencia-en-la-otan/","url":"https://www.icip.cat/es/seminarios/jornada-30-anos-del-referendum-sobre-la-permanencia-en-la-otan/","name":"Jornada \"30 años del referéndum sobre la permanencia en la OTAN\" - ICIP","isPartOf":{"@id":"https://www.icip.cat/ca/#website"},"primaryImageOfPage":{"@id":"https://www.icip.cat/es/seminarios/jornada-30-anos-del-referendum-sobre-la-permanencia-en-la-otan/#primaryimage"},"image":{"@id":"https://www.icip.cat/es/seminarios/jornada-30-anos-del-referendum-sobre-la-permanencia-en-la-otan/#primaryimage"},"thumbnailUrl":"https://www.icip.cat/wp-content/uploads/2020/11/seminaris15.jpg","datePublished":"2020-12-29T09:30:48+00:00","dateModified":"2021-02-01T08:50:30+00:00","inLanguage":"es","potentialAction":[{"@type":"ReadAction","target":["https://www.icip.cat/es/seminarios/jornada-30-anos-del-referendum-sobre-la-permanencia-en-la-otan/"]}]},{"@type":"ImageObject","inLanguage":"es","@id":"https://www.icip.cat/es/seminarios/jornada-30-anos-del-referendum-sobre-la-permanencia-en-la-otan/#primaryimage","url":"https://www.icip.cat/wp-content/uploads/2020/11/seminaris15.jpg","contentUrl":"https://www.icip.cat/wp-content/uploads/2020/11/seminaris15.jpg","width":560,"height":420},{"@type":"WebSite","@id":"https://www.icip.cat/ca/#website","url":"https://www.icip.cat/ca/","name":"ICIP","description":"","publisher":{"@id":"https://www.icip.cat/ca/#organization"},"potentialAction":[{"@type":"SearchAction","target":{"@type":"EntryPoint","urlTemplate":"https://www.icip.cat/ca/?s={search_term_string}"},"query-input":{"@type":"PropertyValueSpecification","valueRequired":true,"valueName":"search_term_string"}}],"inLanguage":"es"},{"@type":"Organization","@id":"https://www.icip.cat/ca/#organization","name":"ICIP","url":"https://www.icip.cat/ca/","logo":{"@type":"ImageObject","inLanguage":"es","@id":"https://www.icip.cat/ca/#/schema/logo/image/","url":"https://www.icip.cat/wp-content/uploads/2021/02/logo-2.png","contentUrl":"https://www.icip.cat/wp-content/uploads/2021/02/logo-2.png","width":562,"height":391,"caption":"ICIP"},"image":{"@id":"https://www.icip.cat/ca/#/schema/logo/image/"}}]}</script>
<!-- / Yoast SEO plugin. -->

Jornada "30 años del referéndum sobre la permanencia en la OTAN" - ICIP

Coincidiendo con los 30 años de aquel referéndum del 12 de marzo de 1986 sobre la permanencia de España en la OTAN, el ICIP organizó una jornada para recordar la campaña catalana favorable a la salida y reflexionar sobre la evolución que ha tenido la alianza atlántica a lo largo de estas tres décadas, coincidiendo [&hellip;]
