{"id":9568,"date":"2020-12-29T09:33:06","date_gmt":"2020-12-29T09:33:06","guid":{"rendered":"http:\/\/www.icip.cat\/seminars\/jornada-de-debate-camins-hostils\/"},"modified":"2021-02-01T14:16:23","modified_gmt":"2021-02-01T14:16:23","slug":"jornada-de-debate-camins-hostils","status":"publish","type":"icip_seminar","link":"https:\/\/www.icip.cat\/es\/seminarios\/jornada-de-debate-camins-hostils\/","title":{"rendered":"Jornada de debate \u00abCamins hostils\u00bb"},"content":{"rendered":"\n<p>El ICIP, en colaboraci\u00f3n con el Centro de Estudios Hist\u00f3ricos Internacionales (CEHI) de la Universidad de Barcelona, organiz\u00f3 la jornada de debate <em>Camins hostils. D&#8217;un Orient Mitj\u00e0o en guerra a les portes tancades d&#8217;Europa<\/em>, el lunes 17 de octubre en el Aula Magna de la Facultad de Geograf\u00eda e Historia de la Universidad de Barcelona. <\/p>\n\n\n\n<p>La jornada fue un espacio de reflexi\u00f3n y debate en torno al papel de los conflictos armados que sufren las poblaciones de diferentes pa\u00edses de Oriente Medio en la crisis de desplazamientos forzosos de grandes dimensiones que est\u00e1n afectando significativamente a los pa\u00edses lim\u00edtrofes, sacudiendo la propia fr\u00e1gil estabilidad. Al mismo tiempo se abord\u00f3 la reacci\u00f3n desde la Uni\u00f3n Europea ante la llegada de exiliados, marcada por la activaci\u00f3n de unas pol\u00edticas de seguridad que han contribuido a avivar la crisis humanitaria. Se trata de una reacci\u00f3n que despierta alarmas porque pone en cuesti\u00f3n los propios pilares de la Uni\u00f3n, basados en el respeto de los derechos humanos y del derecho internacional.<\/p>\n","protected":false},"featured_media":14349,"template":"","class_list":["post-9568","icip_seminar","type-icip_seminar","status-publish","has-post-thumbnail","hentry"],"acf":[],"yoast_head":"<!-- This site is optimized with the Yoast SEO plugin v25.6 - https:\/\/yoast.com\/wordpress\/plugins\/seo\/ -->\n<title>Jornada de debate &quot;Camins hostils&quot; - ICIP<\/title>\n<meta name=\"robots\" content=\"index, follow, max-snippet:-1, max-image-preview:large, max-video-preview:-1\" \/>\n<link rel=\"canonical\" href=\"https:\/\/www.icip.cat\/es\/seminarios\/jornada-de-debate-camins-hostils\/\" \/>\n<meta property=\"og:locale\" content=\"es_ES\" \/>\n<meta property=\"og:type\" content=\"article\" \/>\n<meta property=\"og:title\" content=\"Jornada de debate &quot;Camins hostils&quot; - ICIP\" \/>\n<meta property=\"og:description\" content=\"El ICIP, en colaboraci\u00f3n con el Centro de Estudios Hist\u00f3ricos Internacionales (CEHI) de la Universidad de Barcelona, organiz\u00f3 la jornada de debate Camins hostils. D&#8217;un Orient Mitj\u00e0o en guerra a les portes tancades d&#8217;Europa, el lunes 17 de octubre en el Aula Magna de la Facultad de Geograf\u00eda e Historia de la Universidad de Barcelona. [&hellip;]\" \/>\n<meta property=\"og:url\" content=\"https:\/\/www.icip.cat\/es\/seminarios\/jornada-de-debate-camins-hostils\/\" \/>\n<meta property=\"og:site_name\" content=\"ICIP\" \/>\n<meta property=\"article:modified_time\" content=\"2021-02-01T14:16:23+00:00\" \/>\n<meta property=\"og:image\" content=\"https:\/\/www.icip.cat\/wp-content\/uploads\/2020\/11\/seminaris14.jpg\" \/>\n\t<meta property=\"og:image:width\" content=\"560\" \/>\n\t<meta property=\"og:image:height\" content=\"420\" \/>\n\t<meta property=\"og:image:type\" content=\"image\/jpeg\" \/>\n<meta name=\"twitter:card\" content=\"summary_large_image\" \/>\n<meta name=\"twitter:label1\" content=\"Tiempo de lectura\" \/>\n\t<meta name=\"twitter:data1\" content=\"1 minuto\" \/>\n<script type=\"application\/ld+json\" class=\"yoast-schema-graph\">{\"@context\":\"https:\/\/schema.org\",\"@graph\":[{\"@type\":\"WebPage\",\"@id\":\"https:\/\/www.icip.cat\/es\/seminarios\/jornada-de-debate-camins-hostils\/\",\"url\":\"https:\/\/www.icip.cat\/es\/seminarios\/jornada-de-debate-camins-hostils\/\",\"name\":\"Jornada de debate \\\"Camins hostils\\\" - ICIP\",\"isPartOf\":{\"@id\":\"https:\/\/www.icip.cat\/ca\/#website\"},\"primaryImageOfPage\":{\"@id\":\"https:\/\/www.icip.cat\/es\/seminarios\/jornada-de-debate-camins-hostils\/#primaryimage\"},\"image\":{\"@id\":\"https:\/\/www.icip.cat\/es\/seminarios\/jornada-de-debate-camins-hostils\/#primaryimage\"},\"thumbnailUrl\":\"https:\/\/www.icip.cat\/wp-content\/uploads\/2020\/11\/seminaris14.jpg\",\"datePublished\":\"2020-12-29T09:33:06+00:00\",\"dateModified\":\"2021-02-01T14:16:23+00:00\",\"inLanguage\":\"es\",\"potentialAction\":[{\"@type\":\"ReadAction\",\"target\":[\"https:\/\/www.icip.cat\/es\/seminarios\/jornada-de-debate-camins-hostils\/\"]}]},{\"@type\":\"ImageObject\",\"inLanguage\":\"es\",\"@id\":\"https:\/\/www.icip.cat\/es\/seminarios\/jornada-de-debate-camins-hostils\/#primaryimage\",\"url\":\"https:\/\/www.icip.cat\/wp-content\/uploads\/2020\/11\/seminaris14.jpg\",\"contentUrl\":\"https:\/\/www.icip.cat\/wp-content\/uploads\/2020\/11\/seminaris14.jpg\",\"width\":560,\"height\":420},{\"@type\":\"WebSite\",\"@id\":\"https:\/\/www.icip.cat\/ca\/#website\",\"url\":\"https:\/\/www.icip.cat\/ca\/\",\"name\":\"ICIP\",\"description\":\"\",\"publisher\":{\"@id\":\"https:\/\/www.icip.cat\/ca\/#organization\"},\"potentialAction\":[{\"@type\":\"SearchAction\",\"target\":{\"@type\":\"EntryPoint\",\"urlTemplate\":\"https:\/\/www.icip.cat\/ca\/?s={search_term_string}\"},\"query-input\":{\"@type\":\"PropertyValueSpecification\",\"valueRequired\":true,\"valueName\":\"search_term_string\"}}],\"inLanguage\":\"es\"},{\"@type\":\"Organization\",\"@id\":\"https:\/\/www.icip.cat\/ca\/#organization\",\"name\":\"ICIP\",\"url\":\"https:\/\/www.icip.cat\/ca\/\",\"logo\":{\"@type\":\"ImageObject\",\"inLanguage\":\"es\",\"@id\":\"https:\/\/www.icip.cat\/ca\/#\/schema\/logo\/image\/\",\"url\":\"https:\/\/www.icip.cat\/wp-content\/uploads\/2021\/02\/logo-2.png\",\"contentUrl\":\"https:\/\/www.icip.cat\/wp-content\/uploads\/2021\/02\/logo-2.png\",\"width\":562,\"height\":391,\"caption\":\"ICIP\"},\"image\":{\"@id\":\"https:\/\/www.icip.cat\/ca\/#\/schema\/logo\/image\/\"}}]}<\/script>\n<!-- \/ Yoast SEO plugin. -->","yoast_head_json":{"title":"Jornada de debate \"Camins hostils\" - ICIP","robots":{"index":"index","follow":"follow","max-snippet":"max-snippet:-1","max-image-preview":"max-image-preview:large","max-video-preview":"max-video-preview:-1"},"canonical":"https:\/\/www.icip.cat\/es\/seminarios\/jornada-de-debate-camins-hostils\/","og_locale":"es_ES","og_type":"article","og_title":"Jornada de debate \"Camins hostils\" - ICIP","og_description":"El ICIP, en colaboraci\u00f3n con el Centro de Estudios Hist\u00f3ricos Internacionales (CEHI) de la Universidad de Barcelona, organiz\u00f3 la jornada de debate Camins hostils. D&#8217;un Orient Mitj\u00e0o en guerra a les portes tancades d&#8217;Europa, el lunes 17 de octubre en el Aula Magna de la Facultad de Geograf\u00eda e Historia de la Universidad de Barcelona. [&hellip;]","og_url":"https:\/\/www.icip.cat\/es\/seminarios\/jornada-de-debate-camins-hostils\/","og_site_name":"ICIP","article_modified_time":"2021-02-01T14:16:23+00:00","og_image":[{"width":560,"height":420,"url":"https:\/\/www.icip.cat\/wp-content\/uploads\/2020\/11\/seminaris14.jpg","type":"image\/jpeg"}],"twitter_card":"summary_large_image","twitter_misc":{"Tiempo de lectura":"1 minuto"},"schema":{"@context":"https:\/\/schema.org","@graph":[{"@type":"WebPage","@id":"https:\/\/www.icip.cat\/es\/seminarios\/jornada-de-debate-camins-hostils\/","url":"https:\/\/www.icip.cat\/es\/seminarios\/jornada-de-debate-camins-hostils\/","name":"Jornada de debate \"Camins hostils\" - ICIP","isPartOf":{"@id":"https:\/\/www.icip.cat\/ca\/#website"},"primaryImageOfPage":{"@id":"https:\/\/www.icip.cat\/es\/seminarios\/jornada-de-debate-camins-hostils\/#primaryimage"},"image":{"@id":"https:\/\/www.icip.cat\/es\/seminarios\/jornada-de-debate-camins-hostils\/#primaryimage"},"thumbnailUrl":"https:\/\/www.icip.cat\/wp-content\/uploads\/2020\/11\/seminaris14.jpg","datePublished":"2020-12-29T09:33:06+00:00","dateModified":"2021-02-01T14:16:23+00:00","inLanguage":"es","potentialAction":[{"@type":"ReadAction","target":["https:\/\/www.icip.cat\/es\/seminarios\/jornada-de-debate-camins-hostils\/"]}]},{"@type":"ImageObject","inLanguage":"es","@id":"https:\/\/www.icip.cat\/es\/seminarios\/jornada-de-debate-camins-hostils\/#primaryimage","url":"https:\/\/www.icip.cat\/wp-content\/uploads\/2020\/11\/seminaris14.jpg","contentUrl":"https:\/\/www.icip.cat\/wp-content\/uploads\/2020\/11\/seminaris14.jpg","width":560,"height":420},{"@type":"WebSite","@id":"https:\/\/www.icip.cat\/ca\/#website","url":"https:\/\/www.icip.cat\/ca\/","name":"ICIP","description":"","publisher":{"@id":"https:\/\/www.icip.cat\/ca\/#organization"},"potentialAction":[{"@type":"SearchAction","target":{"@type":"EntryPoint","urlTemplate":"https:\/\/www.icip.cat\/ca\/?s={search_term_string}"},"query-input":{"@type":"PropertyValueSpecification","valueRequired":true,"valueName":"search_term_string"}}],"inLanguage":"es"},{"@type":"Organization","@id":"https:\/\/www.icip.cat\/ca\/#organization","name":"ICIP","url":"https:\/\/www.icip.cat\/ca\/","logo":{"@type":"ImageObject","inLanguage":"es","@id":"https:\/\/www.icip.cat\/ca\/#\/schema\/logo\/image\/","url":"https:\/\/www.icip.cat\/wp-content\/uploads\/2021\/02\/logo-2.png","contentUrl":"https:\/\/www.icip.cat\/wp-content\/uploads\/2021\/02\/logo-2.png","width":562,"height":391,"caption":"ICIP"},"image":{"@id":"https:\/\/www.icip.cat\/ca\/#\/schema\/logo\/image\/"}}]}},"_links":{"self":[{"href":"https:\/\/www.icip.cat\/es\/wp-json\/wp\/v2\/icip_seminar\/9568","targetHints":{"allow":["GET"]}}],"collection":[{"href":"https:\/\/www.icip.cat\/es\/wp-json\/wp\/v2\/icip_seminar"}],"about":[{"href":"https:\/\/www.icip.cat\/es\/wp-json\/wp\/v2\/types\/icip_seminar"}],"version-history":[{"count":3,"href":"https:\/\/www.icip.cat\/es\/wp-json\/wp\/v2\/icip_seminar\/9568\/revisions"}],"predecessor-version":[{"id":15393,"href":"https:\/\/www.icip.cat\/es\/wp-json\/wp\/v2\/icip_seminar\/9568\/revisions\/15393"}],"wp:featuredmedia":[{"embeddable":true,"href":"https:\/\/www.icip.cat\/es\/wp-json\/wp\/v2\/media\/14349"}],"wp:attachment":[{"href":"https:\/\/www.icip.cat\/es\/wp-json\/wp\/v2\/media?parent=9568"}],"curies":[{"name":"wp","href":"https:\/\/api.w.org\/{rel}","templated":true}]}}

<p>El ICIP, en colaboración con el Centro de Estudios Históricos Internacionales (CEHI) de la Universidad de Barcelona, organizó la jornada de debate <em>Camins hostils. D&#8217;un Orient Mitjào en guerra a les portes tancades d&#8217;Europa</em>, el lunes 17 de octubre en el Aula Magna de la Facultad de Geografía e Historia de la Universidad de Barcelona. </p>



<p>La jornada fue un espacio de reflexión y debate en torno al papel de los conflictos armados que sufren las poblaciones de diferentes países de Oriente Medio en la crisis de desplazamientos forzosos de grandes dimensiones que están afectando significativamente a los países limítrofes, sacudiendo la propia frágil estabilidad. Al mismo tiempo se abordó la reacción desde la Unión Europea ante la llegada de exiliados, marcada por la activación de unas políticas de seguridad que han contribuido a avivar la crisis humanitaria. Se trata de una reacción que despierta alarmas porque pone en cuestión los propios pilares de la Unión, basados en el respeto de los derechos humanos y del derecho internacional.</p>

<!-- This site is optimized with the Yoast SEO plugin v25.6 - https://yoast.com/wordpress/plugins/seo/ -->
<title>Jornada de debate &quot;Camins hostils&quot; - ICIP</title>
<meta name="robots" content="index, follow, max-snippet:-1, max-image-preview:large, max-video-preview:-1" />
<link rel="canonical" href="https://www.icip.cat/es/seminarios/jornada-de-debate-camins-hostils/" />
<meta property="og:locale" content="es_ES" />
<meta property="og:type" content="article" />
<meta property="og:title" content="Jornada de debate &quot;Camins hostils&quot; - ICIP" />
<meta property="og:description" content="El ICIP, en colaboración con el Centro de Estudios Históricos Internacionales (CEHI) de la Universidad de Barcelona, organizó la jornada de debate Camins hostils. D&#8217;un Orient Mitjào en guerra a les portes tancades d&#8217;Europa, el lunes 17 de octubre en el Aula Magna de la Facultad de Geografía e Historia de la Universidad de Barcelona. [&hellip;]" />
<meta property="og:url" content="https://www.icip.cat/es/seminarios/jornada-de-debate-camins-hostils/" />
<meta property="og:site_name" content="ICIP" />
<meta property="article:modified_time" content="2021-02-01T14:16:23+00:00" />
<meta property="og:image" content="https://www.icip.cat/wp-content/uploads/2020/11/seminaris14.jpg" />
	<meta property="og:image:width" content="560" />
	<meta property="og:image:height" content="420" />
	<meta property="og:image:type" content="image/jpeg" />
<meta name="twitter:card" content="summary_large_image" />
<meta name="twitter:label1" content="Tiempo de lectura" />
	<meta name="twitter:data1" content="1 minuto" />
<script type="application/ld+json" class="yoast-schema-graph">{"@context":"https://schema.org","@graph":[{"@type":"WebPage","@id":"https://www.icip.cat/es/seminarios/jornada-de-debate-camins-hostils/","url":"https://www.icip.cat/es/seminarios/jornada-de-debate-camins-hostils/","name":"Jornada de debate \"Camins hostils\" - ICIP","isPartOf":{"@id":"https://www.icip.cat/ca/#website"},"primaryImageOfPage":{"@id":"https://www.icip.cat/es/seminarios/jornada-de-debate-camins-hostils/#primaryimage"},"image":{"@id":"https://www.icip.cat/es/seminarios/jornada-de-debate-camins-hostils/#primaryimage"},"thumbnailUrl":"https://www.icip.cat/wp-content/uploads/2020/11/seminaris14.jpg","datePublished":"2020-12-29T09:33:06+00:00","dateModified":"2021-02-01T14:16:23+00:00","inLanguage":"es","potentialAction":[{"@type":"ReadAction","target":["https://www.icip.cat/es/seminarios/jornada-de-debate-camins-hostils/"]}]},{"@type":"ImageObject","inLanguage":"es","@id":"https://www.icip.cat/es/seminarios/jornada-de-debate-camins-hostils/#primaryimage","url":"https://www.icip.cat/wp-content/uploads/2020/11/seminaris14.jpg","contentUrl":"https://www.icip.cat/wp-content/uploads/2020/11/seminaris14.jpg","width":560,"height":420},{"@type":"WebSite","@id":"https://www.icip.cat/ca/#website","url":"https://www.icip.cat/ca/","name":"ICIP","description":"","publisher":{"@id":"https://www.icip.cat/ca/#organization"},"potentialAction":[{"@type":"SearchAction","target":{"@type":"EntryPoint","urlTemplate":"https://www.icip.cat/ca/?s={search_term_string}"},"query-input":{"@type":"PropertyValueSpecification","valueRequired":true,"valueName":"search_term_string"}}],"inLanguage":"es"},{"@type":"Organization","@id":"https://www.icip.cat/ca/#organization","name":"ICIP","url":"https://www.icip.cat/ca/","logo":{"@type":"ImageObject","inLanguage":"es","@id":"https://www.icip.cat/ca/#/schema/logo/image/","url":"https://www.icip.cat/wp-content/uploads/2021/02/logo-2.png","contentUrl":"https://www.icip.cat/wp-content/uploads/2021/02/logo-2.png","width":562,"height":391,"caption":"ICIP"},"image":{"@id":"https://www.icip.cat/ca/#/schema/logo/image/"}}]}</script>
<!-- / Yoast SEO plugin. -->

El ICIP, en colaboración con el Centro de Estudios Históricos Internacionales (CEHI) de la Universidad de Barcelona, organizó la jornada de debate Camins hostils. D&#8217;un Orient Mitjào en guerra a les portes tancades d&#8217;Europa, el lunes 17 de octubre en el Aula Magna de la Facultad de Geografía e Historia de la Universidad de Barcelona. [&hellip;]
